14.139.60.17 - - [05/Jul/2026:23:58:42 -0700] "POST /xmlrpc.php HTTP/1.1" 200 4129 "-" "Jetpack by WordPress.com"
202.142.91.43 - - [05/Jul/2026:23:58:45 -0700] "POST /xmlrpc.php HTTP/1.1" 403 4352 "-" "Jetpack by WordPress.com"
14.139.60.17 - - [05/Jul/2026:23:58:53 -0700] "POST /xmlrpc.php HTTP/1.1" 403 4352 "-" "WordPress.com; https://wordpress.com"
35.235.84.95 - - [05/Jul/2026:23:58:57 -0700] "POST /wp-cron.php?doing_wp_cron=1783321136.9991469383239746093750 HTTP/1.1" 200 3587 "-" "WordPress/7.0; https://vanessavaladezrealty.com"
202.142.91.43 - - [05/Jul/2026:23:58:55 -0700] "POST /xmlrpc.php HTTP/1.1" 200 4129 "-" "Jetpack/12.5; WordPress/6.1; http://site63379331.com"
14.139.60.17 - - [05/Jul/2026:23:59:03 -0700] "POST /xmlrpc.php HTTP/1.1" 200 4129 "-" "Jetpack by WordPress.com (Jetpack 13.0; WordPress 6.4)"
202.142.91.43 - - [05/Jul/2026:23:59:06 -0700] "POST /xmlrpc.php HTTP/1.1" 403 4352 "-" "WordPress.com; https://wordpress.com"
14.139.60.17 - - [05/Jul/2026:23:59:14 -0700] "POST /xmlrpc.php HTTP/1.1" 200 4129 "-" "Jetpack/13.0; WordPress/6.2; http://site12256348.com"
202.142.91.43 - - [05/Jul/2026:23:59:17 -0700] "POST /xmlrpc.php HTTP/1.1" 403 4352 "-" "Jetpack by WordPress.com"
14.139.60.17 - - [05/Jul/2026:23:59:24 -0700] "POST /xmlrpc.php HTTP/1.1" 200 4129 "-" "Jetpack/12.0; WordPress/6.2; http://site32159098.com"
202.142.91.43 - - [05/Jul/2026:23:59:28 -0700] "POST /xmlrpc.php HTTP/1.1" 200 4129 "-" "Jetpack by WordPress.com (Jetpack 12.5; WordPress 6.4)"
14.139.60.17 - - [05/Jul/2026:23:59:35 -0700] "POST /xmlrpc.php HTTP/1.1" 200 4129 "-" "Jetpack by WordPress.com"
202.142.91.43 - - [05/Jul/2026:23:59:38 -0700] "POST /xmlrpc.php HTTP/1.1" 403 4352 "-" "Jetpack by WordPress.com"
14.139.60.17 - - [05/Jul/2026:23:59:45 -0700] "POST /xmlrpc.php HTTP/1.1" 403 4352 "-" "WordPress.com; https://wordpress.com"
202.142.91.43 - - [05/Jul/2026:23:59:49 -0700] "POST /xmlrpc.php HTTP/1.1" 403 4352 "-" "Jetpack by WordPress.com"
14.139.60.17 - - [05/Jul/2026:23:59:56 -0700] "POST /xmlrpc.php HTTP/1.1" 403 4352 "-" "Jetpack by WordPress.com"
35.235.84.95 - - [06/Jul/2026:00:00:01 -0700] "POST /wp-cron.php?doing_wp_cron=1783321201.7586059570312500000000 HTTP/1.1" 200 3587 "-" "WordPress/7.0; https://vanessavaladezrealty.com"
202.142.91.43 - - [06/Jul/2026:00:00:00 -0700] "POST /xmlrpc.php HTTP/1.1" 200 4129 "-" "Jetpack by WordPress.com (Jetpack 12.5; WordPress 6.4)"
14.139.60.17 - - [06/Jul/2026:00:00:07 -0700] "POST /xmlrpc.php HTTP/1.1" 403 4352 "-" "WordPress.com; https://wordpress.com"
14.139.60.17 - - [06/Jul/2026:00:00:18 -0700] "POST /xmlrpc.php HTTP/1.1" 403 4352 "-" "WordPress.com; https://wordpress.com"
202.142.91.43 - - [06/Jul/2026:00:00:10 -0700] "POST /xmlrpc.php HTTP/1.1" 403 4352 "-" "Jetpack by WordPress.com"
202.142.91.43 - - [06/Jul/2026:00:00:21 -0700] "POST /xmlrpc.php HTTP/1.1" 403 4352 "-" "Jetpack by WordPress.com"
14.139.60.17 - - [06/Jul/2026:00:00:27 -0700] "POST /xmlrpc.php HTTP/1.1" 403 4352 "-" "Jetpack by WordPress.com"
202.142.91.43 - - [06/Jul/2026:00:00:32 -0700] "POST /xmlrpc.php HTTP/1.1" 403 4352 "-" "WordPress.com; https://wordpress.com"
14.139.60.17 - - [06/Jul/2026:00:00:38 -0700] "POST /xmlrpc.php HTTP/1.1" 200 4129 "-" "Jetpack by WordPress.com (Jetpack 12.1; WordPress 6.2)"
35.235.84.95 - - [06/Jul/2026:00:00:49 -0700] "HEAD / HTTP/1.1" 200 4253 "-" "Mozilla/5.0 (Windows NT 10.0; Win64; x64) AppleWebKit/537.36 (KHTML, like Gecko) Chrome/117.0.0.0 Safari/537.36"
35.235.84.95 - - [06/Jul/2026:00:00:50 -0700] "POST /wp-cron.php?doing_wp_cron=1783321250.3012509346008300781250 HTTP/1.1" 200 3587 "-" "WordPress/7.0; https://vanessavaladezrealty.com"
14.139.60.17 - - [06/Jul/2026:00:00:48 -0700] "POST /xmlrpc.php HTTP/1.1" 200 4129 "-" "Jetpack by WordPress.com (Jetpack 13.0; WordPress 6.2)"
14.139.60.17 - - [06/Jul/2026:00:00:59 -0700] "POST /xmlrpc.php HTTP/1.1" 403 4352 "-" "Jetpack by WordPress.com"
14.139.60.17 - - [06/Jul/2026:00:01:09 -0700] "POST /xmlrpc.php HTTP/1.1" 403 4352 "-" "WordPress.com; https://wordpress.com"
14.139.60.17 - - [06/Jul/2026:00:01:20 -0700] "POST /xmlrpc.php HTTP/1.1" 403 4352 "-" "WordPress.com; https://wordpress.com"
14.139.60.17 - - [06/Jul/2026:00:01:30 -0700] "POST /xmlrpc.php HTTP/1.1" 403 4352 "-" "WordPress.com; https://wordpress.com"
14.139.60.17 - - [06/Jul/2026:00:01:41 -0700] "POST /xmlrpc.php HTTP/1.1" 403 4352 "-" "Jetpack by WordPress.com"
35.235.84.95 - - [06/Jul/2026:00:01:53 -0700] "POST /wp-cron.php?doing_wp_cron=1783321313.0195059776306152343750 HTTP/1.1" 200 3587 "-" "WordPress/7.0; https://vanessavaladezrealty.com"
14.139.60.17 - - [06/Jul/2026:00:01:51 -0700] "POST /xmlrpc.php HTTP/1.1" 200 4129 "-" "Jetpack by WordPress.com (Jetpack 13.0; WordPress 6.4)"
14.139.60.17 - - [06/Jul/2026:00:02:02 -0700] "POST /xmlrpc.php HTTP/1.1" 403 4352 "-" "Jetpack by WordPress.com"
14.139.60.17 - - [06/Jul/2026:00:02:12 -0700] "POST /xmlrpc.php HTTP/1.1" 403 4352 "-" "Jetpack by WordPress.com"
14.139.60.17 - - [06/Jul/2026:00:02:23 -0700] "POST /xmlrpc.php HTTP/1.1" 200 4129 "-" "Jetpack by WordPress.com (Jetpack 12.1; WordPress 6.1)"
14.139.60.17 - - [06/Jul/2026:00:02:33 -0700] "POST /xmlrpc.php HTTP/1.1" 403 4352 "-" "Jetpack by WordPress.com"
14.139.60.17 - - [06/Jul/2026:00:02:44 -0700] "POST /xmlrpc.php HTTP/1.1" 403 4352 "-" "Jetpack by WordPress.com"
14.139.60.17 - - [06/Jul/2026:00:02:54 -0700] "POST /xmlrpc.php HTTP/1.1" 403 4352 "-" "Jetpack by WordPress.com"
35.235.84.95 - - [06/Jul/2026:00:03:06 -0700] "POST /wp-cron.php?doing_wp_cron=1783321386.8209118843078613281250 HTTP/1.1" 200 3587 "-" "WordPress/7.0; https://vanessavaladezrealty.com"
14.139.60.17 - - [06/Jul/2026:00:03:05 -0700] "POST /xmlrpc.php HTTP/1.1" 200 4129 "-" "Jetpack by WordPress.com (Jetpack 13.0; WordPress 6.1)"
14.139.60.17 - - [06/Jul/2026:00:03:15 -0700] "POST /xmlrpc.php HTTP/1.1" 403 4352 "-" "Jetpack by WordPress.com"
14.139.60.17 - - [06/Jul/2026:00:03:26 -0700] "POST /xmlrpc.php HTTP/1.1" 403 4352 "-" "Jetpack by WordPress.com"
14.139.60.17 - - [06/Jul/2026:00:03:36 -0700] "POST /xmlrpc.php HTTP/1.1" 403 4352 "-" "Jetpack by WordPress.com"
14.139.60.17 - - [06/Jul/2026:00:03:47 -0700] "POST /xmlrpc.php HTTP/1.1" 200 4129 "-" "Jetpack/13.0; WordPress/6.1; http://site29653033.com"
35.235.84.95 - - [06/Jul/2026:00:03:58 -0700] "POST /wp-cron.php?doing_wp_cron=1783321438.9339098930358886718750 HTTP/1.1" 200 3587 "-" "WordPress/7.0; https://vanessavaladezrealty.com"
14.139.60.17 - - [06/Jul/2026:00:03:57 -0700] "POST /xmlrpc.php HTTP/1.1" 200 4129 "-" "Jetpack/12.5; WordPress/6.2; http://site28011229.com"
14.139.60.17 - - [06/Jul/2026:00:04:08 -0700] "POST /xmlrpc.php HTTP/1.1" 403 4352 "-" "WordPress.com; https://wordpress.com"
14.139.60.17 - - [06/Jul/2026:00:04:18 -0700] "POST /xmlrpc.php HTTP/1.1" 200 4129 "-" "Jetpack by WordPress.com (Jetpack 12.5; WordPress 6.4)"
57.141.18.71 - - [06/Jul/2026:00:04:22 -0700] "GET /sitemap.txt HTTP/1.1" 404 98749 "-" "meta-externalagent/1.1 (+https://developers.facebook.com/docs/sharing/webmasters/crawler)"
14.139.60.17 - - [06/Jul/2026:00:04:29 -0700] "POST /xmlrpc.php HTTP/1.1" 403 4352 "-" "Jetpack by WordPress.com"
14.139.60.17 - - [06/Jul/2026:00:04:39 -0700] "POST /xmlrpc.php HTTP/1.1" 403 4352 "-" "Jetpack by WordPress.com"
35.235.84.95 - - [06/Jul/2026:00:04:51 -0700] "POST /wp-cron.php?doing_wp_cron=1783321491.5170478820800781250000 HTTP/1.1" 200 3587 "-" "WordPress/7.0; https://vanessavaladezrealty.com"
14.139.60.17 - - [06/Jul/2026:00:04:50 -0700] "POST /xmlrpc.php HTTP/1.1" 200 4129 "-" "Jetpack/12.1; WordPress/6.4; http://site10164555.com"
14.139.60.17 - - [06/Jul/2026:00:05:00 -0700] "POST /xmlrpc.php HTTP/1.1" 200 4129 "-" "Jetpack by WordPress.com (Jetpack 12.0; WordPress 6.1)"
14.139.60.17 - - [06/Jul/2026:00:05:11 -0700] "POST /xmlrpc.php HTTP/1.1" 200 4129 "-" "Jetpack by WordPress.com (Jetpack 12.0; WordPress 6.4)"
14.139.60.17 - - [06/Jul/2026:00:05:22 -0700] "POST /xmlrpc.php HTTP/1.1" 200 4129 "-" "Jetpack by WordPress.com (Jetpack 12.1; WordPress 6.4)"
14.139.60.17 - - [06/Jul/2026:00:05:33 -0700] "POST /xmlrpc.php HTTP/1.1" 200 4129 "-" "Jetpack/12.0; WordPress/6.4; http://site35495920.com"
14.139.60.17 - - [06/Jul/2026:00:05:43 -0700] "POST /xmlrpc.php HTTP/1.1" 200 4129 "-" "Jetpack/12.0; WordPress/6.3; http://site20420176.com"
35.235.84.95 - - [06/Jul/2026:00:05:55 -0700] "POST /wp-cron.php?doing_wp_cron=1783321555.3849439620971679687500 HTTP/1.1" 200 3587 "-" "WordPress/7.0; https://vanessavaladezrealty.com"
14.139.60.17 - - [06/Jul/2026:00:05:54 -0700] "POST /xmlrpc.php HTTP/1.1" 200 4129 "-" "Jetpack by WordPress.com (Jetpack 12.1; WordPress 6.4)"
14.139.60.17 - - [06/Jul/2026:00:06:04 -0700] "POST /xmlrpc.php HTTP/1.1" 200 4129 "-" "Jetpack/13.0; WordPress/6.3; http://site81521102.com"
14.139.60.17 - - [06/Jul/2026:00:06:15 -0700] "POST /xmlrpc.php HTTP/1.1" 200 4129 "-" "Jetpack by WordPress.com (Jetpack 13.0; WordPress 6.3)"
14.139.60.17 - - [06/Jul/2026:00:06:25 -0700] "POST /xmlrpc.php HTTP/1.1" 403 4352 "-" "WordPress.com; https://wordpress.com"
35.235.84.95 - - [06/Jul/2026:00:06:37 -0700] "POST /wp-cron.php?doing_wp_cron=1783321597.3790290355682373046875 HTTP/1.1" 200 3587 "-" "WordPress/7.0; https://vanessavaladezrealty.com"
14.139.60.17 - - [06/Jul/2026:00:06:36 -0700] "POST /xmlrpc.php HTTP/1.1" 200 4129 "-" "Jetpack/12.5; WordPress/6.1; http://site41930142.com"
14.139.60.17 - - [06/Jul/2026:00:06:46 -0700] "POST /xmlrpc.php HTTP/1.1" 200 4129 "-" "Jetpack by WordPress.com (Jetpack 13.0; WordPress 6.2)"
14.139.60.17 - - [06/Jul/2026:00:06:57 -0700] "POST /xmlrpc.php HTTP/1.1" 403 4352 "-" "WordPress.com; https://wordpress.com"
14.139.60.17 - - [06/Jul/2026:00:07:07 -0700] "POST /xmlrpc.php HTTP/1.1" 403 4352 "-" "Jetpack by WordPress.com"
14.139.60.17 - - [06/Jul/2026:00:07:18 -0700] "POST /xmlrpc.php HTTP/1.1" 403 4352 "-" "Jetpack by WordPress.com"
14.139.60.17 - - [06/Jul/2026:00:07:28 -0700] "POST /xmlrpc.php HTTP/1.1" 403 4352 "-" "WordPress.com; https://wordpress.com"
35.235.84.95 - - [06/Jul/2026:00:07:40 -0700] "POST /wp-cron.php?doing_wp_cron=1783321660.3873000144958496093750 HTTP/1.1" 200 3587 "-" "WordPress/7.0; https://vanessavaladezrealty.com"
14.139.60.17 - - [06/Jul/2026:00:07:39 -0700] "POST /xmlrpc.php HTTP/1.1" 200 4129 "-" "Jetpack by WordPress.com (Jetpack 12.0; WordPress 6.1)"
14.139.60.17 - - [06/Jul/2026:00:07:49 -0700] "POST /xmlrpc.php HTTP/1.1" 403 4352 "-" "WordPress.com; https://wordpress.com"
35.235.84.95 - - [06/Jul/2026:00:07:55 -0700] "POST /wp-cron.php?doing_wp_cron=1783321675.2489221096038818359375 HTTP/1.1" 200 3587 "-" "WordPress/7.0; https://vanessavaladezrealty.com"
162.254.36.150 - - [06/Jul/2026:00:07:54 -0700] "GET /wp-login.php HTTP/1.1" 200 6365 "-" "Mozilla/5.0 (Macintosh; Intel Mac OS X 10_15_7) AppleWebKit/537.36 (KHTML, like Gecko) Chrome/133.0.0.0 Safari/537.36 Edg/133.0.0.0"
14.139.60.17 - - [06/Jul/2026:00:08:00 -0700] "POST /xmlrpc.php HTTP/1.1" 403 4352 "-" "Jetpack by WordPress.com"
14.139.60.17 - - [06/Jul/2026:00:08:10 -0700] "POST /xmlrpc.php HTTP/1.1" 403 4352 "-" "Jetpack by WordPress.com"
162.254.36.150 - - [06/Jul/2026:00:07:55 -0700] "POST /wp-login.php HTTP/1.1" 200 6467 "https://vanessavaladezrealty.com/wp-login.php" "Mozilla/5.0 (Macintosh; Intel Mac OS X 10_15_7) AppleWebKit/537.36 (KHTML, like Gecko) Chrome/133.0.0.0 Safari/537.36 Edg/133.0.0.0"
14.139.60.17 - - [06/Jul/2026:00:08:21 -0700] "POST /xmlrpc.php HTTP/1.1" 403 4352 "-" "WordPress.com; https://wordpress.com"
14.139.60.17 - - [06/Jul/2026:00:08:32 -0700] "POST /xmlrpc.php HTTP/1.1" 403 4352 "-" "WordPress.com; https://wordpress.com"
14.139.60.17 - - [06/Jul/2026:00:08:42 -0700] "POST /xmlrpc.php HTTP/1.1" 200 4129 "-" "Jetpack/13.0; WordPress/6.3; http://site73003451.com"
14.139.60.17 - - [06/Jul/2026:00:08:53 -0700] "POST /xmlrpc.php HTTP/1.1" 403 4352 "-" "WordPress.com; https://wordpress.com"
35.235.84.95 - - [06/Jul/2026:00:09:05 -0700] "POST /wp-cron.php?doing_wp_cron=1783321745.1896650791168212890625 HTTP/1.1" 200 3587 "-" "WordPress/7.0; https://vanessavaladezrealty.com"
14.139.60.17 - - [06/Jul/2026:00:09:03 -0700] "POST /xmlrpc.php HTTP/1.1" 200 4129 "-" "Jetpack by WordPress.com (Jetpack 12.5; WordPress 6.2)"
14.139.60.17 - - [06/Jul/2026:00:09:14 -0700] "POST /xmlrpc.php HTTP/1.1" 403 4352 "-" "Jetpack by WordPress.com"
14.139.60.17 - - [06/Jul/2026:00:09:24 -0700] "POST /xmlrpc.php HTTP/1.1" 200 4129 "-" "Jetpack/12.5; WordPress/6.1; http://site67357908.com"
14.139.60.17 - - [06/Jul/2026:00:09:35 -0700] "POST /xmlrpc.php HTTP/1.1" 403 4352 "-" "Jetpack by WordPress.com"
14.139.60.17 - - [06/Jul/2026:00:09:45 -0700] "POST /xmlrpc.php HTTP/1.1" 200 4129 "-" "Jetpack/12.5; WordPress/6.3; http://site95645637.com"
14.139.60.17 - - [06/Jul/2026:00:09:56 -0700] "POST /xmlrpc.php HTTP/1.1" 403 4352 "-" "Jetpack by WordPress.com"
35.235.84.95 - - [06/Jul/2026:00:10:07 -0700] "POST /wp-cron.php?doing_wp_cron=1783321807.8430290222167968750000 HTTP/1.1" 200 3587 "-" "WordPress/7.0; https://vanessavaladezrealty.com"
14.139.60.17 - - [06/Jul/2026:00:10:06 -0700] "POST /xmlrpc.php HTTP/1.1" 200 4129 "-" "Jetpack/12.5; WordPress/6.1; http://site62986862.com"
14.139.60.17 - - [06/Jul/2026:00:10:17 -0700] "POST /xmlrpc.php HTTP/1.1" 403 4352 "-" "WordPress.com; https://wordpress.com"
14.139.60.17 - - [06/Jul/2026:00:10:27 -0700] "POST /xmlrpc.php HTTP/1.1" 403 4352 "-" "Jetpack by WordPress.com"
14.139.60.17 - - [06/Jul/2026:00:10:38 -0700] "POST /xmlrpc.php HTTP/1.1" 403 4352 "-" "Jetpack by WordPress.com"
14.139.60.17 - - [06/Jul/2026:00:10:48 -0700] "POST /xmlrpc.php HTTP/1.1" 200 4129 "-" "Jetpack by WordPress.com (Jetpack 13.0; WordPress 6.2)"
35.235.84.95 - - [06/Jul/2026:00:10:54 -0700] "POST /wp-cron.php?doing_wp_cron=1783321854.4908359050750732421875 HTTP/1.1" 200 3587 "-" "WordPress/7.0; https://vanessavaladezrealty.com"
20.204.42.226 - - [06/Jul/2026:00:10:53 -0700] "GET /aa.php HTTP/1.1" 404 98749 "-" "Mozilla/5.0 (Windows NT 10.0; Win64; x64) AppleWebKit/537.36 (KHTML, like Gecko) Chrome/120.0.0.0 Safari/537.36"
20.204.42.226 - - [06/Jul/2026:00:10:54 -0700] "GET /abcd.php HTTP/1.1" 404 98749 "-" "Mozilla/5.0 (Windows NT 10.0; Win64; x64) AppleWebKit/537.36 (KHTML, like Gecko) Chrome/120.0.0.0 Safari/537.36"
20.204.42.226 - - [06/Jul/2026:00:10:56 -0700] "GET /admin.php HTTP/1.1" 404 98749 "-" "Mozilla/5.0 (Windows NT 10.0; Win64; x64) AppleWebKit/537.36 (KHTML, like Gecko) Chrome/120.0.0.0 Safari/537.36"
14.139.60.17 - - [06/Jul/2026:00:10:59 -0700] "POST /xmlrpc.php HTTP/1.1" 403 4352 "-" "WordPress.com; https://wordpress.com"
20.204.42.226 - - [06/Jul/2026:00:10:58 -0700] "GET /buy.php HTTP/1.1" 404 98749 "-" "Mozilla/5.0 (Windows NT 10.0; Win64; x64) AppleWebKit/537.36 (KHTML, like Gecko) Chrome/120.0.0.0 Safari/537.36"
20.204.42.226 - - [06/Jul/2026:00:10:59 -0700] "GET /cgi-bin/ HTTP/1.1" 403 4352 "-" "Mozilla/5.0 (Windows NT 10.0; Win64; x64) AppleWebKit/537.36 (KHTML, like Gecko) Chrome/120.0.0.0 Safari/537.36"
20.204.42.226 - - [06/Jul/2026:00:10:59 -0700] "GET /edit.php HTTP/1.1" 404 98749 "-" "Mozilla/5.0 (Windows NT 10.0; Win64; x64) AppleWebKit/537.36 (KHTML, like Gecko) Chrome/120.0.0.0 Safari/537.36"
20.204.42.226 - - [06/Jul/2026:00:11:02 -0700] "GET /file.php HTTP/1.1" 404 98749 "-" "Mozilla/5.0 (Windows NT 10.0; Win64; x64) AppleWebKit/537.36 (KHTML, like Gecko) Chrome/120.0.0.0 Safari/537.36"
20.204.42.226 - - [06/Jul/2026:00:11:03 -0700] "GET /flower.php HTTP/1.1" 404 98749 "-" "Mozilla/5.0 (Windows NT 10.0; Win64; x64) AppleWebKit/537.36 (KHTML, like Gecko) Chrome/120.0.0.0 Safari/537.36"
20.204.42.226 - - [06/Jul/2026:00:11:05 -0700] "GET /images/index.php HTTP/1.1" 301 4139 "-" "Mozilla/5.0 (Windows NT 10.0; Win64; x64) AppleWebKit/537.36 (KHTML, like Gecko) Chrome/120.0.0.0 Safari/537.36"
20.204.42.226 - - [06/Jul/2026:00:11:06 -0700] "GET /info.php HTTP/1.1" 404 98749 "-" "Mozilla/5.0 (Windows NT 10.0; Win64; x64) AppleWebKit/537.36 (KHTML, like Gecko) Chrome/120.0.0.0 Safari/537.36"
20.204.42.226 - - [06/Jul/2026:00:11:08 -0700] "GET /ioxi-o.php HTTP/1.1" 404 98749 "-" "Mozilla/5.0 (Windows NT 10.0; Win64; x64) AppleWebKit/537.36 (KHTML, like Gecko) Chrome/120.0.0.0 Safari/537.36"
14.139.60.17 - - [06/Jul/2026:00:11:09 -0700] "POST /xmlrpc.php HTTP/1.1" 403 4352 "-" "Jetpack by WordPress.com"
20.204.42.226 - - [06/Jul/2026:00:11:09 -0700] "GET /nc4.php HTTP/1.1" 404 98749 "-" "Mozilla/5.0 (Windows NT 10.0; Win64; x64) AppleWebKit/537.36 (KHTML, like Gecko) Chrome/120.0.0.0 Safari/537.36"
20.204.42.226 - - [06/Jul/2026:00:11:11 -0700] "GET /xleet.php HTTP/1.1" 404 98749 "-" "Mozilla/5.0 (Windows NT 10.0; Win64; x64) AppleWebKit/537.36 (KHTML, like Gecko) Chrome/120.0.0.0 Safari/537.36"
20.204.42.226 - - [06/Jul/2026:00:11:13 -0700] "GET /wp-admin/includes/ HTTP/1.1" 403 4352 "-" "Mozilla/5.0 (Windows NT 10.0; Win64; x64) AppleWebKit/537.36 (KHTML, like Gecko) Chrome/120.0.0.0 Safari/537.36"
20.204.42.226 - - [06/Jul/2026:00:11:13 -0700] "GET /wp-content/upgrade/index.php HTTP/1.1" 301 4151 "-" "Mozilla/5.0 (Windows NT 10.0; Win64; x64) AppleWebKit/537.36 (KHTML, like Gecko) Chrome/120.0.0.0 Safari/537.36"
20.204.42.226 - - [06/Jul/2026:00:11:15 -0700] "GET /wp-content/uploads/admin.php HTTP/1.1" 404 98842 "-" "Mozilla/5.0 (Windows NT 10.0; Win64; x64) AppleWebKit/537.36 (KHTML, like Gecko) Chrome/120.0.0.0 Safari/537.36"
20.204.42.226 - - [06/Jul/2026:00:11:16 -0700] "GET /wp-content/plugins/admin.php HTTP/1.1" 404 98842 "-" "Mozilla/5.0 (Windows NT 10.0; Win64; x64) AppleWebKit/537.36 (KHTML, like Gecko) Chrome/120.0.0.0 Safari/537.36"
20.204.42.226 - - [06/Jul/2026:00:11:18 -0700] "GET /adminfuns.php HTTP/1.1" 404 98749 "-" "Mozilla/5.0 (Windows NT 10.0; Win64; x64) AppleWebKit/537.36 (KHTML, like Gecko) Chrome/120.0.0.0 Safari/537.36"
14.139.60.17 - - [06/Jul/2026:00:11:20 -0700] "POST /xmlrpc.php HTTP/1.1" 200 4129 "-" "Jetpack/12.1; WordPress/6.1; http://site26326036.com"
20.204.42.226 - - [06/Jul/2026:00:11:20 -0700] "GET /admin.php HTTP/1.1" 404 98749 "-" "Mozilla/5.0 (Windows NT 10.0; Win64; x64) AppleWebKit/537.36 (KHTML, like Gecko) Chrome/120.0.0.0 Safari/537.36"
20.204.42.226 - - [06/Jul/2026:00:11:22 -0700] "GET /php8.php HTTP/1.1" 404 98749 "-" "Mozilla/5.0 (Windows NT 10.0; Win64; x64) AppleWebKit/537.36 (KHTML, like Gecko) Chrome/120.0.0.0 Safari/537.36"
20.204.42.226 - - [06/Jul/2026:00:11:23 -0700] "GET /wp-includes/interactivity-api/index.php HTTP/1.1" 301 4162 "-" "Mozilla/5.0 (Windows NT 10.0; Win64; x64) AppleWebKit/537.36 (KHTML, like Gecko) Chrome/120.0.0.0 Safari/537.36"
20.204.42.226 - - [06/Jul/2026:00:11:24 -0700] "GET /wp-content/uploads HTTP/1.1" 301 3929 "-" "Mozilla/5.0 (Windows NT 10.0; Win64; x64) AppleWebKit/537.36 (KHTML, like Gecko) Chrome/120.0.0.0 Safari/537.36"
35.235.84.95 - - [06/Jul/2026:00:11:26 -0700] "POST /wp-cron.php?doing_wp_cron=1783321886.0872879028320312500000 HTTP/1.1" 200 3587 "-" "WordPress/7.0; https://vanessavaladezrealty.com"
20.204.42.226 - - [06/Jul/2026:00:11:25 -0700] "GET /wp-mail.php HTTP/1.1" 403 6281 "-" "Mozilla/5.0 (Windows NT 10.0; Win64; x64) AppleWebKit/537.36 (KHTML, like Gecko) Chrome/120.0.0.0 Safari/537.36"
20.204.42.226 - - [06/Jul/2026:00:11:26 -0700] "GET /a7.php HTTP/1.1" 404 98749 "-" "Mozilla/5.0 (Windows NT 10.0; Win64; x64) AppleWebKit/537.36 (KHTML, like Gecko) Chrome/120.0.0.0 Safari/537.36"
20.204.42.226 - - [06/Jul/2026:00:11:28 -0700] "GET /php.php HTTP/1.1" 404 98749 "-" "Mozilla/5.0 (Windows NT 10.0; Win64; x64) AppleWebKit/537.36 (KHTML, like Gecko) Chrome/120.0.0.0 Safari/537.36"
14.139.60.17 - - [06/Jul/2026:00:11:30 -0700] "POST /xmlrpc.php HTTP/1.1" 403 4352 "-" "WordPress.com; https://wordpress.com"
20.204.42.226 - - [06/Jul/2026:00:11:29 -0700] "GET /8.php HTTP/1.1" 404 98749 "-" "Mozilla/5.0 (Windows NT 10.0; Win64; x64) AppleWebKit/537.36 (KHTML, like Gecko) Chrome/120.0.0.0 Safari/537.36"
20.204.42.226 - - [06/Jul/2026:00:11:31 -0700] "GET /wp-includes/rest-api/ HTTP/1.1" 403 4352 "-" "Mozilla/5.0 (Windows NT 10.0; Win64; x64) AppleWebKit/537.36 (KHTML, like Gecko) Chrome/120.0.0.0 Safari/537.36"
20.204.42.226 - - [06/Jul/2026:00:11:31 -0700] "GET /num.php HTTP/1.1" 404 98749 "-" "Mozilla/5.0 (Windows NT 10.0; Win64; x64) AppleWebKit/537.36 (KHTML, like Gecko) Chrome/120.0.0.0 Safari/537.36"
20.204.42.226 - - [06/Jul/2026:00:11:33 -0700] "GET /mini.php HTTP/1.1" 404 98749 "-" "Mozilla/5.0 (Windows NT 10.0; Win64; x64) AppleWebKit/537.36 (KHTML, like Gecko) Chrome/120.0.0.0 Safari/537.36"
20.204.42.226 - - [06/Jul/2026:00:11:34 -0700] "GET /goods.php HTTP/1.1" 404 98749 "-" "Mozilla/5.0 (Windows NT 10.0; Win64; x64) AppleWebKit/537.36 (KHTML, like Gecko) Chrome/120.0.0.0 Safari/537.36"
20.204.42.226 - - [06/Jul/2026:00:11:36 -0700] "GET /222.php HTTP/1.1" 404 98749 "-" "Mozilla/5.0 (Windows NT 10.0; Win64; x64) AppleWebKit/537.36 (KHTML, like Gecko) Chrome/120.0.0.0 Safari/537.36"
20.204.42.226 - - [06/Jul/2026:00:11:38 -0700] "GET /.dj/index.php HTTP/1.1" 301 4136 "-" "Mozilla/5.0 (Windows NT 10.0; Win64; x64) AppleWebKit/537.36 (KHTML, like Gecko) Chrome/120.0.0.0 Safari/537.36"
20.204.42.226 - - [06/Jul/2026:00:11:39 -0700] "GET /bthil.php HTTP/1.1" 404 98749 "-" "Mozilla/5.0 (Windows NT 10.0; Win64; x64) AppleWebKit/537.36 (KHTML, like Gecko) Chrome/120.0.0.0 Safari/537.36"
14.139.60.17 - - [06/Jul/2026:00:11:41 -0700] "POST /xmlrpc.php HTTP/1.1" 403 4352 "-" "WordPress.com; https://wordpress.com"
20.204.42.226 - - [06/Jul/2026:00:11:41 -0700] "GET /wp-good.php HTTP/1.1" 404 98749 "-" "Mozilla/5.0 (Windows NT 10.0; Win64; x64) AppleWebKit/537.36 (KHTML, like Gecko) Chrome/120.0.0.0 Safari/537.36"
20.204.42.226 - - [06/Jul/2026:00:11:42 -0700] "GET /wp-includes/Text/Diff/Renderer/ HTTP/1.1" 403 4352 "-" "Mozilla/5.0 (Windows NT 10.0; Win64; x64) AppleWebKit/537.36 (KHTML, like Gecko) Chrome/120.0.0.0 Safari/537.36"
20.204.42.226 - - [06/Jul/2026:00:11:43 -0700] "GET /wp-includes/style-engine/ HTTP/1.1" 403 4352 "-" "Mozilla/5.0 (Windows NT 10.0; Win64; x64) AppleWebKit/537.36 (KHTML, like Gecko) Chrome/120.0.0.0 Safari/537.36"
20.204.42.226 - - [06/Jul/2026:00:11:43 -0700] "GET /xmrlpc.php HTTP/1.1" 404 98749 "-" "Mozilla/5.0 (Windows NT 10.0; Win64; x64) AppleWebKit/537.36 (KHTML, like Gecko) Chrome/120.0.0.0 Safari/537.36"
20.204.42.226 - - [06/Jul/2026:00:11:45 -0700] "GET /about.php HTTP/1.1" 404 98749 "-" "Mozilla/5.0 (Windows NT 10.0; Win64; x64) AppleWebKit/537.36 (KHTML, like Gecko) Chrome/120.0.0.0 Safari/537.36"
20.204.42.226 - - [06/Jul/2026:00:11:46 -0700] "GET /adminfuns.php HTTP/1.1" 404 98727 "-" "Mozilla/5.0 (Windows NT 10.0; Win64; x64) AppleWebKit/537.36 (KHTML, like Gecko) Chrome/120.0.0.0 Safari/537.36"
20.204.42.226 - - [06/Jul/2026:00:11:48 -0700] "GET /alfa.php HTTP/1.1" 404 98749 "-" "Mozilla/5.0 (Windows NT 10.0; Win64; x64) AppleWebKit/537.36 (KHTML, like Gecko) Chrome/120.0.0.0 Safari/537.36"
14.139.60.17 - - [06/Jul/2026:00:11:51 -0700] "POST /xmlrpc.php HTTP/1.1" 403 4352 "-" "WordPress.com; https://wordpress.com"
20.204.42.226 - - [06/Jul/2026:00:11:50 -0700] "GET /asasx.php HTTP/1.1" 404 98749 "-" "Mozilla/5.0 (Windows NT 10.0; Win64; x64) AppleWebKit/537.36 (KHTML, like Gecko) Chrome/120.0.0.0 Safari/537.36"
20.204.42.226 - - [06/Jul/2026:00:11:52 -0700] "GET /autoload_classmap.php HTTP/1.1" 404 98749 "-" "Mozilla/5.0 (Windows NT 10.0; Win64; x64) AppleWebKit/537.36 (KHTML, like Gecko) Chrome/120.0.0.0 Safari/537.36"
20.204.42.226 - - [06/Jul/2026:00:11:54 -0700] "GET /classwithtostring.php HTTP/1.1" 404 98749 "-" "Mozilla/5.0 (Windows NT 10.0; Win64; x64) AppleWebKit/537.36 (KHTML, like Gecko) Chrome/120.0.0.0 Safari/537.36"
20.204.42.226 - - [06/Jul/2026:00:11:56 -0700] "GET /cong.php HTTP/1.1" 404 98749 "-" "Mozilla/5.0 (Windows NT 10.0; Win64; x64) AppleWebKit/537.36 (KHTML, like Gecko) Chrome/120.0.0.0 Safari/537.36"
20.204.42.226 - - [06/Jul/2026:00:11:58 -0700] "GET /file2.php HTTP/1.1" 404 98749 "-" "Mozilla/5.0 (Windows NT 10.0; Win64; x64) AppleWebKit/537.36 (KHTML, like Gecko) Chrome/120.0.0.0 Safari/537.36"
20.204.42.226 - - [06/Jul/2026:00:12:00 -0700] "GET /moon.php HTTP/1.1" 404 98749 "-" "Mozilla/5.0 (Windows NT 10.0; Win64; x64) AppleWebKit/537.36 (KHTML, like Gecko) Chrome/120.0.0.0 Safari/537.36"
14.139.60.17 - - [06/Jul/2026:00:12:01 -0700] "POST /xmlrpc.php HTTP/1.1" 200 4129 "-" "Jetpack by WordPress.com (Jetpack 13.0; WordPress 6.2)"
20.204.42.226 - - [06/Jul/2026:00:12:01 -0700] "GET /wp-admin/css/colors/blue/index.php HTTP/1.1" 301 4157 "-" "Mozilla/5.0 (Windows NT 10.0; Win64; x64) AppleWebKit/537.36 (KHTML, like Gecko) Chrome/120.0.0.0 Safari/537.36"
20.204.42.226 - - [06/Jul/2026:00:12:03 -0700] "GET /wp-content/index.php HTTP/1.1" 200 3494 "-" "Mozilla/5.0 (Windows NT 10.0; Win64; x64) AppleWebKit/537.36 (KHTML, like Gecko) Chrome/120.0.0.0 Safari/537.36"
20.204.42.226 - - [06/Jul/2026:00:12:03 -0700] "GET /wp-content/plugins/yanierin/akcc.php HTTP/1.1" 404 98842 "-" "Mozilla/5.0 (Windows NT 10.0; Win64; x64) AppleWebKit/537.36 (KHTML, like Gecko) Chrome/120.0.0.0 Safari/537.36"
20.204.42.226 - - [06/Jul/2026:00:12:06 -0700] "GET /wp-content/uploads/index.php HTTP/1.1" 301 4151 "-" "Mozilla/5.0 (Windows NT 10.0; Win64; x64) AppleWebKit/537.36 (KHTML, like Gecko) Chrome/120.0.0.0 Safari/537.36"
20.204.42.226 - - [06/Jul/2026:00:12:07 -0700] "GET /wp-content/wp-conflg.php HTTP/1.1" 404 98749 "-" "Mozilla/5.0 (Windows NT 10.0; Win64; x64) AppleWebKit/537.36 (KHTML, like Gecko) Chrome/120.0.0.0 Safari/537.36"
20.204.42.226 - - [06/Jul/2026:00:12:09 -0700] "GET /wp-cron.php HTTP/1.1" 200 3587 "-" "Mozilla/5.0 (Windows NT 10.0; Win64; x64) AppleWebKit/537.36 (KHTML, like Gecko) Chrome/120.0.0.0 Safari/537.36"
20.204.42.226 - - [06/Jul/2026:00:12:09 -0700] "GET /wp-includes/IXR/ HTTP/1.1" 403 4352 "-" "Mozilla/5.0 (Windows NT 10.0; Win64; x64) AppleWebKit/537.36 (KHTML, like Gecko) Chrome/120.0.0.0 Safari/537.36"
20.204.42.226 - - [06/Jul/2026:00:12:09 -0700] "GET /wp-includes/block-supports/ HTTP/1.1" 403 4352 "-" "Mozilla/5.0 (Windows NT 10.0; Win64; x64) AppleWebKit/537.36 (KHTML, like Gecko) Chrome/120.0.0.0 Safari/537.36"
20.204.42.226 - - [06/Jul/2026:00:12:09 -0700] "GET /wp-includes/fonts/ HTTP/1.1" 403 4352 "-" "Mozilla/5.0 (Windows NT 10.0; Win64; x64) AppleWebKit/537.36 (KHTML, like Gecko) Chrome/120.0.0.0 Safari/537.36"
20.204.42.226 - - [06/Jul/2026:00:12:10 -0700] "GET /wp-includes/fonts/index.php HTTP/1.1" 301 4150 "-" "Mozilla/5.0 (Windows NT 10.0; Win64; x64) AppleWebKit/537.36 (KHTML, like Gecko) Chrome/120.0.0.0 Safari/537.36"
20.204.42.226 - - [06/Jul/2026:00:12:11 -0700] "GET /wp-includes/js/crop/ HTTP/1.1" 403 4352 "-" "Mozilla/5.0 (Windows NT 10.0; Win64; x64) AppleWebKit/537.36 (KHTML, like Gecko) Chrome/120.0.0.0 Safari/537.36"
20.204.42.226 - - [06/Jul/2026:00:12:12 -0700] "GET /wp-includes/rest-api/ HTTP/1.1" 403 4352 "-" "Mozilla/5.0 (Windows NT 10.0; Win64; x64) AppleWebKit/537.36 (KHTML, like Gecko) Chrome/120.0.0.0 Safari/537.36"
20.204.42.226 - - [06/Jul/2026:00:12:12 -0700] "GET /wp-includes/widgets/ HTTP/1.1" 403 4352 "-" "Mozilla/5.0 (Windows NT 10.0; Win64; x64) AppleWebKit/537.36 (KHTML, like Gecko) Chrome/120.0.0.0 Safari/537.36"
14.139.60.17 - - [06/Jul/2026:00:12:12 -0700] "POST /xmlrpc.php HTTP/1.1" 403 4352 "-" "Jetpack by WordPress.com"
14.139.60.17 - - [06/Jul/2026:00:12:22 -0700] "POST /xmlrpc.php HTTP/1.1" 200 4129 "-" "Jetpack by WordPress.com (Jetpack 12.5; WordPress 6.1)"
14.139.60.17 - - [06/Jul/2026:00:12:43 -0700] "POST /xmlrpc.php HTTP/1.1" 403 4352 "-" "WordPress.com; https://wordpress.com"
14.139.60.17 - - [06/Jul/2026:00:12:33 -0700] "POST /xmlrpc.php HTTP/1.1" 403 4352 "-" "Jetpack by WordPress.com"
35.235.84.95 - - [06/Jul/2026:00:12:55 -0700] "POST /wp-cron.php?doing_wp_cron=1783321975.5887289047241210937500 HTTP/1.1" 200 3587 "-" "WordPress/7.0; https://vanessavaladezrealty.com"
14.139.60.17 - - [06/Jul/2026:00:12:54 -0700] "POST /xmlrpc.php HTTP/1.1" 200 4129 "-" "Jetpack by WordPress.com (Jetpack 13.0; WordPress 6.1)"
14.139.60.17 - - [06/Jul/2026:00:13:05 -0700] "POST /xmlrpc.php HTTP/1.1" 200 4129 "-" "Jetpack by WordPress.com (Jetpack 12.0; WordPress 6.4)"
14.139.60.17 - - [06/Jul/2026:00:13:15 -0700] "POST /xmlrpc.php HTTP/1.1" 200 4129 "-" "Jetpack/13.0; WordPress/6.2; http://site63301754.com"
14.139.60.17 - - [06/Jul/2026:00:13:26 -0700] "POST /xmlrpc.php HTTP/1.1" 403 4352 "-" "Jetpack by WordPress.com"
14.139.60.17 - - [06/Jul/2026:00:13:36 -0700] "POST /xmlrpc.php HTTP/1.1" 403 4352 "-" "WordPress.com; https://wordpress.com"
14.139.60.17 - - [06/Jul/2026:00:13:47 -0700] "POST /xmlrpc.php HTTP/1.1" 200 4129 "-" "Jetpack/13.0; WordPress/6.4; http://site31050402.com"
14.139.60.17 - - [06/Jul/2026:00:13:57 -0700] "POST /xmlrpc.php HTTP/1.1" 403 4352 "-" "Jetpack by WordPress.com"
35.235.84.95 - - [06/Jul/2026:00:14:09 -0700] "POST /wp-cron.php?doing_wp_cron=1783322049.2091751098632812500000 HTTP/1.1" 200 3587 "-" "WordPress/7.0; https://vanessavaladezrealty.com"
14.139.60.17 - - [06/Jul/2026:00:14:08 -0700] "POST /xmlrpc.php HTTP/1.1" 200 4129 "-" "Jetpack/12.0; WordPress/6.1; http://site92108342.com"
14.139.60.17 - - [06/Jul/2026:00:14:18 -0700] "POST /xmlrpc.php HTTP/1.1" 403 4352 "-" "Jetpack by WordPress.com"
14.139.60.17 - - [06/Jul/2026:00:14:29 -0700] "POST /xmlrpc.php HTTP/1.1" 200 4129 "-" "Jetpack/12.0; WordPress/6.1; http://site86795919.com"
14.139.60.17 - - [06/Jul/2026:00:14:39 -0700] "POST /xmlrpc.php HTTP/1.1" 200 4129 "-" "Jetpack by WordPress.com (Jetpack 12.1; WordPress 6.2)"
14.139.60.17 - - [06/Jul/2026:00:14:49 -0700] "POST /xmlrpc.php HTTP/1.1" 403 4352 "-" "Jetpack by WordPress.com"
14.139.60.17 - - [06/Jul/2026:00:15:00 -0700] "POST /xmlrpc.php HTTP/1.1" 403 4352 "-" "WordPress.com; https://wordpress.com"
14.139.60.17 - - [06/Jul/2026:00:15:10 -0700] "POST /xmlrpc.php HTTP/1.1" 403 4352 "-" "Jetpack by WordPress.com"
35.235.84.95 - - [06/Jul/2026:00:15:22 -0700] "POST /wp-cron.php?doing_wp_cron=1783322122.8110520839691162109375 HTTP/1.1" 200 3587 "-" "WordPress/7.0; https://vanessavaladezrealty.com"
14.139.60.17 - - [06/Jul/2026:00:15:21 -0700] "POST /xmlrpc.php HTTP/1.1" 200 4129 "-" "Jetpack/12.1; WordPress/6.3; http://site70845771.com"
157.100.104.143 - - [06/Jul/2026:00:15:25 -0700] "GET /properties/99-Residential-3240-Little-Stream-Street-7-Rooms-3-Bedrooms-2-Bathrooms-USD378-900/ HTTP/1.1" 200 36961 "-" "Mozilla/5.0 (Windows NT 10.0; Win64; x64) AppleWebKit/537.36 (KHTML, like Gecko) Chrome/100.0.4896.127 Safari/537.36"
14.139.60.17 - - [06/Jul/2026:00:15:31 -0700] "POST /xmlrpc.php HTTP/1.1" 403 4352 "-" "Jetpack by WordPress.com"
14.139.60.17 - - [06/Jul/2026:00:15:42 -0700] "POST /xmlrpc.php HTTP/1.1" 200 4129 "-" "Jetpack/13.0; WordPress/6.4; http://site46369278.com"
35.235.84.95 - - [06/Jul/2026:00:15:54 -0700] "POST /wp-cron.php?doing_wp_cron=1783322154.0491480827331542968750 HTTP/1.1" 200 3587 "-" "WordPress/7.0; https://vanessavaladezrealty.com"
14.139.60.17 - - [06/Jul/2026:00:15:52 -0700] "POST /xmlrpc.php HTTP/1.1" 200 4129 "-" "Jetpack by WordPress.com (Jetpack 12.0; WordPress 6.4)"
14.139.60.17 - - [06/Jul/2026:00:16:03 -0700] "POST /xmlrpc.php HTTP/1.1" 200 4129 "-" "Jetpack by WordPress.com (Jetpack 12.1; WordPress 6.1)"
14.139.60.17 - - [06/Jul/2026:00:16:13 -0700] "POST /xmlrpc.php HTTP/1.1" 403 4352 "-" "Jetpack by WordPress.com"
35.235.84.95 - - [06/Jul/2026:00:16:25 -0700] "POST /wp-cron.php?doing_wp_cron=1783322185.6386189460754394531250 HTTP/1.1" 200 3587 "-" "WordPress/7.0; https://vanessavaladezrealty.com"
14.139.60.17 - - [06/Jul/2026:00:16:24 -0700] "POST /xmlrpc.php HTTP/1.1" 200 4129 "-" "Jetpack by WordPress.com (Jetpack 12.0; WordPress 6.2)"
14.139.60.17 - - [06/Jul/2026:00:16:35 -0700] "POST /xmlrpc.php HTTP/1.1" 200 4129 "-" "Jetpack by WordPress.com (Jetpack 12.5; WordPress 6.4)"
14.139.60.17 - - [06/Jul/2026:00:16:45 -0700] "POST /xmlrpc.php HTTP/1.1" 200 4129 "-" "Jetpack by WordPress.com (Jetpack 12.1; WordPress 6.4)"
14.139.60.17 - - [06/Jul/2026:00:16:56 -0700] "POST /xmlrpc.php HTTP/1.1" 403 4352 "-" "WordPress.com; https://wordpress.com"
14.139.60.17 - - [06/Jul/2026:00:17:06 -0700] "POST /xmlrpc.php HTTP/1.1" 200 4129 "-" "Jetpack by WordPress.com (Jetpack 12.0; WordPress 6.2)"
190.82.49.47 - - [06/Jul/2026:00:17:12 -0700] "GET /properties/137-Land-365-East-Trail-Road-USD57-900/tel:7027760711 HTTP/1.1" 301 4177 "-" "Mozilla/5.0 (Windows NT 6.1; WOW64) AppleWebKit/537.36 (KHTML, like Gecko) Chrome/36.0.1985.67 Safari/537.36"
190.82.49.47 - - [06/Jul/2026:00:17:14 -0700] "GET /properties/137-Land-365-East-Trail-Road-USD57-900/tel:7027760711/ HTTP/1.1" 301 4326 "-" "Mozilla/5.0 (Windows NT 6.1; WOW64) AppleWebKit/537.36 (KHTML, like Gecko) Chrome/36.0.1985.67 Safari/537.36"
190.82.49.47 - - [06/Jul/2026:00:17:17 -0700] "GET /properties/137-Land-365-East-Trail-Road-USD57-900 HTTP/1.1" 301 4104 "-" "Mozilla/5.0 (Windows NT 6.1; WOW64) AppleWebKit/537.36 (KHTML, like Gecko) Chrome/36.0.1985.67 Safari/537.36"
190.82.49.47 - - [06/Jul/2026:00:17:18 -0700] "GET /properties/137-Land-365-East-Trail-Road-USD57-900/ HTTP/1.1" 200 36465 "-" "Mozilla/5.0 (Windows NT 6.1; WOW64) AppleWebKit/537.36 (KHTML, like Gecko) Chrome/36.0.1985.67 Safari/537.36"
14.139.60.17 - - [06/Jul/2026:00:17:17 -0700] "POST /xmlrpc.php HTTP/1.1" 403 4352 "-" "WordPress.com; https://wordpress.com"
14.139.60.17 - - [06/Jul/2026:00:17:27 -0700] "POST /xmlrpc.php HTTP/1.1" 403 4352 "-" "WordPress.com; https://wordpress.com"
35.235.84.95 - - [06/Jul/2026:00:17:39 -0700] "POST /wp-cron.php?doing_wp_cron=1783322259.0964760780334472656250 HTTP/1.1" 200 3587 "-" "WordPress/7.0; https://vanessavaladezrealty.com"
14.139.60.17 - - [06/Jul/2026:00:17:37 -0700] "POST /xmlrpc.php HTTP/1.1" 200 4129 "-" "Jetpack/12.0; WordPress/6.3; http://site21246868.com"
14.139.60.17 - - [06/Jul/2026:00:17:48 -0700] "POST /xmlrpc.php HTTP/1.1" 403 4352 "-" "Jetpack by WordPress.com"
14.139.60.17 - - [06/Jul/2026:00:17:58 -0700] "POST /xmlrpc.php HTTP/1.1" 403 4352 "-" "WordPress.com; https://wordpress.com"
14.139.60.17 - - [06/Jul/2026:00:18:09 -0700] "POST /xmlrpc.php HTTP/1.1" 403 4352 "-" "Jetpack by WordPress.com"
43.164.0.21 - - [06/Jul/2026:00:18:12 -0700] "GET / HTTP/1.1" 200 38350 "http://www.vanessavaladezrealty.com" "Mozilla/5.0 (iPhone; CPU iPhone OS 13_2_3 like Mac OS X) AppleWebKit/605.1.15 (KHTML, like Gecko) Version/13.0.3 Mobile/15E148 Safari/604.1"
14.139.60.17 - - [06/Jul/2026:00:18:19 -0700] "POST /xmlrpc.php HTTP/1.1" 403 4352 "-" "Jetpack by WordPress.com"
14.139.60.17 - - [06/Jul/2026:00:18:30 -0700] "POST /xmlrpc.php HTTP/1.1" 200 4129 "-" "Jetpack/13.0; WordPress/6.1; http://site21631984.com"
14.139.60.17 - - [06/Jul/2026:00:18:40 -0700] "POST /xmlrpc.php HTTP/1.1" 200 4129 "-" "Jetpack/12.0; WordPress/6.2; http://site95537593.com"
14.139.60.17 - - [06/Jul/2026:00:18:51 -0700] "POST /xmlrpc.php HTTP/1.1" 403 4352 "-" "Jetpack by WordPress.com"
35.235.84.95 - - [06/Jul/2026:00:19:02 -0700] "POST /wp-cron.php?doing_wp_cron=1783322342.9523990154266357421875 HTTP/1.1" 200 3587 "-" "WordPress/7.0; https://vanessavaladezrealty.com"
14.139.60.17 - - [06/Jul/2026:00:19:01 -0700] "POST /xmlrpc.php HTTP/1.1" 200 4129 "-" "Jetpack by WordPress.com (Jetpack 12.5; WordPress 6.4)"
14.139.60.17 - - [06/Jul/2026:00:19:12 -0700] "POST /xmlrpc.php HTTP/1.1" 403 4352 "-" "WordPress.com; https://wordpress.com"
223.233.76.193 - - [06/Jul/2026:00:19:14 -0700] "POST /xmlrpc.php HTTP/1.1" 200 4129 "-" "Jetpack/13.0; WordPress/6.2; http://site68077511.com"
14.139.60.17 - - [06/Jul/2026:00:19:22 -0700] "POST /xmlrpc.php HTTP/1.1" 403 4352 "-" "Jetpack by WordPress.com"
223.233.76.193 - - [06/Jul/2026:00:19:24 -0700] "POST /xmlrpc.php HTTP/1.1" 200 4129 "-" "Jetpack by WordPress.com (Jetpack 12.5; WordPress 6.1)"
14.139.60.17 - - [06/Jul/2026:00:19:33 -0700] "POST /xmlrpc.php HTTP/1.1" 403 4352 "-" "WordPress.com; https://wordpress.com"
223.233.76.193 - - [06/Jul/2026:00:19:35 -0700] "POST /xmlrpc.php HTTP/1.1" 200 4129 "-" "Jetpack/12.1; WordPress/6.2; http://site98377477.com"
14.139.60.17 - - [06/Jul/2026:00:19:43 -0700] "POST /xmlrpc.php HTTP/1.1" 200 4129 "-" "Jetpack/13.0; WordPress/6.4; http://site78766700.com"
223.233.76.193 - - [06/Jul/2026:00:19:46 -0700] "POST /xmlrpc.php HTTP/1.1" 200 4129 "-" "Jetpack/12.5; WordPress/6.4; http://site86689132.com"
35.235.84.95 - - [06/Jul/2026:00:19:55 -0700] "POST /wp-cron.php?doing_wp_cron=1783322395.1874260902404785156250 HTTP/1.1" 200 3587 "-" "WordPress/7.0; https://vanessavaladezrealty.com"
14.139.60.17 - - [06/Jul/2026:00:19:54 -0700] "POST /xmlrpc.php HTTP/1.1" 200 4129 "-" "Jetpack/12.0; WordPress/6.4; http://site59080019.com"
223.233.76.193 - - [06/Jul/2026:00:19:57 -0700] "POST /xmlrpc.php HTTP/1.1" 200 4129 "-" "Jetpack by WordPress.com (Jetpack 12.0; WordPress 6.4)"
14.139.60.17 - - [06/Jul/2026:00:20:04 -0700] "POST /xmlrpc.php HTTP/1.1" 403 4352 "-" "Jetpack by WordPress.com"
223.233.76.193 - - [06/Jul/2026:00:20:08 -0700] "POST /xmlrpc.php HTTP/1.1" 200 4129 "-" "Jetpack/13.0; WordPress/6.3; http://site93955651.com"
14.139.60.17 - - [06/Jul/2026:00:20:15 -0700] "POST /xmlrpc.php HTTP/1.1" 403 4352 "-" "WordPress.com; https://wordpress.com"
223.233.76.193 - - [06/Jul/2026:00:20:19 -0700] "POST /xmlrpc.php HTTP/1.1" 200 4129 "-" "Jetpack by WordPress.com (Jetpack 12.0; WordPress 6.2)"
14.139.60.17 - - [06/Jul/2026:00:20:25 -0700] "POST /xmlrpc.php HTTP/1.1" 200 4129 "-" "Jetpack/12.0; WordPress/6.1; http://site87661571.com"
223.233.76.193 - - [06/Jul/2026:00:20:30 -0700] "POST /xmlrpc.php HTTP/1.1" 200 4129 "-" "Jetpack by WordPress.com (Jetpack 12.0; WordPress 6.2)"
14.139.60.17 - - [06/Jul/2026:00:20:36 -0700] "POST /xmlrpc.php HTTP/1.1" 200 4129 "-" "Jetpack/12.5; WordPress/6.4; http://site76550172.com"
223.233.76.193 - - [06/Jul/2026:00:20:41 -0700] "POST /xmlrpc.php HTTP/1.1" 200 4129 "-" "Jetpack/13.0; WordPress/6.4; http://site51844939.com"
14.139.60.17 - - [06/Jul/2026:00:20:46 -0700] "POST /xmlrpc.php HTTP/1.1" 403 4352 "-" "Jetpack by WordPress.com"
35.235.84.95 - - [06/Jul/2026:00:20:53 -0700] "POST /wp-cron.php?doing_wp_cron=1783322453.6984200477600097656250 HTTP/1.1" 200 3587 "-" "WordPress/7.0; https://vanessavaladezrealty.com"
223.233.76.193 - - [06/Jul/2026:00:20:52 -0700] "POST /xmlrpc.php HTTP/1.1" 200 4129 "-" "WordPress.com; https://wordpress.com"
14.139.60.17 - - [06/Jul/2026:00:20:56 -0700] "POST /xmlrpc.php HTTP/1.1" 403 4352 "-" "Jetpack by WordPress.com"
223.233.76.193 - - [06/Jul/2026:00:21:03 -0700] "POST /xmlrpc.php HTTP/1.1" 200 4129 "-" "WordPress.com; https://wordpress.com"
14.139.60.17 - - [06/Jul/2026:00:21:07 -0700] "POST /xmlrpc.php HTTP/1.1" 200 4129 "-" "Jetpack by WordPress.com (Jetpack 12.5; WordPress 6.2)"
223.233.76.193 - - [06/Jul/2026:00:21:14 -0700] "POST /xmlrpc.php HTTP/1.1" 200 4129 "-" "Jetpack by WordPress.com"
14.139.60.17 - - [06/Jul/2026:00:21:17 -0700] "POST /xmlrpc.php HTTP/1.1" 200 4129 "-" "Jetpack/12.0; WordPress/6.3; http://site68350085.com"
35.235.84.95 - - [06/Jul/2026:00:21:26 -0700] "POST /wp-cron.php?doing_wp_cron=1783322486.4327468872070312500000 HTTP/1.1" 200 3587 "-" "WordPress/7.0; https://vanessavaladezrealty.com"
223.233.76.193 - - [06/Jul/2026:00:21:25 -0700] "POST /xmlrpc.php HTTP/1.1" 200 4129 "-" "Jetpack/13.0; WordPress/6.3; http://site67517163.com"
14.139.60.17 - - [06/Jul/2026:00:21:28 -0700] "POST /xmlrpc.php HTTP/1.1" 403 4352 "-" "Jetpack by WordPress.com"
223.233.76.193 - - [06/Jul/2026:00:21:36 -0700] "POST /xmlrpc.php HTTP/1.1" 200 4129 "-" "WordPress.com; https://wordpress.com"
14.139.60.17 - - [06/Jul/2026:00:21:38 -0700] "POST /xmlrpc.php HTTP/1.1" 403 4352 "-" "Jetpack by WordPress.com"
223.233.76.193 - - [06/Jul/2026:00:21:47 -0700] "POST /xmlrpc.php HTTP/1.1" 200 4129 "-" "WordPress.com; https://wordpress.com"
14.139.60.17 - - [06/Jul/2026:00:21:49 -0700] "POST /xmlrpc.php HTTP/1.1" 200 4129 "-" "Jetpack by WordPress.com (Jetpack 13.0; WordPress 6.4)"
223.233.76.193 - - [06/Jul/2026:00:21:58 -0700] "POST /xmlrpc.php HTTP/1.1" 200 4129 "-" "WordPress.com; https://wordpress.com"
14.139.60.17 - - [06/Jul/2026:00:22:01 -0700] "POST /xmlrpc.php HTTP/1.1" 200 4129 "-" "Jetpack/12.5; WordPress/6.3; http://site34064959.com"
184.82.172.35 - - [06/Jul/2026:00:22:08 -0700] "POST /wp-comments-post.php HTTP/1.1" 302 4225 "-" "Mozilla/5.0 (Windows NT 10.0; Win64; x64) AppleWebKit/537.36 (KHTML, like Gecko) Chrome/120.0.0.0 Safari/537.36"
14.139.60.17 - - [06/Jul/2026:00:22:12 -0700] "POST /xmlrpc.php HTTP/1.1" 403 4352 "-" "WordPress.com; https://wordpress.com"
223.233.76.193 - - [06/Jul/2026:00:22:09 -0700] "POST /xmlrpc.php HTTP/1.1" 403 4352 "-" "WordPress.com; https://wordpress.com"
223.233.76.193 - - [06/Jul/2026:00:22:22 -0700] "POST /xmlrpc.php HTTP/1.1" 200 4129 "-" "Jetpack/12.5; WordPress/6.3; http://site51172783.com"
35.235.84.95 - - [06/Jul/2026:00:22:33 -0700] "POST /wp-cron.php?doing_wp_cron=1783322553.1347680091857910156250 HTTP/1.1" 200 3587 "-" "WordPress/7.0; https://vanessavaladezrealty.com"
116.179.32.100 - - [06/Jul/2026:00:22:31 -0700] "GET /properties/?wplpage=2 HTTP/1.1" 200 33090 "-" "Mozilla/5.0 (compatible; Baiduspider/2.0; +http://www.baidu.com/search/spider.html)"
223.233.76.193 - - [06/Jul/2026:00:22:34 -0700] "POST /xmlrpc.php HTTP/1.1" 200 4129 "-" "Jetpack by WordPress.com"
223.233.76.193 - - [06/Jul/2026:00:22:45 -0700] "POST /xmlrpc.php HTTP/1.1" 403 4352 "-" "WordPress.com; https://wordpress.com"
35.235.84.95 - - [06/Jul/2026:00:22:57 -0700] "POST /wp-cron.php?doing_wp_cron=1783322577.2867069244384765625000 HTTP/1.1" 200 3587 "-" "WordPress/7.0; https://vanessavaladezrealty.com"
223.233.76.193 - - [06/Jul/2026:00:22:56 -0700] "POST /xmlrpc.php HTTP/1.1" 200 4129 "-" "Jetpack/12.5; WordPress/6.3; http://site98285917.com"
223.233.76.193 - - [06/Jul/2026:00:23:07 -0700] "POST /xmlrpc.php HTTP/1.1" 403 4352 "-" "WordPress.com; https://wordpress.com"
223.233.76.193 - - [06/Jul/2026:00:23:18 -0700] "POST /xmlrpc.php HTTP/1.1" 200 4129 "-" "Jetpack by WordPress.com"
223.233.76.193 - - [06/Jul/2026:00:23:29 -0700] "POST /xmlrpc.php HTTP/1.1" 200 4129 "-" "Jetpack by WordPress.com"
223.233.76.193 - - [06/Jul/2026:00:23:41 -0700] "POST /xmlrpc.php HTTP/1.1" 200 4129 "-" "Jetpack by WordPress.com"
116.179.37.215 - - [06/Jul/2026:00:23:44 -0700] "GET /wp-includes/js/jquery/ui/sortable.min.js?ver=1.13.3 HTTP/1.1" 200 3574 "https://vanessavaladezrealty.com/properties/?wplpage=2" "Mozilla/5.0 (compatible; Baiduspider-render/2.0; +http://www.baidu.com/search/spider.html)"
116.179.37.23 - - [06/Jul/2026:00:23:44 -0700] "GET /wp-includes/js/jquery/ui/core.min.js?ver=1.13.3 HTTP/1.1" 200 3570 "https://vanessavaladezrealty.com/properties/?wplpage=2" "Mozilla/5.0 (compatible; Baiduspider-render/2.0; +http://www.baidu.com/search/spider.html)"
116.179.37.113 - - [06/Jul/2026:00:23:44 -0700] "GET /wp-content/plugins/real-estate-listing-realtyna-wpl/assets/js/libraries/realtyna/realtyna.min.js?ver=7.0 HTTP/1.1" 200 3630 "https://vanessavaladezrealty.com/properties/?wplpage=2" "Mozilla/5.0 (compatible; Baiduspider-render/2.0; +http://www.baidu.com/search/spider.html)"
116.179.37.117 - - [06/Jul/2026:00:23:47 -0700] "GET /wp-content/plugins/elementor/assets/js/section-frontend-handlers.d85ab872da118940910d.bundle.min.js HTTP/1.1" 200 3900 "https://vanessavaladezrealty.com/properties/?wplpage=2" "Mozilla/5.0 (compatible; Baiduspider-render/2.0; +http://www.baidu.com/search/spider.html)"
116.179.37.47 - - [06/Jul/2026:00:23:47 -0700] "POST /properties/?wplpage=2 HTTP/1.1" 200 4035 "https://vanessavaladezrealty.com/properties/?wplpage=2" "Mozilla/5.0 (compatible; Baiduspider-render/2.0; +http://www.baidu.com/search/spider.html)"
116.179.37.253 - - [06/Jul/2026:00:23:48 -0700] "GET /wp-content/plugins/real-estate-listing-realtyna-wpl/assets/js/js_inline.html HTTP/1.1" 200 3604 "https://vanessavaladezrealty.com/properties/?wplpage=2" "Mozilla/5.0 (compatible; Baiduspider-render/2.0; +http://www.baidu.com/search/spider.html)"
223.233.76.193 - - [06/Jul/2026:00:23:54 -0700] "POST /xmlrpc.php HTTP/1.1" 403 4352 "-" "Jetpack by WordPress.com"
223.233.76.193 - - [06/Jul/2026:00:24:05 -0700] "POST /xmlrpc.php HTTP/1.1" 403 4352 "-" "Jetpack by WordPress.com"
35.235.84.95 - - [06/Jul/2026:00:24:28 -0700] "POST /wp-cron.php?doing_wp_cron=1783322668.2332119941711425781250 HTTP/1.1" 200 3587 "-" "WordPress/7.0; https://vanessavaladezrealty.com"
223.233.76.193 - - [06/Jul/2026:00:24:15 -0700] "POST /xmlrpc.php HTTP/1.1" 403 4352 "-" "Jetpack by WordPress.com"
223.233.76.193 - - [06/Jul/2026:00:24:26 -0700] "POST /xmlrpc.php HTTP/1.1" 200 4129 "-" "Jetpack/12.5; WordPress/6.1; http://site75205886.com"
223.233.76.193 - - [06/Jul/2026:00:24:37 -0700] "POST /xmlrpc.php HTTP/1.1" 403 4352 "-" "WordPress.com; https://wordpress.com"
223.233.76.193 - - [06/Jul/2026:00:24:48 -0700] "POST /xmlrpc.php HTTP/1.1" 200 4129 "-" "Jetpack/12.1; WordPress/6.1; http://site70834072.com"
35.235.84.95 - - [06/Jul/2026:00:25:00 -0700] "POST /wp-cron.php?doing_wp_cron=1783322700.3243110179901123046875 HTTP/1.1" 200 3587 "-" "WordPress/7.0; https://vanessavaladezrealty.com"
223.233.76.193 - - [06/Jul/2026:00:24:59 -0700] "POST /xmlrpc.php HTTP/1.1" 200 4129 "-" "Jetpack by WordPress.com (Jetpack 12.0; WordPress 6.3)"
223.233.76.193 - - [06/Jul/2026:00:25:20 -0700] "POST /xmlrpc.php HTTP/1.1" 200 4129 "-" "Jetpack/12.5; WordPress/6.1; http://site31641459.com"
223.233.76.193 - - [06/Jul/2026:00:25:10 -0700] "POST /xmlrpc.php HTTP/1.1" 200 4129 "-" "Jetpack by WordPress.com (Jetpack 12.5; WordPress 6.4)"
168.91.38.117 - - [06/Jul/2026:00:25:42 -0700] "GET /contact HTTP/1.1" 301 4120 "-" "Mozilla/5.0 (X11; Linux x86_64) AppleWebKit/537.36 (KHTML, like Gecko) Chrome/148.0.0.0 Safari/537.36"
168.91.38.117 - - [06/Jul/2026:00:25:44 -0700] "GET /contact/ HTTP/1.1" 200 27923 "-" "Mozilla/5.0 (X11; Linux x86_64) AppleWebKit/537.36 (KHTML, like Gecko) Chrome/148.0.0.0 Safari/537.36"
168.91.38.117 - - [06/Jul/2026:00:25:46 -0700] "GET /wp-content/themes/astra/assets/css/minified/frontend.min.css?ver=4.12.5 HTTP/1.1" 200 3587 "https://vanessavaladezrealty.com/contact/" "Mozilla/5.0 (X11; Linux x86_64) AppleWebKit/537.36 (KHTML, like Gecko) Chrome/148.0.0.0 Safari/537.36"
168.91.38.117 - - [06/Jul/2026:00:25:46 -0700] "GET /wp-content/plugins/real-estate-listing-realtyna-wpl/assets/css/frontend.css?ver=7.0 HTTP/1.1" 200 3602 "https://vanessavaladezrealty.com/contact/" "Mozilla/5.0 (X11; Linux x86_64) AppleWebKit/537.36 (KHTML, like Gecko) Chrome/148.0.0.0 Safari/537.36"
223.233.76.193 - - [06/Jul/2026:00:25:32 -0700] "POST /xmlrpc.php HTTP/1.1" 403 4352 "-" "WordPress.com; https://wordpress.com"
223.233.76.193 - - [06/Jul/2026:00:25:43 -0700] "POST /xmlrpc.php HTTP/1.1" 403 4352 "-" "WordPress.com; https://wordpress.com"
168.91.38.117 - - [06/Jul/2026:00:25:46 -0700] "GET /wp-content/themes/astra-child/style.css?ver=1.0.0 HTTP/1.1" 200 3566 "https://vanessavaladezrealty.com/contact/" "Mozilla/5.0 (X11; Linux x86_64) AppleWebKit/537.36 (KHTML, like Gecko) Chrome/148.0.0.0 Safari/537.36"
168.91.38.117 - - [06/Jul/2026:00:25:46 -0700] "GET /wp-content/plugins/elementor/assets/lib/eicons/css/elementor-icons.min.css?ver=5.47.0 HTTP/1.1" 200 3601 "https://vanessavaladezrealty.com/contact/" "Mozilla/5.0 (X11; Linux x86_64) AppleWebKit/537.36 (KHTML, like Gecko) Chrome/148.0.0.0 Safari/537.36"
168.91.38.117 - - [06/Jul/2026:00:25:46 -0700] "GET /wp-content/plugins/elementor/assets/css/widget-divider.min.css?ver=3.35.7 HTTP/1.1" 200 3589 "https://vanessavaladezrealty.com/contact/" "Mozilla/5.0 (X11; Linux x86_64) AppleWebKit/537.36 (KHTML, like Gecko) Chrome/148.0.0.0 Safari/537.36"
168.91.38.117 - - [06/Jul/2026:00:25:46 -0700] "GET /wp-content/plugins/elementor/assets/css/widget-icon-list.min.css?ver=3.35.7 HTTP/1.1" 200 3591 "https://vanessavaladezrealty.com/contact/" "Mozilla/5.0 (X11; Linux x86_64) AppleWebKit/537.36 (KHTML, like Gecko) Chrome/148.0.0.0 Safari/537.36"
168.91.38.117 - - [06/Jul/2026:00:25:46 -0700] "GET /wp-content/uploads/elementor/css/post-386.css?ver=1774535618 HTTP/1.1" 200 3572 "https://vanessavaladezrealty.com/contact/" "Mozilla/5.0 (X11; Linux x86_64) AppleWebKit/537.36 (KHTML, like Gecko) Chrome/148.0.0.0 Safari/537.36"
168.91.38.117 - - [06/Jul/2026:00:25:46 -0700] "GET /wp-content/plugins/elementor/assets/lib/font-awesome/css/all.min.css?ver=3.35.7 HTTP/1.1" 200 3595 "https://vanessavaladezrealty.com/contact/" "Mozilla/5.0 (X11; Linux x86_64) AppleWebKit/537.36 (KHTML, like Gecko) Chrome/148.0.0.0 Safari/537.36"
168.91.38.117 - - [06/Jul/2026:00:25:46 -0700] "GET /wp-content/plugins/elementor/assets/lib/font-awesome/css/v4-shims.min.css?ver=3.35.7 HTTP/1.1" 200 3600 "https://vanessavaladezrealty.com/contact/" "Mozilla/5.0 (X11; Linux x86_64) AppleWebKit/537.36 (KHTML, like Gecko) Chrome/148.0.0.0 Safari/537.36"
168.91.38.117 - - [06/Jul/2026:00:25:46 -0700] "GET /wp-content/plugins/elementor/assets/css/frontend.min.css?ver=3.35.7 HTTP/1.1" 200 3583 "https://vanessavaladezrealty.com/contact/" "Mozilla/5.0 (X11; Linux x86_64) AppleWebKit/537.36 (KHTML, like Gecko) Chrome/148.0.0.0 Safari/537.36"
168.91.38.117 - - [06/Jul/2026:00:25:46 -0700] "GET /wp-content/plugins/wpforms-lite/assets/css/frontend/classic/wpforms-base.min.css?ver=1.10.0.2 HTTP/1.1" 200 3607 "https://vanessavaladezrealty.com/contact/" "Mozilla/5.0 (X11; Linux x86_64) AppleWebKit/537.36 (KHTML, like Gecko) Chrome/148.0.0.0 Safari/537.36"
168.91.38.117 - - [06/Jul/2026:00:25:46 -0700] "GET /wp-content/plugins/elementor/assets/css/widget-heading.min.css?ver=3.35.7 HTTP/1.1" 200 3784 "https://vanessavaladezrealty.com/contact/" "Mozilla/5.0 (X11; Linux x86_64) AppleWebKit/537.36 (KHTML, like Gecko) Chrome/148.0.0.0 Safari/537.36"
168.91.38.117 - - [06/Jul/2026:00:25:46 -0700] "GET /wp-content/plugins/wpforms-lite/assets/js/share/utils.min.js?ver=1.10.0.2 HTTP/1.1" 200 3594 "https://vanessavaladezrealty.com/contact/" "Mozilla/5.0 (X11; Linux x86_64) AppleWebKit/537.36 (KHTML, like Gecko) Chrome/148.0.0.0 Safari/537.36"
