35.235.84.95 - - [06/Jul/2026:02:53:55 -0700] "POST /wp-cron.php?doing_wp_cron=1783331635.9046750068664550781250 HTTP/1.1" 200 3587 "-" "WordPress/7.0; https://vanessavaladezrealty.com"
5.192.5.49 - - [06/Jul/2026:02:53:54 -0700] "POST /xmlrpc.php HTTP/1.1" 200 4129 "-" "Jetpack by WordPress.com (Jetpack 12.1; WordPress 6.1)"
14.139.42.196 - - [06/Jul/2026:02:53:56 -0700] "POST /xmlrpc.php HTTP/1.1" 403 4352 "-" "Jetpack by WordPress.com"
5.192.5.49 - - [06/Jul/2026:02:54:05 -0700] "POST /xmlrpc.php HTTP/1.1" 403 4352 "-" "WordPress.com; https://wordpress.com"
14.139.42.196 - - [06/Jul/2026:02:54:06 -0700] "POST /xmlrpc.php HTTP/1.1" 403 4352 "-" "Jetpack by WordPress.com"
5.192.5.49 - - [06/Jul/2026:02:54:15 -0700] "POST /xmlrpc.php HTTP/1.1" 403 4352 "-" "WordPress.com; https://wordpress.com"
14.139.42.196 - - [06/Jul/2026:02:54:17 -0700] "POST /xmlrpc.php HTTP/1.1" 403 4352 "-" "WordPress.com; https://wordpress.com"
5.192.5.49 - - [06/Jul/2026:02:54:26 -0700] "POST /xmlrpc.php HTTP/1.1" 200 4129 "-" "Jetpack by WordPress.com (Jetpack 12.0; WordPress 6.4)"
14.139.42.196 - - [06/Jul/2026:02:54:28 -0700] "POST /xmlrpc.php HTTP/1.1" 200 4129 "-" "Jetpack/13.0; WordPress/6.4; http://site66455140.com"
5.192.5.49 - - [06/Jul/2026:02:54:37 -0700] "POST /xmlrpc.php HTTP/1.1" 403 4352 "-" "Jetpack by WordPress.com"
14.139.42.196 - - [06/Jul/2026:02:54:39 -0700] "POST /xmlrpc.php HTTP/1.1" 403 4352 "-" "Jetpack by WordPress.com"
5.192.5.49 - - [06/Jul/2026:02:54:48 -0700] "POST /xmlrpc.php HTTP/1.1" 403 4352 "-" "Jetpack by WordPress.com"
14.139.42.196 - - [06/Jul/2026:02:54:50 -0700] "POST /xmlrpc.php HTTP/1.1" 403 4352 "-" "Jetpack by WordPress.com"
5.192.5.49 - - [06/Jul/2026:02:54:58 -0700] "POST /xmlrpc.php HTTP/1.1" 403 4352 "-" "Jetpack by WordPress.com (Jetpack 12.5; WordPress 6.4)"
14.139.42.196 - - [06/Jul/2026:02:55:01 -0700] "POST /xmlrpc.php HTTP/1.1" 403 4352 "-" "Jetpack by WordPress.com"
35.235.84.95 - - [06/Jul/2026:02:55:10 -0700] "POST /wp-cron.php?doing_wp_cron=1783331710.3871440887451171875000 HTTP/1.1" 200 3587 "-" "WordPress/7.0; https://vanessavaladezrealty.com"
5.192.5.49 - - [06/Jul/2026:02:55:09 -0700] "POST /xmlrpc.php HTTP/1.1" 200 4129 "-" "Jetpack by WordPress.com (Jetpack 12.5; WordPress 6.1)"
14.139.42.196 - - [06/Jul/2026:02:55:11 -0700] "POST /xmlrpc.php HTTP/1.1" 200 4129 "-" "Jetpack/12.1; WordPress/6.4; http://site57369966.com"
5.192.5.49 - - [06/Jul/2026:02:55:19 -0700] "POST /xmlrpc.php HTTP/1.1" 200 4129 "-" "Jetpack by WordPress.com (Jetpack 13.0; WordPress 6.2)"
14.139.42.196 - - [06/Jul/2026:02:55:22 -0700] "POST /xmlrpc.php HTTP/1.1" 200 4129 "-" "Jetpack/12.5; WordPress/6.1; http://site25670887.com"
5.192.5.49 - - [06/Jul/2026:02:55:30 -0700] "POST /xmlrpc.php HTTP/1.1" 200 4129 "-" "Jetpack by WordPress.com (Jetpack 13.0; WordPress 6.1)"
14.139.42.196 - - [06/Jul/2026:02:55:33 -0700] "POST /xmlrpc.php HTTP/1.1" 403 4352 "-" "WordPress.com; https://wordpress.com"
5.192.5.49 - - [06/Jul/2026:02:55:41 -0700] "POST /xmlrpc.php HTTP/1.1" 403 4352 "-" "WordPress.com; https://wordpress.com"
14.139.42.196 - - [06/Jul/2026:02:55:44 -0700] "POST /xmlrpc.php HTTP/1.1" 403 4352 "-" "Jetpack by WordPress.com"
35.235.84.95 - - [06/Jul/2026:02:55:56 -0700] "POST /wp-cron.php?doing_wp_cron=1783331756.2791008949279785156250 HTTP/1.1" 200 3587 "-" "WordPress/7.0; https://vanessavaladezrealty.com"
14.139.42.196 - - [06/Jul/2026:02:55:55 -0700] "POST /xmlrpc.php HTTP/1.1" 200 4129 "-" "Jetpack by WordPress.com (Jetpack 12.1; WordPress 6.1)"
5.192.5.49 - - [06/Jul/2026:02:55:52 -0700] "POST /xmlrpc.php HTTP/1.1" 403 4352 "-" "Jetpack by WordPress.com"
5.192.5.49 - - [06/Jul/2026:02:56:02 -0700] "POST /xmlrpc.php HTTP/1.1" 403 4352 "-" "WordPress.com; https://wordpress.com"
14.139.42.196 - - [06/Jul/2026:02:56:05 -0700] "POST /xmlrpc.php HTTP/1.1" 200 4129 "-" "Jetpack/13.0; WordPress/6.3; http://site74998347.com"
5.192.5.49 - - [06/Jul/2026:02:56:13 -0700] "POST /xmlrpc.php HTTP/1.1" 403 4352 "-" "Jetpack by WordPress.com"
14.139.42.196 - - [06/Jul/2026:02:56:16 -0700] "POST /xmlrpc.php HTTP/1.1" 200 4129 "-" "Jetpack/12.5; WordPress/6.3; http://site99009162.com"
35.235.84.95 - - [06/Jul/2026:02:56:25 -0700] "POST /wp-cron.php?doing_wp_cron=1783331785.4965260028839111328125 HTTP/1.1" 200 3587 "-" "WordPress/7.0; https://vanessavaladezrealty.com"
5.192.5.49 - - [06/Jul/2026:02:56:24 -0700] "POST /xmlrpc.php HTTP/1.1" 200 4129 "-" "Jetpack by WordPress.com (Jetpack 13.0; WordPress 6.3)"
14.139.42.196 - - [06/Jul/2026:02:56:27 -0700] "POST /xmlrpc.php HTTP/1.1" 200 4129 "-" "Jetpack by WordPress.com (Jetpack 12.1; WordPress 6.4)"
5.192.5.49 - - [06/Jul/2026:02:56:34 -0700] "POST /xmlrpc.php HTTP/1.1" 200 4129 "-" "Jetpack/12.5; WordPress/6.2; http://site74840956.com"
14.139.42.196 - - [06/Jul/2026:02:56:38 -0700] "POST /xmlrpc.php HTTP/1.1" 200 4129 "-" "Jetpack/13.0; WordPress/6.1; http://site71353011.com"
102.23.31.68 - - [06/Jul/2026:02:56:51 -0700] "GET /wp-json/wp/v2/pages/16 HTTP/1.1" 200 44779 "-" "Opera/8.10.(X11; Linux i686; tr-TR) Presto/2.9.190 Version/10.00"
5.192.5.49 - - [06/Jul/2026:02:56:45 -0700] "POST /xmlrpc.php HTTP/1.1" 403 4352 "-" "Jetpack by WordPress.com"
14.139.42.196 - - [06/Jul/2026:02:56:49 -0700] "POST /xmlrpc.php HTTP/1.1" 200 4129 "-" "Jetpack/12.0; WordPress/6.2; http://site69050137.com"
5.192.5.49 - - [06/Jul/2026:02:56:56 -0700] "POST /xmlrpc.php HTTP/1.1" 403 4352 "-" "WordPress.com; https://wordpress.com"
42.105.181.181 - - [06/Jul/2026:02:56:54 -0700] "GET / HTTP/1.1" 200 38349 "-" "Opera/9.18.(Windows NT 5.1; lzh-TW) Presto/2.9.161 Version/10.00"
179.51.118.61 - - [06/Jul/2026:02:56:58 -0700] "GET /properties/vanessavaladez/ HTTP/1.1" 200 32776 "-" "Mozilla/5.0 (compatible; MSIE 6.0; Windows CE; Trident/5.1)"
14.139.42.196 - - [06/Jul/2026:02:57:00 -0700] "POST /xmlrpc.php HTTP/1.1" 200 4129 "-" "Jetpack/12.1; WordPress/6.3; http://site32655243.com"
5.192.5.49 - - [06/Jul/2026:02:57:06 -0700] "POST /xmlrpc.php HTTP/1.1" 200 4129 "-" "Jetpack by WordPress.com (Jetpack 12.0; WordPress 6.3)"
14.139.42.196 - - [06/Jul/2026:02:57:10 -0700] "POST /xmlrpc.php HTTP/1.1" 403 4352 "-" "Jetpack by WordPress.com"
5.192.5.49 - - [06/Jul/2026:02:57:17 -0700] "POST /xmlrpc.php HTTP/1.1" 200 4129 "-" "Jetpack by WordPress.com (Jetpack 12.0; WordPress 6.3)"
14.139.42.196 - - [06/Jul/2026:02:57:21 -0700] "POST /xmlrpc.php HTTP/1.1" 200 4129 "-" "Jetpack by WordPress.com (Jetpack 13.0; WordPress 6.4)"
5.192.5.49 - - [06/Jul/2026:02:57:28 -0700] "POST /xmlrpc.php HTTP/1.1" 403 4352 "-" "WordPress.com; https://wordpress.com"
35.235.84.95 - - [06/Jul/2026:02:57:34 -0700] "POST /wp-cron.php?doing_wp_cron=1783331853.9594669342041015625000 HTTP/1.1" 200 3587 "-" "WordPress/7.0; https://vanessavaladezrealty.com"
14.139.42.196 - - [06/Jul/2026:02:57:32 -0700] "POST /xmlrpc.php HTTP/1.1" 200 4129 "-" "Jetpack/12.1; WordPress/6.1; http://site43937330.com"
5.192.5.49 - - [06/Jul/2026:02:57:38 -0700] "POST /xmlrpc.php HTTP/1.1" 200 4129 "-" "Jetpack/12.0; WordPress/6.3; http://site79720391.com"
14.139.42.196 - - [06/Jul/2026:02:57:43 -0700] "POST /xmlrpc.php HTTP/1.1" 403 4352 "-" "Jetpack by WordPress.com"
212.21.144.144 - - [06/Jul/2026:02:57:46 -0700] "GET / HTTP/1.1" 200 38349 "-" "Opera/8.38.(Windows NT 5.1; niu-NU) Presto/2.9.172 Version/11.00"
35.235.84.95 - - [06/Jul/2026:02:57:50 -0700] "POST /wp-cron.php?doing_wp_cron=1783331870.7641360759735107421875 HTTP/1.1" 200 3587 "-" "WordPress/7.0; https://vanessavaladezrealty.com"
5.192.5.49 - - [06/Jul/2026:02:57:49 -0700] "POST /xmlrpc.php HTTP/1.1" 200 4129 "-" "Jetpack/13.0; WordPress/6.4; http://site87456049.com"
14.139.42.196 - - [06/Jul/2026:02:57:54 -0700] "POST /xmlrpc.php HTTP/1.1" 403 4352 "-" "WordPress.com; https://wordpress.com"
114.119.152.69 - - [06/Jul/2026:02:57:58 -0700] "GET /properties/?wplview=property_show&pid=133 HTTP/1.1" 200 33183 "https://vanessavaladezrealty.com/properties?wplview=property_show&pid=133" "Mozilla/5.0 (Linux; Android 7.0;) AppleWebKit/537.36 (HTML, like Gecko) Mobile Safari/537.36 (compatible; PetalBot;+https://webmaster.petalsearch.com/site/petalbot)"
5.192.5.49 - - [06/Jul/2026:02:58:00 -0700] "POST /xmlrpc.php HTTP/1.1" 200 4129 "-" "Jetpack by WordPress.com (Jetpack 12.5; WordPress 6.3)"
14.139.42.196 - - [06/Jul/2026:02:58:05 -0700] "POST /xmlrpc.php HTTP/1.1" 200 4129 "-" "Jetpack by WordPress.com (Jetpack 13.0; WordPress 6.3)"
5.192.5.49 - - [06/Jul/2026:02:58:10 -0700] "POST /xmlrpc.php HTTP/1.1" 403 4352 "-" "Jetpack by WordPress.com"
14.139.42.196 - - [06/Jul/2026:02:58:15 -0700] "POST /xmlrpc.php HTTP/1.1" 403 4352 "-" "Jetpack by WordPress.com"
5.192.5.49 - - [06/Jul/2026:02:58:21 -0700] "POST /xmlrpc.php HTTP/1.1" 200 4129 "-" "Jetpack/12.0; WordPress/6.4; http://site55256016.com"
14.139.42.196 - - [06/Jul/2026:02:58:26 -0700] "POST /xmlrpc.php HTTP/1.1" 200 4129 "-" "Jetpack/12.5; WordPress/6.4; http://site35241942.com"
14.139.42.196 - - [06/Jul/2026:02:58:37 -0700] "POST /xmlrpc.php HTTP/1.1" 403 4352 "-" "WordPress.com; https://wordpress.com"
14.139.42.196 - - [06/Jul/2026:02:58:48 -0700] "POST /xmlrpc.php HTTP/1.1" 403 4352 "-" "Jetpack by WordPress.com"
35.235.84.95 - - [06/Jul/2026:02:59:00 -0700] "POST /wp-cron.php?doing_wp_cron=1783331940.5384540557861328125000 HTTP/1.1" 200 3587 "-" "WordPress/7.0; https://vanessavaladezrealty.com"
14.139.42.196 - - [06/Jul/2026:02:58:59 -0700] "POST /xmlrpc.php HTTP/1.1" 200 4129 "-" "Jetpack by WordPress.com (Jetpack 12.5; WordPress 6.2)"
14.139.42.196 - - [06/Jul/2026:02:59:09 -0700] "POST /xmlrpc.php HTTP/1.1" 403 4352 "-" "Jetpack by WordPress.com"
14.139.42.196 - - [06/Jul/2026:02:59:20 -0700] "POST /xmlrpc.php HTTP/1.1" 200 4129 "-" "Jetpack by WordPress.com (Jetpack 13.0; WordPress 6.2)"
114.119.155.58 - - [06/Jul/2026:02:59:30 -0700] "GET /properties/130-Residential-1783-JUPITER-Court-C-6-Rooms-2-Bedrooms-2-Bathrooms-USD215-000 HTTP/1.1" 301 4202 "https://vanessavaladezrealty.com/properties/130-Residential-1783-JUPITER-Court-C-6-Rooms-2-Bedrooms-2-Bathrooms-USD215-000" "Mozilla/5.0 (Linux; Android 7.0;) AppleWebKit/537.36 (HTML, like Gecko) Mobile Safari/537.36 (compatible; PetalBot;+https://webmaster.petalsearch.com/site/petalbot)"
14.139.42.196 - - [06/Jul/2026:02:59:31 -0700] "POST /xmlrpc.php HTTP/1.1" 403 4352 "-" "WordPress.com; https://wordpress.com"
114.119.155.58 - - [06/Jul/2026:02:59:31 -0700] "GET /properties/130-Residential-1783-JUPITER-Court-C-6-Rooms-2-Bedrooms-2-Bathrooms-USD215-000/ HTTP/1.1" 200 31005 "https://vanessavaladezrealty.com/properties/130-Residential-1783-JUPITER-Court-C-6-Rooms-2-Bedrooms-2-Bathrooms-USD215-000" "Mozilla/5.0 (Linux; Android 7.0;) AppleWebKit/537.36 (HTML, like Gecko) Mobile Safari/537.36 (compatible; PetalBot;+https://webmaster.petalsearch.com/site/petalbot)"
14.139.42.196 - - [06/Jul/2026:02:59:42 -0700] "POST /xmlrpc.php HTTP/1.1" 403 4352 "-" "Jetpack by WordPress.com"
35.235.84.95 - - [06/Jul/2026:02:59:54 -0700] "POST /wp-cron.php?doing_wp_cron=1783331994.7989931106567382812500 HTTP/1.1" 200 3587 "-" "WordPress/7.0; https://vanessavaladezrealty.com"
14.139.42.196 - - [06/Jul/2026:02:59:52 -0700] "POST /xmlrpc.php HTTP/1.1" 200 4129 "-" "Jetpack by WordPress.com (Jetpack 12.5; WordPress 6.1)"
14.139.42.196 - - [06/Jul/2026:03:00:03 -0700] "POST /xmlrpc.php HTTP/1.1" 403 4352 "-" "Jetpack by WordPress.com"
14.139.42.196 - - [06/Jul/2026:03:00:14 -0700] "POST /xmlrpc.php HTTP/1.1" 403 4352 "-" "Jetpack by WordPress.com"
14.139.42.196 - - [06/Jul/2026:03:00:25 -0700] "POST /xmlrpc.php HTTP/1.1" 200 4129 "-" "Jetpack by WordPress.com (Jetpack 12.5; WordPress 6.3)"
114.119.152.69 - - [06/Jul/2026:03:00:43 -0700] "GET /properties/114-Residential-3111-Bel-Air-Drive-11E-6-Rooms-2-Bedrooms-3-Bathrooms-USD435-000 HTTP/1.1" 301 4204 "https://vanessavaladezrealty.com/properties/vanessavaladez?wplpage=3" "Mozilla/5.0 (Linux; Android 7.0;) AppleWebKit/537.36 (HTML, like Gecko) Mobile Safari/537.36 (compatible; PetalBot;+https://webmaster.petalsearch.com/site/petalbot)"
35.235.84.95 - - [06/Jul/2026:03:00:50 -0700] "POST /wp-cron.php?doing_wp_cron=1783332050.0064110755920410156250 HTTP/1.1" 200 3587 "-" "WordPress/7.0; https://vanessavaladezrealty.com"
114.119.152.69 - - [06/Jul/2026:03:00:47 -0700] "GET /properties/114-Residential-3111-Bel-Air-Drive-11E-6-Rooms-2-Bedrooms-3-Bathrooms-USD435-000/ HTTP/1.1" 200 34092 "https://vanessavaladezrealty.com/properties/vanessavaladez?wplpage=3" "Mozilla/5.0 (Linux; Android 7.0;) AppleWebKit/537.36 (HTML, like Gecko) Mobile Safari/537.36 (compatible; PetalBot;+https://webmaster.petalsearch.com/site/petalbot)"
35.235.84.95 - - [06/Jul/2026:03:01:00 -0700] "HEAD / HTTP/1.1" 200 4253 "-" "Mozilla/5.0 (Windows NT 10.0; Win64; x64) AppleWebKit/537.36 (KHTML, like Gecko) Chrome/117.0.0.0 Safari/537.36"
14.139.42.196 - - [06/Jul/2026:03:00:57 -0700] "POST /xmlrpc.php HTTP/1.1" 403 4352 "-" "WordPress.com; https://wordpress.com"
14.139.42.196 - - [06/Jul/2026:03:00:47 -0700] "POST /xmlrpc.php HTTP/1.1" 200 4129 "-" "Jetpack/13.0; WordPress/6.2; http://site61271545.com"
14.139.42.196 - - [06/Jul/2026:03:00:36 -0700] "POST /xmlrpc.php HTTP/1.1" 403 4352 "-" "WordPress.com; https://wordpress.com"
14.139.42.196 - - [06/Jul/2026:03:01:08 -0700] "POST /xmlrpc.php HTTP/1.1" 200 4129 "-" "Jetpack/12.5; WordPress/6.3; http://site34759545.com"
14.139.42.196 - - [06/Jul/2026:03:01:19 -0700] "POST /xmlrpc.php HTTP/1.1" 200 4129 "-" "Jetpack by WordPress.com (Jetpack 13.0; WordPress 6.2)"
14.139.42.196 - - [06/Jul/2026:03:01:30 -0700] "POST /xmlrpc.php HTTP/1.1" 403 4352 "-" "Jetpack by WordPress.com"
35.235.84.95 - - [06/Jul/2026:03:01:43 -0700] "POST /wp-cron.php?doing_wp_cron=1783332103.7813940048217773437500 HTTP/1.1" 200 3587 "-" "WordPress/7.0; https://vanessavaladezrealty.com"
14.139.42.196 - - [06/Jul/2026:03:01:41 -0700] "POST /xmlrpc.php HTTP/1.1" 200 4129 "-" "Jetpack by WordPress.com (Jetpack 12.0; WordPress 6.2)"
14.139.42.196 - - [06/Jul/2026:03:01:52 -0700] "POST /xmlrpc.php HTTP/1.1" 403 4352 "-" "Jetpack by WordPress.com"
14.139.42.196 - - [06/Jul/2026:03:02:02 -0700] "POST /xmlrpc.php HTTP/1.1" 200 4129 "-" "Jetpack/13.0; WordPress/6.3; http://site33548084.com"
14.139.42.196 - - [06/Jul/2026:03:02:13 -0700] "POST /xmlrpc.php HTTP/1.1" 403 4352 "-" "Jetpack by WordPress.com"
14.139.42.196 - - [06/Jul/2026:03:02:24 -0700] "POST /xmlrpc.php HTTP/1.1" 403 4352 "-" "WordPress.com; https://wordpress.com"
14.139.42.196 - - [06/Jul/2026:03:02:34 -0700] "POST /xmlrpc.php HTTP/1.1" 200 4129 "-" "Jetpack by WordPress.com (Jetpack 12.5; WordPress 6.1)"
14.139.42.196 - - [06/Jul/2026:03:02:45 -0700] "POST /xmlrpc.php HTTP/1.1" 403 4352 "-" "Jetpack by WordPress.com"
14.139.42.196 - - [06/Jul/2026:03:02:56 -0700] "POST /xmlrpc.php HTTP/1.1" 403 4352 "-" "WordPress.com; https://wordpress.com"
14.139.42.196 - - [06/Jul/2026:03:03:06 -0700] "POST /xmlrpc.php HTTP/1.1" 403 4352 "-" "Jetpack by WordPress.com"
14.139.42.196 - - [06/Jul/2026:03:03:17 -0700] "POST /xmlrpc.php HTTP/1.1" 403 4352 "-" "Jetpack by WordPress.com"
35.235.84.95 - - [06/Jul/2026:03:03:41 -0700] "POST /wp-cron.php?doing_wp_cron=1783332221.0958809852600097656250 HTTP/1.1" 200 3587 "-" "WordPress/7.0; https://vanessavaladezrealty.com"
14.139.42.196 - - [06/Jul/2026:03:03:28 -0700] "POST /xmlrpc.php HTTP/1.1" 403 4352 "-" "WordPress.com; https://wordpress.com"
14.139.42.196 - - [06/Jul/2026:03:03:38 -0700] "POST /xmlrpc.php HTTP/1.1" 200 4129 "-" "Jetpack by WordPress.com (Jetpack 13.0; WordPress 6.2)"
35.235.84.95 - - [06/Jul/2026:03:03:50 -0700] "POST /wp-cron.php?doing_wp_cron=1783332230.8427898883819580078125 HTTP/1.1" 200 3587 "-" "WordPress/7.0; https://vanessavaladezrealty.com"
14.139.42.196 - - [06/Jul/2026:03:03:49 -0700] "POST /xmlrpc.php HTTP/1.1" 200 4129 "-" "Jetpack/12.1; WordPress/6.1; http://site21527799.com"
14.139.42.196 - - [06/Jul/2026:03:04:00 -0700] "POST /xmlrpc.php HTTP/1.1" 200 4129 "-" "Jetpack/12.5; WordPress/6.1; http://site91836780.com"
14.139.42.196 - - [06/Jul/2026:03:04:10 -0700] "POST /xmlrpc.php HTTP/1.1" 200 4129 "-" "Jetpack/12.5; WordPress/6.1; http://site12563740.com"
35.235.84.95 - - [06/Jul/2026:03:06:34 -0700] "POST /wp-cron.php?doing_wp_cron=1783332394.2448039054870605468750 HTTP/1.1" 200 3587 "-" "WordPress/7.0; https://vanessavaladezrealty.com"
212.47.149.35 - - [06/Jul/2026:03:06:32 -0700] "GET /properties/?pid=111&wplview=property_show HTTP/1.1" 200 36670 "-" "Mozilla/5.0 (Windows NT 6.1; Win64; x64) AppleWebKit/537.36 (KHTML, like Gecko) Chrome/89.0.4389.114 Safari/537.36"
43.159.136.201 - - [06/Jul/2026:03:15:39 -0700] "GET / HTTP/1.1" 200 38348 "http://vanessavaladezrealty.com" "Mozilla/5.0 (iPhone; CPU iPhone OS 13_2_3 like Mac OS X) AppleWebKit/605.1.15 (KHTML, like Gecko) Version/13.0.3 Mobile/15E148 Safari/604.1"
34.91.197.224 - - [06/Jul/2026:03:16:48 -0700] "GET //feed/ HTTP/1.1" 301 4157 "-" "Mozilla/5.0 (Windows NT 10.0; Win64; x64) AppleWebKit/537.36 (KHTML, like Gecko) Chrome/95.0.4638.69 Safari/537.36"
34.91.197.224 - - [06/Jul/2026:03:17:01 -0700] "GET //xmlrpc.php?rsd HTTP/1.1" 200 4563 "-" "Mozilla/5.0 (Windows NT 10.0; Win64; x64) AppleWebKit/537.36 (KHTML, like Gecko) Chrome/95.0.4638.69 Safari/537.36"
35.235.84.95 - - [06/Jul/2026:03:17:56 -0700] "POST /wp-cron.php?doing_wp_cron=1783333076.0114769935607910156250 HTTP/1.1" 200 3587 "-" "WordPress/7.0; https://vanessavaladezrealty.com"
34.91.197.224 - - [06/Jul/2026:03:17:43 -0700] "GET //?author=1 HTTP/1.1" 301 4076 "-" "Mozilla/5.0 (Windows NT 10.0; Win64; x64) AppleWebKit/537.36 (KHTML, like Gecko) Chrome/95.0.4638.69 Safari/537.36"
34.91.197.224 - - [06/Jul/2026:03:17:56 -0700] "GET //?author=2 HTTP/1.1" 301 4063 "-" "Mozilla/5.0 (Windows NT 10.0; Win64; x64) AppleWebKit/537.36 (KHTML, like Gecko) Chrome/95.0.4638.69 Safari/537.36"
34.91.197.224 - - [06/Jul/2026:03:18:10 -0700] "GET //wp-json/wp/v2/users/ HTTP/1.1" 403 4352 "-" "Mozilla/5.0 (Windows NT 10.0; Win64; x64) AppleWebKit/537.36 (KHTML, like Gecko) Chrome/95.0.4638.69 Safari/537.36"
34.91.197.224 - - [06/Jul/2026:03:18:10 -0700] "POST //xmlrpc.php HTTP/1.1" 403 4352 "-" "Mozilla/5.0 (Windows NT 10.0; Win64; x64) AppleWebKit/537.36 (KHTML, like Gecko) Chrome/95.0.4638.69 Safari/537.36"
35.235.84.95 - - [06/Jul/2026:03:19:09 -0700] "POST /wp-cron.php?doing_wp_cron=1783333149.4479138851165771484375 HTTP/1.1" 200 3587 "-" "WordPress/7.0; https://vanessavaladezrealty.com"
87.192.224.131 - - [06/Jul/2026:03:19:08 -0700] "GET /wp-login.php HTTP/1.1" 200 6365 "-" "Mozilla/5.0 (X11; Ubuntu; Linux x86_64) AppleWebKit/537.36 (KHTML, like Gecko) Chrome/133.0.0.0 Safari/537.36"
87.192.224.131 - - [06/Jul/2026:03:19:09 -0700] "POST /wp-login.php HTTP/1.1" 200 6467 "https://vanessavaladezrealty.com/wp-login.php" "Mozilla/5.0 (X11; Ubuntu; Linux x86_64) AppleWebKit/537.36 (KHTML, like Gecko) Chrome/133.0.0.0 Safari/537.36"
35.235.84.95 - - [06/Jul/2026:03:21:08 -0700] "POST /wp-cron.php?doing_wp_cron=1783333268.8224499225616455078125 HTTP/1.1" 200 3587 "-" "WordPress/7.0; https://vanessavaladezrealty.com"
161.97.129.228 - - [06/Jul/2026:03:21:07 -0700] "GET /wp-login.php HTTP/1.1" 200 6365 "-" "Mozilla/5.0 (X11; Linux x86_64) AppleWebKit/537.36 (KHTML, like Gecko) Chrome/133.0.0.0 Safari/537.36"
161.97.129.228 - - [06/Jul/2026:03:21:09 -0700] "POST /wp-login.php HTTP/1.1" 200 6451 "https://vanessavaladezrealty.com/wp-login.php" "Mozilla/5.0 (X11; Linux x86_64) AppleWebKit/537.36 (KHTML, like Gecko) Chrome/133.0.0.0 Safari/537.36"
35.235.84.95 - - [06/Jul/2026:03:21:43 -0700] "POST /wp-cron.php?doing_wp_cron=1783333303.9032120704650878906250 HTTP/1.1" 200 3587 "-" "WordPress/7.0; https://vanessavaladezrealty.com"
114.119.155.210 - - [06/Jul/2026:03:21:42 -0700] "GET /properties/105-Residential-Lease-10910-Calm-Desert-Court-3-Rooms-3-Bedrooms-3-Bathrooms-USD3-750 HTTP/1.1" 301 4209 "https://vanessavaladezrealty.com/properties/105-Residential-Lease-10910-Calm-Desert-Court-3-Rooms-3-Bedrooms-3-Bathrooms-USD3-750" "Mozilla/5.0 (Linux; Android 7.0;) AppleWebKit/537.36 (HTML, like Gecko) Mobile Safari/537.36 (compatible; PetalBot;+https://webmaster.petalsearch.com/site/petalbot)"
114.119.155.210 - - [06/Jul/2026:03:21:44 -0700] "GET /properties/105-Residential-Lease-10910-Calm-Desert-Court-3-Rooms-3-Bedrooms-3-Bathrooms-USD3-750/ HTTP/1.1" 200 33401 "https://vanessavaladezrealty.com/properties/105-Residential-Lease-10910-Calm-Desert-Court-3-Rooms-3-Bedrooms-3-Bathrooms-USD3-750" "Mozilla/5.0 (Linux; Android 7.0;) AppleWebKit/537.36 (HTML, like Gecko) Mobile Safari/537.36 (compatible; PetalBot;+https://webmaster.petalsearch.com/site/petalbot)"
35.235.84.95 - - [06/Jul/2026:03:22:55 -0700] "POST /wp-cron.php?doing_wp_cron=1783333375.7469639778137207031250 HTTP/1.1" 200 3587 "-" "WordPress/7.0; https://vanessavaladezrealty.com"
123.22.168.137 - - [06/Jul/2026:03:22:54 -0700] "GET /properties/?pid=130&wplview=property_show HTTP/1.1" 200 34886 "-" "Mozilla/5.0 (Macintosh; Intel Mac OS X 10_14_6) AppleWebKit/537.36 (KHTML, like Gecko) Chrome/96.0.4664.55 Safari/537.36"
35.235.84.95 - - [06/Jul/2026:03:24:59 -0700] "POST /wp-cron.php?doing_wp_cron=1783333499.7478349208831787109375 HTTP/1.1" 200 3587 "-" "WordPress/7.0; https://vanessavaladezrealty.com"
57.141.18.22 - - [06/Jul/2026:03:24:58 -0700] "GET /wp-sitemap.xml HTTP/1.1" 200 4658 "-" "meta-externalagent/1.1 (+https://developers.facebook.com/docs/sharing/webmasters/crawler)"
35.235.84.95 - - [06/Jul/2026:03:28:27 -0700] "POST /wp-cron.php?doing_wp_cron=1783333707.4095809459686279296875 HTTP/1.1" 200 3587 "-" "WordPress/7.0; https://vanessavaladezrealty.com"
164.163.222.177 - - [06/Jul/2026:03:28:25 -0700] "GET /properties/100-Residential-Lease-3077-Camino-Sereno-Avenue-5-Rooms-3-Bedrooms-3-Bathrooms-USD2-500/ HTTP/1.1" 200 35953 "-" "Mozilla/5.0 (Macintosh; Intel Mac OS X 10_11_6) AppleWebKit/537.36 (KHTML, like Gecko) Brave Chrome/81.0.4044.113 Safari/537.36"
35.235.84.95 - - [06/Jul/2026:03:34:44 -0700] "POST /wp-cron.php?doing_wp_cron=1783334084.1913590431213378906250 HTTP/1.1" 200 3587 "-" "WordPress/7.0; https://vanessavaladezrealty.com"
181.230.163.34 - - [06/Jul/2026:03:34:42 -0700] "GET /properties/?pid=112&wplview=property_show HTTP/1.1" 200 34262 "-" "Mozilla/5.0 (Macintosh; Intel Mac OS X 10_11_6) AppleWebKit/537.36 (KHTML, like Gecko) Brave Chrome/89.0.4389.72 Safari/537.36"
35.235.84.95 - - [06/Jul/2026:03:36:11 -0700] "POST /wp-cron.php?doing_wp_cron=1783334171.3990499973297119140625 HTTP/1.1" 200 3587 "-" "WordPress/7.0; https://vanessavaladezrealty.com"
103.25.249.246 - - [06/Jul/2026:03:36:08 -0700] "GET /properties/vanessavaladez/tel:7027760711/tel:7027760711/tel:7027760711/tel:7027760711/ HTTP/1.1" 200 32789 "-" "Mozilla/5.0 (Macintosh; Intel Mac OS X 11_1_0) AppleWebKit/537.36 (KHTML, like Gecko) Chrome/88.0.4324.96 Safari/537.36"
2.26.23.219 - - [06/Jul/2026:03:38:20 -0700] "GET /hello-world/ HTTP/1.1" 200 128768 "https://vanessavaladezrealty.com/hello-world/#comment-1332" "Mozilla/5.0 (Windows NT 10.0; Win64; x64) AppleWebKit/537.36 (KHTML, like Gecko) Chrome/130.0.0.0 Safari/537.36 CCleaner/130.0.0.0"
35.235.84.95 - - [06/Jul/2026:03:40:13 -0700] "POST /wp-cron.php?doing_wp_cron=1783334413.5770690441131591796875 HTTP/1.1" 200 3587 "-" "WordPress/7.0; https://vanessavaladezrealty.com"
78.142.18.172 - - [06/Jul/2026:03:40:12 -0700] "GET /wp-login.php HTTP/1.1" 200 6365 "-" "Mozilla/5.0 (Macintosh; Intel Mac OS X 10_15_7) AppleWebKit/537.36 (KHTML, like Gecko) Chrome/133.0.0.0 Safari/537.36"
78.142.18.172 - - [06/Jul/2026:03:40:13 -0700] "POST /wp-login.php HTTP/1.1" 200 6467 "https://vanessavaladezrealty.com/wp-login.php" "Mozilla/5.0 (Macintosh; Intel Mac OS X 10_15_7) AppleWebKit/537.36 (KHTML, like Gecko) Chrome/133.0.0.0 Safari/537.36"
35.235.84.95 - - [06/Jul/2026:03:42:06 -0700] "POST /wp-cron.php?doing_wp_cron=1783334526.5171968936920166015625 HTTP/1.1" 200 3587 "-" "WordPress/7.0; https://vanessavaladezrealty.com"
162.254.36.150 - - [06/Jul/2026:03:42:05 -0700] "GET /wp-login.php HTTP/1.1" 200 6365 "-" "Mozilla/5.0 (X11; Linux x86_64) AppleWebKit/537.36 (KHTML, like Gecko) Chrome/133.0.0.0 Safari/537.36 Edg/133.0.0.0"
162.254.36.150 - - [06/Jul/2026:03:42:06 -0700] "POST /wp-login.php HTTP/1.1" 200 6467 "https://vanessavaladezrealty.com/wp-login.php" "Mozilla/5.0 (X11; Linux x86_64) AppleWebKit/537.36 (KHTML, like Gecko) Chrome/133.0.0.0 Safari/537.36 Edg/133.0.0.0"
35.235.84.95 - - [06/Jul/2026:03:44:34 -0700] "POST /wp-cron.php?doing_wp_cron=1783334674.2306599617004394531250 HTTP/1.1" 200 3587 "-" "WordPress/7.0; https://vanessavaladezrealty.com"
78.142.18.172 - - [06/Jul/2026:03:44:33 -0700] "GET /wp-login.php HTTP/1.1" 200 6365 "-" "Mozilla/5.0 (Macintosh; Intel Mac OS X 10_15_7) AppleWebKit/537.36 (KHTML, like Gecko) Chrome/133.0.0.0 Safari/537.36"
78.142.18.172 - - [06/Jul/2026:03:44:34 -0700] "POST /wp-login.php HTTP/1.1" 200 6451 "https://vanessavaladezrealty.com/wp-login.php" "Mozilla/5.0 (Macintosh; Intel Mac OS X 10_15_7) AppleWebKit/537.36 (KHTML, like Gecko) Chrome/133.0.0.0 Safari/537.36"
35.235.84.95 - - [06/Jul/2026:03:49:29 -0700] "POST /wp-cron.php?doing_wp_cron=1783334969.4453620910644531250000 HTTP/1.1" 200 3587 "-" "WordPress/7.0; https://vanessavaladezrealty.com"
78.142.18.172 - - [06/Jul/2026:03:49:28 -0700] "GET /wp-login.php HTTP/1.1" 200 6365 "-" "Mozilla/5.0 (Macintosh; Intel Mac OS X 10_15_7) AppleWebKit/537.36 (KHTML, like Gecko) Chrome/133.0.0.0 Safari/537.36 Edg/133.0.0.0"
78.142.18.172 - - [06/Jul/2026:03:49:29 -0700] "POST /wp-login.php HTTP/1.1" 200 6467 "https://vanessavaladezrealty.com/wp-login.php" "Mozilla/5.0 (Macintosh; Intel Mac OS X 10_15_7) AppleWebKit/537.36 (KHTML, like Gecko) Chrome/133.0.0.0 Safari/537.36 Edg/133.0.0.0"
20.204.42.226 - - [06/Jul/2026:03:49:59 -0700] "GET /wp-includes/Text/Diff/ HTTP/1.1" 403 4352 "-" "Mozilla/5.0 (Windows NT 10.0; Win64; x64) AppleWebKit/537.36 (KHTML, like Gecko) Chrome/120.0.0.0 Safari/537.36"
20.204.42.226 - - [06/Jul/2026:03:49:59 -0700] "GET /adminfuns.php/.well-known/acme-challenge/file.php HTTP/1.1" 404 98842 "-" "Mozilla/5.0 (Windows NT 10.0; Win64; x64) AppleWebKit/537.36 (KHTML, like Gecko) Chrome/120.0.0.0 Safari/537.36"
20.204.42.226 - - [06/Jul/2026:03:50:02 -0700] "GET /ahax.php HTTP/1.1" 404 98727 "-" "Mozilla/5.0 (Windows NT 10.0; Win64; x64) AppleWebKit/537.36 (KHTML, like Gecko) Chrome/120.0.0.0 Safari/537.36"
20.204.42.226 - - [06/Jul/2026:03:50:04 -0700] "GET /breads1.php HTTP/1.1" 404 98749 "-" "Mozilla/5.0 (Windows NT 10.0; Win64; x64) AppleWebKit/537.36 (KHTML, like Gecko) Chrome/120.0.0.0 Safari/537.36"
20.204.42.226 - - [06/Jul/2026:03:50:06 -0700] "GET /must.php HTTP/1.1" 404 98749 "-" "Mozilla/5.0 (Windows NT 10.0; Win64; x64) AppleWebKit/537.36 (KHTML, like Gecko) Chrome/120.0.0.0 Safari/537.36"
20.204.42.226 - - [06/Jul/2026:03:50:08 -0700] "GET /up.php HTTP/1.1" 404 98749 "-" "Mozilla/5.0 (Windows NT 10.0; Win64; x64) AppleWebKit/537.36 (KHTML, like Gecko) Chrome/120.0.0.0 Safari/537.36"
20.204.42.226 - - [06/Jul/2026:03:50:10 -0700] "GET /upload.php HTTP/1.1" 404 98749 "-" "Mozilla/5.0 (Windows NT 10.0; Win64; x64) AppleWebKit/537.36 (KHTML, like Gecko) Chrome/120.0.0.0 Safari/537.36"
20.204.42.226 - - [06/Jul/2026:03:50:12 -0700] "GET /wp-admin/css/colors/midnight/ HTTP/1.1" 403 4352 "-" "Mozilla/5.0 (Windows NT 10.0; Win64; x64) AppleWebKit/537.36 (KHTML, like Gecko) Chrome/120.0.0.0 Safari/537.36"
20.204.42.226 - - [06/Jul/2026:03:50:12 -0700] "GET /wp-content/155.php HTTP/1.1" 404 98749 "-" "Mozilla/5.0 (Windows NT 10.0; Win64; x64) AppleWebKit/537.36 (KHTML, like Gecko) Chrome/120.0.0.0 Safari/537.36"
20.204.42.226 - - [06/Jul/2026:03:50:13 -0700] "GET /wp-content/themes/about.php HTTP/1.1" 404 98842 "-" "Mozilla/5.0 (Windows NT 10.0; Win64; x64) AppleWebKit/537.36 (KHTML, like Gecko) Chrome/120.0.0.0 Safari/537.36"
20.204.42.226 - - [06/Jul/2026:03:50:15 -0700] "GET /wp-update.php HTTP/1.1" 404 98749 "-" "Mozilla/5.0 (Windows NT 10.0; Win64; x64) AppleWebKit/537.36 (KHTML, like Gecko) Chrome/120.0.0.0 Safari/537.36"
20.204.42.226 - - [06/Jul/2026:03:50:17 -0700] "GET /xmrlpc.php HTTP/1.1" 404 98749 "-" "Mozilla/5.0 (Windows NT 10.0; Win64; x64) AppleWebKit/537.36 (KHTML, like Gecko) Chrome/120.0.0.0 Safari/537.36"
20.204.42.226 - - [06/Jul/2026:03:50:18 -0700] "GET /about/function.php HTTP/1.1" 404 98749 "-" "Mozilla/5.0 (Windows NT 10.0; Win64; x64) AppleWebKit/537.36 (KHTML, like Gecko) Chrome/120.0.0.0 Safari/537.36"
20.204.42.226 - - [06/Jul/2026:03:50:20 -0700] "GET /an.php HTTP/1.1" 404 98749 "-" "Mozilla/5.0 (Windows NT 10.0; Win64; x64) AppleWebKit/537.36 (KHTML, like Gecko) Chrome/120.0.0.0 Safari/537.36"
20.204.42.226 - - [06/Jul/2026:03:50:22 -0700] "GET /asw.php HTTP/1.1" 404 98749 "-" "Mozilla/5.0 (Windows NT 10.0; Win64; x64) AppleWebKit/537.36 (KHTML, like Gecko) Chrome/120.0.0.0 Safari/537.36"
20.204.42.226 - - [06/Jul/2026:03:50:24 -0700] "GET /item.php HTTP/1.1" 404 98749 "-" "Mozilla/5.0 (Windows NT 10.0; Win64; x64) AppleWebKit/537.36 (KHTML, like Gecko) Chrome/120.0.0.0 Safari/537.36"
20.204.42.226 - - [06/Jul/2026:03:50:26 -0700] "GET /jga.php HTTP/1.1" 404 98749 "-" "Mozilla/5.0 (Windows NT 10.0; Win64; x64) AppleWebKit/537.36 (KHTML, like Gecko) Chrome/120.0.0.0 Safari/537.36"
20.204.42.226 - - [06/Jul/2026:03:50:28 -0700] "GET /mac.php HTTP/1.1" 404 98749 "-" "Mozilla/5.0 (Windows NT 10.0; Win64; x64) AppleWebKit/537.36 (KHTML, like Gecko) Chrome/120.0.0.0 Safari/537.36"
35.235.84.95 - - [06/Jul/2026:03:50:30 -0700] "POST /wp-cron.php?doing_wp_cron=1783335030.9589331150054931640625 HTTP/1.1" 200 3587 "-" "WordPress/7.0; https://vanessavaladezrealty.com"
20.204.42.226 - - [06/Jul/2026:03:50:29 -0700] "GET /system.php HTTP/1.1" 404 98749 "-" "Mozilla/5.0 (Windows NT 10.0; Win64; x64) AppleWebKit/537.36 (KHTML, like Gecko) Chrome/120.0.0.0 Safari/537.36"
20.204.42.226 - - [06/Jul/2026:03:50:31 -0700] "GET /wp-access.php HTTP/1.1" 404 98749 "-" "Mozilla/5.0 (Windows NT 10.0; Win64; x64) AppleWebKit/537.36 (KHTML, like Gecko) Chrome/120.0.0.0 Safari/537.36"
20.204.42.226 - - [06/Jul/2026:03:50:33 -0700] "GET /wp-admin/images/index.php HTTP/1.1" 301 4148 "-" "Mozilla/5.0 (Windows NT 10.0; Win64; x64) AppleWebKit/537.36 (KHTML, like Gecko) Chrome/120.0.0.0 Safari/537.36"
20.204.42.226 - - [06/Jul/2026:03:50:34 -0700] "GET /wp-admin/includes/index.php HTTP/1.1" 301 4150 "-" "Mozilla/5.0 (Windows NT 10.0; Win64; x64) AppleWebKit/537.36 (KHTML, like Gecko) Chrome/120.0.0.0 Safari/537.36"
20.204.42.226 - - [06/Jul/2026:03:50:35 -0700] "GET /wp-load.php HTTP/1.1" 200 3662 "-" "Mozilla/5.0 (Windows NT 10.0; Win64; x64) AppleWebKit/537.36 (KHTML, like Gecko) Chrome/120.0.0.0 Safari/537.36"
20.204.42.226 - - [06/Jul/2026:03:50:36 -0700] "GET /zafir1.php HTTP/1.1" 404 98749 "-" "Mozilla/5.0 (Windows NT 10.0; Win64; x64) AppleWebKit/537.36 (KHTML, like Gecko) Chrome/120.0.0.0 Safari/537.36"
20.204.42.226 - - [06/Jul/2026:03:50:38 -0700] "GET /abc.php HTTP/1.1" 404 98749 "-" "Mozilla/5.0 (Windows NT 10.0; Win64; x64) AppleWebKit/537.36 (KHTML, like Gecko) Chrome/120.0.0.0 Safari/537.36"
20.204.42.226 - - [06/Jul/2026:03:50:40 -0700] "GET /c1.php HTTP/1.1" 404 98749 "-" "Mozilla/5.0 (Windows NT 10.0; Win64; x64) AppleWebKit/537.36 (KHTML, like Gecko) Chrome/120.0.0.0 Safari/537.36"
20.204.42.226 - - [06/Jul/2026:03:50:42 -0700] "GET /index.php/feed/atom/ HTTP/1.1" 301 4221 "-" "Mozilla/5.0 (Windows NT 10.0; Win64; x64) AppleWebKit/537.36 (KHTML, like Gecko) Chrome/120.0.0.0 Safari/537.36"
20.204.42.226 - - [06/Jul/2026:03:50:44 -0700] "GET /root.php HTTP/1.1" 404 98749 "-" "Mozilla/5.0 (Windows NT 10.0; Win64; x64) AppleWebKit/537.36 (KHTML, like Gecko) Chrome/120.0.0.0 Safari/537.36"
20.204.42.226 - - [06/Jul/2026:03:50:46 -0700] "GET /shell.php HTTP/1.1" 404 98749 "-" "Mozilla/5.0 (Windows NT 10.0; Win64; x64) AppleWebKit/537.36 (KHTML, like Gecko) Chrome/120.0.0.0 Safari/537.36"
20.204.42.226 - - [06/Jul/2026:03:50:47 -0700] "GET /wp-admin/user/index.php HTTP/1.1" 302 3858 "-" "Mozilla/5.0 (Windows NT 10.0; Win64; x64) AppleWebKit/537.36 (KHTML, like Gecko) Chrome/120.0.0.0 Safari/537.36"
20.204.42.226 - - [06/Jul/2026:03:50:49 -0700] "GET /wp-block.php HTTP/1.1" 404 98749 "-" "Mozilla/5.0 (Windows NT 10.0; Win64; x64) AppleWebKit/537.36 (KHTML, like Gecko) Chrome/120.0.0.0 Safari/537.36"
35.235.84.95 - - [06/Jul/2026:03:50:51 -0700] "POST /wp-cron.php?doing_wp_cron=1783335051.2967550754547119140625 HTTP/1.1" 200 3587 "-" "WordPress/7.0; https://vanessavaladezrealty.com"
20.204.42.226 - - [06/Jul/2026:03:50:51 -0700] "GET /wp-content/plugins/linkpreview/il.php HTTP/1.1" 404 98842 "-" "Mozilla/5.0 (Windows NT 10.0; Win64; x64) AppleWebKit/537.36 (KHTML, like Gecko) Chrome/120.0.0.0 Safari/537.36"
20.204.42.226 - - [06/Jul/2026:03:50:53 -0700] "GET /wp-header-json.php HTTP/1.1" 404 98749 "-" "Mozilla/5.0 (Windows NT 10.0; Win64; x64) AppleWebKit/537.36 (KHTML, like Gecko) Chrome/120.0.0.0 Safari/537.36"
20.204.42.226 - - [06/Jul/2026:03:50:55 -0700] "GET /wp-includes/index.php HTTP/1.1" 301 4144 "-" "Mozilla/5.0 (Windows NT 10.0; Win64; x64) AppleWebKit/537.36 (KHTML, like Gecko) Chrome/120.0.0.0 Safari/537.36"
20.204.42.226 - - [06/Jul/2026:03:50:57 -0700] "GET /zup.php HTTP/1.1" 404 98749 "-" "Mozilla/5.0 (Windows NT 10.0; Win64; x64) AppleWebKit/537.36 (KHTML, like Gecko) Chrome/120.0.0.0 Safari/537.36"
20.204.42.226 - - [06/Jul/2026:03:50:59 -0700] "GET /a9.php HTTP/1.1" 404 98749 "-" "Mozilla/5.0 (Windows NT 10.0; Win64; x64) AppleWebKit/537.36 (KHTML, like Gecko) Chrome/120.0.0.0 Safari/537.36"
20.204.42.226 - - [06/Jul/2026:03:51:02 -0700] "GET /admin/index.php HTTP/1.1" 301 4138 "-" "Mozilla/5.0 (Windows NT 10.0; Win64; x64) AppleWebKit/537.36 (KHTML, like Gecko) Chrome/120.0.0.0 Safari/537.36"
20.204.42.226 - - [06/Jul/2026:03:51:03 -0700] "GET /content.php HTTP/1.1" 404 98749 "-" "Mozilla/5.0 (Windows NT 10.0; Win64; x64) AppleWebKit/537.36 (KHTML, like Gecko) Chrome/120.0.0.0 Safari/537.36"
20.204.42.226 - - [06/Jul/2026:03:51:05 -0700] "GET /gg.php HTTP/1.1" 404 98749 "-" "Mozilla/5.0 (Windows NT 10.0; Win64; x64) AppleWebKit/537.36 (KHTML, like Gecko) Chrome/120.0.0.0 Safari/537.36"
20.204.42.226 - - [06/Jul/2026:03:51:07 -0700] "GET /makeasmtp.php HTTP/1.1" 404 98749 "-" "Mozilla/5.0 (Windows NT 10.0; Win64; x64) AppleWebKit/537.36 (KHTML, like Gecko) Chrome/120.0.0.0 Safari/537.36"
20.204.42.226 - - [06/Jul/2026:03:51:08 -0700] "GET /paku.php HTTP/1.1" 404 98749 "-" "Mozilla/5.0 (Windows NT 10.0; Win64; x64) AppleWebKit/537.36 (KHTML, like Gecko) Chrome/120.0.0.0 Safari/537.36"
20.204.42.226 - - [06/Jul/2026:03:51:10 -0700] "GET /rtx.php HTTP/1.1" 404 98749 "-" "Mozilla/5.0 (Windows NT 10.0; Win64; x64) AppleWebKit/537.36 (KHTML, like Gecko) Chrome/120.0.0.0 Safari/537.36"
20.204.42.226 - - [06/Jul/2026:03:51:12 -0700] "GET /update/da222.php HTTP/1.1" 404 98749 "-" "Mozilla/5.0 (Windows NT 10.0; Win64; x64) AppleWebKit/537.36 (KHTML, like Gecko) Chrome/120.0.0.0 Safari/537.36"
20.204.42.226 - - [06/Jul/2026:03:51:14 -0700] "GET /wp-admin/maint/ HTTP/1.1" 403 4352 "-" "Mozilla/5.0 (Windows NT 10.0; Win64; x64) AppleWebKit/537.36 (KHTML, like Gecko) Chrome/120.0.0.0 Safari/537.36"
20.204.42.226 - - [06/Jul/2026:03:51:14 -0700] "GET /wp-admin/min.php HTTP/1.1" 404 98749 "-" "Mozilla/5.0 (Windows NT 10.0; Win64; x64) AppleWebKit/537.36 (KHTML, like Gecko) Chrome/120.0.0.0 Safari/537.36"
20.204.42.226 - - [06/Jul/2026:03:51:17 -0700] "GET /wp-content/themes/min.php HTTP/1.1" 404 98842 "-" "Mozilla/5.0 (Windows NT 10.0; Win64; x64) AppleWebKit/537.36 (KHTML, like Gecko) Chrome/120.0.0.0 Safari/537.36"
20.204.42.226 - - [06/Jul/2026:03:51:19 -0700] "GET /wp-content/themes/x/bypass.php HTTP/1.1" 404 98842 "-" "Mozilla/5.0 (Windows NT 10.0; Win64; x64) AppleWebKit/537.36 (KHTML, like Gecko) Chrome/120.0.0.0 Safari/537.36"
20.204.42.226 - - [06/Jul/2026:03:51:20 -0700] "GET /wp-includes/images/media/ HTTP/1.1" 403 4352 "-" "Mozilla/5.0 (Windows NT 10.0; Win64; x64) AppleWebKit/537.36 (KHTML, like Gecko) Chrome/120.0.0.0 Safari/537.36"
20.204.42.226 - - [06/Jul/2026:03:51:20 -0700] "GET /wp-includes/interactivity-api/index.php HTTP/1.1" 301 4162 "-" "Mozilla/5.0 (Windows NT 10.0; Win64; x64) AppleWebKit/537.36 (KHTML, like Gecko) Chrome/120.0.0.0 Safari/537.36"
20.204.42.226 - - [06/Jul/2026:03:51:22 -0700] "GET /wp-info.php HTTP/1.1" 404 98749 "-" "Mozilla/5.0 (Windows NT 10.0; Win64; x64) AppleWebKit/537.36 (KHTML, like Gecko) Chrome/120.0.0.0 Safari/537.36"
35.235.84.95 - - [06/Jul/2026:03:51:25 -0700] "POST /wp-cron.php?doing_wp_cron=1783335085.1493749618530273437500 HTTP/1.1" 200 3587 "-" "WordPress/7.0; https://vanessavaladezrealty.com"
20.204.42.226 - - [06/Jul/2026:03:51:23 -0700] "GET /wp-wordfence-waf.php HTTP/1.1" 404 98749 "-" "Mozilla/5.0 (Windows NT 10.0; Win64; x64) AppleWebKit/537.36 (KHTML, like Gecko) Chrome/120.0.0.0 Safari/537.36"
20.204.42.226 - - [06/Jul/2026:03:51:15 -0700] "GET /wp-admin/wp-fileesx-449.php HTTP/1.1" 404 98749 "-" "Mozilla/5.0 (Windows NT 10.0; Win64; x64) AppleWebKit/537.36 (KHTML, like Gecko) Chrome/120.0.0.0 Safari/537.36"
20.204.42.226 - - [06/Jul/2026:03:51:25 -0700] "GET /ws49.php HTTP/1.1" 404 98749 "-" "Mozilla/5.0 (Windows NT 10.0; Win64; x64) AppleWebKit/537.36 (KHTML, like Gecko) Chrome/120.0.0.0 Safari/537.36"
20.204.42.226 - - [06/Jul/2026:03:51:28 -0700] "GET /xxx.php HTTP/1.1" 404 98749 "-" "Mozilla/5.0 (Windows NT 10.0; Win64; x64) AppleWebKit/537.36 (KHTML, like Gecko) Chrome/120.0.0.0 Safari/537.36"
20.204.42.226 - - [06/Jul/2026:03:51:30 -0700] "GET /0x.php HTTP/1.1" 404 98749 "-" "Mozilla/5.0 (Windows NT 10.0; Win64; x64) AppleWebKit/537.36 (KHTML, like Gecko) Chrome/120.0.0.0 Safari/537.36"
20.204.42.226 - - [06/Jul/2026:03:51:32 -0700] "GET /CDX1.php HTTP/1.1" 404 98749 "-" "Mozilla/5.0 (Windows NT 10.0; Win64; x64) AppleWebKit/537.36 (KHTML, like Gecko) Chrome/120.0.0.0 Safari/537.36"
20.204.42.226 - - [06/Jul/2026:03:51:34 -0700] "GET /akcc.php HTTP/1.1" 404 98749 "-" "Mozilla/5.0 (Windows NT 10.0; Win64; x64) AppleWebKit/537.36 (KHTML, like Gecko) Chrome/120.0.0.0 Safari/537.36"
20.204.42.226 - - [06/Jul/2026:03:51:36 -0700] "GET /control.php HTTP/1.1" 404 98749 "-" "Mozilla/5.0 (Windows NT 10.0; Win64; x64) AppleWebKit/537.36 (KHTML, like Gecko) Chrome/120.0.0.0 Safari/537.36"
20.204.42.226 - - [06/Jul/2026:03:51:39 -0700] "GET /images/ HTTP/1.1" 404 98749 "-" "Mozilla/5.0 (Windows NT 10.0; Win64; x64) AppleWebKit/537.36 (KHTML, like Gecko) Chrome/120.0.0.0 Safari/537.36"
20.204.42.226 - - [06/Jul/2026:03:51:42 -0700] "GET /modules/mod_footer/tmpl/index.php HTTP/1.1" 301 4156 "-" "Mozilla/5.0 (Windows NT 10.0; Win64; x64) AppleWebKit/537.36 (KHTML, like Gecko) Chrome/120.0.0.0 Safari/537.36"
20.204.42.226 - - [06/Jul/2026:03:51:44 -0700] "GET /s.php HTTP/1.1" 404 98749 "-" "Mozilla/5.0 (Windows NT 10.0; Win64; x64) AppleWebKit/537.36 (KHTML, like Gecko) Chrome/120.0.0.0 Safari/537.36"
20.204.42.226 - - [06/Jul/2026:03:51:46 -0700] "GET /sagax.php HTTP/1.1" 404 98749 "-" "Mozilla/5.0 (Windows NT 10.0; Win64; x64) AppleWebKit/537.36 (KHTML, like Gecko) Chrome/120.0.0.0 Safari/537.36"
20.204.42.226 - - [06/Jul/2026:03:51:47 -0700] "GET /vendor/ HTTP/1.1" 404 98749 "-" "Mozilla/5.0 (Windows NT 10.0; Win64; x64) AppleWebKit/537.36 (KHTML, like Gecko) Chrome/120.0.0.0 Safari/537.36"
20.204.42.226 - - [06/Jul/2026:03:51:49 -0700] "GET /wp-admin/wp-teest.php HTTP/1.1" 404 98749 "-" "Mozilla/5.0 (Windows NT 10.0; Win64; x64) AppleWebKit/537.36 (KHTML, like Gecko) Chrome/120.0.0.0 Safari/537.36"
20.204.42.226 - - [06/Jul/2026:03:51:51 -0700] "GET /wp-content/plugins/ftde.php HTTP/1.1" 404 98842 "-" "Mozilla/5.0 (Windows NT 10.0; Win64; x64) AppleWebKit/537.36 (KHTML, like Gecko) Chrome/120.0.0.0 Safari/537.36"
20.204.42.226 - - [06/Jul/2026:03:51:53 -0700] "GET /wp-content/uploads/admin.php HTTP/1.1" 404 98842 "-" "Mozilla/5.0 (Windows NT 10.0; Win64; x64) AppleWebKit/537.36 (KHTML, like Gecko) Chrome/120.0.0.0 Safari/537.36"
20.204.42.226 - - [06/Jul/2026:03:51:55 -0700] "GET /wp-includes/Text/Diff/Engine/ HTTP/1.1" 403 4352 "-" "Mozilla/5.0 (Windows NT 10.0; Win64; x64) AppleWebKit/537.36 (KHTML, like Gecko) Chrome/120.0.0.0 Safari/537.36"
20.204.42.226 - - [06/Jul/2026:03:51:55 -0700] "GET /z.php HTTP/1.1" 404 98749 "-" "Mozilla/5.0 (Windows NT 10.0; Win64; x64) AppleWebKit/537.36 (KHTML, like Gecko) Chrome/120.0.0.0 Safari/537.36"
20.204.42.226 - - [06/Jul/2026:03:51:56 -0700] "GET /f35.php HTTP/1.1" 404 98749 "-" "Mozilla/5.0 (Windows NT 10.0; Win64; x64) AppleWebKit/537.36 (KHTML, like Gecko) Chrome/120.0.0.0 Safari/537.36"
20.204.42.226 - - [06/Jul/2026:03:51:58 -0700] "GET /file61.php HTTP/1.1" 404 98749 "-" "Mozilla/5.0 (Windows NT 10.0; Win64; x64) AppleWebKit/537.36 (KHTML, like Gecko) Chrome/120.0.0.0 Safari/537.36"
20.204.42.226 - - [06/Jul/2026:03:52:00 -0700] "GET /mah.php HTTP/1.1" 404 98749 "-" "Mozilla/5.0 (Windows NT 10.0; Win64; x64) AppleWebKit/537.36 (KHTML, like Gecko) Chrome/120.0.0.0 Safari/537.36"
20.204.42.226 - - [06/Jul/2026:03:52:01 -0700] "GET /mini.php HTTP/1.1" 404 98749 "-" "Mozilla/5.0 (Windows NT 10.0; Win64; x64) AppleWebKit/537.36 (KHTML, like Gecko) Chrome/120.0.0.0 Safari/537.36"
20.204.42.226 - - [06/Jul/2026:03:52:03 -0700] "GET /system_log.php HTTP/1.1" 404 98749 "-" "Mozilla/5.0 (Windows NT 10.0; Win64; x64) AppleWebKit/537.36 (KHTML, like Gecko) Chrome/120.0.0.0 Safari/537.36"
20.204.42.226 - - [06/Jul/2026:03:52:05 -0700] "GET /v.php HTTP/1.1" 404 98749 "-" "Mozilla/5.0 (Windows NT 10.0; Win64; x64) AppleWebKit/537.36 (KHTML, like Gecko) Chrome/120.0.0.0 Safari/537.36"
20.204.42.226 - - [06/Jul/2026:03:52:06 -0700] "GET /wp-admin/css/colors/ HTTP/1.1" 403 4352 "-" "Mozilla/5.0 (Windows NT 10.0; Win64; x64) AppleWebKit/537.36 (KHTML, like Gecko) Chrome/120.0.0.0 Safari/537.36"
20.204.42.226 - - [06/Jul/2026:03:52:06 -0700] "GET /wp-admin/images/admin.php HTTP/1.1" 404 98842 "-" "Mozilla/5.0 (Windows NT 10.0; Win64; x64) AppleWebKit/537.36 (KHTML, like Gecko) Chrome/120.0.0.0 Safari/537.36"
20.204.42.226 - - [06/Jul/2026:03:52:08 -0700] "GET /wp-content/themes/seotheme/mar.php HTTP/1.1" 404 98842 "-" "Mozilla/5.0 (Windows NT 10.0; Win64; x64) AppleWebKit/537.36 (KHTML, like Gecko) Chrome/120.0.0.0 Safari/537.36"
20.204.42.226 - - [06/Jul/2026:03:52:10 -0700] "GET /wp-includes/Text/index.php HTTP/1.1" 301 4149 "-" "Mozilla/5.0 (Windows NT 10.0; Win64; x64) AppleWebKit/537.36 (KHTML, like Gecko) Chrome/120.0.0.0 Safari/537.36"
20.204.42.226 - - [06/Jul/2026:03:52:11 -0700] "GET /wp-includes/rest-api/fields/ HTTP/1.1" 403 4352 "-" "Mozilla/5.0 (Windows NT 10.0; Win64; x64) AppleWebKit/537.36 (KHTML, like Gecko) Chrome/120.0.0.0 Safari/537.36"
20.204.42.226 - - [06/Jul/2026:03:52:11 -0700] "GET /wp-index.php HTTP/1.1" 404 98749 "-" "Mozilla/5.0 (Windows NT 10.0; Win64; x64) AppleWebKit/537.36 (KHTML, like Gecko) Chrome/120.0.0.0 Safari/537.36"
20.204.42.226 - - [06/Jul/2026:03:52:13 -0700] "GET /wp/wp-admin/includes/ HTTP/1.1" 404 98842 "-" "Mozilla/5.0 (Windows NT 10.0; Win64; x64) AppleWebKit/537.36 (KHTML, like Gecko) Chrome/120.0.0.0 Safari/537.36"
20.204.42.226 - - [06/Jul/2026:03:52:14 -0700] "GET /ws80.php HTTP/1.1" 404 98749 "-" "Mozilla/5.0 (Windows NT 10.0; Win64; x64) AppleWebKit/537.36 (KHTML, like Gecko) Chrome/120.0.0.0 Safari/537.36"
20.204.42.226 - - [06/Jul/2026:03:52:16 -0700] "GET /ww2.php HTTP/1.1" 404 98749 "-" "Mozilla/5.0 (Windows NT 10.0; Win64; x64) AppleWebKit/537.36 (KHTML, like Gecko) Chrome/120.0.0.0 Safari/537.36"
20.204.42.226 - - [06/Jul/2026:03:52:17 -0700] "GET /7logs.php HTTP/1.1" 404 98749 "-" "Mozilla/5.0 (Windows NT 10.0; Win64; x64) AppleWebKit/537.36 (KHTML, like Gecko) Chrome/120.0.0.0 Safari/537.36"
20.204.42.226 - - [06/Jul/2026:03:52:19 -0700] "GET /ac.php HTTP/1.1" 404 98749 "-" "Mozilla/5.0 (Windows NT 10.0; Win64; x64) AppleWebKit/537.36 (KHTML, like Gecko) Chrome/120.0.0.0 Safari/537.36"
20.204.42.226 - - [06/Jul/2026:03:52:21 -0700] "GET /assets/images/doc.php HTTP/1.1" 404 98842 "-" "Mozilla/5.0 (Windows NT 10.0; Win64; x64) AppleWebKit/537.36 (KHTML, like Gecko) Chrome/120.0.0.0 Safari/537.36"
20.204.42.226 - - [06/Jul/2026:03:52:22 -0700] "GET /ctex1.php HTTP/1.1" 404 98749 "-" "Mozilla/5.0 (Windows NT 10.0; Win64; x64) AppleWebKit/537.36 (KHTML, like Gecko) Chrome/120.0.0.0 Safari/537.36"
35.235.84.95 - - [06/Jul/2026:03:52:25 -0700] "POST /wp-cron.php?doing_wp_cron=1783335145.2994298934936523437500 HTTP/1.1" 200 3587 "-" "WordPress/7.0; https://vanessavaladezrealty.com"
20.204.42.226 - - [06/Jul/2026:03:52:24 -0700] "GET /defaults.php HTTP/1.1" 404 98749 "-" "Mozilla/5.0 (Windows NT 10.0; Win64; x64) AppleWebKit/537.36 (KHTML, like Gecko) Chrome/120.0.0.0 Safari/537.36"
20.204.42.226 - - [06/Jul/2026:03:52:25 -0700] "GET /domains.php HTTP/1.1" 404 98749 "-" "Mozilla/5.0 (Windows NT 10.0; Win64; x64) AppleWebKit/537.36 (KHTML, like Gecko) Chrome/120.0.0.0 Safari/537.36"
20.204.42.226 - - [06/Jul/2026:03:52:27 -0700] "GET /dropdown.php HTTP/1.1" 404 98749 "-" "Mozilla/5.0 (Windows NT 10.0; Win64; x64) AppleWebKit/537.36 (KHTML, like Gecko) Chrome/120.0.0.0 Safari/537.36"
20.204.42.226 - - [06/Jul/2026:03:52:29 -0700] "GET /files/index.php HTTP/1.1" 301 4138 "-" "Mozilla/5.0 (Windows NT 10.0; Win64; x64) AppleWebKit/537.36 (KHTML, like Gecko) Chrome/120.0.0.0 Safari/537.36"
20.204.42.226 - - [06/Jul/2026:03:52:31 -0700] "GET /flower.php HTTP/1.1" 404 98749 "-" "Mozilla/5.0 (Windows NT 10.0; Win64; x64) AppleWebKit/537.36 (KHTML, like Gecko) Chrome/120.0.0.0 Safari/537.36"
20.204.42.226 - - [06/Jul/2026:03:52:32 -0700] "GET /insc.php HTTP/1.1" 404 98749 "-" "Mozilla/5.0 (Windows NT 10.0; Win64; x64) AppleWebKit/537.36 (KHTML, like Gecko) Chrome/120.0.0.0 Safari/537.36"
35.235.84.95 - - [06/Jul/2026:03:55:05 -0700] "POST /wp-cron.php?doing_wp_cron=1783335305.4117729663848876953125 HTTP/1.1" 200 3587 "-" "WordPress/7.0; https://vanessavaladezrealty.com"
121.200.216.55 - - [06/Jul/2026:03:55:04 -0700] "GET /wp-login.php HTTP/1.1" 200 6365 "-" "Mozilla/5.0 (Macintosh; Intel Mac OS X 10_15_7) AppleWebKit/537.36 (KHTML, like Gecko) Chrome/133.0.0.0 Safari/537.36 Edg/133.0.0.0"
121.200.216.55 - - [06/Jul/2026:03:55:05 -0700] "POST /wp-login.php HTTP/1.1" 200 6451 "https://vanessavaladezrealty.com/wp-login.php" "Mozilla/5.0 (Macintosh; Intel Mac OS X 10_15_7) AppleWebKit/537.36 (KHTML, like Gecko) Chrome/133.0.0.0 Safari/537.36 Edg/133.0.0.0"
114.119.153.188 - - [06/Jul/2026:03:55:13 -0700] "GET /properties/?wplview=property_show&pid=113 HTTP/1.1" 200 32749 "https://vanessavaladezrealty.com/" "Mozilla/5.0 (Linux; Android 7.0;) AppleWebKit/537.36 (HTML, like Gecko) Mobile Safari/537.36 (compatible; PetalBot;+https://webmaster.petalsearch.com/site/petalbot)"
35.235.84.95 - - [06/Jul/2026:03:55:50 -0700] "POST /wp-cron.php?doing_wp_cron=1783335350.5805199146270751953125 HTTP/1.1" 200 3587 "-" "WordPress/7.0; https://vanessavaladezrealty.com"
186.223.175.155 - - [06/Jul/2026:03:55:48 -0700] "GET /properties/130-Residential-1783-JUPITER-Court-C-6-Rooms-2-Bedrooms-2-Bathrooms-USD215-000/tel:7027760711 HTTP/1.1" 301 4217 "-" "Mozilla/5.0 (Windows NT 10.0; WOW64) AppleWebKit/537.36 (KHTML, like Gecko) Brave Chrome/87.0.4280.101 Safari/537.36"
186.223.175.155 - - [06/Jul/2026:03:55:51 -0700] "GET /properties/130-Residential-1783-JUPITER-Court-C-6-Rooms-2-Bedrooms-2-Bathrooms-USD215-000/tel:7027760711/ HTTP/1.1" 301 4366 "-" "Mozilla/5.0 (Windows NT 10.0; WOW64) AppleWebKit/537.36 (KHTML, like Gecko) Brave Chrome/87.0.4280.101 Safari/537.36"
186.223.175.155 - - [06/Jul/2026:03:55:53 -0700] "GET /properties/130-Residential-1783-JUPITER-Court-C-6-Rooms-2-Bedrooms-2-Bathrooms-USD215-000 HTTP/1.1" 301 4144 "-" "Mozilla/5.0 (Windows NT 10.0; WOW64) AppleWebKit/537.36 (KHTML, like Gecko) Brave Chrome/87.0.4280.101 Safari/537.36"
186.223.175.155 - - [06/Jul/2026:03:55:55 -0700] "GET /properties/130-Residential-1783-JUPITER-Court-C-6-Rooms-2-Bedrooms-2-Bathrooms-USD215-000/ HTTP/1.1" 200 34826 "-" "Mozilla/5.0 (Windows NT 10.0; WOW64) AppleWebKit/537.36 (KHTML, like Gecko) Brave Chrome/87.0.4280.101 Safari/537.36"
35.235.84.95 - - [06/Jul/2026:03:56:35 -0700] "POST /wp-cron.php?doing_wp_cron=1783335395.8914909362792968750000 HTTP/1.1" 200 3587 "-" "WordPress/7.0; https://vanessavaladezrealty.com"
114.119.153.188 - - [06/Jul/2026:03:56:34 -0700] "GET /properties/97-Residential-5249-Auborn-Avenue-6-Rooms-5-Bedrooms-5-Bathrooms-USD638-000 HTTP/1.1" 301 4199 "https://vanessavaladezrealty.com/properties?wplpage=1" "Mozilla/5.0 (Linux; Android 7.0;) AppleWebKit/537.36 (HTML, like Gecko) Mobile Safari/537.36 (compatible; PetalBot;+https://webmaster.petalsearch.com/site/petalbot)"
114.119.153.188 - - [06/Jul/2026:03:56:37 -0700] "GET /properties/97-Residential-5249-Auborn-Avenue-6-Rooms-5-Bedrooms-5-Bathrooms-USD638-000/ HTTP/1.1" 200 33053 "https://vanessavaladezrealty.com/properties?wplpage=1" "Mozilla/5.0 (Linux; Android 7.0;) AppleWebKit/537.36 (HTML, like Gecko) Mobile Safari/537.36 (compatible; PetalBot;+https://webmaster.petalsearch.com/site/petalbot)"
43.130.12.43 - - [06/Jul/2026:03:59:21 -0700] "GET / HTTP/1.1" 200 38347 "http://www.vanessavaladezrealty.com" "Mozilla/5.0 (iPhone; CPU iPhone OS 13_2_3 like Mac OS X) AppleWebKit/605.1.15 (KHTML, like Gecko) Version/13.0.3 Mobile/15E148 Safari/604.1"
171.6.243.144 - - [06/Jul/2026:03:59:42 -0700] "GET /properties/ HTTP/1.1" 200 30843 "-" "Mozilla/5.0 (Macintosh; Intel Mac OS X 11_5_2) AppleWebKit/537.36 (KHTML, like Gecko) Chrome/124.0.6367.82 Safari/537.36"
35.235.84.95 - - [06/Jul/2026:04:00:12 -0700] "POST /wp-cron.php?doing_wp_cron=1783335612.6648430824279785156250 HTTP/1.1" 200 3587 "-" "WordPress/7.0; https://vanessavaladezrealty.com"
167.71.218.184 - - [06/Jul/2026:04:00:11 -0700] "GET /wp-login.php HTTP/1.1" 200 6365 "-" "Mozilla/5.0 (Windows NT 10.0; WOW64) AppleWebKit/537.36 (KHTML, like Gecko) Chrome/133.0.0.0 Safari/537.36"
