140.245.235.77 - - [06/Jul/2026:07:18:22 -0700] "POST /wp-login.php HTTP/1.1" 200 6498 "-" "Mozilla/5.0 (iPhone; CPU iPhone OS 17_0 like Mac OS X) AppleWebKit/605.1.15 (KHTML, like Gecko) Version/17.0 Mobile/15E148 Safari/604.1"
35.235.84.95 - - [06/Jul/2026:07:19:41 -0700] "POST /wp-cron.php?doing_wp_cron=1783347581.5710909366607666015625 HTTP/1.1" 200 3587 "-" "WordPress/7.0; https://vanessavaladezrealty.com"
163.223.13.54 - - [06/Jul/2026:07:19:40 -0700] "GET /wp-login.php HTTP/1.1" 200 6366 "-" "Mozilla/5.0 (Macintosh; Intel Mac OS X 14_7_4) AppleWebKit/537.36 (KHTML, like Gecko) Chrome/133.0.0.0 Safari/537.36"
163.223.13.54 - - [06/Jul/2026:07:19:45 -0700] "POST /wp-login.php HTTP/1.1" 200 6468 "https://vanessavaladezrealty.com/wp-login.php" "Mozilla/5.0 (Macintosh; Intel Mac OS X 14_7_4) AppleWebKit/537.36 (KHTML, like Gecko) Chrome/133.0.0.0 Safari/537.36"
35.235.84.95 - - [06/Jul/2026:07:23:30 -0700] "POST /wp-cron.php?doing_wp_cron=1783347810.3687670230865478515625 HTTP/1.1" 200 3587 "-" "WordPress/7.0; https://vanessavaladezrealty.com"
95.144.206.154 - - [06/Jul/2026:07:23:28 -0700] "GET /properties/?wplpage=2 HTTP/1.1" 200 33090 "-" "Mozilla/5.0 (Macintosh; Intel Mac OS X 12.5; rv:130.0) Gecko/20100101 Firefox/130.0"
35.235.84.95 - - [06/Jul/2026:07:26:29 -0700] "POST /wp-cron.php?doing_wp_cron=1783347989.8966128826141357421875 HTTP/1.1" 200 3587 "-" "WordPress/7.0; https://vanessavaladezrealty.com"
35.235.84.95 - - [06/Jul/2026:07:26:30 -0700] "POST /wp-cron.php?doing_wp_cron=1783347990.0681691169738769531250 HTTP/1.1" 200 3587 "-" "WordPress/7.0; https://vanessavaladezrealty.com"
140.245.235.77 - - [06/Jul/2026:07:26:28 -0700] "POST /wp-login.php HTTP/1.1" 200 6522 "-" "Mozilla/5.0 (Windows NT 10.0; Win64; rv:143.0) Gecko/20100101 Firefox/143.0"
140.245.235.77 - - [06/Jul/2026:07:26:28 -0700] "POST /wp-login.php HTTP/1.1" 200 6518 "-" "Mozilla/5.0 (Windows NT 10.0; Win64; rv:143.0) Gecko/20100101 Firefox/143.0"
140.245.235.77 - - [06/Jul/2026:07:26:28 -0700] "POST /wp-login.php HTTP/1.1" 200 6498 "-" "Mozilla/5.0 (Macintosh; Intel Mac OS X 10_15_7) AppleWebKit/605.1.15 (KHTML, like Gecko) Version/17.0 Safari/605.1.15"
35.235.84.95 - - [06/Jul/2026:07:27:32 -0700] "POST /wp-cron.php?doing_wp_cron=1783348052.8910989761352539062500 HTTP/1.1" 200 3587 "-" "WordPress/7.0; https://vanessavaladezrealty.com"
131.161.167.243 - - [06/Jul/2026:07:27:31 -0700] "GET /properties/?pid=140&wplview=property_show HTTP/1.1" 200 33471 "-" "Mozilla/5.0 (Windows NT 10.0; WOW64) AppleWebKit/537.36 (KHTML, like Gecko) Chrome/89.0.4389.90 Safari/537.36"
180.191.229.209 - - [06/Jul/2026:07:29:06 -0700] "POST /wp-comments-post.php HTTP/1.1" 302 4225 "-" "Mozilla/5.0 (Windows NT 10.0; Win64; x64) AppleWebKit/537.36 (KHTML, like Gecko) Chrome/120.0.0.0 Safari/537.36"
87.192.224.131 - - [06/Jul/2026:07:29:23 -0700] "GET /wp-login.php HTTP/1.1" 200 6366 "-" "Mozilla/5.0 (Macintosh; Intel Mac OS X 11_7_10) AppleWebKit/537.36 (KHTML, like Gecko) Chrome/133.0.0.0 Safari/537.36"
87.192.224.131 - - [06/Jul/2026:07:29:24 -0700] "POST /wp-login.php HTTP/1.1" 200 6468 "https://vanessavaladezrealty.com/wp-login.php" "Mozilla/5.0 (Macintosh; Intel Mac OS X 11_7_10) AppleWebKit/537.36 (KHTML, like Gecko) Chrome/133.0.0.0 Safari/537.36"
43.165.4.2 - - [06/Jul/2026:07:30:15 -0700] "GET / HTTP/1.1" 200 38345 "http://www.vanessavaladezrealty.com" "Mozilla/5.0 (iPhone; CPU iPhone OS 13_2_3 like Mac OS X) AppleWebKit/605.1.15 (KHTML, like Gecko) Version/13.0.3 Mobile/15E148 Safari/604.1"
35.235.84.95 - - [06/Jul/2026:07:31:01 -0700] "POST /wp-cron.php?doing_wp_cron=1783348261.7213730812072753906250 HTTP/1.1" 200 3587 "-" "WordPress/7.0; https://vanessavaladezrealty.com"
114.119.140.206 - - [06/Jul/2026:07:31:00 -0700] "GET /properties/140-Residential-1802-Goldfield-Street-USD125-000 HTTP/1.1" 301 4172 "https://vanessavaladezrealty.com/properties?wplpage=1" "Mozilla/5.0 (Linux; Android 7.0;) AppleWebKit/537.36 (HTML, like Gecko) Mobile Safari/537.36 (compatible; PetalBot;+https://webmaster.petalsearch.com/site/petalbot)"
114.119.140.206 - - [06/Jul/2026:07:31:03 -0700] "GET /properties/140-Residential-1802-Goldfield-Street-USD125-000/ HTTP/1.1" 200 29593 "https://vanessavaladezrealty.com/properties?wplpage=1" "Mozilla/5.0 (Linux; Android 7.0;) AppleWebKit/537.36 (HTML, like Gecko) Mobile Safari/537.36 (compatible; PetalBot;+https://webmaster.petalsearch.com/site/petalbot)"
35.235.84.95 - - [06/Jul/2026:07:32:24 -0700] "POST /wp-cron.php?doing_wp_cron=1783348344.2944879531860351562500 HTTP/1.1" 200 3587 "-" "WordPress/7.0; https://vanessavaladezrealty.com"
114.119.151.126 - - [06/Jul/2026:07:32:22 -0700] "GET / HTTP/1.1" 200 38357 "https://vanessavaladezrealty.com/properties?wplview=property_show&pid=130" "Mozilla/5.0 (Linux; Android 7.0;) AppleWebKit/537.36 (HTML, like Gecko) Mobile Safari/537.36 (compatible; PetalBot;+https://webmaster.petalsearch.com/site/petalbot)"
35.235.84.95 - - [06/Jul/2026:07:34:26 -0700] "POST /wp-cron.php?doing_wp_cron=1783348466.9479360580444335937500 HTTP/1.1" 200 3587 "-" "WordPress/7.0; https://vanessavaladezrealty.com"
140.245.235.77 - - [06/Jul/2026:07:34:25 -0700] "POST /wp-login.php HTTP/1.1" 200 6522 "-" "Mozilla/5.0 (Macintosh; Intel Mac OS X 10_15_7) AppleWebKit/605.1.15 (KHTML, like Gecko) Version/17.0 Safari/605.1.15"
35.235.84.95 - - [06/Jul/2026:07:34:27 -0700] "POST /wp-cron.php?doing_wp_cron=1783348467.0518670082092285156250 HTTP/1.1" 200 3587 "-" "WordPress/7.0; https://vanessavaladezrealty.com"
140.245.235.77 - - [06/Jul/2026:07:34:25 -0700] "POST /wp-login.php HTTP/1.1" 200 6498 "-" "Mozilla/5.0 (iPhone; CPU iPhone OS 17_0 like Mac OS X) AppleWebKit/605.1.15 (KHTML, like Gecko) Version/17.0 Mobile/15E148 Safari/604.1"
140.245.235.77 - - [06/Jul/2026:07:34:25 -0700] "POST /wp-login.php HTTP/1.1" 200 6518 "-" "Mozilla/5.0 (Macintosh; Intel Mac OS X 10_15_7) AppleWebKit/605.1.15 (KHTML, like Gecko) Version/17.0 Safari/605.1.15"
35.235.84.95 - - [06/Jul/2026:07:36:46 -0700] "POST /wp-cron.php?doing_wp_cron=1783348606.9355270862579345703125 HTTP/1.1" 200 3587 "-" "WordPress/7.0; https://vanessavaladezrealty.com"
78.142.18.172 - - [06/Jul/2026:07:36:45 -0700] "GET /wp-login.php HTTP/1.1" 200 6366 "-" "Mozilla/5.0 (Macintosh; Intel Mac OS X 10_15_7) AppleWebKit/537.36 (KHTML, like Gecko) Chrome/133.0.0.0 Safari/537.36"
78.142.18.172 - - [06/Jul/2026:07:36:47 -0700] "POST /wp-login.php HTTP/1.1" 200 6452 "https://vanessavaladezrealty.com/wp-login.php" "Mozilla/5.0 (Macintosh; Intel Mac OS X 10_15_7) AppleWebKit/537.36 (KHTML, like Gecko) Chrome/133.0.0.0 Safari/537.36"
35.235.84.95 - - [06/Jul/2026:07:42:44 -0700] "POST /wp-cron.php?doing_wp_cron=1783348964.4386579990386962890625 HTTP/1.1" 200 3587 "-" "WordPress/7.0; https://vanessavaladezrealty.com"
140.245.235.77 - - [06/Jul/2026:07:42:43 -0700] "POST /wp-login.php HTTP/1.1" 200 6498 "-" "Mozilla/5.0 (Windows NT 10.0; Win64; rv:143.0) Gecko/20100101 Firefox/143.0"
140.245.235.77 - - [06/Jul/2026:07:42:43 -0700] "POST /wp-login.php HTTP/1.1" 200 6522 "-" "Mozilla/5.0 (Windows NT 10.0; Win64; x64) AppleWebKit/537.36 (KHTML, like Gecko) Chrome/129.0.0.0 Safari/537.36"
140.245.235.77 - - [06/Jul/2026:07:42:43 -0700] "POST /wp-login.php HTTP/1.1" 200 6518 "-" "Mozilla/5.0 (X11; Linux x86_64) AppleWebKit/537.36 (KHTML, like Gecko) Chrome/129.0.0.0 Safari/537.36"
35.235.84.95 - - [06/Jul/2026:07:48:13 -0700] "POST /wp-cron.php?doing_wp_cron=1783349293.1038160324096679687500 HTTP/1.1" 200 3587 "-" "WordPress/7.0; https://vanessavaladezrealty.com"
179.53.90.30 - - [06/Jul/2026:07:48:20 -0700] "POST /xmlrpc.php HTTP/1.1" 200 4129 "-" "Jetpack/13.0; WordPress/6.1; http://site70145455.com"
179.53.90.30 - - [06/Jul/2026:07:48:11 -0700] "POST /xmlrpc.php HTTP/1.1" 200 4129 "-" "Jetpack by WordPress.com (Jetpack 13.0; WordPress 6.3)"
179.53.90.30 - - [06/Jul/2026:07:48:31 -0700] "POST /xmlrpc.php HTTP/1.1" 200 4129 "-" "Jetpack by WordPress.com (Jetpack 12.0; WordPress 6.3)"
179.53.90.30 - - [06/Jul/2026:07:48:41 -0700] "POST /xmlrpc.php HTTP/1.1" 200 4129 "-" "Jetpack/13.0; WordPress/6.2; http://site78503448.com"
179.53.90.30 - - [06/Jul/2026:07:48:52 -0700] "POST /xmlrpc.php HTTP/1.1" 200 4129 "-" "Jetpack/13.0; WordPress/6.1; http://site80662357.com"
179.53.90.30 - - [06/Jul/2026:07:49:03 -0700] "POST /xmlrpc.php HTTP/1.1" 200 4129 "-" "Jetpack by WordPress.com (Jetpack 12.1; WordPress 6.1)"
35.235.84.95 - - [06/Jul/2026:07:49:15 -0700] "POST /wp-cron.php?doing_wp_cron=1783349355.6520500183105468750000 HTTP/1.1" 200 3587 "-" "WordPress/7.0; https://vanessavaladezrealty.com"
179.53.90.30 - - [06/Jul/2026:07:49:14 -0700] "POST /xmlrpc.php HTTP/1.1" 200 4129 "-" "WordPress.com; https://wordpress.com"
179.53.90.30 - - [06/Jul/2026:07:49:25 -0700] "POST /xmlrpc.php HTTP/1.1" 200 4129 "-" "Jetpack by WordPress.com"
114.119.155.210 - - [06/Jul/2026:07:49:34 -0700] "GET /properties/?wplview=property_show&pid=124 HTTP/1.1" 200 34168 "https://vanessavaladezrealty.com/properties/?wplview=property_show&pid=124" "Mozilla/5.0 (Linux; Android 7.0;) AppleWebKit/537.36 (HTML, like Gecko) Mobile Safari/537.36 (compatible; PetalBot;+https://webmaster.petalsearch.com/site/petalbot)"
179.53.90.30 - - [06/Jul/2026:07:49:36 -0700] "POST /xmlrpc.php HTTP/1.1" 200 4129 "-" "Jetpack by WordPress.com"
179.53.90.30 - - [06/Jul/2026:07:49:47 -0700] "POST /xmlrpc.php HTTP/1.1" 200 4129 "-" "Jetpack/13.0; WordPress/6.2; http://site24995309.com"
35.235.84.95 - - [06/Jul/2026:07:49:59 -0700] "POST /wp-cron.php?doing_wp_cron=1783349399.0364549160003662109375 HTTP/1.1" 200 3587 "-" "WordPress/7.0; https://vanessavaladezrealty.com"
179.53.90.30 - - [06/Jul/2026:07:49:57 -0700] "POST /xmlrpc.php HTTP/1.1" 200 4129 "-" "Jetpack by WordPress.com (Jetpack 12.1; WordPress 6.4)"
179.53.90.30 - - [06/Jul/2026:07:50:08 -0700] "POST /xmlrpc.php HTTP/1.1" 200 4129 "-" "Jetpack by WordPress.com (Jetpack 12.0; WordPress 6.4)"
78.142.18.172 - - [06/Jul/2026:07:50:21 -0700] "GET /wp-login.php HTTP/1.1" 200 6366 "-" "Mozilla/5.0 (Windows NT 10.0; Win64; x64) AppleWebKit/537.36 (KHTML, like Gecko) Chrome/133.0.0.0 Safari/537.36 Edg/133.0.0.0"
179.53.90.30 - - [06/Jul/2026:07:50:19 -0700] "POST /xmlrpc.php HTTP/1.1" 200 4129 "-" "Jetpack by WordPress.com (Jetpack 12.1; WordPress 6.3)"
78.142.18.172 - - [06/Jul/2026:07:50:23 -0700] "POST /wp-login.php HTTP/1.1" 200 6452 "https://vanessavaladezrealty.com/wp-login.php" "Mozilla/5.0 (Windows NT 10.0; Win64; x64) AppleWebKit/537.36 (KHTML, like Gecko) Chrome/133.0.0.0 Safari/537.36 Edg/133.0.0.0"
179.53.90.30 - - [06/Jul/2026:07:50:30 -0700] "POST /xmlrpc.php HTTP/1.1" 200 4129 "-" "Jetpack/13.0; WordPress/6.4; http://site83051489.com"
140.245.235.77 - - [06/Jul/2026:07:50:40 -0700] "POST /wp-login.php HTTP/1.1" 200 6518 "-" "Mozilla/5.0 (Windows NT 10.0; Win64; x64) AppleWebKit/537.36 (KHTML, like Gecko) Chrome/129.0.0.0 Safari/537.36"
140.245.235.77 - - [06/Jul/2026:07:50:40 -0700] "POST /wp-login.php HTTP/1.1" 200 6498 "-" "Mozilla/5.0 (Linux; Android 12; SM-G991B) AppleWebKit/537.36 (KHTML, like Gecko) Chrome/129.0.0.0 Mobile Safari/537.36"
140.245.235.77 - - [06/Jul/2026:07:50:40 -0700] "POST /wp-login.php HTTP/1.1" 200 6522 "-" "Mozilla/5.0 (iPhone; CPU iPhone OS 17_0 like Mac OS X) AppleWebKit/605.1.15 (KHTML, like Gecko) Version/17.0 Mobile/15E148 Safari/604.1"
179.53.90.30 - - [06/Jul/2026:07:50:41 -0700] "POST /xmlrpc.php HTTP/1.1" 200 4129 "-" "Jetpack by WordPress.com (Jetpack 12.0; WordPress 6.2)"
35.235.84.95 - - [06/Jul/2026:07:50:53 -0700] "POST /wp-cron.php?doing_wp_cron=1783349453.1902220249176025390625 HTTP/1.1" 200 3587 "-" "WordPress/7.0; https://vanessavaladezrealty.com"
179.53.90.30 - - [06/Jul/2026:07:50:52 -0700] "POST /xmlrpc.php HTTP/1.1" 200 4129 "-" "Jetpack by WordPress.com (Jetpack 12.1; WordPress 6.2)"
114.119.153.188 - - [06/Jul/2026:07:50:58 -0700] "GET /properties/?wplview=property_show&pid=112 HTTP/1.1" 200 30457 "https://vanessavaladezrealty.com/properties?wplview=property_show&pid=112" "Mozilla/5.0 (Linux; Android 7.0;) AppleWebKit/537.36 (HTML, like Gecko) Mobile Safari/537.36 (compatible; PetalBot;+https://webmaster.petalsearch.com/site/petalbot)"
179.53.90.30 - - [06/Jul/2026:07:51:02 -0700] "POST /xmlrpc.php HTTP/1.1" 200 4129 "-" "WordPress.com; https://wordpress.com"
179.53.90.30 - - [06/Jul/2026:07:51:13 -0700] "POST /xmlrpc.php HTTP/1.1" 200 4129 "-" "WordPress.com; https://wordpress.com"
35.235.84.95 - - [06/Jul/2026:07:51:25 -0700] "POST /wp-cron.php?doing_wp_cron=1783349485.8340868949890136718750 HTTP/1.1" 200 3587 "-" "WordPress/7.0; https://vanessavaladezrealty.com"
179.53.90.30 - - [06/Jul/2026:07:51:24 -0700] "POST /xmlrpc.php HTTP/1.1" 200 4129 "-" "Jetpack/12.5; WordPress/6.4; http://site16980232.com"
179.53.90.30 - - [06/Jul/2026:07:51:35 -0700] "POST /xmlrpc.php HTTP/1.1" 200 4129 "-" "WordPress.com; https://wordpress.com"
179.53.90.30 - - [06/Jul/2026:07:51:46 -0700] "POST /xmlrpc.php HTTP/1.1" 200 4129 "-" "Jetpack/12.5; WordPress/6.1; http://site97940115.com"
191.243.132.66 - - [06/Jul/2026:07:51:57 -0700] "GET /properties/?pid=115&wplview=property_show HTTP/1.1" 200 36131 "-" "Mozilla/5.0 (Macintosh; Intel Mac OS X 11_2_0) AppleWebKit/537.36 (KHTML, like Gecko) Brave Chrome/87.0.4280.101 Safari/537.36"
179.53.90.30 - - [06/Jul/2026:07:51:57 -0700] "POST /xmlrpc.php HTTP/1.1" 200 4129 "-" "Jetpack by WordPress.com"
179.53.90.30 - - [06/Jul/2026:07:52:08 -0700] "POST /xmlrpc.php HTTP/1.1" 200 4129 "-" "Jetpack/12.1; WordPress/6.3; http://site81139746.com"
179.53.90.30 - - [06/Jul/2026:07:52:19 -0700] "POST /xmlrpc.php HTTP/1.1" 200 4129 "-" "WordPress.com; https://wordpress.com"
179.53.90.30 - - [06/Jul/2026:07:52:29 -0700] "POST /xmlrpc.php HTTP/1.1" 403 4352 "-" "WordPress.com; https://wordpress.com"
35.235.84.95 - - [06/Jul/2026:07:52:41 -0700] "POST /wp-cron.php?doing_wp_cron=1783349561.8766920566558837890625 HTTP/1.1" 200 3587 "-" "WordPress/7.0; https://vanessavaladezrealty.com"
179.53.90.30 - - [06/Jul/2026:07:52:40 -0700] "POST /xmlrpc.php HTTP/1.1" 200 4129 "-" "Jetpack by WordPress.com"
179.53.90.30 - - [06/Jul/2026:07:52:51 -0700] "POST /xmlrpc.php HTTP/1.1" 403 4352 "-" "WordPress.com; https://wordpress.com"
35.235.84.95 - - [06/Jul/2026:07:53:03 -0700] "POST /wp-cron.php?doing_wp_cron=1783349583.6617488861083984375000 HTTP/1.1" 200 3587 "-" "WordPress/7.0; https://vanessavaladezrealty.com"
179.53.90.30 - - [06/Jul/2026:07:53:02 -0700] "POST /xmlrpc.php HTTP/1.1" 200 4129 "-" "Jetpack/12.1; WordPress/6.1; http://site57677080.com"
179.53.90.30 - - [06/Jul/2026:07:53:13 -0700] "POST /xmlrpc.php HTTP/1.1" 200 4129 "-" "Jetpack by WordPress.com"
37.78.86.36 - - [06/Jul/2026:07:53:30 -0700] "GET /home-previuos/ HTTP/1.1" 200 38223 "-" "Mozilla/5.0 (Macintosh; Intel Mac OS X 13.3; rv:125.0) Gecko/20100101 Firefox/125.0"
179.53.90.30 - - [06/Jul/2026:07:53:24 -0700] "POST /xmlrpc.php HTTP/1.1" 403 4352 "-" "WordPress.com; https://wordpress.com"
179.53.90.30 - - [06/Jul/2026:07:53:35 -0700] "POST /xmlrpc.php HTTP/1.1" 403 4352 "-" "WordPress.com; https://wordpress.com"
179.53.90.30 - - [06/Jul/2026:07:53:46 -0700] "POST /xmlrpc.php HTTP/1.1" 403 4352 "-" "WordPress.com; https://wordpress.com"
35.235.84.95 - - [06/Jul/2026:07:53:58 -0700] "POST /wp-cron.php?doing_wp_cron=1783349638.6244070529937744140625 HTTP/1.1" 200 3587 "-" "WordPress/7.0; https://vanessavaladezrealty.com"
179.53.90.30 - - [06/Jul/2026:07:53:57 -0700] "POST /xmlrpc.php HTTP/1.1" 200 4129 "-" "Jetpack/12.0; WordPress/6.2; http://site76370046.com"
179.53.90.30 - - [06/Jul/2026:07:54:08 -0700] "POST /xmlrpc.php HTTP/1.1" 200 4129 "-" "Jetpack/12.5; WordPress/6.3; http://site94140575.com"
179.53.90.30 - - [06/Jul/2026:07:54:18 -0700] "POST /xmlrpc.php HTTP/1.1" 200 4129 "-" "Jetpack/13.0; WordPress/6.2; http://site10164351.com"
179.53.90.30 - - [06/Jul/2026:07:54:29 -0700] "POST /xmlrpc.php HTTP/1.1" 403 4352 "-" "Jetpack by WordPress.com"
179.53.90.30 - - [06/Jul/2026:07:54:40 -0700] "POST /xmlrpc.php HTTP/1.1" 403 4352 "-" "WordPress.com; https://wordpress.com"
179.53.90.30 - - [06/Jul/2026:07:54:51 -0700] "POST /xmlrpc.php HTTP/1.1" 403 4352 "-" "WordPress.com; https://wordpress.com"
179.53.90.30 - - [06/Jul/2026:07:55:01 -0700] "POST /xmlrpc.php HTTP/1.1" 403 4352 "-" "Jetpack by WordPress.com"
179.53.90.30 - - [06/Jul/2026:07:55:12 -0700] "POST /xmlrpc.php HTTP/1.1" 403 4352 "-" "Jetpack by WordPress.com"
179.53.90.30 - - [06/Jul/2026:07:55:23 -0700] "POST /xmlrpc.php HTTP/1.1" 200 4129 "-" "Jetpack/13.0; WordPress/6.4; http://site48260635.com"
35.235.84.95 - - [06/Jul/2026:07:55:24 -0700] "POST /wp-cron.php?doing_wp_cron=1783349724.4739139080047607421875 HTTP/1.1" 200 3587 "-" "WordPress/7.0; https://vanessavaladezrealty.com"
179.53.90.30 - - [06/Jul/2026:07:55:34 -0700] "POST /xmlrpc.php HTTP/1.1" 200 4129 "-" "Jetpack/12.5; WordPress/6.4; http://site52010026.com"
179.53.90.30 - - [06/Jul/2026:07:55:44 -0700] "POST /xmlrpc.php HTTP/1.1" 403 4352 "-" "WordPress.com; https://wordpress.com"
179.53.90.30 - - [06/Jul/2026:07:55:55 -0700] "POST /xmlrpc.php HTTP/1.1" 403 4352 "-" "WordPress.com; https://wordpress.com"
179.53.90.30 - - [06/Jul/2026:07:56:06 -0700] "POST /xmlrpc.php HTTP/1.1" 403 4352 "-" "WordPress.com; https://wordpress.com"
179.53.90.30 - - [06/Jul/2026:07:56:17 -0700] "POST /xmlrpc.php HTTP/1.1" 403 4352 "-" "Jetpack by WordPress.com"
35.235.84.95 - - [06/Jul/2026:07:56:29 -0700] "POST /wp-cron.php?doing_wp_cron=1783349789.0043039321899414062500 HTTP/1.1" 200 3587 "-" "WordPress/7.0; https://vanessavaladezrealty.com"
179.53.90.30 - - [06/Jul/2026:07:56:27 -0700] "POST /xmlrpc.php HTTP/1.1" 200 4129 "-" "Jetpack/12.1; WordPress/6.4; http://site76732964.com"
94.20.25.28 - - [06/Jul/2026:07:56:30 -0700] "GET /wp-login.php HTTP/1.1" 200 6366 "-" "Mozilla/5.0 (Windows NT 10.0; Win64; x64) AppleWebKit/537.36 (KHTML, like Gecko) Chrome/120.0.0.0 Safari/537.36"
94.20.25.28 - - [06/Jul/2026:07:56:31 -0700] "POST /wp-login.php HTTP/1.1" 200 6468 "https://vanessavaladezrealty.com/wp-login.php" "Mozilla/5.0 (Windows NT 10.0; Win64; x64) AppleWebKit/537.36 (KHTML, like Gecko) Chrome/120.0.0.0 Safari/537.36"
179.53.90.30 - - [06/Jul/2026:07:56:38 -0700] "POST /xmlrpc.php HTTP/1.1" 200 4129 "-" "Jetpack by WordPress.com (Jetpack 12.0; WordPress 6.2)"
179.53.90.30 - - [06/Jul/2026:07:56:49 -0700] "POST /xmlrpc.php HTTP/1.1" 200 4129 "-" "Jetpack/12.5; WordPress/6.3; http://site98270353.com"
179.53.90.30 - - [06/Jul/2026:07:57:00 -0700] "POST /xmlrpc.php HTTP/1.1" 403 4352 "-" "Jetpack by WordPress.com"
179.53.90.30 - - [06/Jul/2026:07:57:10 -0700] "POST /xmlrpc.php HTTP/1.1" 200 4129 "-" "Jetpack by WordPress.com (Jetpack 13.0; WordPress 6.3)"
179.53.90.30 - - [06/Jul/2026:07:57:21 -0700] "POST /xmlrpc.php HTTP/1.1" 200 4129 "-" "Jetpack by WordPress.com (Jetpack 12.5; WordPress 6.1)"
35.235.84.95 - - [06/Jul/2026:07:57:33 -0700] "POST /wp-cron.php?doing_wp_cron=1783349853.5249121189117431640625 HTTP/1.1" 200 3587 "-" "WordPress/7.0; https://vanessavaladezrealty.com"
179.53.90.30 - - [06/Jul/2026:07:57:32 -0700] "POST /xmlrpc.php HTTP/1.1" 200 4129 "-" "Jetpack by WordPress.com (Jetpack 12.5; WordPress 6.4)"
179.53.90.30 - - [06/Jul/2026:07:57:43 -0700] "POST /xmlrpc.php HTTP/1.1" 200 4129 "-" "Jetpack by WordPress.com (Jetpack 12.0; WordPress 6.2)"
35.235.84.95 - - [06/Jul/2026:07:57:55 -0700] "POST /wp-cron.php?doing_wp_cron=1783349875.3747599124908447265625 HTTP/1.1" 200 3587 "-" "WordPress/7.0; https://vanessavaladezrealty.com"
179.53.90.30 - - [06/Jul/2026:07:57:54 -0700] "POST /xmlrpc.php HTTP/1.1" 200 4129 "-" "Jetpack by WordPress.com (Jetpack 12.5; WordPress 6.2)"
179.53.90.30 - - [06/Jul/2026:07:58:15 -0700] "POST /xmlrpc.php HTTP/1.1" 403 4352 "-" "WordPress.com; https://wordpress.com"
179.53.90.30 - - [06/Jul/2026:07:58:05 -0700] "POST /xmlrpc.php HTTP/1.1" 200 4129 "-" "Jetpack/12.0; WordPress/6.4; http://site53887848.com"
179.53.90.30 - - [06/Jul/2026:07:58:37 -0700] "POST /xmlrpc.php HTTP/1.1" 403 4352 "-" "Jetpack by WordPress.com"
179.53.90.30 - - [06/Jul/2026:07:58:26 -0700] "POST /xmlrpc.php HTTP/1.1" 200 4129 "-" "Jetpack/12.0; WordPress/6.4; http://site55501748.com"
35.235.84.95 - - [06/Jul/2026:07:58:50 -0700] "POST /wp-cron.php?doing_wp_cron=1783349930.3279280662536621093750 HTTP/1.1" 200 3587 "-" "WordPress/7.0; https://vanessavaladezrealty.com"
179.53.90.30 - - [06/Jul/2026:07:58:48 -0700] "POST /xmlrpc.php HTTP/1.1" 200 4129 "-" "Jetpack by WordPress.com (Jetpack 13.0; WordPress 6.3)"
179.53.90.30 - - [06/Jul/2026:07:59:09 -0700] "POST /xmlrpc.php HTTP/1.1" 200 4129 "-" "Jetpack/12.5; WordPress/6.1; http://site29397507.com"
140.245.235.77 - - [06/Jul/2026:07:58:49 -0700] "POST /wp-login.php HTTP/1.1" 200 6522 "-" "Mozilla/5.0 (Windows NT 10.0; Win64; rv:143.0) Gecko/20100101 Firefox/143.0"
140.245.235.77 - - [06/Jul/2026:07:58:49 -0700] "POST /wp-login.php HTTP/1.1" 200 6518 "-" "Mozilla/5.0 (iPhone; CPU iPhone OS 17_0 like Mac OS X) AppleWebKit/605.1.15 (KHTML, like Gecko) Version/17.0 Mobile/15E148 Safari/604.1"
140.245.235.77 - - [06/Jul/2026:07:58:49 -0700] "POST /wp-login.php HTTP/1.1" 200 6498 "-" "Mozilla/5.0 (X11; Linux x86_64) AppleWebKit/537.36 (KHTML, like Gecko) Chrome/129.0.0.0 Safari/537.36"
179.53.90.30 - - [06/Jul/2026:07:58:58 -0700] "POST /xmlrpc.php HTTP/1.1" 200 4129 "-" "Jetpack by WordPress.com (Jetpack 13.0; WordPress 6.3)"
152.58.189.39 - - [06/Jul/2026:07:59:00 -0700] "POST /xmlrpc.php HTTP/1.1" 200 4129 "-" "Jetpack by WordPress.com"
152.58.189.39 - - [06/Jul/2026:07:59:09 -0700] "POST /xmlrpc.php HTTP/1.1" 200 4129 "-" "Jetpack/12.0; WordPress/6.2; http://site46406201.com"
152.58.189.39 - - [06/Jul/2026:07:59:18 -0700] "POST /xmlrpc.php HTTP/1.1" 200 4129 "-" "Jetpack/12.0; WordPress/6.4; http://site99145217.com"
179.53.90.30 - - [06/Jul/2026:07:59:20 -0700] "POST /xmlrpc.php HTTP/1.1" 403 4352 "-" "WordPress.com; https://wordpress.com"
152.58.189.39 - - [06/Jul/2026:07:59:30 -0700] "POST /xmlrpc.php HTTP/1.1" 200 4129 "-" "Jetpack by WordPress.com"
179.53.90.30 - - [06/Jul/2026:07:59:31 -0700] "POST /xmlrpc.php HTTP/1.1" 200 4129 "-" "Jetpack by WordPress.com (Jetpack 12.5; WordPress 6.4)"
179.53.90.30 - - [06/Jul/2026:07:59:41 -0700] "POST /xmlrpc.php HTTP/1.1" 403 4352 "-" "WordPress.com; https://wordpress.com"
152.58.189.39 - - [06/Jul/2026:07:59:41 -0700] "POST /xmlrpc.php HTTP/1.1" 200 4129 "-" "Jetpack/13.0; WordPress/6.1; http://site46939789.com"
35.235.84.95 - - [06/Jul/2026:07:59:54 -0700] "POST /wp-cron.php?doing_wp_cron=1783349994.1317451000213623046875 HTTP/1.1" 200 3587 "-" "WordPress/7.0; https://vanessavaladezrealty.com"
179.53.90.30 - - [06/Jul/2026:07:59:52 -0700] "POST /xmlrpc.php HTTP/1.1" 403 4352 "-" "WordPress.com; https://wordpress.com"
152.58.189.39 - - [06/Jul/2026:07:59:53 -0700] "POST /xmlrpc.php HTTP/1.1" 200 4129 "-" "Jetpack by WordPress.com"
152.58.189.39 - - [06/Jul/2026:08:00:02 -0700] "POST /xmlrpc.php HTTP/1.1" 200 4129 "-" "Jetpack by WordPress.com (Jetpack 12.5; WordPress 6.4)"
179.53.90.30 - - [06/Jul/2026:08:00:03 -0700] "POST /xmlrpc.php HTTP/1.1" 200 4129 "-" "Jetpack/13.0; WordPress/6.3; http://site60491686.com"
152.58.189.39 - - [06/Jul/2026:08:00:20 -0700] "POST /xmlrpc.php HTTP/1.1" 200 4129 "-" "Jetpack by WordPress.com"
179.53.90.30 - - [06/Jul/2026:08:00:14 -0700] "POST /xmlrpc.php HTTP/1.1" 403 4352 "-" "Jetpack by WordPress.com"
179.53.90.30 - - [06/Jul/2026:08:00:25 -0700] "POST /xmlrpc.php HTTP/1.1" 403 4352 "-" "WordPress.com; https://wordpress.com"
179.53.90.30 - - [06/Jul/2026:08:00:35 -0700] "POST /xmlrpc.php HTTP/1.1" 403 4352 "-" "Jetpack by WordPress.com"
35.235.84.95 - - [06/Jul/2026:08:00:39 -0700] "HEAD / HTTP/1.1" 200 4253 "-" "Mozilla/5.0 (Windows NT 10.0; Win64; x64) AppleWebKit/537.36 (KHTML, like Gecko) Chrome/117.0.0.0 Safari/537.36"
179.53.90.30 - - [06/Jul/2026:08:00:46 -0700] "POST /xmlrpc.php HTTP/1.1" 403 4352 "-" "Jetpack by WordPress.com"
52.2.4.213 - - [06/Jul/2026:08:00:47 -0700] "GET /wp-json/oembed/1.0/embed?format=xml&url=https://vanessavaladezrealty.com/properties/ HTTP/1.1" 200 5189 "-" "Mozilla/5.0 AppleWebKit/537.36 (KHTML, like Gecko; compatible; Amazonbot/0.1; +https://developer.amazon.com/support/amazonbot) Chrome/119.0.6045.214 Safari/537.36"
179.53.90.30 - - [06/Jul/2026:08:00:57 -0700] "POST /xmlrpc.php HTTP/1.1" 403 4352 "-" "Jetpack by WordPress.com"
35.235.84.95 - - [06/Jul/2026:08:00:58 -0700] "POST /wp-cron.php?doing_wp_cron=1783350058.5913369655609130859375 HTTP/1.1" 200 3587 "-" "WordPress/7.0; https://vanessavaladezrealty.com"
152.58.189.39 - - [06/Jul/2026:08:00:57 -0700] "POST /xmlrpc.php HTTP/1.1" 200 4129 "-" "WordPress.com; https://wordpress.com"
179.53.90.30 - - [06/Jul/2026:08:01:07 -0700] "POST /xmlrpc.php HTTP/1.1" 200 4129 "-" "Jetpack by WordPress.com (Jetpack 12.5; WordPress 6.2)"
179.53.90.30 - - [06/Jul/2026:08:01:18 -0700] "POST /xmlrpc.php HTTP/1.1" 403 4352 "-" "WordPress.com; https://wordpress.com"
35.235.84.95 - - [06/Jul/2026:08:01:30 -0700] "POST /wp-cron.php?doing_wp_cron=1783350090.5670320987701416015625 HTTP/1.1" 200 3587 "-" "WordPress/7.0; https://vanessavaladezrealty.com"
179.53.90.30 - - [06/Jul/2026:08:01:29 -0700] "POST /xmlrpc.php HTTP/1.1" 200 4129 "-" "Jetpack/12.1; WordPress/6.2; http://site27751958.com"
152.58.189.39 - - [06/Jul/2026:08:01:35 -0700] "POST /xmlrpc.php HTTP/1.1" 200 4129 "-" "Jetpack by WordPress.com"
152.58.189.39 - - [06/Jul/2026:08:01:42 -0700] "POST /xmlrpc.php HTTP/1.1" 200 4129 "-" "WordPress.com; https://wordpress.com"
179.53.90.30 - - [06/Jul/2026:08:01:40 -0700] "POST /xmlrpc.php HTTP/1.1" 403 4352 "-" "WordPress.com; https://wordpress.com"
152.58.189.39 - - [06/Jul/2026:08:01:49 -0700] "POST /xmlrpc.php HTTP/1.1" 200 4129 "-" "Jetpack/12.0; WordPress/6.2; http://site22394539.com"
179.53.90.30 - - [06/Jul/2026:08:01:51 -0700] "POST /xmlrpc.php HTTP/1.1" 403 4352 "-" "Jetpack by WordPress.com"
152.58.189.39 - - [06/Jul/2026:08:01:58 -0700] "POST /xmlrpc.php HTTP/1.1" 200 4129 "-" "WordPress.com; https://wordpress.com"
179.53.90.30 - - [06/Jul/2026:08:02:01 -0700] "POST /xmlrpc.php HTTP/1.1" 200 4129 "-" "Jetpack by WordPress.com (Jetpack 13.0; WordPress 6.2)"
152.58.189.39 - - [06/Jul/2026:08:02:09 -0700] "POST /xmlrpc.php HTTP/1.1" 200 4129 "-" "Jetpack/13.0; WordPress/6.4; http://site25192760.com"
179.53.90.30 - - [06/Jul/2026:08:02:12 -0700] "POST /xmlrpc.php HTTP/1.1" 200 4129 "-" "Jetpack/12.0; WordPress/6.3; http://site34220035.com"
152.58.189.39 - - [06/Jul/2026:08:02:21 -0700] "POST /xmlrpc.php HTTP/1.1" 200 4129 "-" "Jetpack/12.1; WordPress/6.1; http://site70161916.com"
179.53.90.30 - - [06/Jul/2026:08:02:23 -0700] "POST /xmlrpc.php HTTP/1.1" 200 4129 "-" "Jetpack/13.0; WordPress/6.1; http://site28096396.com"
35.235.84.95 - - [06/Jul/2026:08:02:31 -0700] "POST /wp-cron.php?doing_wp_cron=1783350151.2905049324035644531250 HTTP/1.1" 200 3587 "-" "WordPress/7.0; https://vanessavaladezrealty.com"
152.58.189.39 - - [06/Jul/2026:08:02:30 -0700] "POST /xmlrpc.php HTTP/1.1" 200 4129 "-" "Jetpack by WordPress.com (Jetpack 12.1; WordPress 6.2)"
179.53.90.30 - - [06/Jul/2026:08:02:34 -0700] "POST /xmlrpc.php HTTP/1.1" 403 4352 "-" "WordPress.com; https://wordpress.com"
152.58.189.39 - - [06/Jul/2026:08:02:40 -0700] "POST /xmlrpc.php HTTP/1.1" 200 4129 "-" "WordPress.com; https://wordpress.com"
179.53.90.30 - - [06/Jul/2026:08:02:44 -0700] "POST /xmlrpc.php HTTP/1.1" 200 4129 "-" "Jetpack/12.5; WordPress/6.3; http://site69756261.com"
35.235.84.95 - - [06/Jul/2026:08:02:52 -0700] "POST /wp-cron.php?doing_wp_cron=1783350172.3823809623718261718750 HTTP/1.1" 200 3587 "-" "WordPress/7.0; https://vanessavaladezrealty.com"
152.58.189.39 - - [06/Jul/2026:08:02:51 -0700] "POST /xmlrpc.php HTTP/1.1" 200 4129 "-" "Jetpack by WordPress.com (Jetpack 12.0; WordPress 6.4)"
179.53.90.30 - - [06/Jul/2026:08:02:55 -0700] "POST /xmlrpc.php HTTP/1.1" 200 4129 "-" "Jetpack/12.5; WordPress/6.2; http://site99605119.com"
179.53.90.30 - - [06/Jul/2026:08:03:06 -0700] "POST /xmlrpc.php HTTP/1.1" 200 4129 "-" "Jetpack/12.5; WordPress/6.1; http://site27546467.com"
152.58.189.39 - - [06/Jul/2026:08:03:12 -0700] "POST /xmlrpc.php HTTP/1.1" 200 4129 "-" "WordPress.com; https://wordpress.com"
179.53.90.30 - - [06/Jul/2026:08:03:17 -0700] "POST /xmlrpc.php HTTP/1.1" 403 4352 "-" "Jetpack by WordPress.com"
152.58.189.39 - - [06/Jul/2026:08:03:02 -0700] "POST /xmlrpc.php HTTP/1.1" 403 4352 "-" "Jetpack by WordPress.com"
152.58.189.39 - - [06/Jul/2026:08:03:23 -0700] "POST /xmlrpc.php HTTP/1.1" 200 4129 "-" "Jetpack/12.1; WordPress/6.3; http://site54486088.com"
179.53.90.30 - - [06/Jul/2026:08:03:28 -0700] "POST /xmlrpc.php HTTP/1.1" 403 4352 "-" "Jetpack by WordPress.com"
152.58.189.39 - - [06/Jul/2026:08:03:34 -0700] "POST /xmlrpc.php HTTP/1.1" 403 4352 "-" "WordPress.com; https://wordpress.com"
179.53.90.30 - - [06/Jul/2026:08:03:39 -0700] "POST /xmlrpc.php HTTP/1.1" 200 4129 "-" "Jetpack by WordPress.com (Jetpack 12.5; WordPress 6.4)"
152.58.189.39 - - [06/Jul/2026:08:03:44 -0700] "POST /xmlrpc.php HTTP/1.1" 403 4352 "-" "WordPress.com; https://wordpress.com"
179.53.90.30 - - [06/Jul/2026:08:03:50 -0700] "POST /xmlrpc.php HTTP/1.1" 403 4352 "-" "WordPress.com; https://wordpress.com"
35.235.84.95 - - [06/Jul/2026:08:03:56 -0700] "POST /wp-cron.php?doing_wp_cron=1783350236.5458641052246093750000 HTTP/1.1" 200 3587 "-" "WordPress/7.0; https://vanessavaladezrealty.com"
152.58.189.39 - - [06/Jul/2026:08:03:55 -0700] "POST /xmlrpc.php HTTP/1.1" 200 4129 "-" "Jetpack/12.5; WordPress/6.1; http://site89956028.com"
179.53.90.30 - - [06/Jul/2026:08:04:01 -0700] "POST /xmlrpc.php HTTP/1.1" 403 4352 "-" "WordPress.com; https://wordpress.com"
152.58.189.39 - - [06/Jul/2026:08:04:06 -0700] "POST /xmlrpc.php HTTP/1.1" 200 4129 "-" "Jetpack by WordPress.com (Jetpack 12.5; WordPress 6.3)"
179.53.90.30 - - [06/Jul/2026:08:04:12 -0700] "POST /xmlrpc.php HTTP/1.1" 403 4352 "-" "WordPress.com; https://wordpress.com"
152.58.189.39 - - [06/Jul/2026:08:04:16 -0700] "POST /xmlrpc.php HTTP/1.1" 403 4352 "-" "Jetpack by WordPress.com"
189.36.240.95 - - [06/Jul/2026:08:04:18 -0700] "GET /properties/vanessavaladez/tel:7027760711/tel:7027760711/?wplpage=2 HTTP/1.1" 200 33536 "-" "Mozilla/5.0 (Macintosh; Intel Mac OS X 10_15_7) AppleWebKit/537.36 (KHTML, like Gecko) Chrome/97.0.4692.99 Safari/537.36"
179.53.90.30 - - [06/Jul/2026:08:04:23 -0700] "POST /xmlrpc.php HTTP/1.1" 200 4129 "-" "Jetpack by WordPress.com (Jetpack 12.1; WordPress 6.2)"
152.58.189.39 - - [06/Jul/2026:08:04:27 -0700] "POST /xmlrpc.php HTTP/1.1" 403 4352 "-" "Jetpack by WordPress.com"
179.53.90.30 - - [06/Jul/2026:08:04:33 -0700] "POST /xmlrpc.php HTTP/1.1" 200 4129 "-" "Jetpack/12.1; WordPress/6.2; http://site51766740.com"
152.58.189.39 - - [06/Jul/2026:08:04:38 -0700] "POST /xmlrpc.php HTTP/1.1" 200 4129 "-" "Jetpack/12.1; WordPress/6.1; http://site53310425.com"
179.53.90.30 - - [06/Jul/2026:08:04:44 -0700] "POST /xmlrpc.php HTTP/1.1" 200 4129 "-" "Jetpack by WordPress.com (Jetpack 12.0; WordPress 6.4)"
35.235.84.95 - - [06/Jul/2026:08:04:50 -0700] "POST /wp-cron.php?doing_wp_cron=1783350290.1522779464721679687500 HTTP/1.1" 200 3587 "-" "WordPress/7.0; https://vanessavaladezrealty.com"
152.58.189.39 - - [06/Jul/2026:08:04:48 -0700] "POST /xmlrpc.php HTTP/1.1" 200 4129 "-" "Jetpack/12.1; WordPress/6.2; http://site59195089.com"
179.53.90.30 - - [06/Jul/2026:08:04:55 -0700] "POST /xmlrpc.php HTTP/1.1" 200 4129 "-" "Jetpack/12.5; WordPress/6.1; http://site12246982.com"
152.58.189.39 - - [06/Jul/2026:08:04:59 -0700] "POST /xmlrpc.php HTTP/1.1" 200 4129 "-" "Jetpack by WordPress.com (Jetpack 12.0; WordPress 6.3)"
179.53.90.30 - - [06/Jul/2026:08:05:06 -0700] "POST /xmlrpc.php HTTP/1.1" 200 4129 "-" "Jetpack/12.5; WordPress/6.4; http://site57147576.com"
152.58.189.39 - - [06/Jul/2026:08:05:10 -0700] "POST /xmlrpc.php HTTP/1.1" 200 4129 "-" "Jetpack/12.1; WordPress/6.2; http://site55353684.com"
179.53.90.30 - - [06/Jul/2026:08:05:17 -0700] "POST /xmlrpc.php HTTP/1.1" 200 4129 "-" "Jetpack/12.0; WordPress/6.2; http://site88966165.com"
152.58.189.39 - - [06/Jul/2026:08:05:20 -0700] "POST /xmlrpc.php HTTP/1.1" 403 4352 "-" "Jetpack by WordPress.com"
179.53.90.30 - - [06/Jul/2026:08:05:28 -0700] "POST /xmlrpc.php HTTP/1.1" 403 4352 "-" "WordPress.com; https://wordpress.com"
152.58.189.39 - - [06/Jul/2026:08:05:31 -0700] "POST /xmlrpc.php HTTP/1.1" 200 4129 "-" "Jetpack/12.1; WordPress/6.1; http://site41892307.com"
179.53.90.30 - - [06/Jul/2026:08:05:39 -0700] "POST /xmlrpc.php HTTP/1.1" 403 4352 "-" "WordPress.com; https://wordpress.com"
152.58.189.39 - - [06/Jul/2026:08:05:42 -0700] "POST /xmlrpc.php HTTP/1.1" 403 4352 "-" "Jetpack by WordPress.com"
179.53.90.30 - - [06/Jul/2026:08:05:50 -0700] "POST /xmlrpc.php HTTP/1.1" 403 4352 "-" "Jetpack by WordPress.com"
35.235.84.95 - - [06/Jul/2026:08:05:54 -0700] "POST /wp-cron.php?doing_wp_cron=1783350354.1474909782409667968750 HTTP/1.1" 200 3587 "-" "WordPress/7.0; https://vanessavaladezrealty.com"
152.58.189.39 - - [06/Jul/2026:08:05:52 -0700] "POST /xmlrpc.php HTTP/1.1" 200 4129 "-" "Jetpack/12.1; WordPress/6.1; http://site68034425.com"
179.53.90.30 - - [06/Jul/2026:08:06:01 -0700] "POST /xmlrpc.php HTTP/1.1" 200 4129 "-" "Jetpack/13.0; WordPress/6.2; http://site42865912.com"
152.58.189.39 - - [06/Jul/2026:08:06:03 -0700] "POST /xmlrpc.php HTTP/1.1" 403 4352 "-" "WordPress.com; https://wordpress.com"
179.53.90.30 - - [06/Jul/2026:08:06:12 -0700] "POST /xmlrpc.php HTTP/1.1" 403 4352 "-" "WordPress.com; https://wordpress.com"
152.58.189.39 - - [06/Jul/2026:08:06:14 -0700] "POST /xmlrpc.php HTTP/1.1" 403 4352 "-" "Jetpack by WordPress.com"
179.53.90.30 - - [06/Jul/2026:08:06:23 -0700] "POST /xmlrpc.php HTTP/1.1" 200 4129 "-" "Jetpack by WordPress.com (Jetpack 12.5; WordPress 6.4)"
35.235.84.95 - - [06/Jul/2026:08:06:26 -0700] "POST /wp-cron.php?doing_wp_cron=1783350386.1661179065704345703125 HTTP/1.1" 200 3587 "-" "WordPress/7.0; https://vanessavaladezrealty.com"
152.58.189.39 - - [06/Jul/2026:08:06:24 -0700] "POST /xmlrpc.php HTTP/1.1" 200 4129 "-" "Jetpack by WordPress.com (Jetpack 13.0; WordPress 6.3)"
179.53.90.30 - - [06/Jul/2026:08:06:33 -0700] "POST /xmlrpc.php HTTP/1.1" 403 4352 "-" "Jetpack by WordPress.com"
152.58.189.39 - - [06/Jul/2026:08:06:35 -0700] "POST /xmlrpc.php HTTP/1.1" 403 4352 "-" "WordPress.com; https://wordpress.com"
179.53.90.30 - - [06/Jul/2026:08:06:45 -0700] "POST /xmlrpc.php HTTP/1.1" 200 4129 "-" "Jetpack/12.5; WordPress/6.1; http://site58168297.com"
152.58.189.39 - - [06/Jul/2026:08:06:46 -0700] "POST /xmlrpc.php HTTP/1.1" 200 4129 "-" "Jetpack by WordPress.com (Jetpack 12.5; WordPress 6.2)"
140.245.235.77 - - [06/Jul/2026:08:06:50 -0700] "POST /wp-login.php HTTP/1.1" 200 6518 "-" "Mozilla/5.0 (X11; Linux x86_64) AppleWebKit/537.36 (KHTML, like Gecko) Chrome/129.0.0.0 Safari/537.36"
140.245.235.77 - - [06/Jul/2026:08:06:50 -0700] "POST /wp-login.php HTTP/1.1" 200 6522 "-" "Mozilla/5.0 (iPhone; CPU iPhone OS 17_0 like Mac OS X) AppleWebKit/605.1.15 (KHTML, like Gecko) Version/17.0 Mobile/15E148 Safari/604.1"
179.53.90.30 - - [06/Jul/2026:08:06:56 -0700] "POST /xmlrpc.php HTTP/1.1" 403 4352 "-" "Jetpack by WordPress.com"
140.245.235.77 - - [06/Jul/2026:08:06:50 -0700] "POST /wp-login.php HTTP/1.1" 200 6498 "-" "Mozilla/5.0 (Linux; Android 12; SM-G991B) AppleWebKit/537.36 (KHTML, like Gecko) Chrome/129.0.0.0 Mobile Safari/537.36"
152.58.189.39 - - [06/Jul/2026:08:06:57 -0700] "POST /xmlrpc.php HTTP/1.1" 200 4129 "-" "Jetpack by WordPress.com (Jetpack 12.5; WordPress 6.1)"
179.53.90.30 - - [06/Jul/2026:08:07:06 -0700] "POST /xmlrpc.php HTTP/1.1" 403 4352 "-" "WordPress.com; https://wordpress.com"
152.58.189.39 - - [06/Jul/2026:08:07:07 -0700] "POST /xmlrpc.php HTTP/1.1" 200 4129 "-" "Jetpack/13.0; WordPress/6.4; http://site10515474.com"
179.53.90.30 - - [06/Jul/2026:08:07:17 -0700] "POST /xmlrpc.php HTTP/1.1" 200 4129 "-" "Jetpack/12.0; WordPress/6.3; http://site15525560.com"
152.58.189.39 - - [06/Jul/2026:08:07:18 -0700] "POST /xmlrpc.php HTTP/1.1" 200 4129 "-" "Jetpack/12.5; WordPress/6.2; http://site45084886.com"
179.53.90.30 - - [06/Jul/2026:08:07:28 -0700] "POST /xmlrpc.php HTTP/1.1" 403 4352 "-" "Jetpack by WordPress.com"
35.235.84.95 - - [06/Jul/2026:08:07:29 -0700] "POST /wp-cron.php?doing_wp_cron=1783350449.9052660465240478515625 HTTP/1.1" 200 3587 "-" "WordPress/7.0; https://vanessavaladezrealty.com"
152.58.189.39 - - [06/Jul/2026:08:07:28 -0700] "POST /xmlrpc.php HTTP/1.1" 200 4129 "-" "Jetpack/13.0; WordPress/6.3; http://site73962955.com"
179.53.90.30 - - [06/Jul/2026:08:07:45 -0700] "POST /xmlrpc.php HTTP/1.1" 200 4129 "-" "Jetpack/12.5; WordPress/6.4; http://site96435693.com"
152.58.189.39 - - [06/Jul/2026:08:07:39 -0700] "POST /xmlrpc.php HTTP/1.1" 403 4352 "-" "WordPress.com; https://wordpress.com"
152.58.189.39 - - [06/Jul/2026:08:07:50 -0700] "POST /xmlrpc.php HTTP/1.1" 403 4352 "-" "Jetpack by WordPress.com"
35.235.84.95 - - [06/Jul/2026:08:07:51 -0700] "POST /wp-cron.php?doing_wp_cron=1783350471.6387600898742675781250 HTTP/1.1" 200 3587 "-" "WordPress/7.0; https://vanessavaladezrealty.com"
179.53.90.30 - - [06/Jul/2026:08:07:50 -0700] "POST /xmlrpc.php HTTP/1.1" 200 4129 "-" "Jetpack by WordPress.com (Jetpack 12.0; WordPress 6.2)"
179.53.90.30 - - [06/Jul/2026:08:08:01 -0700] "POST /xmlrpc.php HTTP/1.1" 403 4352 "-" "WordPress.com; https://wordpress.com"
152.58.189.39 - - [06/Jul/2026:08:08:00 -0700] "POST /xmlrpc.php HTTP/1.1" 200 4129 "-" "Jetpack/12.5; WordPress/6.2; http://site14873418.com"
152.58.189.39 - - [06/Jul/2026:08:08:11 -0700] "POST /xmlrpc.php HTTP/1.1" 200 4129 "-" "Jetpack/12.0; WordPress/6.1; http://site83433718.com"
179.53.90.30 - - [06/Jul/2026:08:08:23 -0700] "POST /xmlrpc.php HTTP/1.1" 403 4352 "-" "WordPress.com; https://wordpress.com"
152.58.189.39 - - [06/Jul/2026:08:08:22 -0700] "POST /xmlrpc.php HTTP/1.1" 200 4129 "-" "Jetpack/12.1; WordPress/6.4; http://site42926498.com"
152.58.189.39 - - [06/Jul/2026:08:08:32 -0700] "POST /xmlrpc.php HTTP/1.1" 403 4352 "-" "Jetpack by WordPress.com"
152.58.189.39 - - [06/Jul/2026:08:08:43 -0700] "POST /xmlrpc.php HTTP/1.1" 403 4352 "-" "Jetpack by WordPress.com"
179.53.90.30 - - [06/Jul/2026:08:08:34 -0700] "POST /xmlrpc.php HTTP/1.1" 403 4352 "-" "Jetpack by WordPress.com"
35.235.84.95 - - [06/Jul/2026:08:08:56 -0700] "POST /wp-cron.php?doing_wp_cron=1783350536.0584719181060791015625 HTTP/1.1" 200 3587 "-" "WordPress/7.0; https://vanessavaladezrealty.com"
179.53.90.30 - - [06/Jul/2026:08:08:45 -0700] "POST /xmlrpc.php HTTP/1.1" 200 4129 "-" "Jetpack/12.5; WordPress/6.2; http://site81051385.com"
179.53.90.30 - - [06/Jul/2026:08:08:56 -0700] "POST /xmlrpc.php HTTP/1.1" 403 4352 "-" "Jetpack by WordPress.com"
152.58.189.39 - - [06/Jul/2026:08:08:54 -0700] "POST /xmlrpc.php HTTP/1.1" 200 4129 "-" "Jetpack/13.0; WordPress/6.3; http://site14255034.com"
179.53.90.30 - - [06/Jul/2026:08:08:12 -0700] "POST /xmlrpc.php HTTP/1.1" 403 4352 "-" "WordPress.com; https://wordpress.com"
152.58.189.39 - - [06/Jul/2026:08:09:04 -0700] "POST /xmlrpc.php HTTP/1.1" 200 4129 "-" "Jetpack/12.5; WordPress/6.2; http://site24643661.com"
179.53.90.30 - - [06/Jul/2026:08:09:06 -0700] "POST /xmlrpc.php HTTP/1.1" 403 4352 "-" "Jetpack by WordPress.com"
152.58.189.39 - - [06/Jul/2026:08:09:15 -0700] "POST /xmlrpc.php HTTP/1.1" 200 4129 "-" "Jetpack by WordPress.com (Jetpack 12.1; WordPress 6.3)"
179.53.90.30 - - [06/Jul/2026:08:09:17 -0700] "POST /xmlrpc.php HTTP/1.1" 200 4129 "-" "Jetpack by WordPress.com (Jetpack 13.0; WordPress 6.2)"
152.58.189.39 - - [06/Jul/2026:08:09:26 -0700] "POST /xmlrpc.php HTTP/1.1" 200 4129 "-" "Jetpack by WordPress.com (Jetpack 12.5; WordPress 6.1)"
179.53.90.30 - - [06/Jul/2026:08:09:39 -0700] "POST /xmlrpc.php HTTP/1.1" 403 4352 "-" "WordPress.com; https://wordpress.com"
152.58.189.39 - - [06/Jul/2026:08:09:36 -0700] "POST /xmlrpc.php HTTP/1.1" 200 4129 "-" "Jetpack by WordPress.com (Jetpack 12.0; WordPress 6.4)"
179.53.90.30 - - [06/Jul/2026:08:09:28 -0700] "POST /xmlrpc.php HTTP/1.1" 200 4129 "-" "Jetpack by WordPress.com (Jetpack 12.5; WordPress 6.3)"
152.58.189.39 - - [06/Jul/2026:08:09:47 -0700] "POST /xmlrpc.php HTTP/1.1" 403 4352 "-" "Jetpack by WordPress.com"
35.235.84.95 - - [06/Jul/2026:08:09:52 -0700] "POST /wp-cron.php?doing_wp_cron=1783350592.5981409549713134765625 HTTP/1.1" 200 3587 "-" "WordPress/7.0; https://vanessavaladezrealty.com"
179.53.90.30 - - [06/Jul/2026:08:09:50 -0700] "POST /xmlrpc.php HTTP/1.1" 200 4129 "-" "Jetpack/12.5; WordPress/6.2; http://site16080994.com"
202.76.143.57 - - [06/Jul/2026:08:10:10 -0700] "GET /about-us/ HTTP/1.1" 200 26517 "-" "Mozilla/5.0 (Macintosh; Intel Mac OS X 15_4_1) AppleWebKit/537.36 (KHTML, like Gecko) Chrome/134.0.6998.88 Safari/537.36"
152.58.189.39 - - [06/Jul/2026:08:09:58 -0700] "POST /xmlrpc.php HTTP/1.1" 403 4352 "-" "Jetpack by WordPress.com"
179.53.90.30 - - [06/Jul/2026:08:10:12 -0700] "POST /xmlrpc.php HTTP/1.1" 200 4129 "-" "Jetpack/13.0; WordPress/6.4; http://site52228685.com"
179.53.90.30 - - [06/Jul/2026:08:10:01 -0700] "POST /xmlrpc.php HTTP/1.1" 200 4129 "-" "Jetpack by WordPress.com (Jetpack 12.5; WordPress 6.1)"
152.58.189.39 - - [06/Jul/2026:08:10:09 -0700] "POST /xmlrpc.php HTTP/1.1" 403 4352 "-" "WordPress.com; https://wordpress.com"
152.58.189.39 - - [06/Jul/2026:08:10:19 -0700] "POST /xmlrpc.php HTTP/1.1" 403 4352 "-" "WordPress.com; https://wordpress.com"
179.53.90.30 - - [06/Jul/2026:08:10:23 -0700] "POST /xmlrpc.php HTTP/1.1" 403 4352 "-" "Jetpack by WordPress.com"
179.53.90.30 - - [06/Jul/2026:08:10:34 -0700] "POST /xmlrpc.php HTTP/1.1" 403 4352 "-" "WordPress.com; https://wordpress.com"
152.58.189.39 - - [06/Jul/2026:08:10:30 -0700] "POST /xmlrpc.php HTTP/1.1" 200 4129 "-" "Jetpack/12.5; WordPress/6.1; http://site47035038.com"
152.58.189.39 - - [06/Jul/2026:08:10:41 -0700] "POST /xmlrpc.php HTTP/1.1" 403 4352 "-" "Jetpack by WordPress.com"
179.53.90.30 - - [06/Jul/2026:08:10:44 -0700] "POST /xmlrpc.php HTTP/1.1" 403 4352 "-" "Jetpack by WordPress.com"
152.58.189.39 - - [06/Jul/2026:08:10:52 -0700] "POST /xmlrpc.php HTTP/1.1" 403 4352 "-" "Jetpack by WordPress.com"
179.53.90.30 - - [06/Jul/2026:08:10:55 -0700] "POST /xmlrpc.php HTTP/1.1" 403 4352 "-" "Jetpack by WordPress.com"
35.235.84.95 - - [06/Jul/2026:08:11:03 -0700] "POST /wp-cron.php?doing_wp_cron=1783350663.8881618976593017578125 HTTP/1.1" 200 3587 "-" "WordPress/7.0; https://vanessavaladezrealty.com"
152.58.189.39 - - [06/Jul/2026:08:11:02 -0700] "POST /xmlrpc.php HTTP/1.1" 200 4129 "-" "Jetpack by WordPress.com (Jetpack 12.1; WordPress 6.4)"
179.53.90.30 - - [06/Jul/2026:08:11:06 -0700] "POST /xmlrpc.php HTTP/1.1" 403 4352 "-" "Jetpack by WordPress.com"
152.58.189.39 - - [06/Jul/2026:08:11:13 -0700] "POST /xmlrpc.php HTTP/1.1" 200 4129 "-" "Jetpack/12.5; WordPress/6.2; http://site81473491.com"
179.53.90.30 - - [06/Jul/2026:08:11:17 -0700] "POST /xmlrpc.php HTTP/1.1" 200 4129 "-" "Jetpack by WordPress.com (Jetpack 12.1; WordPress 6.1)"
152.58.189.39 - - [06/Jul/2026:08:11:23 -0700] "POST /xmlrpc.php HTTP/1.1" 403 4352 "-" "WordPress.com; https://wordpress.com"
35.235.84.95 - - [06/Jul/2026:08:11:29 -0700] "POST /wp-cron.php?doing_wp_cron=1783350689.6242868900299072265625 HTTP/1.1" 200 3587 "-" "WordPress/7.0; https://vanessavaladezrealty.com"
179.53.90.30 - - [06/Jul/2026:08:11:28 -0700] "POST /xmlrpc.php HTTP/1.1" 200 4129 "-" "Jetpack by WordPress.com (Jetpack 13.0; WordPress 6.4)"
152.58.189.39 - - [06/Jul/2026:08:11:34 -0700] "POST /xmlrpc.php HTTP/1.1" 200 4129 "-" "Jetpack/12.5; WordPress/6.3; http://site56892011.com"
179.53.90.30 - - [06/Jul/2026:08:11:39 -0700] "POST /xmlrpc.php HTTP/1.1" 403 4352 "-" "Jetpack by WordPress.com"
152.58.189.39 - - [06/Jul/2026:08:11:45 -0700] "POST /xmlrpc.php HTTP/1.1" 403 4352 "-" "WordPress.com; https://wordpress.com"
179.53.90.30 - - [06/Jul/2026:08:11:50 -0700] "POST /xmlrpc.php HTTP/1.1" 403 4352 "-" "Jetpack by WordPress.com"
152.58.189.39 - - [06/Jul/2026:08:11:56 -0700] "POST /xmlrpc.php HTTP/1.1" 200 4129 "-" "Jetpack/12.0; WordPress/6.2; http://site30737394.com"
179.53.90.30 - - [06/Jul/2026:08:12:01 -0700] "POST /xmlrpc.php HTTP/1.1" 403 4352 "-" "Jetpack by WordPress.com"
152.58.189.39 - - [06/Jul/2026:08:12:06 -0700] "POST /xmlrpc.php HTTP/1.1" 200 4129 "-" "Jetpack/13.0; WordPress/6.2; http://site14334763.com"
179.53.90.30 - - [06/Jul/2026:08:12:12 -0700] "POST /xmlrpc.php HTTP/1.1" 403 4352 "-" "WordPress.com; https://wordpress.com"
152.58.189.39 - - [06/Jul/2026:08:12:17 -0700] "POST /xmlrpc.php HTTP/1.1" 200 4129 "-" "Jetpack by WordPress.com (Jetpack 12.0; WordPress 6.4)"
179.53.90.30 - - [06/Jul/2026:08:12:23 -0700] "POST /xmlrpc.php HTTP/1.1" 403 4352 "-" "WordPress.com; https://wordpress.com"
35.235.84.95 - - [06/Jul/2026:08:12:35 -0700] "POST /wp-cron.php?doing_wp_cron=1783350755.3337290287017822265625 HTTP/1.1" 200 3587 "-" "WordPress/7.0; https://vanessavaladezrealty.com"
179.53.90.30 - - [06/Jul/2026:08:12:34 -0700] "POST /xmlrpc.php HTTP/1.1" 200 4129 "-" "Jetpack/12.0; WordPress/6.3; http://site68714905.com"
35.235.84.95 - - [06/Jul/2026:08:12:50 -0700] "POST /wp-cron.php?doing_wp_cron=1783350770.3792450428009033203125 HTTP/1.1" 200 3587 "-" "WordPress/7.0; https://vanessavaladezrealty.com"
152.58.189.39 - - [06/Jul/2026:08:12:49 -0700] "POST /xmlrpc.php HTTP/1.1" 200 4129 "-" "Jetpack by WordPress.com (Jetpack 13.0; WordPress 6.3)"
179.53.90.30 - - [06/Jul/2026:08:12:45 -0700] "POST /xmlrpc.php HTTP/1.1" 403 4352 "-" "Jetpack by WordPress.com"
152.58.189.39 - - [06/Jul/2026:08:12:41 -0700] "POST /xmlrpc.php HTTP/1.1" 200 4129 "-" "Jetpack by WordPress.com (Jetpack 13.0; WordPress 6.1)"
179.53.90.30 - - [06/Jul/2026:08:12:56 -0700] "POST /xmlrpc.php HTTP/1.1" 403 4352 "-" "Jetpack by WordPress.com"
152.58.189.39 - - [06/Jul/2026:08:13:00 -0700] "POST /xmlrpc.php HTTP/1.1" 200 4129 "-" "Jetpack by WordPress.com (Jetpack 12.0; WordPress 6.4)"
179.53.90.30 - - [06/Jul/2026:08:13:06 -0700] "POST /xmlrpc.php HTTP/1.1" 403 4352 "-" "Jetpack by WordPress.com"
152.58.189.39 - - [06/Jul/2026:08:13:10 -0700] "POST /xmlrpc.php HTTP/1.1" 403 4352 "-" "Jetpack by WordPress.com"
179.53.90.30 - - [06/Jul/2026:08:13:17 -0700] "POST /xmlrpc.php HTTP/1.1" 200 4129 "-" "Jetpack/13.0; WordPress/6.3; http://site85935438.com"
152.58.189.39 - - [06/Jul/2026:08:13:21 -0700] "POST /xmlrpc.php HTTP/1.1" 403 4352 "-" "WordPress.com; https://wordpress.com"
179.53.90.30 - - [06/Jul/2026:08:13:28 -0700] "POST /xmlrpc.php HTTP/1.1" 403 4352 "-" "Jetpack by WordPress.com"
152.58.189.39 - - [06/Jul/2026:08:13:32 -0700] "POST /xmlrpc.php HTTP/1.1" 200 4129 "-" "Jetpack by WordPress.com (Jetpack 12.1; WordPress 6.3)"
179.53.90.30 - - [06/Jul/2026:08:13:39 -0700] "POST /xmlrpc.php HTTP/1.1" 200 4129 "-" "Jetpack/12.1; WordPress/6.3; http://site66957221.com"
152.58.189.39 - - [06/Jul/2026:08:13:42 -0700] "POST /xmlrpc.php HTTP/1.1" 200 4129 "-" "Jetpack/13.0; WordPress/6.3; http://site61243697.com"
179.53.90.30 - - [06/Jul/2026:08:13:50 -0700] "POST /xmlrpc.php HTTP/1.1" 403 4352 "-" "Jetpack by WordPress.com"
152.58.189.39 - - [06/Jul/2026:08:13:53 -0700] "POST /xmlrpc.php HTTP/1.1" 403 4352 "-" "WordPress.com; https://wordpress.com"
35.235.84.95 - - [06/Jul/2026:08:14:05 -0700] "POST /wp-cron.php?doing_wp_cron=1783350845.3300070762634277343750 HTTP/1.1" 200 3587 "-" "WordPress/7.0; https://vanessavaladezrealty.com"
152.58.189.39 - - [06/Jul/2026:08:14:04 -0700] "POST /xmlrpc.php HTTP/1.1" 200 4129 "-" "Jetpack by WordPress.com (Jetpack 12.5; WordPress 6.4)"
179.53.90.30 - - [06/Jul/2026:08:14:01 -0700] "POST /xmlrpc.php HTTP/1.1" 403 4352 "-" "Jetpack by WordPress.com"
179.53.90.30 - - [06/Jul/2026:08:14:12 -0700] "POST /xmlrpc.php HTTP/1.1" 200 4129 "-" "Jetpack/13.0; WordPress/6.2; http://site56279427.com"
152.58.189.39 - - [06/Jul/2026:08:14:14 -0700] "POST /xmlrpc.php HTTP/1.1" 200 4129 "-" "Jetpack by WordPress.com (Jetpack 12.5; WordPress 6.2)"
179.53.90.30 - - [06/Jul/2026:08:14:23 -0700] "POST /xmlrpc.php HTTP/1.1" 200 4129 "-" "Jetpack/12.5; WordPress/6.4; http://site78610426.com"
179.53.90.30 - - [06/Jul/2026:08:14:34 -0700] "POST /xmlrpc.php HTTP/1.1" 200 4129 "-" "Jetpack/13.0; WordPress/6.1; http://site92166588.com"
152.58.189.39 - - [06/Jul/2026:08:14:35 -0700] "POST /xmlrpc.php HTTP/1.1" 200 4129 "-" "Jetpack by WordPress.com (Jetpack 12.0; WordPress 6.4)"
152.58.189.39 - - [06/Jul/2026:08:14:46 -0700] "POST /xmlrpc.php HTTP/1.1" 200 4129 "-" "Jetpack by WordPress.com (Jetpack 12.0; WordPress 6.3)"
179.53.90.30 - - [06/Jul/2026:08:14:45 -0700] "POST /xmlrpc.php HTTP/1.1" 200 4129 "-" "Jetpack/12.1; WordPress/6.2; http://site91963705.com"
152.58.189.39 - - [06/Jul/2026:08:14:25 -0700] "POST /xmlrpc.php HTTP/1.1" 200 4129 "-" "Jetpack/12.5; WordPress/6.2; http://site32251508.com"
35.235.84.95 - - [06/Jul/2026:08:14:56 -0700] "POST /wp-cron.php?doing_wp_cron=1783350896.3336069583892822265625 HTTP/1.1" 200 3587 "-" "WordPress/7.0; https://vanessavaladezrealty.com"
140.245.235.77 - - [06/Jul/2026:08:14:54 -0700] "POST /wp-login.php HTTP/1.1" 200 6518 "-" "Mozilla/5.0 (Windows NT 10.0; Win64; x64) AppleWebKit/537.36 (KHTML, like Gecko) Chrome/129.0.0.0 Safari/537.36"
152.58.189.39 - - [06/Jul/2026:08:14:57 -0700] "POST /xmlrpc.php HTTP/1.1" 200 4129 "-" "Jetpack/12.5; WordPress/6.2; http://site15369348.com"
140.245.235.77 - - [06/Jul/2026:08:14:54 -0700] "POST /wp-login.php HTTP/1.1" 200 6522 "-" "Mozilla/5.0 (Windows NT 10.0; Win64; x64) AppleWebKit/537.36 (KHTML, like Gecko) Chrome/129.0.0.0 Safari/537.36"
152.58.189.39 - - [06/Jul/2026:08:15:07 -0700] "POST /xmlrpc.php HTTP/1.1" 403 4352 "-" "Jetpack by WordPress.com (Jetpack 12.0; WordPress 6.4)"
140.245.235.77 - - [06/Jul/2026:08:14:54 -0700] "POST /wp-login.php HTTP/1.1" 200 6498 "-" "Mozilla/5.0 (iPhone; CPU iPhone OS 17_0 like Mac OS X) AppleWebKit/605.1.15 (KHTML, like Gecko) Version/17.0 Mobile/15E148 Safari/604.1"
152.58.189.39 - - [06/Jul/2026:08:15:18 -0700] "POST /xmlrpc.php HTTP/1.1" 200 4129 "-" "Jetpack/12.1; WordPress/6.3; http://site54662248.com"
