216.73.161.213 - - [06/Jul/2026:11:42:42 -0700] "GET /wp-login.php?redirect_to=https%3A%2F%2Fvanessavaladezrealty.com%2Fwp-admin%2Findex.php&reauth=1 HTTP/1.1" 200 8372 "http://vanessavaladezrealty.com/wp-login.php" "Mozilla/5.0 (Windows NT 11.0; Win64; x64) AppleWebKit/537.36 (KHTML, like Gecko) Chrome/121.0.0.0 Safari/537.36"
62.60.130.233 - - [06/Jul/2026:11:42:43 -0700] "GET /wp-admin/index.php HTTP/1.1" 302 3793 "https://VANESSAVALADEZREALTY.COM/wp-login.php" "Mozilla/5.0 (Macintosh; Intel Mac OS X 10.15) Gecko/20100101 Firefox/122.0"
83.99.206.172 - - [06/Jul/2026:11:42:43 -0700] "GET /properties/111-Residential-5618-Vision-Quest-Court-6-Rooms-3-Bedrooms-3-Bathrooms-USD410-000/ HTTP/1.1" 200 36669 "-" "Mozilla/5.0 (X11; Linux x86_64) AppleWebKit/537.36 (KHTML, like Gecko; GeedoShopProductFinder) Chrome/142.0.0.0 Safari/537.36"
62.60.130.233 - - [06/Jul/2026:11:42:45 -0700] "GET /wp-login.php?redirect_to=https%3A%2F%2Fvanessavaladezrealty.com%2Fwp-admin%2Findex.php&reauth=1 HTTP/1.1" 200 8372 "https://VANESSAVALADEZREALTY.COM/wp-login.php" "Mozilla/5.0 (Macintosh; Intel Mac OS X 10.15) Gecko/20100101 Firefox/122.0"
62.60.130.233 - - [06/Jul/2026:11:42:46 -0700] "POST /wp-login.php HTTP/1.1" 200 6490 "https://VANESSAVALADEZREALTY.COM/wp-login.php" "Mozilla/5.0 (X11; Linux x86_64) AppleWebKit/537.36 (KHTML, like Gecko) Chrome/119.0.6045.159 Safari/537.36"
62.60.130.233 - - [06/Jul/2026:11:42:48 -0700] "GET /wp-admin/index.php HTTP/1.1" 302 3793 "https://VANESSAVALADEZREALTY.COM/wp-login.php" "Mozilla/5.0 (X11; Linux x86_64) AppleWebKit/537.36 (KHTML, like Gecko) Chrome/119.0.6045.159 Safari/537.36"
62.60.130.233 - - [06/Jul/2026:11:42:49 -0700] "GET /wp-login.php?redirect_to=https%3A%2F%2Fvanessavaladezrealty.com%2Fwp-admin%2Findex.php&reauth=1 HTTP/1.1" 200 8372 "https://VANESSAVALADEZREALTY.COM/wp-login.php" "Mozilla/5.0 (X11; Linux x86_64) AppleWebKit/537.36 (KHTML, like Gecko) Chrome/119.0.6045.159 Safari/537.36"
62.60.130.233 - - [06/Jul/2026:11:42:51 -0700] "POST /wp-login.php HTTP/1.1" 200 6489 "https://VANESSAVALADEZREALTY.COM/wp-login.php" "Mozilla/5.0 (Macintosh; Intel Mac OS X 10.15) Gecko/20100101 Firefox/122.0"
216.73.161.213 - - [06/Jul/2026:11:42:53 -0700] "GET /wp-admin/index.php HTTP/1.1" 302 3793 "http://vanessavaladezrealty.com/wp-login.php" "Mozilla/5.0 (Macintosh; Intel Mac OS X 10_15_7) AppleWebKit/605.1.15 (KHTML, like Gecko) Version/17.1 Safari/605.1.15"
62.60.130.233 - - [06/Jul/2026:11:42:52 -0700] "GET /wp-admin/index.php HTTP/1.1" 302 3793 "https://VANESSAVALADEZREALTY.COM/wp-login.php" "Mozilla/5.0 (Macintosh; Intel Mac OS X 10.15) Gecko/20100101 Firefox/122.0"
62.60.130.233 - - [06/Jul/2026:11:42:54 -0700] "GET /wp-login.php?redirect_to=https%3A%2F%2Fvanessavaladezrealty.com%2Fwp-admin%2Findex.php&reauth=1 HTTP/1.1" 200 8372 "https://VANESSAVALADEZREALTY.COM/wp-login.php" "Mozilla/5.0 (Macintosh; Intel Mac OS X 10.15) Gecko/20100101 Firefox/122.0"
216.73.161.213 - - [06/Jul/2026:11:42:54 -0700] "GET /wp-login.php?redirect_to=https%3A%2F%2Fvanessavaladezrealty.com%2Fwp-admin%2Findex.php&reauth=1 HTTP/1.1" 200 8372 "http://vanessavaladezrealty.com/wp-login.php" "Mozilla/5.0 (Macintosh; Intel Mac OS X 10_15_7) AppleWebKit/605.1.15 (KHTML, like Gecko) Version/17.1 Safari/605.1.15"
62.60.130.233 - - [06/Jul/2026:11:42:56 -0700] "POST /wp-login.php HTTP/1.1" 200 6488 "https://VANESSAVALADEZREALTY.COM/wp-login.php" "Mozilla/5.0 (Windows NT 10.0; Win64; x64) AppleWebKit/537.36 (KHTML, like Gecko) Chrome/119.0.0.0 Safari/537.36 Edg/119.0.2151.97"
62.60.130.233 - - [06/Jul/2026:11:42:57 -0700] "GET /wp-admin/index.php HTTP/1.1" 302 3793 "https://VANESSAVALADEZREALTY.COM/wp-login.php" "Mozilla/5.0 (Windows NT 10.0; Win64; x64) AppleWebKit/537.36 (KHTML, like Gecko) Chrome/119.0.0.0 Safari/537.36 Edg/119.0.2151.97"
62.60.130.233 - - [06/Jul/2026:11:42:59 -0700] "GET /wp-login.php?redirect_to=https%3A%2F%2Fvanessavaladezrealty.com%2Fwp-admin%2Findex.php&reauth=1 HTTP/1.1" 200 8372 "https://VANESSAVALADEZREALTY.COM/wp-login.php" "Mozilla/5.0 (Windows NT 10.0; Win64; x64) AppleWebKit/537.36 (KHTML, like Gecko) Chrome/119.0.0.0 Safari/537.36 Edg/119.0.2151.97"
216.73.161.213 - - [06/Jul/2026:11:43:01 -0700] "GET /wp-admin/index.php HTTP/1.1" 302 3793 "http://vanessavaladezrealty.com/wp-login.php" "Mozilla/5.0 (Macintosh; Intel Mac OS X 10_15_7; rv:118.0) Gecko/20100101 Firefox/118.0"
62.60.130.233 - - [06/Jul/2026:11:43:03 -0700] "GET /wp-admin/index.php HTTP/1.1" 302 3793 "https://VANESSAVALADEZREALTY.COM/wp-login.php" "Mozilla/5.0 (X11; Linux x86_64) AppleWebKit/537.36 (KHTML, like Gecko) Chrome/122.0.6261.57 Safari/537.36"
216.73.161.213 - - [06/Jul/2026:11:43:03 -0700] "GET /wp-login.php?redirect_to=https%3A%2F%2Fvanessavaladezrealty.com%2Fwp-admin%2Findex.php&reauth=1 HTTP/1.1" 200 8372 "http://vanessavaladezrealty.com/wp-login.php" "Mozilla/5.0 (Macintosh; Intel Mac OS X 10_15_7; rv:118.0) Gecko/20100101 Firefox/118.0"
83.99.206.26 - - [06/Jul/2026:11:43:04 -0700] "GET /properties/127-Residential-3651-Arville-Street-426-6-Rooms-2-Bedrooms-2-Bathrooms-USD139-000/ HTTP/1.1" 200 35808 "-" "Mozilla/5.0 (X11; Linux x86_64) AppleWebKit/537.36 (KHTML, like Gecko; GeedoShopProductFinder) Chrome/142.0.0.0 Safari/537.36"
62.60.130.233 - - [06/Jul/2026:11:43:05 -0700] "GET /wp-login.php?redirect_to=https%3A%2F%2Fvanessavaladezrealty.com%2Fwp-admin%2Findex.php&reauth=1 HTTP/1.1" 200 8372 "https://VANESSAVALADEZREALTY.COM/wp-login.php" "Mozilla/5.0 (X11; Linux x86_64) AppleWebKit/537.36 (KHTML, like Gecko) Chrome/122.0.6261.57 Safari/537.36"
62.60.130.233 - - [06/Jul/2026:11:43:10 -0700] "GET /wp-admin/index.php HTTP/1.1" 302 3793 "https://VANESSAVALADEZREALTY.COM/wp-login.php" "Mozilla/5.0 (Macintosh; Intel Mac OS X 13_6_2) AppleWebKit/537.36 (KHTML, like Gecko) Chrome/119.0.6045.159 Safari/537.36"
216.73.161.213 - - [06/Jul/2026:11:43:10 -0700] "GET /wp-admin/index.php HTTP/1.1" 302 3793 "http://vanessavaladezrealty.com/wp-login.php" "Mozilla/5.0 (Macintosh; Intel Mac OS X 13_6_1; rv:121.0) Gecko/20100101 Firefox/121.0"
62.60.130.233 - - [06/Jul/2026:11:43:12 -0700] "GET /wp-login.php?redirect_to=https%3A%2F%2Fvanessavaladezrealty.com%2Fwp-admin%2Findex.php&reauth=1 HTTP/1.1" 200 8372 "https://VANESSAVALADEZREALTY.COM/wp-login.php" "Mozilla/5.0 (Macintosh; Intel Mac OS X 13_6_2) AppleWebKit/537.36 (KHTML, like Gecko) Chrome/119.0.6045.159 Safari/537.36"
216.73.161.213 - - [06/Jul/2026:11:43:12 -0700] "GET /wp-login.php?redirect_to=https%3A%2F%2Fvanessavaladezrealty.com%2Fwp-admin%2Findex.php&reauth=1 HTTP/1.1" 200 8372 "http://vanessavaladezrealty.com/wp-login.php" "Mozilla/5.0 (Macintosh; Intel Mac OS X 13_6_1; rv:121.0) Gecko/20100101 Firefox/121.0"
62.60.130.233 - - [06/Jul/2026:11:43:08 -0700] "POST /wp-login.php HTTP/1.1" 200 6489 "https://VANESSAVALADEZREALTY.COM/wp-login.php" "Mozilla/5.0 (Macintosh; Intel Mac OS X 13_6_2) AppleWebKit/537.36 (KHTML, like Gecko) Chrome/119.0.6045.159 Safari/537.36"
62.60.130.233 - - [06/Jul/2026:11:43:14 -0700] "POST /wp-login.php HTTP/1.1" 200 6493 "https://VANESSAVALADEZREALTY.COM/wp-login.php" "Mozilla/5.0 (Windows NT 11.0; Win64; x64) AppleWebKit/537.36 (KHTML, like Gecko) Chrome/119.0.6045.159 Safari/537.36"
62.60.130.233 - - [06/Jul/2026:11:43:01 -0700] "POST /wp-login.php HTTP/1.1" 200 6492 "https://VANESSAVALADEZREALTY.COM/wp-login.php" "Mozilla/5.0 (X11; Linux x86_64) AppleWebKit/537.36 (KHTML, like Gecko) Chrome/122.0.6261.57 Safari/537.36"
62.60.130.233 - - [06/Jul/2026:11:43:16 -0700] "GET /wp-admin/index.php HTTP/1.1" 302 3793 "https://VANESSAVALADEZREALTY.COM/wp-login.php" "Mozilla/5.0 (Windows NT 11.0; Win64; x64) AppleWebKit/537.36 (KHTML, like Gecko) Chrome/119.0.6045.159 Safari/537.36"
62.60.130.233 - - [06/Jul/2026:11:43:17 -0700] "GET /wp-login.php?redirect_to=https%3A%2F%2Fvanessavaladezrealty.com%2Fwp-admin%2Findex.php&reauth=1 HTTP/1.1" 200 8372 "https://VANESSAVALADEZREALTY.COM/wp-login.php" "Mozilla/5.0 (Windows NT 11.0; Win64; x64) AppleWebKit/537.36 (KHTML, like Gecko) Chrome/119.0.6045.159 Safari/537.36"
216.73.161.213 - - [06/Jul/2026:11:43:17 -0700] "GET /wp-admin/index.php HTTP/1.1" 302 3793 "http://vanessavaladezrealty.com/wp-login.php" "Mozilla/5.0 (Windows NT 10.0; Win64; x64; rv:121.0) Gecko/20100101 Firefox/121.0"
62.60.130.233 - - [06/Jul/2026:11:43:20 -0700] "GET /wp-admin/index.php HTTP/1.1" 302 3793 "https://VANESSAVALADEZREALTY.COM/wp-login.php" "Mozilla/5.0 (Windows NT 10.0; Win64; x64) Gecko/20100101 Firefox/122.0"
62.60.130.233 - - [06/Jul/2026:11:43:22 -0700] "GET /wp-login.php?redirect_to=https%3A%2F%2Fvanessavaladezrealty.com%2Fwp-admin%2Findex.php&reauth=1 HTTP/1.1" 200 8372 "https://VANESSAVALADEZREALTY.COM/wp-login.php" "Mozilla/5.0 (Windows NT 10.0; Win64; x64) Gecko/20100101 Firefox/122.0"
62.60.130.233 - - [06/Jul/2026:11:43:25 -0700] "GET /wp-admin/index.php HTTP/1.1" 302 3793 "https://VANESSAVALADEZREALTY.COM/wp-login.php" "Mozilla/5.0 (X11; Ubuntu; Linux x86_64; rv:120.0.1) Gecko/20100101 Firefox/120.0.1"
216.73.161.213 - - [06/Jul/2026:11:43:25 -0700] "GET /wp-admin/index.php HTTP/1.1" 302 3793 "http://vanessavaladezrealty.com/wp-login.php" "Mozilla/5.0 (Macintosh; Intel Mac OS X 10_15_7) AppleWebKit/605.1.15 (KHTML, like Gecko) Version/17.2 Safari/605.1.15"
62.60.130.233 - - [06/Jul/2026:11:43:26 -0700] "GET /wp-login.php?redirect_to=https%3A%2F%2Fvanessavaladezrealty.com%2Fwp-admin%2Findex.php&reauth=1 HTTP/1.1" 200 8372 "https://VANESSAVALADEZREALTY.COM/wp-login.php" "Mozilla/5.0 (X11; Ubuntu; Linux x86_64; rv:120.0.1) Gecko/20100101 Firefox/120.0.1"
216.73.161.213 - - [06/Jul/2026:11:43:27 -0700] "GET /wp-login.php?redirect_to=https%3A%2F%2Fvanessavaladezrealty.com%2Fwp-admin%2Findex.php&reauth=1 HTTP/1.1" 200 8372 "http://vanessavaladezrealty.com/wp-login.php" "Mozilla/5.0 (Macintosh; Intel Mac OS X 10_15_7) AppleWebKit/605.1.15 (KHTML, like Gecko) Version/17.2 Safari/605.1.15"
62.60.130.233 - - [06/Jul/2026:11:43:19 -0700] "POST /wp-login.php HTTP/1.1" 200 6492 "https://VANESSAVALADEZREALTY.COM/wp-login.php" "Mozilla/5.0 (Windows NT 10.0; Win64; x64) Gecko/20100101 Firefox/122.0"
62.60.130.233 - - [06/Jul/2026:11:43:24 -0700] "POST /wp-login.php HTTP/1.1" 200 6493 "https://VANESSAVALADEZREALTY.COM/wp-login.php" "Mozilla/5.0 (X11; Ubuntu; Linux x86_64; rv:120.0.1) Gecko/20100101 Firefox/120.0.1"
62.60.130.233 - - [06/Jul/2026:11:43:29 -0700] "POST /wp-login.php HTTP/1.1" 200 6489 "https://VANESSAVALADEZREALTY.COM/wp-login.php" "Mozilla/5.0 (Macintosh; Intel Mac OS X 13_6_2) AppleWebKit/537.36 (KHTML, like Gecko) Chrome/119.0.6045.159 Safari/537.36"
216.73.161.213 - - [06/Jul/2026:11:43:19 -0700] "GET /wp-login.php?redirect_to=https%3A%2F%2Fvanessavaladezrealty.com%2Fwp-admin%2Findex.php&reauth=1 HTTP/1.1" 200 8372 "http://vanessavaladezrealty.com/wp-login.php" "Mozilla/5.0 (Windows NT 10.0; Win64; x64; rv:121.0) Gecko/20100101 Firefox/121.0"
62.60.130.233 - - [06/Jul/2026:11:43:31 -0700] "GET /wp-admin/index.php HTTP/1.1" 302 3793 "https://VANESSAVALADEZREALTY.COM/wp-login.php" "Mozilla/5.0 (Macintosh; Intel Mac OS X 13_6_2) AppleWebKit/537.36 (KHTML, like Gecko) Chrome/119.0.6045.159 Safari/537.36"
62.60.130.233 - - [06/Jul/2026:11:43:32 -0700] "GET /wp-login.php?redirect_to=https%3A%2F%2Fvanessavaladezrealty.com%2Fwp-admin%2Findex.php&reauth=1 HTTP/1.1" 200 8372 "https://VANESSAVALADEZREALTY.COM/wp-login.php" "Mozilla/5.0 (Macintosh; Intel Mac OS X 13_6_2) AppleWebKit/537.36 (KHTML, like Gecko) Chrome/119.0.6045.159 Safari/537.36"
216.73.161.213 - - [06/Jul/2026:11:43:33 -0700] "GET /wp-admin/index.php HTTP/1.1" 302 3793 "http://vanessavaladezrealty.com/wp-login.php" "Mozilla/5.0 (Windows NT 10.0; Win64; x64) AppleWebKit/537.36 (KHTML, like Gecko) Chrome/120.0.0.0 Safari/537.36"
62.60.130.233 - - [06/Jul/2026:11:43:34 -0700] "POST /wp-login.php HTTP/1.1" 200 6491 "https://VANESSAVALADEZREALTY.COM/wp-login.php" "Mozilla/5.0 (X11; Ubuntu; Linux x86_64) AppleWebKit/537.36 (KHTML, like Gecko) Chrome/120.0.6099.130 Safari/537.36"
216.73.161.213 - - [06/Jul/2026:11:43:35 -0700] "GET /wp-login.php?redirect_to=https%3A%2F%2Fvanessavaladezrealty.com%2Fwp-admin%2Findex.php&reauth=1 HTTP/1.1" 200 8372 "http://vanessavaladezrealty.com/wp-login.php" "Mozilla/5.0 (Windows NT 10.0; Win64; x64) AppleWebKit/537.36 (KHTML, like Gecko) Chrome/120.0.0.0 Safari/537.36"
62.60.130.233 - - [06/Jul/2026:11:43:36 -0700] "GET /wp-admin/index.php HTTP/1.1" 302 3793 "https://VANESSAVALADEZREALTY.COM/wp-login.php" "Mozilla/5.0 (X11; Ubuntu; Linux x86_64) AppleWebKit/537.36 (KHTML, like Gecko) Chrome/120.0.6099.130 Safari/537.36"
62.60.130.233 - - [06/Jul/2026:11:43:39 -0700] "GET /wp-login.php?redirect_to=https%3A%2F%2Fvanessavaladezrealty.com%2Fwp-admin%2Findex.php&reauth=1 HTTP/1.1" 200 8372 "https://VANESSAVALADEZREALTY.COM/wp-login.php" "Mozilla/5.0 (X11; Ubuntu; Linux x86_64) AppleWebKit/537.36 (KHTML, like Gecko) Chrome/120.0.6099.130 Safari/537.36"
62.60.130.233 - - [06/Jul/2026:11:43:40 -0700] "POST /wp-login.php HTTP/1.1" 200 6493 "https://VANESSAVALADEZREALTY.COM/wp-login.php" "Mozilla/5.0 (Windows NT 10.0; Win64; x64) AppleWebKit/537.36 (KHTML, like Gecko) Chrome/121.0.0.0 Safari/537.36 Edg/121.0.2277.83"
216.73.161.213 - - [06/Jul/2026:11:43:41 -0700] "GET /wp-admin/index.php HTTP/1.1" 302 3793 "http://vanessavaladezrealty.com/wp-login.php" "Mozilla/5.0 (Windows NT 11.0; Win64; x64) AppleWebKit/537.36 (KHTML, like Gecko) Chrome/121.0.0.0 Safari/537.36"
62.60.130.233 - - [06/Jul/2026:11:43:42 -0700] "GET /wp-admin/index.php HTTP/1.1" 302 3793 "https://VANESSAVALADEZREALTY.COM/wp-login.php" "Mozilla/5.0 (Windows NT 10.0; Win64; x64) AppleWebKit/537.36 (KHTML, like Gecko) Chrome/121.0.0.0 Safari/537.36 Edg/121.0.2277.83"
62.60.130.233 - - [06/Jul/2026:11:43:43 -0700] "GET /wp-login.php?redirect_to=https%3A%2F%2Fvanessavaladezrealty.com%2Fwp-admin%2Findex.php&reauth=1 HTTP/1.1" 200 8372 "https://VANESSAVALADEZREALTY.COM/wp-login.php" "Mozilla/5.0 (Windows NT 10.0; Win64; x64) AppleWebKit/537.36 (KHTML, like Gecko) Chrome/121.0.0.0 Safari/537.36 Edg/121.0.2277.83"
216.73.161.213 - - [06/Jul/2026:11:43:43 -0700] "GET /wp-login.php?redirect_to=https%3A%2F%2Fvanessavaladezrealty.com%2Fwp-admin%2Findex.php&reauth=1 HTTP/1.1" 200 8372 "http://vanessavaladezrealty.com/wp-login.php" "Mozilla/5.0 (Windows NT 11.0; Win64; x64) AppleWebKit/537.36 (KHTML, like Gecko) Chrome/121.0.0.0 Safari/537.36"
62.60.130.233 - - [06/Jul/2026:11:43:45 -0700] "POST /wp-login.php HTTP/1.1" 200 6496 "https://VANESSAVALADEZREALTY.COM/wp-login.php" "Mozilla/5.0 (X11; Ubuntu; Linux x86_64) AppleWebKit/537.36 (KHTML, like Gecko) Chrome/120.0.6099.130 Safari/537.36"
62.60.130.233 - - [06/Jul/2026:11:43:47 -0700] "GET /wp-admin/index.php HTTP/1.1" 302 3793 "https://VANESSAVALADEZREALTY.COM/wp-login.php" "Mozilla/5.0 (X11; Ubuntu; Linux x86_64) AppleWebKit/537.36 (KHTML, like Gecko) Chrome/120.0.6099.130 Safari/537.36"
62.60.130.233 - - [06/Jul/2026:11:43:48 -0700] "GET /wp-login.php?redirect_to=https%3A%2F%2Fvanessavaladezrealty.com%2Fwp-admin%2Findex.php&reauth=1 HTTP/1.1" 200 8372 "https://VANESSAVALADEZREALTY.COM/wp-login.php" "Mozilla/5.0 (X11; Ubuntu; Linux x86_64) AppleWebKit/537.36 (KHTML, like Gecko) Chrome/120.0.6099.130 Safari/537.36"
35.235.84.95 - - [06/Jul/2026:11:43:50 -0700] "POST /wp-cron.php?doing_wp_cron=1783363430.8249559402465820312500 HTTP/1.1" 200 3587 "-" "WordPress/7.0; https://vanessavaladezrealty.com"
216.73.161.213 - - [06/Jul/2026:11:43:49 -0700] "GET /wp-admin/index.php HTTP/1.1" 302 3793 "http://vanessavaladezrealty.com/wp-login.php" "Mozilla/5.0 (Windows NT 11.0; Win64; x64) AppleWebKit/537.36 (KHTML, like Gecko) Chrome/118.0.0.0 Safari/537.36"
62.60.130.233 - - [06/Jul/2026:11:43:50 -0700] "POST /wp-login.php HTTP/1.1" 200 6492 "https://VANESSAVALADEZREALTY.COM/wp-login.php" "Mozilla/5.0 (Windows NT 10.0; Win64; x64) AppleWebKit/537.36 (KHTML, like Gecko) Chrome/121.0.0.0 Safari/537.36 Edg/121.0.2277.83"
216.73.161.213 - - [06/Jul/2026:11:43:51 -0700] "GET /wp-login.php?redirect_to=https%3A%2F%2Fvanessavaladezrealty.com%2Fwp-admin%2Findex.php&reauth=1 HTTP/1.1" 200 8372 "http://vanessavaladezrealty.com/wp-login.php" "Mozilla/5.0 (Windows NT 11.0; Win64; x64) AppleWebKit/537.36 (KHTML, like Gecko) Chrome/118.0.0.0 Safari/537.36"
62.60.130.233 - - [06/Jul/2026:11:43:52 -0700] "GET /wp-admin/index.php HTTP/1.1" 302 3793 "https://VANESSAVALADEZREALTY.COM/wp-login.php" "Mozilla/5.0 (Windows NT 10.0; Win64; x64) AppleWebKit/537.36 (KHTML, like Gecko) Chrome/121.0.0.0 Safari/537.36 Edg/121.0.2277.83"
62.60.130.233 - - [06/Jul/2026:11:43:53 -0700] "GET /wp-login.php?redirect_to=https%3A%2F%2Fvanessavaladezrealty.com%2Fwp-admin%2Findex.php&reauth=1 HTTP/1.1" 200 8372 "https://VANESSAVALADEZREALTY.COM/wp-login.php" "Mozilla/5.0 (Windows NT 10.0; Win64; x64) AppleWebKit/537.36 (KHTML, like Gecko) Chrome/121.0.0.0 Safari/537.36 Edg/121.0.2277.83"
62.60.130.233 - - [06/Jul/2026:11:43:55 -0700] "POST /wp-login.php HTTP/1.1" 200 6491 "https://VANESSAVALADEZREALTY.COM/wp-login.php" "Mozilla/5.0 (Windows NT 11.0; Win64; x64) AppleWebKit/537.36 (KHTML, like Gecko) Chrome/122.0.6261.57 Safari/537.36"
62.60.130.233 - - [06/Jul/2026:11:43:56 -0700] "GET /wp-admin/index.php HTTP/1.1" 302 3793 "https://VANESSAVALADEZREALTY.COM/wp-login.php" "Mozilla/5.0 (Windows NT 11.0; Win64; x64) AppleWebKit/537.36 (KHTML, like Gecko) Chrome/122.0.6261.57 Safari/537.36"
216.73.161.213 - - [06/Jul/2026:11:43:56 -0700] "GET /wp-admin/index.php HTTP/1.1" 302 3793 "http://vanessavaladezrealty.com/wp-login.php" "Mozilla/5.0 (Windows NT 11.0; Win64; x64) AppleWebKit/537.36 (KHTML, like Gecko) Chrome/118.0.0.0 Safari/537.36"
62.60.130.233 - - [06/Jul/2026:11:43:57 -0700] "GET /wp-login.php?redirect_to=https%3A%2F%2Fvanessavaladezrealty.com%2Fwp-admin%2Findex.php&reauth=1 HTTP/1.1" 200 8372 "https://VANESSAVALADEZREALTY.COM/wp-login.php" "Mozilla/5.0 (Windows NT 11.0; Win64; x64) AppleWebKit/537.36 (KHTML, like Gecko) Chrome/122.0.6261.57 Safari/537.36"
216.73.161.213 - - [06/Jul/2026:11:43:58 -0700] "GET /wp-login.php?redirect_to=https%3A%2F%2Fvanessavaladezrealty.com%2Fwp-admin%2Findex.php&reauth=1 HTTP/1.1" 200 8372 "http://vanessavaladezrealty.com/wp-login.php" "Mozilla/5.0 (Windows NT 11.0; Win64; x64) AppleWebKit/537.36 (KHTML, like Gecko) Chrome/118.0.0.0 Safari/537.36"
62.60.130.233 - - [06/Jul/2026:11:43:59 -0700] "POST /wp-login.php HTTP/1.1" 200 6487 "https://VANESSAVALADEZREALTY.COM/wp-login.php" "Mozilla/5.0 (X11; Ubuntu; Linux x86_64; rv:120.0.1) Gecko/20100101 Firefox/120.0.1"
62.60.130.233 - - [06/Jul/2026:11:44:00 -0700] "GET /wp-admin/index.php HTTP/1.1" 302 3793 "https://VANESSAVALADEZREALTY.COM/wp-login.php" "Mozilla/5.0 (X11; Ubuntu; Linux x86_64; rv:120.0.1) Gecko/20100101 Firefox/120.0.1"
62.60.130.233 - - [06/Jul/2026:11:44:02 -0700] "GET /wp-login.php?redirect_to=https%3A%2F%2Fvanessavaladezrealty.com%2Fwp-admin%2Findex.php&reauth=1 HTTP/1.1" 200 8372 "https://VANESSAVALADEZREALTY.COM/wp-login.php" "Mozilla/5.0 (X11; Ubuntu; Linux x86_64; rv:120.0.1) Gecko/20100101 Firefox/120.0.1"
216.73.161.213 - - [06/Jul/2026:11:44:03 -0700] "GET /wp-admin/index.php HTTP/1.1" 302 3793 "http://vanessavaladezrealty.com/wp-login.php" "Mozilla/5.0 (X11; Ubuntu; Linux x86_64) AppleWebKit/537.36 (KHTML, like Gecko) Chrome/120.0.0.0 Safari/537.36"
62.60.130.233 - - [06/Jul/2026:11:44:04 -0700] "POST /wp-login.php HTTP/1.1" 200 6487 "https://VANESSAVALADEZREALTY.COM/wp-login.php" "Mozilla/5.0 (Macintosh; Intel Mac OS X 12_6_2) AppleWebKit/605.1.15 (KHTML, like Gecko) Version/17.0 Safari/605.1.15"
62.60.130.233 - - [06/Jul/2026:11:44:05 -0700] "GET /wp-admin/index.php HTTP/1.1" 302 3793 "https://VANESSAVALADEZREALTY.COM/wp-login.php" "Mozilla/5.0 (Macintosh; Intel Mac OS X 12_6_2) AppleWebKit/605.1.15 (KHTML, like Gecko) Version/17.0 Safari/605.1.15"
216.73.161.213 - - [06/Jul/2026:11:44:05 -0700] "GET /wp-login.php?redirect_to=https%3A%2F%2Fvanessavaladezrealty.com%2Fwp-admin%2Findex.php&reauth=1 HTTP/1.1" 200 8372 "http://vanessavaladezrealty.com/wp-login.php" "Mozilla/5.0 (X11; Ubuntu; Linux x86_64) AppleWebKit/537.36 (KHTML, like Gecko) Chrome/120.0.0.0 Safari/537.36"
62.60.130.233 - - [06/Jul/2026:11:44:06 -0700] "GET /wp-login.php?redirect_to=https%3A%2F%2Fvanessavaladezrealty.com%2Fwp-admin%2Findex.php&reauth=1 HTTP/1.1" 200 8372 "https://VANESSAVALADEZREALTY.COM/wp-login.php" "Mozilla/5.0 (Macintosh; Intel Mac OS X 12_6_2) AppleWebKit/605.1.15 (KHTML, like Gecko) Version/17.0 Safari/605.1.15"
62.60.130.233 - - [06/Jul/2026:11:44:09 -0700] "POST /wp-login.php HTTP/1.1" 200 6493 "https://VANESSAVALADEZREALTY.COM/wp-login.php" "Mozilla/5.0 (Windows NT 10.0; Win64; x64) AppleWebKit/537.36 (KHTML, like Gecko) Chrome/121.0.0.0 Safari/537.36 Edg/121.0.2277.83"
62.60.130.233 - - [06/Jul/2026:11:44:10 -0700] "GET /wp-admin/index.php HTTP/1.1" 302 3793 "https://VANESSAVALADEZREALTY.COM/wp-login.php" "Mozilla/5.0 (Windows NT 10.0; Win64; x64) AppleWebKit/537.36 (KHTML, like Gecko) Chrome/121.0.0.0 Safari/537.36 Edg/121.0.2277.83"
216.73.161.213 - - [06/Jul/2026:11:44:11 -0700] "GET /wp-admin/index.php HTTP/1.1" 302 3793 "http://vanessavaladezrealty.com/wp-login.php" "Mozilla/5.0 (Windows NT 11.0; Win64; x64; rv:119.0) Gecko/20100101 Firefox/119.0"
62.60.130.233 - - [06/Jul/2026:11:44:11 -0700] "GET /wp-login.php?redirect_to=https%3A%2F%2Fvanessavaladezrealty.com%2Fwp-admin%2Findex.php&reauth=1 HTTP/1.1" 200 8372 "https://VANESSAVALADEZREALTY.COM/wp-login.php" "Mozilla/5.0 (Windows NT 10.0; Win64; x64) AppleWebKit/537.36 (KHTML, like Gecko) Chrome/121.0.0.0 Safari/537.36 Edg/121.0.2277.83"
216.73.161.213 - - [06/Jul/2026:11:44:13 -0700] "GET /wp-login.php?redirect_to=https%3A%2F%2Fvanessavaladezrealty.com%2Fwp-admin%2Findex.php&reauth=1 HTTP/1.1" 200 8372 "http://vanessavaladezrealty.com/wp-login.php" "Mozilla/5.0 (Windows NT 11.0; Win64; x64; rv:119.0) Gecko/20100101 Firefox/119.0"
62.60.130.233 - - [06/Jul/2026:11:44:15 -0700] "GET /wp-admin/index.php HTTP/1.1" 302 3793 "https://VANESSAVALADEZREALTY.COM/wp-login.php" "Mozilla/5.0 (X11; Linux x86_64) Gecko/20100101 Firefox/121.0"
62.60.130.233 - - [06/Jul/2026:11:44:16 -0700] "GET /wp-login.php?redirect_to=https%3A%2F%2Fvanessavaladezrealty.com%2Fwp-admin%2Findex.php&reauth=1 HTTP/1.1" 200 8372 "https://VANESSAVALADEZREALTY.COM/wp-login.php" "Mozilla/5.0 (X11; Linux x86_64) Gecko/20100101 Firefox/121.0"
62.60.130.233 - - [06/Jul/2026:11:44:20 -0700] "GET /wp-admin/index.php HTTP/1.1" 302 3793 "https://VANESSAVALADEZREALTY.COM/wp-login.php" "Mozilla/5.0 (Windows NT 10.0; Win64; x64) AppleWebKit/537.36 (KHTML, like Gecko) Chrome/121.0.0.0 Safari/537.36 Edg/121.0.2277.83"
216.73.161.213 - - [06/Jul/2026:11:44:20 -0700] "GET /wp-admin/index.php HTTP/1.1" 302 3793 "http://vanessavaladezrealty.com/wp-login.php" "Mozilla/5.0 (Macintosh; Intel Mac OS X 13_6_1) AppleWebKit/537.36 (KHTML, like Gecko) Chrome/118.0.0.0 Safari/537.36"
62.60.130.233 - - [06/Jul/2026:11:44:21 -0700] "GET /wp-login.php?redirect_to=https%3A%2F%2Fvanessavaladezrealty.com%2Fwp-admin%2Findex.php&reauth=1 HTTP/1.1" 200 8372 "https://VANESSAVALADEZREALTY.COM/wp-login.php" "Mozilla/5.0 (Windows NT 10.0; Win64; x64) AppleWebKit/537.36 (KHTML, like Gecko) Chrome/121.0.0.0 Safari/537.36 Edg/121.0.2277.83"
216.73.161.213 - - [06/Jul/2026:11:44:22 -0700] "GET /wp-login.php?redirect_to=https%3A%2F%2Fvanessavaladezrealty.com%2Fwp-admin%2Findex.php&reauth=1 HTTP/1.1" 200 8372 "http://vanessavaladezrealty.com/wp-login.php" "Mozilla/5.0 (Macintosh; Intel Mac OS X 13_6_1) AppleWebKit/537.36 (KHTML, like Gecko) Chrome/118.0.0.0 Safari/537.36"
62.60.130.233 - - [06/Jul/2026:11:44:13 -0700] "POST /wp-login.php HTTP/1.1" 200 6496 "https://VANESSAVALADEZREALTY.COM/wp-login.php" "Mozilla/5.0 (X11; Linux x86_64) Gecko/20100101 Firefox/121.0"
62.60.130.233 - - [06/Jul/2026:11:44:18 -0700] "POST /wp-login.php HTTP/1.1" 200 6430 "https://VANESSAVALADEZREALTY.COM/wp-login.php" "Mozilla/5.0 (Windows NT 10.0; Win64; x64) AppleWebKit/537.36 (KHTML, like Gecko) Chrome/121.0.0.0 Safari/537.36 Edg/121.0.2277.83"
62.60.130.233 - - [06/Jul/2026:11:44:24 -0700] "POST /wp-login.php HTTP/1.1" 200 6492 "https://VANESSAVALADEZREALTY.COM/wp-login.php" "Mozilla/5.0 (X11; Linux x86_64) AppleWebKit/537.36 (KHTML, like Gecko) Chrome/119.0.6045.159 Safari/537.36"
62.60.130.233 - - [06/Jul/2026:11:44:25 -0700] "GET /wp-admin/index.php HTTP/1.1" 302 3793 "https://VANESSAVALADEZREALTY.COM/wp-login.php" "Mozilla/5.0 (X11; Linux x86_64) AppleWebKit/537.36 (KHTML, like Gecko) Chrome/119.0.6045.159 Safari/537.36"
62.60.130.233 - - [06/Jul/2026:11:44:27 -0700] "GET /wp-login.php?redirect_to=https%3A%2F%2Fvanessavaladezrealty.com%2Fwp-admin%2Findex.php&reauth=1 HTTP/1.1" 200 8372 "https://VANESSAVALADEZREALTY.COM/wp-login.php" "Mozilla/5.0 (X11; Linux x86_64) AppleWebKit/537.36 (KHTML, like Gecko) Chrome/119.0.6045.159 Safari/537.36"
62.60.130.233 - - [06/Jul/2026:11:44:28 -0700] "POST /wp-login.php HTTP/1.1" 200 6492 "https://VANESSAVALADEZREALTY.COM/wp-login.php" "Mozilla/5.0 (X11; Ubuntu; Linux x86_64) AppleWebKit/537.36 (KHTML, like Gecko) Chrome/121.0.6167.85 Safari/537.36"
62.60.130.233 - - [06/Jul/2026:11:44:30 -0700] "GET /wp-admin/index.php HTTP/1.1" 302 3793 "https://VANESSAVALADEZREALTY.COM/wp-login.php" "Mozilla/5.0 (X11; Ubuntu; Linux x86_64) AppleWebKit/537.36 (KHTML, like Gecko) Chrome/121.0.6167.85 Safari/537.36"
62.60.130.233 - - [06/Jul/2026:11:44:31 -0700] "GET /wp-login.php?redirect_to=https%3A%2F%2Fvanessavaladezrealty.com%2Fwp-admin%2Findex.php&reauth=1 HTTP/1.1" 200 8372 "https://VANESSAVALADEZREALTY.COM/wp-login.php" "Mozilla/5.0 (X11; Ubuntu; Linux x86_64) AppleWebKit/537.36 (KHTML, like Gecko) Chrome/121.0.6167.85 Safari/537.36"
62.60.130.233 - - [06/Jul/2026:11:44:33 -0700] "POST /wp-login.php HTTP/1.1" 200 6496 "https://VANESSAVALADEZREALTY.COM/wp-login.php" "Mozilla/5.0 (Windows NT 10.0; Win64; x64) AppleWebKit/537.36 (KHTML, like Gecko) Chrome/120.0.0.0 Safari/537.36 Edg/120.0.2210.133"
216.73.161.213 - - [06/Jul/2026:11:44:34 -0700] "GET /wp-admin/index.php HTTP/1.1" 302 3793 "http://vanessavaladezrealty.com/wp-login.php" "Mozilla/5.0 (Macintosh; Intel Mac OS X 13_6_1) AppleWebKit/537.36 (KHTML, like Gecko) Chrome/119.0.0.0 Safari/537.36"
62.60.130.233 - - [06/Jul/2026:11:44:34 -0700] "GET /wp-admin/index.php HTTP/1.1" 302 3793 "https://VANESSAVALADEZREALTY.COM/wp-login.php" "Mozilla/5.0 (Windows NT 10.0; Win64; x64) AppleWebKit/537.36 (KHTML, like Gecko) Chrome/120.0.0.0 Safari/537.36 Edg/120.0.2210.133"
216.73.161.213 - - [06/Jul/2026:11:44:35 -0700] "GET /wp-login.php?redirect_to=https%3A%2F%2Fvanessavaladezrealty.com%2Fwp-admin%2Findex.php&reauth=1 HTTP/1.1" 200 8372 "http://vanessavaladezrealty.com/wp-login.php" "Mozilla/5.0 (Macintosh; Intel Mac OS X 13_6_1) AppleWebKit/537.36 (KHTML, like Gecko) Chrome/119.0.0.0 Safari/537.36"
62.60.130.233 - - [06/Jul/2026:11:44:36 -0700] "GET /wp-login.php?redirect_to=https%3A%2F%2Fvanessavaladezrealty.com%2Fwp-admin%2Findex.php&reauth=1 HTTP/1.1" 200 8372 "https://VANESSAVALADEZREALTY.COM/wp-login.php" "Mozilla/5.0 (Windows NT 10.0; Win64; x64) AppleWebKit/537.36 (KHTML, like Gecko) Chrome/120.0.0.0 Safari/537.36 Edg/120.0.2210.133"
62.60.130.233 - - [06/Jul/2026:11:44:38 -0700] "POST /wp-login.php HTTP/1.1" 200 6489 "https://VANESSAVALADEZREALTY.COM/wp-login.php" "Mozilla/5.0 (X11; Linux x86_64) AppleWebKit/537.36 (KHTML, like Gecko) Chrome/120.0.6099.130 Safari/537.36"
62.60.130.233 - - [06/Jul/2026:11:44:39 -0700] "GET /wp-admin/index.php HTTP/1.1" 302 3793 "https://VANESSAVALADEZREALTY.COM/wp-login.php" "Mozilla/5.0 (X11; Linux x86_64) AppleWebKit/537.36 (KHTML, like Gecko) Chrome/120.0.6099.130 Safari/537.36"
216.73.161.213 - - [06/Jul/2026:11:44:39 -0700] "GET /wp-admin/index.php HTTP/1.1" 302 3793 "http://vanessavaladezrealty.com/wp-login.php" "Mozilla/5.0 (Macintosh; Intel Mac OS X 13_6_1; rv:119.0) Gecko/20100101 Firefox/119.0"
62.60.130.233 - - [06/Jul/2026:11:44:40 -0700] "GET /wp-login.php?redirect_to=https%3A%2F%2Fvanessavaladezrealty.com%2Fwp-admin%2Findex.php&reauth=1 HTTP/1.1" 200 8372 "https://VANESSAVALADEZREALTY.COM/wp-login.php" "Mozilla/5.0 (X11; Linux x86_64) AppleWebKit/537.36 (KHTML, like Gecko) Chrome/120.0.6099.130 Safari/537.36"
216.73.161.213 - - [06/Jul/2026:11:44:41 -0700] "GET /wp-login.php?redirect_to=https%3A%2F%2Fvanessavaladezrealty.com%2Fwp-admin%2Findex.php&reauth=1 HTTP/1.1" 200 8372 "http://vanessavaladezrealty.com/wp-login.php" "Mozilla/5.0 (Macintosh; Intel Mac OS X 13_6_1; rv:119.0) Gecko/20100101 Firefox/119.0"
62.60.130.233 - - [06/Jul/2026:11:44:42 -0700] "POST /wp-login.php HTTP/1.1" 200 6488 "https://VANESSAVALADEZREALTY.COM/wp-login.php" "Mozilla/5.0 (Macintosh; Intel Mac OS X 10.15) Gecko/20100101 Firefox/118.0.2"
62.60.130.233 - - [06/Jul/2026:11:44:44 -0700] "GET /wp-admin/index.php HTTP/1.1" 302 3793 "https://VANESSAVALADEZREALTY.COM/wp-login.php" "Mozilla/5.0 (Macintosh; Intel Mac OS X 10.15) Gecko/20100101 Firefox/118.0.2"
62.60.130.233 - - [06/Jul/2026:11:44:45 -0700] "GET /wp-login.php?redirect_to=https%3A%2F%2Fvanessavaladezrealty.com%2Fwp-admin%2Findex.php&reauth=1 HTTP/1.1" 200 8372 "https://VANESSAVALADEZREALTY.COM/wp-login.php" "Mozilla/5.0 (Macintosh; Intel Mac OS X 10.15) Gecko/20100101 Firefox/118.0.2"
216.73.161.213 - - [06/Jul/2026:11:44:45 -0700] "GET /wp-admin/index.php HTTP/1.1" 302 3793 "http://vanessavaladezrealty.com/wp-login.php" "Mozilla/5.0 (Windows NT 11.0; Win64; x64; rv:120.0) Gecko/20100101 Firefox/120.0"
216.73.161.213 - - [06/Jul/2026:11:44:47 -0700] "GET /wp-login.php?redirect_to=https%3A%2F%2Fvanessavaladezrealty.com%2Fwp-admin%2Findex.php&reauth=1 HTTP/1.1" 200 8372 "http://vanessavaladezrealty.com/wp-login.php" "Mozilla/5.0 (Windows NT 11.0; Win64; x64; rv:120.0) Gecko/20100101 Firefox/120.0"
35.235.84.95 - - [06/Jul/2026:11:44:50 -0700] "POST /wp-cron.php?doing_wp_cron=1783363490.2311530113220214843750 HTTP/1.1" 200 3587 "-" "WordPress/7.0; https://vanessavaladezrealty.com"
62.60.130.233 - - [06/Jul/2026:11:44:49 -0700] "GET /wp-admin/index.php HTTP/1.1" 302 3793 "https://VANESSAVALADEZREALTY.COM/wp-login.php" "Mozilla/5.0 (X11; Ubuntu; Linux x86_64) AppleWebKit/537.36 (KHTML, like Gecko) Chrome/119.0.6045.159 Safari/537.36"
62.60.130.233 - - [06/Jul/2026:11:44:50 -0700] "GET /wp-login.php?redirect_to=https%3A%2F%2Fvanessavaladezrealty.com%2Fwp-admin%2Findex.php&reauth=1 HTTP/1.1" 200 8372 "https://VANESSAVALADEZREALTY.COM/wp-login.php" "Mozilla/5.0 (X11; Ubuntu; Linux x86_64) AppleWebKit/537.36 (KHTML, like Gecko) Chrome/119.0.6045.159 Safari/537.36"
216.73.161.213 - - [06/Jul/2026:11:44:53 -0700] "GET /wp-admin/index.php HTTP/1.1" 302 3793 "http://vanessavaladezrealty.com/wp-login.php" "Mozilla/5.0 (Windows NT 10.0; Win64; x64) AppleWebKit/537.36 (KHTML, like Gecko) Chrome/121.0.0.0 Safari/537.36"
62.60.130.233 - - [06/Jul/2026:11:44:54 -0700] "GET /wp-admin/index.php HTTP/1.1" 302 3793 "https://VANESSAVALADEZREALTY.COM/wp-login.php" "Mozilla/5.0 (X11; Ubuntu; Linux x86_64; rv:118.0.2) Gecko/20100101 Firefox/118.0.2"
62.60.130.233 - - [06/Jul/2026:11:44:47 -0700] "POST /wp-login.php HTTP/1.1" 200 6499 "https://VANESSAVALADEZREALTY.COM/wp-login.php" "Mozilla/5.0 (X11; Ubuntu; Linux x86_64) AppleWebKit/537.36 (KHTML, like Gecko) Chrome/119.0.6045.159 Safari/537.36"
62.60.130.233 - - [06/Jul/2026:11:44:53 -0700] "POST /wp-login.php HTTP/1.1" 200 6489 "https://VANESSAVALADEZREALTY.COM/wp-login.php" "Mozilla/5.0 (X11; Ubuntu; Linux x86_64; rv:118.0.2) Gecko/20100101 Firefox/118.0.2"
62.60.130.233 - - [06/Jul/2026:11:44:56 -0700] "GET /wp-login.php?redirect_to=https%3A%2F%2Fvanessavaladezrealty.com%2Fwp-admin%2Findex.php&reauth=1 HTTP/1.1" 200 8372 "https://VANESSAVALADEZREALTY.COM/wp-login.php" "Mozilla/5.0 (X11; Ubuntu; Linux x86_64; rv:118.0.2) Gecko/20100101 Firefox/118.0.2"
216.73.161.213 - - [06/Jul/2026:11:44:56 -0700] "GET /wp-login.php?redirect_to=https%3A%2F%2Fvanessavaladezrealty.com%2Fwp-admin%2Findex.php&reauth=1 HTTP/1.1" 200 8372 "http://vanessavaladezrealty.com/wp-login.php" "Mozilla/5.0 (Windows NT 10.0; Win64; x64) AppleWebKit/537.36 (KHTML, like Gecko) Chrome/121.0.0.0 Safari/537.36"
62.60.130.233 - - [06/Jul/2026:11:44:59 -0700] "GET /wp-admin/index.php HTTP/1.1" 302 3793 "https://VANESSAVALADEZREALTY.COM/wp-login.php" "Mozilla/5.0 (Windows NT 10.0; Win64; x64) AppleWebKit/537.36 (KHTML, like Gecko) Chrome/121.0.0.0 Safari/537.36 Edg/121.0.2277.83"
62.60.130.233 - - [06/Jul/2026:11:45:01 -0700] "GET /wp-login.php?redirect_to=https%3A%2F%2Fvanessavaladezrealty.com%2Fwp-admin%2Findex.php&reauth=1 HTTP/1.1" 200 8372 "https://VANESSAVALADEZREALTY.COM/wp-login.php" "Mozilla/5.0 (Windows NT 10.0; Win64; x64) AppleWebKit/537.36 (KHTML, like Gecko) Chrome/121.0.0.0 Safari/537.36 Edg/121.0.2277.83"
62.60.130.233 - - [06/Jul/2026:11:45:04 -0700] "GET /wp-admin/index.php HTTP/1.1" 302 3793 "https://VANESSAVALADEZREALTY.COM/wp-login.php" "Mozilla/5.0 (Macintosh; Intel Mac OS X 13_6_1) AppleWebKit/605.1.15 (KHTML, like Gecko) Version/17.0 Safari/605.1.15"
62.60.130.233 - - [06/Jul/2026:11:45:05 -0700] "GET /wp-login.php?redirect_to=https%3A%2F%2Fvanessavaladezrealty.com%2Fwp-admin%2Findex.php&reauth=1 HTTP/1.1" 200 8372 "https://VANESSAVALADEZREALTY.COM/wp-login.php" "Mozilla/5.0 (Macintosh; Intel Mac OS X 13_6_1) AppleWebKit/605.1.15 (KHTML, like Gecko) Version/17.0 Safari/605.1.15"
62.60.130.233 - - [06/Jul/2026:11:44:58 -0700] "POST /wp-login.php HTTP/1.1" 200 6495 "https://VANESSAVALADEZREALTY.COM/wp-login.php" "Mozilla/5.0 (Windows NT 10.0; Win64; x64) AppleWebKit/537.36 (KHTML, like Gecko) Chrome/121.0.0.0 Safari/537.36 Edg/121.0.2277.83"
62.60.130.233 - - [06/Jul/2026:11:45:03 -0700] "POST /wp-login.php HTTP/1.1" 200 6487 "https://VANESSAVALADEZREALTY.COM/wp-login.php" "Mozilla/5.0 (Macintosh; Intel Mac OS X 13_6_1) AppleWebKit/605.1.15 (KHTML, like Gecko) Version/17.0 Safari/605.1.15"
62.60.130.233 - - [06/Jul/2026:11:45:07 -0700] "POST /wp-login.php HTTP/1.1" 200 6487 "https://VANESSAVALADEZREALTY.COM/wp-login.php" "Mozilla/5.0 (Macintosh; Intel Mac OS X 10.15) Gecko/20100101 Firefox/122.0"
62.60.130.233 - - [06/Jul/2026:11:45:08 -0700] "GET /wp-admin/index.php HTTP/1.1" 302 3793 "https://VANESSAVALADEZREALTY.COM/wp-login.php" "Mozilla/5.0 (Macintosh; Intel Mac OS X 10.15) Gecko/20100101 Firefox/122.0"
62.60.130.233 - - [06/Jul/2026:11:45:10 -0700] "GET /wp-login.php?redirect_to=https%3A%2F%2Fvanessavaladezrealty.com%2Fwp-admin%2Findex.php&reauth=1 HTTP/1.1" 200 8372 "https://VANESSAVALADEZREALTY.COM/wp-login.php" "Mozilla/5.0 (Macintosh; Intel Mac OS X 10.15) Gecko/20100101 Firefox/122.0"
62.60.130.233 - - [06/Jul/2026:11:45:12 -0700] "POST /wp-login.php HTTP/1.1" 200 6488 "https://VANESSAVALADEZREALTY.COM/wp-login.php" "Mozilla/5.0 (Macintosh; Intel Mac OS X 10_15_7) AppleWebKit/537.36 (KHTML, like Gecko) Chrome/121.0.6167.85 Safari/537.36"
62.60.130.233 - - [06/Jul/2026:11:45:13 -0700] "GET /wp-admin/index.php HTTP/1.1" 302 3793 "https://VANESSAVALADEZREALTY.COM/wp-login.php" "Mozilla/5.0 (Macintosh; Intel Mac OS X 10_15_7) AppleWebKit/537.36 (KHTML, like Gecko) Chrome/121.0.6167.85 Safari/537.36"
62.60.130.233 - - [06/Jul/2026:11:45:14 -0700] "GET /wp-login.php?redirect_to=https%3A%2F%2Fvanessavaladezrealty.com%2Fwp-admin%2Findex.php&reauth=1 HTTP/1.1" 200 8372 "https://VANESSAVALADEZREALTY.COM/wp-login.php" "Mozilla/5.0 (Macintosh; Intel Mac OS X 10_15_7) AppleWebKit/537.36 (KHTML, like Gecko) Chrome/121.0.6167.85 Safari/537.36"
62.60.130.233 - - [06/Jul/2026:11:45:16 -0700] "POST /wp-login.php HTTP/1.1" 200 6488 "https://VANESSAVALADEZREALTY.COM/wp-login.php" "Mozilla/5.0 (X11; Linux x86_64) AppleWebKit/537.36 (KHTML, like Gecko) Chrome/120.0.6099.130 Safari/537.36"
62.60.130.233 - - [06/Jul/2026:11:45:17 -0700] "GET /wp-admin/index.php HTTP/1.1" 302 3793 "https://VANESSAVALADEZREALTY.COM/wp-login.php" "Mozilla/5.0 (X11; Linux x86_64) AppleWebKit/537.36 (KHTML, like Gecko) Chrome/120.0.6099.130 Safari/537.36"
62.60.130.233 - - [06/Jul/2026:11:45:18 -0700] "GET /wp-login.php?redirect_to=https%3A%2F%2Fvanessavaladezrealty.com%2Fwp-admin%2Findex.php&reauth=1 HTTP/1.1" 200 8372 "https://VANESSAVALADEZREALTY.COM/wp-login.php" "Mozilla/5.0 (X11; Linux x86_64) AppleWebKit/537.36 (KHTML, like Gecko) Chrome/120.0.6099.130 Safari/537.36"
83.99.206.210 - - [06/Jul/2026:11:45:25 -0700] "GET /properties/93-Residential-5520-Orchard-Lane-120-4-Rooms-2-Bedrooms-2-Bathrooms-USD175-000/ HTTP/1.1" 200 33557 "-" "Mozilla/5.0 (X11; Linux x86_64) AppleWebKit/537.36 (KHTML, like Gecko; GeedoShopProductFinder) Chrome/142.0.0.0 Safari/537.36"
83.99.206.240 - - [06/Jul/2026:11:45:45 -0700] "GET /properties/122-Residential-1130-Silver-Stone-Way-10-Rooms-5-Bedrooms-3-Bathrooms-USD430-000/ HTTP/1.1" 200 37053 "-" "Mozilla/5.0 (X11; Linux x86_64) AppleWebKit/537.36 (KHTML, like Gecko; GeedoShopProductFinder) Chrome/142.0.0.0 Safari/537.36"
35.235.84.95 - - [06/Jul/2026:11:46:07 -0700] "POST /wp-cron.php?doing_wp_cron=1783363567.5667860507965087890625 HTTP/1.1" 200 3587 "-" "WordPress/7.0; https://vanessavaladezrealty.com"
83.99.206.217 - - [06/Jul/2026:11:46:06 -0700] "GET /properties/128-Residential-8774-Stockholm-Avenue-9-Rooms-3-Bedrooms-3-Bathrooms-USD698-000/ HTTP/1.1" 200 37543 "-" "Mozilla/5.0 (X11; Linux x86_64) AppleWebKit/537.36 (KHTML, like Gecko; GeedoShopProductFinder) Chrome/142.0.0.0 Safari/537.36"
35.235.84.95 - - [06/Jul/2026:11:46:27 -0700] "POST /wp-cron.php?doing_wp_cron=1783363587.8524920940399169921875 HTTP/1.1" 200 3587 "-" "WordPress/7.0; https://vanessavaladezrealty.com"
83.99.206.217 - - [06/Jul/2026:11:46:26 -0700] "GET /properties/117-Residential-10792-Ascona-Tide-Court-5-Rooms-4-Bedrooms-4-Bathrooms-USD499-900/ HTTP/1.1" 200 37533 "-" "Mozilla/5.0 (X11; Linux x86_64) AppleWebKit/537.36 (KHTML, like Gecko; GeedoShopProductFinder) Chrome/142.0.0.0 Safari/537.36"
83.99.206.217 - - [06/Jul/2026:11:46:45 -0700] "GET /properties/139-Residential-Lease-1900-North-Torrey-Pines-Drive-106-5-Rooms-2-Bedrooms-2-Bathrooms-USD1-350/ HTTP/1.1" 200 35827 "-" "Mozilla/5.0 (X11; Linux x86_64) AppleWebKit/537.36 (KHTML, like Gecko; GeedoShopProductFinder) Chrome/142.0.0.0 Safari/537.36"
83.99.206.146 - - [06/Jul/2026:11:47:05 -0700] "GET /properties/121-Residential-3716-Blue-Dawn-Drive-7-Rooms-3-Bedrooms-2-Bathrooms-USD330-000/ HTTP/1.1" 200 35791 "-" "Mozilla/5.0 (X11; Linux x86_64) AppleWebKit/537.36 (KHTML, like Gecko; GeedoShopProductFinder) Chrome/142.0.0.0 Safari/537.36"
35.235.84.95 - - [06/Jul/2026:11:47:38 -0700] "POST /wp-cron.php?doing_wp_cron=1783363658.2959969043731689453125 HTTP/1.1" 200 3587 "-" "WordPress/7.0; https://vanessavaladezrealty.com"
154.78.229.100 - - [06/Jul/2026:11:47:36 -0700] "GET /properties/?pid=133&wplview=property_show HTTP/1.1" 200 37028 "-" "Mozilla/5.0 (Macintosh; Intel Mac OS X 10_13_6) AppleWebKit/537.36 (KHTML, like Gecko) Chrome/94.0.4606.71 Safari/537.36"
35.235.84.95 - - [06/Jul/2026:11:49:31 -0700] "POST /wp-cron.php?doing_wp_cron=1783363771.3829009532928466796875 HTTP/1.1" 200 3587 "-" "WordPress/7.0; https://vanessavaladezrealty.com"
83.99.206.217 - - [06/Jul/2026:11:49:29 -0700] "GET /properties/120-Residential-737-Taft-Court-5-Rooms-3-Bedrooms-2-Bathrooms-USD284-999/ HTTP/1.1" 200 37163 "-" "Mozilla/5.0 (X11; Linux x86_64) AppleWebKit/537.36 (KHTML, like Gecko; GeedoShopProductFinder) Chrome/142.0.0.0 Safari/537.36"
35.235.84.95 - - [06/Jul/2026:11:49:52 -0700] "POST /wp-cron.php?doing_wp_cron=1783363792.4243071079254150390625 HTTP/1.1" 200 3587 "-" "WordPress/7.0; https://vanessavaladezrealty.com"
83.99.206.30 - - [06/Jul/2026:11:49:50 -0700] "GET /properties/vanessavaladez/?wplpage=1 HTTP/1.1" 200 32776 "-" "Mozilla/5.0 (X11; Linux x86_64) AppleWebKit/537.36 (KHTML, like Gecko; GeedoShopProductFinder) Chrome/142.0.0.0 Safari/537.36"
83.99.206.76 - - [06/Jul/2026:11:50:10 -0700] "GET /properties/?wplview=property_show&pid=114 HTTP/1.1" 200 38016 "-" "Mozilla/5.0 (X11; Linux x86_64) AppleWebKit/537.36 (KHTML, like Gecko; GeedoShopProductFinder) Chrome/142.0.0.0 Safari/537.36"
83.99.206.92 - - [06/Jul/2026:11:50:29 -0700] "GET /properties/110-Residential-Lease-10013-Alegria-Drive-8-Rooms-3-Bedrooms-3-Bathrooms-USD4-499/ HTTP/1.1" 200 37014 "-" "Mozilla/5.0 (X11; Linux x86_64) AppleWebKit/537.36 (KHTML, like Gecko; GeedoShopProductFinder) Chrome/142.0.0.0 Safari/537.36"
35.235.84.95 - - [06/Jul/2026:11:50:51 -0700] "POST /wp-cron.php?doing_wp_cron=1783363851.4394040107727050781250 HTTP/1.1" 200 3587 "-" "WordPress/7.0; https://vanessavaladezrealty.com"
83.99.206.217 - - [06/Jul/2026:11:50:49 -0700] "GET /properties/98-Residential-4304-Hanford-Avenue-5-Rooms-3-Bedrooms-2-Bathrooms-USD330-000/ HTTP/1.1" 200 37026 "-" "Mozilla/5.0 (X11; Linux x86_64) AppleWebKit/537.36 (KHTML, like Gecko; GeedoShopProductFinder) Chrome/142.0.0.0 Safari/537.36"
83.99.206.217 - - [06/Jul/2026:11:51:10 -0700] "GET /properties/?wplview=property_show&pid=118 HTTP/1.1" 200 35626 "-" "Mozilla/5.0 (X11; Linux x86_64) AppleWebKit/537.36 (KHTML, like Gecko; GeedoShopProductFinder) Chrome/142.0.0.0 Safari/537.36"
35.235.84.95 - - [06/Jul/2026:11:53:32 -0700] "POST /wp-cron.php?doing_wp_cron=1783364012.1246080398559570312500 HTTP/1.1" 200 3587 "-" "WordPress/7.0; https://vanessavaladezrealty.com"
83.99.206.63 - - [06/Jul/2026:11:53:30 -0700] "GET /properties/vanessavaladez/?wplpage=2 HTTP/1.1" 200 33526 "-" "Mozilla/5.0 (X11; Linux x86_64) AppleWebKit/537.36 (KHTML, like Gecko; GeedoShopProductFinder) Chrome/142.0.0.0 Safari/537.36"
83.99.206.63 - - [06/Jul/2026:11:53:49 -0700] "GET /properties/?wplview=property_show&pid=137 HTTP/1.1" 200 36531 "-" "Mozilla/5.0 (X11; Linux x86_64) AppleWebKit/537.36 (KHTML, like Gecko; GeedoShopProductFinder) Chrome/142.0.0.0 Safari/537.36"
83.99.206.63 - - [06/Jul/2026:11:54:10 -0700] "GET /properties/vanessavaladez/?wplpage=5 HTTP/1.1" 200 30397 "-" "Mozilla/5.0 (X11; Linux x86_64) AppleWebKit/537.36 (KHTML, like Gecko; GeedoShopProductFinder) Chrome/142.0.0.0 Safari/537.36"
83.99.206.63 - - [06/Jul/2026:11:54:30 -0700] "GET /properties/116-Residential-4575-Dean-Martin-Drive-305-5-Rooms-2-Bedrooms-3-Bathrooms-USD578-000/ HTTP/1.1" 200 38683 "-" "Mozilla/5.0 (X11; Linux x86_64) AppleWebKit/537.36 (KHTML, like Gecko; GeedoShopProductFinder) Chrome/142.0.0.0 Safari/537.36"
35.235.84.95 - - [06/Jul/2026:11:54:51 -0700] "POST /wp-cron.php?doing_wp_cron=1783364091.0252580642700195312500 HTTP/1.1" 200 3587 "-" "WordPress/7.0; https://vanessavaladezrealty.com"
83.99.206.63 - - [06/Jul/2026:11:54:49 -0700] "GET /properties/?wplview=property_show&pid=104 HTTP/1.1" 200 36154 "-" "Mozilla/5.0 (X11; Linux x86_64) AppleWebKit/537.36 (KHTML, like Gecko; GeedoShopProductFinder) Chrome/142.0.0.0 Safari/537.36"
114.119.140.206 - - [06/Jul/2026:11:55:00 -0700] "GET /robots.txt HTTP/1.1" 200 4273 "https://vanessavaladezrealty.com/robots.txt" "Mozilla/5.0 (Windows NT 10.0; Win64; x64) AppleWebKit/537.36 (KHTML, like Gecko) Chrome/148.0.0.0 Safari/537.36"
35.235.84.95 - - [06/Jul/2026:11:58:45 -0700] "POST /wp-cron.php?doing_wp_cron=1783364325.1977601051330566406250 HTTP/1.1" 200 3587 "-" "WordPress/7.0; https://vanessavaladezrealty.com"
37.205.119.34 - - [06/Jul/2026:11:58:43 -0700] "GET /properties/?pid=128&wplview=property_show HTTP/1.1" 200 37548 "-" "Mozilla/5.0 (Windows NT 6.1; Win64; x64) AppleWebKit/537.36 (KHTML, like Gecko) Chrome/66.0.3359.117 Safari/537.36"
78.142.18.172 - - [06/Jul/2026:11:59:00 -0700] "GET /wp-login.php HTTP/1.1" 200 6366 "-" "Mozilla/5.0 (Windows NT 10.0; Win64; x64) AppleWebKit/537.36 (KHTML, like Gecko) Chrome/133.0.0.0 Safari/537.36 Edg/133.0.0.0"
78.142.18.172 - - [06/Jul/2026:11:59:01 -0700] "POST /wp-login.php HTTP/1.1" 200 6452 "https://vanessavaladezrealty.com/wp-login.php" "Mozilla/5.0 (Windows NT 10.0; Win64; x64) AppleWebKit/537.36 (KHTML, like Gecko) Chrome/133.0.0.0 Safari/537.36 Edg/133.0.0.0"
35.235.84.95 - - [06/Jul/2026:11:59:58 -0700] "POST /wp-cron.php?doing_wp_cron=1783364398.7821040153503417968750 HTTP/1.1" 200 3587 "-" "WordPress/7.0; https://vanessavaladezrealty.com"
41.13.11.5 - - [06/Jul/2026:11:59:57 -0700] "GET /properties/?pid=115&wplview=property_show HTTP/1.1" 200 36131 "-" "Mozilla/5.0 (Windows NT 6.1; Win64; x64) AppleWebKit/537.36 (KHTML, like Gecko) Chrome/92.0.4515.131 Safari/537.36"
35.235.84.95 - - [06/Jul/2026:12:00:41 -0700] "HEAD / HTTP/1.1" 200 4253 "-" "Mozilla/5.0 (Windows NT 10.0; Win64; x64) AppleWebKit/537.36 (KHTML, like Gecko) Chrome/117.0.0.0 Safari/537.36"
35.235.84.95 - - [06/Jul/2026:12:03:49 -0700] "POST /wp-cron.php?doing_wp_cron=1783364629.1996319293975830078125 HTTP/1.1" 200 3587 "-" "WordPress/7.0; https://vanessavaladezrealty.com"
216.73.216.170 - - [06/Jul/2026:12:03:48 -0700] "GET /robots.txt HTTP/1.1" 200 4273 "-" "Mozilla/5.0 AppleWebKit/537.36 (KHTML, like Gecko; compatible; ClaudeBot/1.0; +claudebot@anthropic.com)"
216.73.216.170 - - [06/Jul/2026:12:03:49 -0700] "GET /wp-sitemap.xml HTTP/1.1" 200 4257 "-" "Mozilla/5.0 AppleWebKit/537.36 (KHTML, like Gecko; compatible; ClaudeBot/1.0; +claudebot@anthropic.com)"
35.235.84.95 - - [06/Jul/2026:12:05:24 -0700] "POST /wp-cron.php?doing_wp_cron=1783364724.1628880500793457031250 HTTP/1.1" 200 3587 "-" "WordPress/7.0; https://vanessavaladezrealty.com"
217.113.194.174 - - [06/Jul/2026:12:05:22 -0700] "GET /robots.txt HTTP/1.1" 200 4273 "-" "Mozilla/5.0 (compatible; Barkrowler/0.9; +https://babbar.tech/crawler)"
217.113.194.174 - - [06/Jul/2026:12:05:39 -0700] "GET /contact/ HTTP/1.1" 200 27984 "-" "Mozilla/5.0 (compatible; Barkrowler/0.9; +https://babbar.tech/crawler)"
35.235.84.95 - - [06/Jul/2026:12:05:59 -0700] "POST /wp-cron.php?doing_wp_cron=1783364759.6990880966186523437500 HTTP/1.1" 200 3587 "-" "WordPress/7.0; https://vanessavaladezrealty.com"
217.113.194.236 - - [06/Jul/2026:12:05:57 -0700] "GET /properties/vanessavaladez/?wplpage=3 HTTP/1.1" 200 32771 "-" "Mozilla/5.0 (compatible; Barkrowler/0.9; +https://babbar.tech/crawler)"
217.113.194.237 - - [06/Jul/2026:12:06:15 -0700] "GET /properties/?wplview=property_show&pid=97 HTTP/1.1" 200 33128 "-" "Mozilla/5.0 (compatible; Barkrowler/0.9; +https://babbar.tech/crawler)"
35.235.84.95 - - [06/Jul/2026:12:06:34 -0700] "POST /wp-cron.php?doing_wp_cron=1783364794.7967588901519775390625 HTTP/1.1" 200 3587 "-" "WordPress/7.0; https://vanessavaladezrealty.com"
217.113.194.179 - - [06/Jul/2026:12:06:32 -0700] "GET /properties/?wplview=property_show&pid=91 HTTP/1.1" 200 30782 "-" "Mozilla/5.0 (compatible; Barkrowler/0.9; +https://babbar.tech/crawler)"
34.86.183.87 - - [06/Jul/2026:12:06:49 -0700] "HEAD / HTTP/1.1" 200 4253 "http://vanessavaladezrealty.com/" "Mozilla/5.0 (X11; Fedora; Linux x86_64; rv:125.0) Gecko/20100101 Firefox/125.0"
217.113.194.236 - - [06/Jul/2026:12:06:50 -0700] "GET /properties/?wplview=property_show&pid=122 HTTP/1.1" 200 33206 "-" "Mozilla/5.0 (compatible; Barkrowler/0.9; +https://babbar.tech/crawler)"
181.21.54.13 - - [06/Jul/2026:12:06:54 -0700] "GET /properties/vanessavaladez/tel:7027760711/?wplpage=5 HTTP/1.1" 200 30402 "-" "Mozilla/5.0 (Windows NT 6.1; Win64; x64) AppleWebKit/537.36 (KHTML, like Gecko) Chrome/86.0.4240.198 Safari/537.36"
217.113.194.174 - - [06/Jul/2026:12:07:08 -0700] "GET /properties/140-Residential-1802-Goldfield-Street-USD125-000/ HTTP/1.1" 200 29654 "-" "Mozilla/5.0 (compatible; Barkrowler/0.9; +https://babbar.tech/crawler)"
217.113.194.178 - - [06/Jul/2026:12:07:26 -0700] "GET /properties/123-Residential-3740-Thomas-Patrick-Avenue-3-Rooms-3-Bedrooms-3-Bathrooms-USD330-000/ HTTP/1.1" 200 31756 "-" "Mozilla/5.0 (compatible; Barkrowler/0.9; +https://babbar.tech/crawler)"
207.46.13.153 - - [06/Jul/2026:12:07:33 -0700] "GET /properties/100-Residential-Lease-3077-Camino-Sereno-Avenue-5-Rooms-3-Bedrooms-3-Bathrooms-USD2-500/ HTTP/1.1" 200 32129 "-" "Mozilla/5.0 AppleWebKit/537.36 (KHTML, like Gecko; compatible; bingbot/2.0; +http://www.bing.com/bingbot.htm) Chrome/116.0.1938.76 Safari/537.36"
35.235.84.95 - - [06/Jul/2026:12:07:44 -0700] "POST /wp-cron.php?doing_wp_cron=1783364864.9219839572906494140625 HTTP/1.1" 200 3587 "-" "WordPress/7.0; https://vanessavaladezrealty.com"
217.113.194.177 - - [06/Jul/2026:12:07:43 -0700] "GET /properties/133-Residential-6603-Brick-House-Avenue-5-Rooms-3-Bedrooms-2-Bathrooms-USD329-500/ HTTP/1.1" 200 33168 "-" "Mozilla/5.0 (compatible; Barkrowler/0.9; +https://babbar.tech/crawler)"
40.77.167.75 - - [06/Jul/2026:12:07:48 -0700] "GET /wp-content/uploads/elementor/css/post-16.css?ver=1774535828 HTTP/1.1" 200 3698 "https://vanessavaladezrealty.com/properties/100-Residential-Lease-3077-Camino-Sereno-Avenue-5-Rooms-3-Bedrooms-3-Bathrooms-USD2-500/" "Mozilla/5.0 AppleWebKit/537.36 (KHTML, like Gecko; compatible; bingbot/2.0; +http://www.bing.com/bingbot.htm) Chrome/136.0.0.0 Safari/537.36 AppleWebKit/537.36 (KHTML, like Gecko; compatible; bingbot/2.0; +http://www.bing.com/bingbot.htm) Chrome/116.0.1938.76 Safari/537.36"
40.77.167.75 - - [06/Jul/2026:12:07:49 -0700] "GET /wp-content/plugins/real-estate-listing-realtyna-wpl/assets/fonts/wpl_front.woff2 HTTP/1.1" 200 3609 "https://vanessavaladezrealty.com/wp-content/plugins/real-estate-listing-realtyna-wpl/assets/css/frontend.css?ver=7.0" "Mozilla/5.0 AppleWebKit/537.36 (KHTML, like Gecko; compatible; bingbot/2.0; +http://www.bing.com/bingbot.htm) Chrome/136.0.0.0 Safari/537.36 AppleWebKit/537.36 (KHTML, like Gecko; compatible; bingbot/2.0; +http://www.bing.com/bingbot.htm) Chrome/116.0.1938.76 Safari/537.36"
40.77.167.75 - - [06/Jul/2026:12:07:49 -0700] "GET /wp-content/plugins/real-estate-listing-realtyna-wpl/assets/fonts/wpl_front.woff HTTP/1.1" 200 3607 "https://vanessavaladezrealty.com/wp-content/plugins/real-estate-listing-realtyna-wpl/assets/css/frontend.css?ver=7.0" "Mozilla/5.0 AppleWebKit/537.36 (KHTML, like Gecko; compatible; bingbot/2.0; +http://www.bing.com/bingbot.htm) Chrome/136.0.0.0 Safari/537.36 AppleWebKit/537.36 (KHTML, like Gecko; compatible; bingbot/2.0; +http://www.bing.com/bingbot.htm) Chrome/116.0.1938.76 Safari/537.36"
