102.0.16.74 - - [06/Jul/2026:14:44:12 -0700] "POST /xmlrpc.php HTTP/1.1" 200 4129 "-" "Jetpack/13.0; WordPress/6.4; http://site66196326.com"
102.0.16.74 - - [06/Jul/2026:14:44:01 -0700] "POST /xmlrpc.php HTTP/1.1" 403 4352 "-" "WordPress.com; https://wordpress.com"
102.0.16.74 - - [06/Jul/2026:14:44:23 -0700] "POST /xmlrpc.php HTTP/1.1" 200 4129 "-" "Jetpack by WordPress.com (Jetpack 13.0; WordPress 6.3)"
102.0.16.74 - - [06/Jul/2026:14:44:34 -0700] "POST /xmlrpc.php HTTP/1.1" 200 4129 "-" "Jetpack/13.0; WordPress/6.2; http://site86397965.com"
102.0.16.74 - - [06/Jul/2026:14:44:45 -0700] "POST /xmlrpc.php HTTP/1.1" 200 4129 "-" "Jetpack by WordPress.com (Jetpack 13.0; WordPress 6.2)"
102.0.16.74 - - [06/Jul/2026:14:44:55 -0700] "POST /xmlrpc.php HTTP/1.1" 403 4352 "-" "Jetpack by WordPress.com"
35.235.84.95 - - [06/Jul/2026:14:45:09 -0700] "POST /wp-cron.php?doing_wp_cron=1783374309.1177399158477783203125 HTTP/1.1" 200 3587 "-" "WordPress/7.0; https://vanessavaladezrealty.com"
102.0.16.74 - - [06/Jul/2026:14:45:07 -0700] "POST /xmlrpc.php HTTP/1.1" 200 4129 "-" "Jetpack by WordPress.com (Jetpack 12.5; WordPress 6.4)"
102.0.16.74 - - [06/Jul/2026:14:45:18 -0700] "POST /xmlrpc.php HTTP/1.1" 403 4352 "-" "Jetpack by WordPress.com"
178.104.201.41 - - [06/Jul/2026:14:45:26 -0700] "GET /wp-login.php HTTP/1.1" 200 6366 "-" "Mozilla/5.0 (Macintosh; Intel Mac OS X 14_7_4) AppleWebKit/537.36 (KHTML, like Gecko) Chrome/133.0.0.0 Safari/537.36"
178.104.201.41 - - [06/Jul/2026:14:45:27 -0700] "POST /wp-login.php HTTP/1.1" 200 6468 "https://vanessavaladezrealty.com/wp-login.php" "Mozilla/5.0 (Macintosh; Intel Mac OS X 14_7_4) AppleWebKit/537.36 (KHTML, like Gecko) Chrome/133.0.0.0 Safari/537.36"
102.0.16.74 - - [06/Jul/2026:14:45:29 -0700] "POST /xmlrpc.php HTTP/1.1" 200 4129 "-" "Jetpack/12.5; WordPress/6.2; http://site75688625.com"
102.0.16.74 - - [06/Jul/2026:14:45:40 -0700] "POST /xmlrpc.php HTTP/1.1" 403 4352 "-" "WordPress.com; https://wordpress.com"
35.235.84.95 - - [06/Jul/2026:14:45:52 -0700] "POST /wp-cron.php?doing_wp_cron=1783374352.2391130924224853515625 HTTP/1.1" 200 3587 "-" "WordPress/7.0; https://vanessavaladezrealty.com"
102.0.16.74 - - [06/Jul/2026:14:45:50 -0700] "POST /xmlrpc.php HTTP/1.1" 200 4129 "-" "Jetpack/12.5; WordPress/6.3; http://site74788267.com"
102.0.16.74 - - [06/Jul/2026:14:46:01 -0700] "POST /xmlrpc.php HTTP/1.1" 200 4129 "-" "Jetpack/12.0; WordPress/6.1; http://site31952901.com"
102.0.16.74 - - [06/Jul/2026:14:46:13 -0700] "POST /xmlrpc.php HTTP/1.1" 403 4352 "-" "Jetpack by WordPress.com"
102.0.16.74 - - [06/Jul/2026:14:46:24 -0700] "POST /xmlrpc.php HTTP/1.1" 403 4352 "-" "WordPress.com; https://wordpress.com"
35.235.84.95 - - [06/Jul/2026:14:46:37 -0700] "POST /wp-cron.php?doing_wp_cron=1783374397.4077229499816894531250 HTTP/1.1" 200 3587 "-" "WordPress/7.0; https://vanessavaladezrealty.com"
102.0.16.74 - - [06/Jul/2026:14:46:35 -0700] "POST /xmlrpc.php HTTP/1.1" 200 4129 "-" "Jetpack/12.5; WordPress/6.2; http://site96203285.com"
102.0.16.74 - - [06/Jul/2026:14:46:46 -0700] "POST /xmlrpc.php HTTP/1.1" 200 4129 "-" "Jetpack by WordPress.com (Jetpack 12.1; WordPress 6.3)"
102.0.16.74 - - [06/Jul/2026:14:46:57 -0700] "POST /xmlrpc.php HTTP/1.1" 200 4129 "-" "Jetpack/12.0; WordPress/6.4; http://site62097387.com"
102.0.16.74 - - [06/Jul/2026:14:47:08 -0700] "POST /xmlrpc.php HTTP/1.1" 200 4129 "-" "Jetpack by WordPress.com (Jetpack 12.1; WordPress 6.2)"
102.0.16.74 - - [06/Jul/2026:14:47:18 -0700] "POST /xmlrpc.php HTTP/1.1" 403 4352 "-" "WordPress.com; https://wordpress.com"
102.0.16.74 - - [06/Jul/2026:14:47:29 -0700] "POST /xmlrpc.php HTTP/1.1" 200 4129 "-" "Jetpack by WordPress.com (Jetpack 12.5; WordPress 6.4)"
102.0.16.74 - - [06/Jul/2026:14:47:40 -0700] "POST /xmlrpc.php HTTP/1.1" 403 4352 "-" "Jetpack by WordPress.com"
35.235.84.95 - - [06/Jul/2026:14:47:52 -0700] "POST /wp-cron.php?doing_wp_cron=1783374472.5603680610656738281250 HTTP/1.1" 200 3587 "-" "WordPress/7.0; https://vanessavaladezrealty.com"
102.0.16.74 - - [06/Jul/2026:14:47:51 -0700] "POST /xmlrpc.php HTTP/1.1" 200 4129 "-" "Jetpack by WordPress.com (Jetpack 12.5; WordPress 6.1)"
102.0.16.74 - - [06/Jul/2026:14:48:02 -0700] "POST /xmlrpc.php HTTP/1.1" 200 4129 "-" "Jetpack by WordPress.com (Jetpack 13.0; WordPress 6.4)"
102.0.16.74 - - [06/Jul/2026:14:48:13 -0700] "POST /xmlrpc.php HTTP/1.1" 200 4129 "-" "Jetpack/12.5; WordPress/6.3; http://site88644937.com"
102.0.16.74 - - [06/Jul/2026:14:48:24 -0700] "POST /xmlrpc.php HTTP/1.1" 200 4129 "-" "Jetpack by WordPress.com (Jetpack 12.1; WordPress 6.4)"
102.0.16.74 - - [06/Jul/2026:14:48:34 -0700] "POST /xmlrpc.php HTTP/1.1" 200 4129 "-" "Jetpack/12.5; WordPress/6.1; http://site93092773.com"
102.0.16.74 - - [06/Jul/2026:14:48:45 -0700] "POST /xmlrpc.php HTTP/1.1" 200 4129 "-" "Jetpack/12.5; WordPress/6.3; http://site67042767.com"
35.235.84.95 - - [06/Jul/2026:14:48:58 -0700] "POST /wp-cron.php?doing_wp_cron=1783374538.2158091068267822265625 HTTP/1.1" 200 3587 "-" "WordPress/7.0; https://vanessavaladezrealty.com"
102.0.16.74 - - [06/Jul/2026:14:48:57 -0700] "POST /xmlrpc.php HTTP/1.1" 200 4129 "-" "Jetpack by WordPress.com (Jetpack 12.1; WordPress 6.2)"
102.0.16.74 - - [06/Jul/2026:14:49:07 -0700] "POST /xmlrpc.php HTTP/1.1" 403 4352 "-" "Jetpack by WordPress.com"
38.199.55.61 - - [06/Jul/2026:14:49:09 -0700] "GET /properties/94-Residential-11856-Bella-Luna-Street-8-Rooms-4-Bedrooms-3-Bathrooms-USD395-000/ HTTP/1.1" 200 33674 "-" "Mozilla/5.0 (Macintosh; Intel Mac OS X 10_15_7) AppleWebKit/537.36 (KHTML, like Gecko) Brave Chrome/87.0.4280.60 Safari/537.36"
102.0.16.74 - - [06/Jul/2026:14:49:18 -0700] "POST /xmlrpc.php HTTP/1.1" 200 4129 "-" "Jetpack/13.0; WordPress/6.4; http://site91112840.com"
102.0.16.74 - - [06/Jul/2026:14:49:29 -0700] "POST /xmlrpc.php HTTP/1.1" 200 4129 "-" "Jetpack/12.0; WordPress/6.3; http://site34636950.com"
113.169.117.86 - - [06/Jul/2026:14:49:40 -0700] "GET /properties/tel:7027760711/tel:7027760711/tel:7027760711/tel:7027760711 HTTP/1.1" 301 4183 "-" "Mozilla/5.0 (Macintosh; Intel Mac OS X 10_15_7) AppleWebKit/537.36 (KHTML, like Gecko) Chrome/98.0.4758.109 Safari/537.36"
113.169.117.86 - - [06/Jul/2026:14:49:41 -0700] "GET /properties/tel:7027760711/tel:7027760711/tel:7027760711/tel:7027760711/ HTTP/1.1" 200 27456 "-" "Mozilla/5.0 (Macintosh; Intel Mac OS X 10_15_7) AppleWebKit/537.36 (KHTML, like Gecko) Chrome/98.0.4758.109 Safari/537.36"
102.0.16.74 - - [06/Jul/2026:14:49:40 -0700] "POST /xmlrpc.php HTTP/1.1" 403 4352 "-" "Jetpack by WordPress.com"
102.0.16.74 - - [06/Jul/2026:14:49:51 -0700] "POST /xmlrpc.php HTTP/1.1" 403 4352 "-" "WordPress.com; https://wordpress.com"
102.0.16.74 - - [06/Jul/2026:14:50:02 -0700] "POST /xmlrpc.php HTTP/1.1" 403 4352 "-" "Jetpack by WordPress.com"
102.0.16.74 - - [06/Jul/2026:14:50:14 -0700] "POST /xmlrpc.php HTTP/1.1" 403 4352 "-" "Jetpack by WordPress.com"
35.235.84.95 - - [06/Jul/2026:14:50:26 -0700] "POST /wp-cron.php?doing_wp_cron=1783374626.6083920001983642578125 HTTP/1.1" 200 3587 "-" "WordPress/7.0; https://vanessavaladezrealty.com"
102.0.16.74 - - [06/Jul/2026:14:50:25 -0700] "POST /xmlrpc.php HTTP/1.1" 200 4129 "-" "Jetpack/13.0; WordPress/6.4; http://site60853124.com"
102.0.16.74 - - [06/Jul/2026:14:50:36 -0700] "POST /xmlrpc.php HTTP/1.1" 200 4129 "-" "Jetpack/12.1; WordPress/6.2; http://site69226289.com"
102.0.16.74 - - [06/Jul/2026:14:50:47 -0700] "POST /xmlrpc.php HTTP/1.1" 200 4129 "-" "Jetpack/12.0; WordPress/6.3; http://site86280086.com"
102.0.16.74 - - [06/Jul/2026:14:50:58 -0700] "POST /xmlrpc.php HTTP/1.1" 403 4352 "-" "Jetpack by WordPress.com"
102.0.16.74 - - [06/Jul/2026:14:51:08 -0700] "POST /xmlrpc.php HTTP/1.1" 403 4352 "-" "Jetpack by WordPress.com"
102.0.16.74 - - [06/Jul/2026:14:51:19 -0700] "POST /xmlrpc.php HTTP/1.1" 403 4352 "-" "Jetpack by WordPress.com"
102.0.16.74 - - [06/Jul/2026:14:51:30 -0700] "POST /xmlrpc.php HTTP/1.1" 403 4352 "-" "Jetpack by WordPress.com"
102.0.16.74 - - [06/Jul/2026:14:51:41 -0700] "POST /xmlrpc.php HTTP/1.1" 403 4352 "-" "Jetpack by WordPress.com"
35.235.84.95 - - [06/Jul/2026:14:51:53 -0700] "POST /wp-cron.php?doing_wp_cron=1783374713.7661159038543701171875 HTTP/1.1" 200 3587 "-" "WordPress/7.0; https://vanessavaladezrealty.com"
102.0.16.74 - - [06/Jul/2026:14:51:52 -0700] "POST /xmlrpc.php HTTP/1.1" 200 4129 "-" "Jetpack by WordPress.com (Jetpack 13.0; WordPress 6.1)"
102.0.16.74 - - [06/Jul/2026:14:52:03 -0700] "POST /xmlrpc.php HTTP/1.1" 403 4352 "-" "WordPress.com; https://wordpress.com"
102.0.16.74 - - [06/Jul/2026:14:52:14 -0700] "POST /xmlrpc.php HTTP/1.1" 200 4129 "-" "Jetpack/12.1; WordPress/6.3; http://site70317626.com"
102.0.16.74 - - [06/Jul/2026:14:52:25 -0700] "POST /xmlrpc.php HTTP/1.1" 403 4352 "-" "WordPress.com; https://wordpress.com"
102.0.16.74 - - [06/Jul/2026:14:52:36 -0700] "POST /xmlrpc.php HTTP/1.1" 403 4352 "-" "Jetpack by WordPress.com"
102.0.16.74 - - [06/Jul/2026:14:52:47 -0700] "POST /xmlrpc.php HTTP/1.1" 403 4352 "-" "WordPress.com; https://wordpress.com"
102.0.16.74 - - [06/Jul/2026:14:52:58 -0700] "POST /xmlrpc.php HTTP/1.1" 403 4352 "-" "Jetpack by WordPress.com"
35.235.84.95 - - [06/Jul/2026:14:53:09 -0700] "POST /wp-cron.php?doing_wp_cron=1783374789.9418959617614746093750 HTTP/1.1" 200 3587 "-" "WordPress/7.0; https://vanessavaladezrealty.com"
102.0.16.74 - - [06/Jul/2026:14:53:08 -0700] "POST /xmlrpc.php HTTP/1.1" 200 4129 "-" "Jetpack by WordPress.com (Jetpack 13.0; WordPress 6.1)"
102.0.16.74 - - [06/Jul/2026:14:53:19 -0700] "POST /xmlrpc.php HTTP/1.1" 403 4352 "-" "WordPress.com; https://wordpress.com"
102.0.16.74 - - [06/Jul/2026:14:53:30 -0700] "POST /xmlrpc.php HTTP/1.1" 403 4352 "-" "WordPress.com; https://wordpress.com"
216.73.216.128 - - [06/Jul/2026:14:53:37 -0700] "GET /robots.txt HTTP/1.1" 200 4273 "-" "Mozilla/5.0 AppleWebKit/537.36 (KHTML, like Gecko; compatible; ClaudeBot/1.0; +claudebot@anthropic.com)"
216.73.216.128 - - [06/Jul/2026:14:53:39 -0700] "GET /wp-sitemap.xml HTTP/1.1" 200 4257 "-" "Mozilla/5.0 AppleWebKit/537.36 (KHTML, like Gecko; compatible; ClaudeBot/1.0; +claudebot@anthropic.com)"
102.0.16.74 - - [06/Jul/2026:14:53:41 -0700] "POST /xmlrpc.php HTTP/1.1" 200 4129 "-" "Jetpack/12.5; WordPress/6.1; http://site76773636.com"
102.0.16.74 - - [06/Jul/2026:14:53:52 -0700] "POST /xmlrpc.php HTTP/1.1" 403 4352 "-" "WordPress.com; https://wordpress.com"
102.0.16.74 - - [06/Jul/2026:14:54:03 -0700] "POST /xmlrpc.php HTTP/1.1" 403 4352 "-" "Jetpack by WordPress.com"
35.235.84.95 - - [06/Jul/2026:14:54:15 -0700] "POST /wp-cron.php?doing_wp_cron=1783374855.3903729915618896484375 HTTP/1.1" 200 3587 "-" "WordPress/7.0; https://vanessavaladezrealty.com"
102.0.16.74 - - [06/Jul/2026:14:54:14 -0700] "POST /xmlrpc.php HTTP/1.1" 200 4129 "-" "Jetpack/12.1; WordPress/6.1; http://site67660235.com"
102.0.16.74 - - [06/Jul/2026:14:54:25 -0700] "POST /xmlrpc.php HTTP/1.1" 200 4129 "-" "Jetpack/13.0; WordPress/6.3; http://site47180299.com"
102.0.16.74 - - [06/Jul/2026:14:54:36 -0700] "POST /xmlrpc.php HTTP/1.1" 200 4129 "-" "Jetpack by WordPress.com (Jetpack 13.0; WordPress 6.2)"
102.0.16.74 - - [06/Jul/2026:14:54:46 -0700] "POST /xmlrpc.php HTTP/1.1" 403 4352 "-" "Jetpack by WordPress.com"
35.235.84.95 - - [06/Jul/2026:14:54:58 -0700] "POST /wp-cron.php?doing_wp_cron=1783374898.7963008880615234375000 HTTP/1.1" 200 3587 "-" "WordPress/7.0; https://vanessavaladezrealty.com"
102.0.16.74 - - [06/Jul/2026:14:54:57 -0700] "POST /xmlrpc.php HTTP/1.1" 200 4129 "-" "Jetpack by WordPress.com (Jetpack 12.5; WordPress 6.3)"
102.0.16.74 - - [06/Jul/2026:14:55:08 -0700] "POST /xmlrpc.php HTTP/1.1" 200 4129 "-" "Jetpack by WordPress.com (Jetpack 12.1; WordPress 6.3)"
102.0.16.74 - - [06/Jul/2026:14:55:30 -0700] "POST /xmlrpc.php HTTP/1.1" 403 4352 "-" "Jetpack by WordPress.com"
102.0.16.74 - - [06/Jul/2026:14:55:19 -0700] "POST /xmlrpc.php HTTP/1.1" 403 4352 "-" "WordPress.com; https://wordpress.com"
35.235.84.95 - - [06/Jul/2026:14:58:50 -0700] "POST /wp-cron.php?doing_wp_cron=1783375130.4929099082946777343750 HTTP/1.1" 200 3587 "-" "WordPress/7.0; https://vanessavaladezrealty.com"
104.244.79.40 - - [06/Jul/2026:14:58:48 -0700] "GET /wp-login.php HTTP/1.1" 200 6366 "-" "Mozilla/5.0 (Windows NT 10.0) AppleWebKit/537.36 (KHTML, like Gecko) Chrome/133.0.0.0 Safari/537.36"
104.244.79.40 - - [06/Jul/2026:14:58:55 -0700] "POST /wp-login.php HTTP/1.1" 200 6468 "https://vanessavaladezrealty.com/wp-login.php" "Mozilla/5.0 (Windows NT 10.0) AppleWebKit/537.36 (KHTML, like Gecko) Chrome/133.0.0.0 Safari/537.36"
35.235.84.95 - - [06/Jul/2026:15:00:40 -0700] "HEAD / HTTP/1.1" 200 4253 "-" "Mozilla/5.0 (Windows NT 10.0; Win64; x64) AppleWebKit/537.36 (KHTML, like Gecko) Chrome/117.0.0.0 Safari/537.36"
35.235.84.95 - - [06/Jul/2026:15:14:33 -0700] "POST /wp-cron.php?doing_wp_cron=1783376073.5770900249481201171875 HTTP/1.1" 200 3587 "-" "WordPress/7.0; https://vanessavaladezrealty.com"
160.191.139.115 - - [06/Jul/2026:15:14:32 -0700] "GET /wp-login.php HTTP/1.1" 200 6366 "-" "Mozilla/5.0 (Windows NT 10.0; Win64; x64) AppleWebKit/537.36 (KHTML, like Gecko) Chrome/120.0.0.0 Safari/537.36"
160.191.139.115 - - [06/Jul/2026:15:14:33 -0700] "POST /wp-login.php HTTP/1.1" 200 6452 "https://vanessavaladezrealty.com/wp-login.php" "Mozilla/5.0 (Windows NT 10.0; Win64; x64) AppleWebKit/537.36 (KHTML, like Gecko) Chrome/120.0.0.0 Safari/537.36"
15.228.83.209 - - [06/Jul/2026:15:20:45 -0700] "POST /wp-comments-post.php HTTP/1.1" 302 4225 "-" "Mozilla/5.0 (Windows NT 10.0; Win64; x64) AppleWebKit/537.36 (KHTML, like Gecko) Chrome/120.0.0.0 Safari/537.36"
43.166.134.114 - - [06/Jul/2026:15:21:06 -0700] "GET / HTTP/1.1" 200 38346 "http://www.vanessavaladezrealty.com" "Mozilla/5.0 (iPhone; CPU iPhone OS 13_2_3 like Mac OS X) AppleWebKit/605.1.15 (KHTML, like Gecko) Version/13.0.3 Mobile/15E148 Safari/604.1"
35.235.84.95 - - [06/Jul/2026:15:21:44 -0700] "POST /wp-cron.php?doing_wp_cron=1783376504.2192211151123046875000 HTTP/1.1" 200 3587 "-" "WordPress/7.0; https://vanessavaladezrealty.com"
78.142.18.172 - - [06/Jul/2026:15:21:43 -0700] "GET /wp-login.php HTTP/1.1" 200 6366 "-" "Mozilla/5.0 (X11; Ubuntu; Linux x86_64; rv:133.0) Gecko/20100101 Firefox/133.0"
78.142.18.172 - - [06/Jul/2026:15:21:44 -0700] "POST /wp-login.php HTTP/1.1" 200 6468 "https://vanessavaladezrealty.com/wp-login.php" "Mozilla/5.0 (X11; Ubuntu; Linux x86_64; rv:133.0) Gecko/20100101 Firefox/133.0"
40.115.140.72 - - [06/Jul/2026:15:22:31 -0700] "GET / HTTP/1.1" 200 361421 "-" "-"
35.235.84.95 - - [06/Jul/2026:15:24:44 -0700] "POST /wp-cron.php?doing_wp_cron=1783376684.4415369033813476562500 HTTP/1.1" 200 3587 "-" "WordPress/7.0; https://vanessavaladezrealty.com"
64.70.199.114 - - [06/Jul/2026:15:24:43 -0700] "GET /wp-login.php HTTP/1.1" 200 6366 "-" "Mozilla/5.0 (X11; Linux x86_64; rv:133.0) Gecko/20100101 Firefox/133.0"
64.70.199.114 - - [06/Jul/2026:15:24:48 -0700] "POST /wp-login.php HTTP/1.1" 200 6452 "https://vanessavaladezrealty.com/wp-login.php" "Mozilla/5.0 (X11; Linux x86_64; rv:133.0) Gecko/20100101 Firefox/133.0"
35.235.84.95 - - [06/Jul/2026:15:25:49 -0700] "POST /wp-cron.php?doing_wp_cron=1783376749.7696800231933593750000 HTTP/1.1" 200 3587 "-" "WordPress/7.0; https://vanessavaladezrealty.com"
190.171.112.25 - - [06/Jul/2026:15:25:48 -0700] "GET /properties/132-Residential-3325-Plaza-Del-Paz-6-Rooms-3-Bedrooms-3-Bathrooms-USD575-000/tel:7027760711 HTTP/1.1" 301 4215 "-" "Mozilla/5.0 (Windows NT 6.2; Win64; x64) AppleWebKit/537.36 (KHTML, like Gecko) Chrome/87.0.4280.88 Safari/537.36"
190.171.112.25 - - [06/Jul/2026:15:25:50 -0700] "GET /properties/132-Residential-3325-Plaza-Del-Paz-6-Rooms-3-Bedrooms-3-Bathrooms-USD575-000/tel:7027760711/ HTTP/1.1" 301 4364 "-" "Mozilla/5.0 (Windows NT 6.2; Win64; x64) AppleWebKit/537.36 (KHTML, like Gecko) Chrome/87.0.4280.88 Safari/537.36"
190.171.112.25 - - [06/Jul/2026:15:25:51 -0700] "GET /properties/132-Residential-3325-Plaza-Del-Paz-6-Rooms-3-Bedrooms-3-Bathrooms-USD575-000 HTTP/1.1" 301 4142 "-" "Mozilla/5.0 (Windows NT 6.2; Win64; x64) AppleWebKit/537.36 (KHTML, like Gecko) Chrome/87.0.4280.88 Safari/537.36"
190.171.112.25 - - [06/Jul/2026:15:25:53 -0700] "GET /properties/132-Residential-3325-Plaza-Del-Paz-6-Rooms-3-Bedrooms-3-Bathrooms-USD575-000/ HTTP/1.1" 200 36853 "-" "Mozilla/5.0 (Windows NT 6.2; Win64; x64) AppleWebKit/537.36 (KHTML, like Gecko) Chrome/87.0.4280.88 Safari/537.36"
35.235.84.95 - - [06/Jul/2026:15:33:46 -0700] "POST /wp-cron.php?doing_wp_cron=1783377226.8576519489288330078125 HTTP/1.1" 200 3587 "-" "WordPress/7.0; https://vanessavaladezrealty.com"
103.56.161.126 - - [06/Jul/2026:15:33:45 -0700] "GET /wp-login.php HTTP/1.1" 200 6366 "-" "Mozilla/5.0 (X11; Ubuntu; Linux x86_64) AppleWebKit/537.36 (KHTML, like Gecko) Chrome/133.0.0.0 Safari/537.36"
78.142.18.172 - - [06/Jul/2026:15:34:28 -0700] "GET /wp-login.php HTTP/1.1" 200 6366 "-" "Mozilla/5.0 (X11; Ubuntu; Linux x86_64; rv:133.0) Gecko/20100101 Firefox/133.0"
78.142.18.172 - - [06/Jul/2026:15:34:34 -0700] "POST /wp-login.php HTTP/1.1" 200 6452 "https://vanessavaladezrealty.com/wp-login.php" "Mozilla/5.0 (X11; Ubuntu; Linux x86_64; rv:133.0) Gecko/20100101 Firefox/133.0"
35.235.84.95 - - [06/Jul/2026:15:35:52 -0700] "POST /wp-cron.php?doing_wp_cron=1783377352.1727139949798583984375 HTTP/1.1" 200 3587 "-" "WordPress/7.0; https://vanessavaladezrealty.com"
195.201.228.164 - - [06/Jul/2026:15:35:50 -0700] "GET /wp-login.php HTTP/1.1" 200 6366 "-" "Mozilla/5.0 (Windows NT 10.0; Win64; x64) AppleWebKit/537.36 (KHTML, like Gecko) Chrome/120.0.0.0 Safari/537.36"
195.201.228.164 - - [06/Jul/2026:15:35:52 -0700] "POST /wp-login.php HTTP/1.1" 200 6452 "https://vanessavaladezrealty.com/wp-login.php" "Mozilla/5.0 (Windows NT 10.0; Win64; x64) AppleWebKit/537.36 (KHTML, like Gecko) Chrome/120.0.0.0 Safari/537.36"
35.235.84.95 - - [06/Jul/2026:15:44:27 -0700] "POST /wp-cron.php?doing_wp_cron=1783377867.8535969257354736328125 HTTP/1.1" 200 3587 "-" "WordPress/7.0; https://vanessavaladezrealty.com"
185.68.18.52 - - [06/Jul/2026:15:44:26 -0700] "GET /wp-login.php HTTP/1.1" 200 6366 "-" "Mozilla/5.0 (Windows NT 10.0; Win64; x64) AppleWebKit/537.36 (KHTML, like Gecko) Chrome/120.0.0.0 Safari/537.36"
185.68.18.52 - - [06/Jul/2026:15:44:28 -0700] "POST /wp-login.php HTTP/1.1" 200 6452 "https://vanessavaladezrealty.com/wp-login.php" "Mozilla/5.0 (Windows NT 10.0; Win64; x64) AppleWebKit/537.36 (KHTML, like Gecko) Chrome/120.0.0.0 Safari/537.36"
35.235.84.95 - - [06/Jul/2026:15:46:53 -0700] "POST /wp-cron.php?doing_wp_cron=1783378013.6248149871826171875000 HTTP/1.1" 200 3587 "-" "WordPress/7.0; https://vanessavaladezrealty.com"
123.28.86.147 - - [06/Jul/2026:15:46:51 -0700] "GET /properties/135-Residential-1809-Shadow-Mountain-Place-4-Rooms-3-Bedrooms-2-Bathrooms-USD314-998/ HTTP/1.1" 200 36003 "-" "Mozilla/5.0 (Macintosh; Intel Mac OS X 10_11_1) AppleWebKit/537.36 (KHTML, like Gecko) Chrome/89.0.4389.114 Safari/537.36"
35.235.84.95 - - [06/Jul/2026:15:53:07 -0700] "POST /wp-cron.php?doing_wp_cron=1783378387.6947720050811767578125 HTTP/1.1" 200 3587 "-" "WordPress/7.0; https://vanessavaladezrealty.com"
129.153.117.122 - - [06/Jul/2026:15:53:06 -0700] "GET /properties?pid=99&wplview=property_show HTTP/1.1" 301 4152 "-" "Scrapy/2.16.0 (+https://scrapy.org)"
129.153.117.122 - - [06/Jul/2026:15:53:57 -0700] "GET /properties/?pid=99&wplview=property_show HTTP/1.1" 200 36908 "https://vanessavaladezrealty.com/properties?pid=99&wplview=property_show" "Scrapy/2.16.0 (+https://scrapy.org)"
35.235.84.95 - - [06/Jul/2026:15:55:42 -0700] "POST /wp-cron.php?doing_wp_cron=1783378542.1614000797271728515625 HTTP/1.1" 200 3587 "-" "WordPress/7.0; https://vanessavaladezrealty.com"
113.166.213.98 - - [06/Jul/2026:15:55:40 -0700] "GET /properties/123-Residential-3740-Thomas-Patrick-Avenue-3-Rooms-3-Bedrooms-3-Bathrooms-USD330-000/ HTTP/1.1" 200 35577 "-" "Mozilla/5.0 (Macintosh; Intel Mac OS X 10_15_7) AppleWebKit/537.36 (KHTML, like Gecko) Chrome/99.0.4844.84 Safari/537.36"
35.235.84.95 - - [06/Jul/2026:15:56:23 -0700] "POST /wp-cron.php?doing_wp_cron=1783378583.4187359809875488281250 HTTP/1.1" 200 3587 "-" "WordPress/7.0; https://vanessavaladezrealty.com"
162.254.36.150 - - [06/Jul/2026:15:56:22 -0700] "GET /wp-login.php HTTP/1.1" 200 6366 "-" "Mozilla/5.0 (Macintosh; Intel Mac OS X 10_15_7) AppleWebKit/537.36 (KHTML, like Gecko) Chrome/133.0.0.0 Safari/537.36"
190.7.229.45 - - [06/Jul/2026:15:56:26 -0700] "GET /properties/126-Residential-Lease-7524-Hope-Valley-Street-10-Rooms-4-Bedrooms-3-Bathrooms-USD2-200/tel:7027760711 HTTP/1.1" 301 4225 "-" "Mozilla/5.0 (Windows NT 10.0; Win64; x64) AppleWebKit/537.36 (KHTML, like Gecko) Chrome/89.0.4389.58 Safari/537.36"
190.7.229.45 - - [06/Jul/2026:15:56:27 -0700] "GET /properties/126-Residential-Lease-7524-Hope-Valley-Street-10-Rooms-4-Bedrooms-3-Bathrooms-USD2-200/tel:7027760711/ HTTP/1.1" 301 4374 "-" "Mozilla/5.0 (Windows NT 10.0; Win64; x64) AppleWebKit/537.36 (KHTML, like Gecko) Chrome/89.0.4389.58 Safari/537.36"
162.254.36.150 - - [06/Jul/2026:15:56:23 -0700] "POST /wp-login.php HTTP/1.1" 200 6468 "https://vanessavaladezrealty.com/wp-login.php" "Mozilla/5.0 (Macintosh; Intel Mac OS X 10_15_7) AppleWebKit/537.36 (KHTML, like Gecko) Chrome/133.0.0.0 Safari/537.36"
190.7.229.45 - - [06/Jul/2026:15:56:29 -0700] "GET /properties/126-Residential-Lease-7524-Hope-Valley-Street-10-Rooms-4-Bedrooms-3-Bathrooms-USD2-200 HTTP/1.1" 301 4152 "-" "Mozilla/5.0 (Windows NT 10.0; Win64; x64) AppleWebKit/537.36 (KHTML, like Gecko) Chrome/89.0.4389.58 Safari/537.36"
35.235.84.95 - - [06/Jul/2026:15:56:27 -0700] "POST /wp-cron.php?doing_wp_cron=1783378587.2506029605865478515625 HTTP/1.1" 200 3587 "-" "WordPress/7.0; https://vanessavaladezrealty.com"
190.7.229.45 - - [06/Jul/2026:15:56:31 -0700] "GET /properties/126-Residential-Lease-7524-Hope-Valley-Street-10-Rooms-4-Bedrooms-3-Bathrooms-USD2-200/ HTTP/1.1" 200 36734 "-" "Mozilla/5.0 (Windows NT 10.0; Win64; x64) AppleWebKit/537.36 (KHTML, like Gecko) Chrome/89.0.4389.58 Safari/537.36"
35.235.84.95 - - [06/Jul/2026:16:00:43 -0700] "HEAD / HTTP/1.1" 200 4253 "-" "Mozilla/5.0 (Windows NT 10.0; Win64; x64) AppleWebKit/537.36 (KHTML, like Gecko) Chrome/117.0.0.0 Safari/537.36"
35.235.84.95 - - [06/Jul/2026:16:04:15 -0700] "POST /wp-cron.php?doing_wp_cron=1783379055.5654189586639404296875 HTTP/1.1" 200 3587 "-" "WordPress/7.0; https://vanessavaladezrealty.com"
186.54.58.211 - - [06/Jul/2026:16:04:14 -0700] "GET /properties/107-Residential-6827-Regency-Crest-Avenue-8-Rooms-2-Bedrooms-3-Bathrooms-USD950-000/tel:7027760711 HTTP/1.1" 301 4222 "-" "Mozilla/5.0 (Windows NT 6.3) AppleWebKit/537.36 (KHTML, like Gecko) Chrome/94.0.4606.61 Safari/537.36"
186.54.58.211 - - [06/Jul/2026:16:04:16 -0700] "GET /properties/107-Residential-6827-Regency-Crest-Avenue-8-Rooms-2-Bedrooms-3-Bathrooms-USD950-000/tel:7027760711/ HTTP/1.1" 301 4371 "-" "Mozilla/5.0 (Windows NT 6.3) AppleWebKit/537.36 (KHTML, like Gecko) Chrome/94.0.4606.61 Safari/537.36"
186.54.58.211 - - [06/Jul/2026:16:04:18 -0700] "GET /properties/107-Residential-6827-Regency-Crest-Avenue-8-Rooms-2-Bedrooms-3-Bathrooms-USD950-000 HTTP/1.1" 301 4149 "-" "Mozilla/5.0 (Windows NT 6.3) AppleWebKit/537.36 (KHTML, like Gecko) Chrome/94.0.4606.61 Safari/537.36"
186.54.58.211 - - [06/Jul/2026:16:04:21 -0700] "GET /properties/107-Residential-6827-Regency-Crest-Avenue-8-Rooms-2-Bedrooms-3-Bathrooms-USD950-000/ HTTP/1.1" 200 38532 "-" "Mozilla/5.0 (Windows NT 6.3) AppleWebKit/537.36 (KHTML, like Gecko) Chrome/94.0.4606.61 Safari/537.36"
35.235.84.95 - - [06/Jul/2026:16:09:23 -0700] "POST /wp-cron.php?doing_wp_cron=1783379363.1428899765014648437500 HTTP/1.1" 200 3587 "-" "WordPress/7.0; https://vanessavaladezrealty.com"
162.254.36.150 - - [06/Jul/2026:16:09:21 -0700] "GET /wp-login.php HTTP/1.1" 200 6366 "-" "Mozilla/5.0 (Windows NT 10.0; Win64; x64) AppleWebKit/537.36 (KHTML, like Gecko) Chrome/133.0.0.0 Safari/537.36 Edg/133.0.0.0"
162.254.36.150 - - [06/Jul/2026:16:09:23 -0700] "POST /wp-login.php HTTP/1.1" 200 6468 "https://vanessavaladezrealty.com/wp-login.php" "Mozilla/5.0 (Windows NT 10.0; Win64; x64) AppleWebKit/537.36 (KHTML, like Gecko) Chrome/133.0.0.0 Safari/537.36 Edg/133.0.0.0"
129.153.117.122 - - [06/Jul/2026:16:10:11 -0700] "GET /properties?pid=108&wplview=property_show HTTP/1.1" 301 4095 "-" "Scrapy/2.16.0 (+https://scrapy.org)"
35.235.84.95 - - [06/Jul/2026:16:11:04 -0700] "POST /wp-cron.php?doing_wp_cron=1783379464.8928780555725097656250 HTTP/1.1" 200 3587 "-" "WordPress/7.0; https://vanessavaladezrealty.com"
129.153.117.122 - - [06/Jul/2026:16:11:03 -0700] "GET /properties/?pid=108&wplview=property_show HTTP/1.1" 200 38256 "https://vanessavaladezrealty.com/properties?pid=108&wplview=property_show" "Scrapy/2.16.0 (+https://scrapy.org)"
35.235.84.95 - - [06/Jul/2026:16:12:10 -0700] "POST /wp-cron.php?doing_wp_cron=1783379530.1347150802612304687500 HTTP/1.1" 200 3587 "-" "WordPress/7.0; https://vanessavaladezrealty.com"
58.186.150.51 - - [06/Jul/2026:16:12:09 -0700] "GET /wp-login.php HTTP/1.1" 200 6366 "-" "Mozilla/5.0 (Macintosh; Intel Mac OS X 10_15_7) AppleWebKit/537.36 (KHTML, like Gecko) Chrome/133.0.0.0 Safari/537.36"
58.186.150.51 - - [06/Jul/2026:16:12:10 -0700] "POST /wp-login.php HTTP/1.1" 200 6452 "https://vanessavaladezrealty.com/wp-login.php" "Mozilla/5.0 (Macintosh; Intel Mac OS X 10_15_7) AppleWebKit/537.36 (KHTML, like Gecko) Chrome/133.0.0.0 Safari/537.36"
113.178.218.134 - - [06/Jul/2026:16:12:58 -0700] "GET /properties/vanessavaladez/tel:7027760711/tel:7027760711/tel:7027760711/tel:7027760711/tel:7027760711/tel:7027760711/tel:7027760711/?wplpage=4 HTTP/1.1" 200 33108 "-" "Mozilla/5.0 (Macintosh; Intel Mac OS X 10_11_6) AppleWebKit/537.36 (KHTML, like Gecko) Chrome/69.0.3497.100 Safari/537.36"
35.235.84.95 - - [06/Jul/2026:16:13:19 -0700] "POST /wp-cron.php?doing_wp_cron=1783379599.2940731048583984375000 HTTP/1.1" 200 3587 "-" "WordPress/7.0; https://vanessavaladezrealty.com"
37.111.222.164 - - [06/Jul/2026:16:13:18 -0700] "GET /properties/109-Residential-7213-Tame-Place-6-Rooms-3-Bedrooms-2-Bathrooms-USD325-000/tel:7027760711 HTTP/1.1" 301 4212 "-" "Mozilla/5.0 (Macintosh; Intel Mac OS X 10_13_6) AppleWebKit/537.36 (KHTML, like Gecko) Chrome/68.0.3440.106 Safari/537.36"
37.111.222.164 - - [06/Jul/2026:16:13:19 -0700] "GET /properties/109-Residential-7213-Tame-Place-6-Rooms-3-Bedrooms-2-Bathrooms-USD325-000/tel:7027760711/ HTTP/1.1" 301 4361 "-" "Mozilla/5.0 (Macintosh; Intel Mac OS X 10_13_6) AppleWebKit/537.36 (KHTML, like Gecko) Chrome/68.0.3440.106 Safari/537.36"
37.111.222.164 - - [06/Jul/2026:16:13:21 -0700] "GET /properties/109-Residential-7213-Tame-Place-6-Rooms-3-Bedrooms-2-Bathrooms-USD325-000 HTTP/1.1" 301 4139 "-" "Mozilla/5.0 (Macintosh; Intel Mac OS X 10_13_6) AppleWebKit/537.36 (KHTML, like Gecko) Chrome/68.0.3440.106 Safari/537.36"
37.111.222.164 - - [06/Jul/2026:16:13:22 -0700] "GET /properties/109-Residential-7213-Tame-Place-6-Rooms-3-Bedrooms-2-Bathrooms-USD325-000/ HTTP/1.1" 200 35940 "-" "Mozilla/5.0 (Macintosh; Intel Mac OS X 10_13_6) AppleWebKit/537.36 (KHTML, like Gecko) Chrome/68.0.3440.106 Safari/537.36"
43.140.247.223 - - [06/Jul/2026:16:17:20 -0700] "GET / HTTP/1.1" 200 38346 "http://www.vanessavaladezrealty.com" "Mozilla/5.0 (iPhone; CPU iPhone OS 13_2_3 like Mac OS X) AppleWebKit/605.1.15 (KHTML, like Gecko) Version/13.0.3 Mobile/15E148 Safari/604.1"
35.235.84.95 - - [06/Jul/2026:16:20:01 -0700] "POST /wp-cron.php?doing_wp_cron=1783380001.0122759342193603515625 HTTP/1.1" 200 3587 "-" "WordPress/7.0; https://vanessavaladezrealty.com"
78.142.18.172 - - [06/Jul/2026:16:19:59 -0700] "GET /wp-login.php HTTP/1.1" 200 6366 "-" "Mozilla/5.0 (Macintosh; Intel Mac OS X 10_15_7) AppleWebKit/537.36 (KHTML, like Gecko) Chrome/133.0.0.0 Safari/537.36 Edg/133.0.0.0"
78.142.18.172 - - [06/Jul/2026:16:20:01 -0700] "POST /wp-login.php HTTP/1.1" 200 6452 "https://vanessavaladezrealty.com/wp-login.php" "Mozilla/5.0 (Macintosh; Intel Mac OS X 10_15_7) AppleWebKit/537.36 (KHTML, like Gecko) Chrome/133.0.0.0 Safari/537.36 Edg/133.0.0.0"
161.97.129.228 - - [06/Jul/2026:16:20:47 -0700] "GET /wp-login.php HTTP/1.1" 200 6366 "-" "Mozilla/5.0 (X11; CrOS x86_64 14541.0.0) AppleWebKit/537.36 (KHTML, like Gecko) Chrome/133.0.0.0 Safari/537.36"
35.235.84.95 - - [06/Jul/2026:16:20:50 -0700] "POST /wp-cron.php?doing_wp_cron=1783380050.0530319213867187500000 HTTP/1.1" 200 3587 "-" "WordPress/7.0; https://vanessavaladezrealty.com"
161.97.129.228 - - [06/Jul/2026:16:20:48 -0700] "POST /wp-login.php HTTP/1.1" 200 6468 "https://vanessavaladezrealty.com/wp-login.php" "Mozilla/5.0 (X11; CrOS x86_64 14541.0.0) AppleWebKit/537.36 (KHTML, like Gecko) Chrome/133.0.0.0 Safari/537.36"
107.174.39.48 - - [06/Jul/2026:16:21:43 -0700] "POST /guest_auth/guestIsUp.php HTTP/1.1" 403 4352 "-" "-"
35.235.84.95 - - [06/Jul/2026:16:22:11 -0700] "POST /wp-cron.php?doing_wp_cron=1783380131.2568340301513671875000 HTTP/1.1" 200 3587 "-" "WordPress/7.0; https://vanessavaladezrealty.com"
35.235.84.95 - - [06/Jul/2026:16:22:11 -0700] "POST /wp-cron.php?doing_wp_cron=1783380131.8089489936828613281250 HTTP/1.1" 200 3587 "-" "WordPress/7.0; https://vanessavaladezrealty.com"
103.7.120.153 - - [06/Jul/2026:16:22:10 -0700] "GET /properties/vanessavaladez/tel:7027760711/tel:7027760711/tel:7027760711/tel:7027760711/tel:7027760711/tel:7027760711/?wplpage=5 HTTP/1.1" 200 30436 "-" "Mozilla/5.0 (Macintosh; Intel Mac OS X 10_7_3) AppleWebKit/537.36 (KHTML, like Gecko, Mediapartners-Google) Chrome/89.0.4389.130 Safari/537.36"
35.235.84.95 - - [06/Jul/2026:16:24:47 -0700] "POST /wp-cron.php?doing_wp_cron=1783380287.9451379776000976562500 HTTP/1.1" 200 3587 "-" "WordPress/7.0; https://vanessavaladezrealty.com"
14.244.151.148 - - [06/Jul/2026:16:24:46 -0700] "GET /properties/vanessavaladez/tel:7027760711/tel:7027760711/tel:7027760711/tel:7027760711/tel:7027760711/tel:7027760711/tel:7027760711/tel:7027760711/?wplpage=2 HTTP/1.1" 200 33557 "-" "Mozilla/5.0 (Macintosh; Intel Mac OS X 10_13_6) AppleWebKit/537.36 (KHTML, like Gecko) Brave Chrome/77.0.3865.90 Safari/537.36"
35.235.84.95 - - [06/Jul/2026:16:34:20 -0700] "POST /wp-cron.php?doing_wp_cron=1783380860.8090898990631103515625 HTTP/1.1" 200 3587 "-" "WordPress/7.0; https://vanessavaladezrealty.com"
162.254.36.150 - - [06/Jul/2026:16:34:19 -0700] "GET /wp-login.php HTTP/1.1" 200 6366 "-" "Mozilla/5.0 (Macintosh; Intel Mac OS X 14_7_4) AppleWebKit/537.36 (KHTML, like Gecko) Chrome/133.0.0.0 Safari/537.36"
162.254.36.150 - - [06/Jul/2026:16:34:22 -0700] "POST /wp-login.php HTTP/1.1" 200 6452 "https://vanessavaladezrealty.com/wp-login.php" "Mozilla/5.0 (Macintosh; Intel Mac OS X 14_7_4) AppleWebKit/537.36 (KHTML, like Gecko) Chrome/133.0.0.0 Safari/537.36"
162.254.36.150 - - [06/Jul/2026:16:35:07 -0700] "GET /wp-login.php HTTP/1.1" 200 6366 "-" "Mozilla/5.0 (X11; Linux x86_64) AppleWebKit/537.36 (KHTML, like Gecko) Chrome/133.0.0.0 Safari/537.36 Edg/133.0.0.0"
162.254.36.150 - - [06/Jul/2026:16:35:09 -0700] "POST /wp-login.php HTTP/1.1" 200 6468 "https://vanessavaladezrealty.com/wp-login.php" "Mozilla/5.0 (X11; Linux x86_64) AppleWebKit/537.36 (KHTML, like Gecko) Chrome/133.0.0.0 Safari/537.36 Edg/133.0.0.0"
35.235.84.95 - - [06/Jul/2026:16:40:24 -0700] "POST /wp-cron.php?doing_wp_cron=1783381224.2982490062713623046875 HTTP/1.1" 200 3587 "-" "WordPress/7.0; https://vanessavaladezrealty.com"
196.154.15.20 - - [06/Jul/2026:16:40:22 -0700] "POST /xmlrpc.php HTTP/1.1" 200 4129 "-" "WordPress.com; https://wordpress.com"
196.154.15.20 - - [06/Jul/2026:16:40:27 -0700] "POST /xmlrpc.php HTTP/1.1" 200 4129 "-" "Jetpack by WordPress.com"
196.154.15.20 - - [06/Jul/2026:16:40:38 -0700] "POST /xmlrpc.php HTTP/1.1" 200 4129 "-" "WordPress.com; https://wordpress.com"
196.154.15.20 - - [06/Jul/2026:16:40:48 -0700] "POST /xmlrpc.php HTTP/1.1" 200 4129 "-" "WordPress.com; https://wordpress.com"
35.235.84.95 - - [06/Jul/2026:16:44:09 -0700] "POST /wp-cron.php?doing_wp_cron=1783381449.5583069324493408203125 HTTP/1.1" 200 3587 "-" "WordPress/7.0; https://vanessavaladezrealty.com"
203.210.249.200 - - [06/Jul/2026:16:44:08 -0700] "GET /properties/tel:7027760711/tel:7027760711/tel:7027760711/tel:7027760711/tel:7027760711/tel:7027760711 HTTP/1.1" 301 4213 "-" "Mozilla/5.0 (Windows NT 10.0; Win64; x64) AppleWebKit/537.36 (KHTML, like Gecko) Chrome/102.0.5005.49 Safari/537.36"
203.210.249.200 - - [06/Jul/2026:16:44:09 -0700] "GET /properties/tel:7027760711/tel:7027760711/tel:7027760711/tel:7027760711/tel:7027760711/tel:7027760711/ HTTP/1.1" 200 27465 "-" "Mozilla/5.0 (Windows NT 10.0; Win64; x64) AppleWebKit/537.36 (KHTML, like Gecko) Chrome/102.0.5005.49 Safari/537.36"
35.235.84.95 - - [06/Jul/2026:16:45:24 -0700] "POST /wp-cron.php?doing_wp_cron=1783381524.6125230789184570312500 HTTP/1.1" 200 3587 "-" "WordPress/7.0; https://vanessavaladezrealty.com"
78.142.18.172 - - [06/Jul/2026:16:45:23 -0700] "GET /wp-login.php HTTP/1.1" 200 6366 "-" "Mozilla/5.0 (Macintosh; Intel Mac OS X 11_7_10) AppleWebKit/537.36 (KHTML, like Gecko) Chrome/133.0.0.0 Safari/537.36"
78.142.18.172 - - [06/Jul/2026:16:45:24 -0700] "POST /wp-login.php HTTP/1.1" 200 6452 "https://vanessavaladezrealty.com/wp-login.php" "Mozilla/5.0 (Macintosh; Intel Mac OS X 11_7_10) AppleWebKit/537.36 (KHTML, like Gecko) Chrome/133.0.0.0 Safari/537.36"
35.235.84.95 - - [06/Jul/2026:16:45:55 -0700] "POST /wp-cron.php?doing_wp_cron=1783381555.4338490962982177734375 HTTP/1.1" 200 3587 "-" "WordPress/7.0; https://vanessavaladezrealty.com"
102.249.74.18 - - [06/Jul/2026:16:45:53 -0700] "GET /properties/104-Residential-10001-Peace-Way-1186-7-Rooms-3-Bedrooms-2-Bathrooms-USD349-999/ HTTP/1.1" 200 36150 "-" "Mozilla/5.0 (Windows NT 6.1) AppleWebKit/537.36 (KHTML, like Gecko) Chrome/88.0.4324.104 Safari/537.36"
78.142.18.172 - - [06/Jul/2026:16:46:20 -0700] "GET /wp-login.php HTTP/1.1" 200 6366 "-" "Mozilla/5.0 (Macintosh; Intel Mac OS X 14_7_4) AppleWebKit/537.36 (KHTML, like Gecko) Chrome/133.0.0.0 Safari/537.36"
78.142.18.172 - - [06/Jul/2026:16:46:22 -0700] "POST /wp-login.php HTTP/1.1" 200 6468 "https://vanessavaladezrealty.com/wp-login.php" "Mozilla/5.0 (Macintosh; Intel Mac OS X 14_7_4) AppleWebKit/537.36 (KHTML, like Gecko) Chrome/133.0.0.0 Safari/537.36"
35.235.84.95 - - [06/Jul/2026:16:49:58 -0700] "POST /wp-cron.php?doing_wp_cron=1783381798.3860929012298583984375 HTTP/1.1" 200 3587 "-" "WordPress/7.0; https://vanessavaladezrealty.com"
196.154.15.20 - - [06/Jul/2026:16:50:04 -0700] "POST /xmlrpc.php HTTP/1.1" 200 4129 "-" "Jetpack/13.0; WordPress/6.3; http://site71718392.com"
196.154.15.20 - - [06/Jul/2026:16:49:56 -0700] "POST /xmlrpc.php HTTP/1.1" 200 4129 "-" "Jetpack by WordPress.com"
196.154.15.20 - - [06/Jul/2026:16:50:14 -0700] "POST /xmlrpc.php HTTP/1.1" 200 4129 "-" "Jetpack by WordPress.com"
196.154.15.20 - - [06/Jul/2026:16:50:25 -0700] "POST /xmlrpc.php HTTP/1.1" 200 4129 "-" "Jetpack by WordPress.com"
196.154.15.20 - - [06/Jul/2026:16:50:35 -0700] "POST /xmlrpc.php HTTP/1.1" 200 4129 "-" "Jetpack by WordPress.com"
196.154.15.20 - - [06/Jul/2026:16:50:46 -0700] "POST /xmlrpc.php HTTP/1.1" 200 4129 "-" "Jetpack/12.5; WordPress/6.4; http://site48614473.com"
177.200.34.196 - - [06/Jul/2026:16:50:53 -0700] "GET /properties/vanessavaladez/tel:7027760711/tel:7027760711/tel:7027760711/tel:7027760711/tel:7027760711/?wplpage=5 HTTP/1.1" 200 30437 "-" "Mozilla/5.0 (Windows NT 10.0; WOW64) AppleWebKit/537.36 (KHTML, like Gecko) Chrome/89.0.4389.116 Safari/537.36"
196.154.15.20 - - [06/Jul/2026:16:50:56 -0700] "POST /xmlrpc.php HTTP/1.1" 200 4129 "-" "WordPress.com; https://wordpress.com"
196.154.15.20 - - [06/Jul/2026:16:51:07 -0700] "POST /xmlrpc.php HTTP/1.1" 403 4352 "-" "Jetpack by WordPress.com"
35.235.84.95 - - [06/Jul/2026:16:51:18 -0700] "POST /wp-cron.php?doing_wp_cron=1783381878.6616740226745605468750 HTTP/1.1" 200 3587 "-" "WordPress/7.0; https://vanessavaladezrealty.com"
196.154.15.20 - - [06/Jul/2026:16:51:17 -0700] "POST /xmlrpc.php HTTP/1.1" 200 4129 "-" "Jetpack/12.1; WordPress/6.1; http://site54498803.com"
35.235.84.95 - - [06/Jul/2026:16:51:29 -0700] "POST /wp-cron.php?doing_wp_cron=1783381889.1428320407867431640625 HTTP/1.1" 200 3587 "-" "WordPress/7.0; https://vanessavaladezrealty.com"
196.154.15.20 - - [06/Jul/2026:16:51:28 -0700] "POST /xmlrpc.php HTTP/1.1" 200 4129 "-" "WordPress.com; https://wordpress.com"
196.154.15.20 - - [06/Jul/2026:16:51:52 -0700] "POST /xmlrpc.php HTTP/1.1" 403 4352 "-" "Jetpack by WordPress.com"
196.154.15.20 - - [06/Jul/2026:16:51:59 -0700] "POST /xmlrpc.php HTTP/1.1" 403 4352 "-" "Jetpack by WordPress.com"
196.154.15.20 - - [06/Jul/2026:16:52:09 -0700] "POST /xmlrpc.php HTTP/1.1" 200 4129 "-" "Jetpack/12.5; WordPress/6.3; http://site55941993.com"
196.154.15.20 - - [06/Jul/2026:16:52:20 -0700] "POST /xmlrpc.php HTTP/1.1" 403 4352 "-" "Jetpack by WordPress.com"
35.235.84.95 - - [06/Jul/2026:16:52:32 -0700] "POST /wp-cron.php?doing_wp_cron=1783381952.5870409011840820312500 HTTP/1.1" 200 3587 "-" "WordPress/7.0; https://vanessavaladezrealty.com"
196.154.15.20 - - [06/Jul/2026:16:52:30 -0700] "POST /xmlrpc.php HTTP/1.1" 200 4129 "-" "WordPress.com; https://wordpress.com"
196.154.15.20 - - [06/Jul/2026:16:52:46 -0700] "POST /xmlrpc.php HTTP/1.1" 200 4129 "-" "WordPress.com; https://wordpress.com"
35.235.84.95 - - [06/Jul/2026:16:52:52 -0700] "POST /wp-cron.php?doing_wp_cron=1783381972.9522058963775634765625 HTTP/1.1" 200 3587 "-" "WordPress/7.0; https://vanessavaladezrealty.com"
196.154.15.20 - - [06/Jul/2026:16:52:51 -0700] "POST /xmlrpc.php HTTP/1.1" 200 4129 "-" "WordPress.com; https://wordpress.com"
35.235.84.95 - - [06/Jul/2026:16:54:02 -0700] "POST /wp-cron.php?doing_wp_cron=1783382042.6994900703430175781250 HTTP/1.1" 200 3587 "-" "WordPress/7.0; https://vanessavaladezrealty.com"
216.73.216.128 - - [06/Jul/2026:16:54:01 -0700] "GET /robots.txt HTTP/1.1" 200 4273 "-" "Mozilla/5.0 AppleWebKit/537.36 (KHTML, like Gecko; compatible; ClaudeBot/1.0; +claudebot@anthropic.com)"
216.73.216.128 - - [06/Jul/2026:16:54:02 -0700] "GET /wp-sitemap.xml HTTP/1.1" 200 4257 "-" "Mozilla/5.0 AppleWebKit/537.36 (KHTML, like Gecko; compatible; ClaudeBot/1.0; +claudebot@anthropic.com)"
57.141.18.59 - - [06/Jul/2026:16:54:19 -0700] "GET /sitemap.html HTTP/1.1" 404 98749 "-" "Mozilla/5.0 (Windows NT 10.0; Win64; x64) AppleWebKit/537.36 (KHTML, like Gecko) Chrome/145.0.0.0 Safari/537.36 (compatible; meta-externalagent/1.1 (+https://developers.facebook.com/docs/sharing/webmasters/crawler))"
35.235.84.95 - - [06/Jul/2026:16:55:01 -0700] "POST /wp-cron.php?doing_wp_cron=1783382101.9412789344787597656250 HTTP/1.1" 200 3587 "-" "WordPress/7.0; https://vanessavaladezrealty.com"
196.154.15.20 - - [06/Jul/2026:16:55:00 -0700] "POST /xmlrpc.php HTTP/1.1" 200 4129 "-" "Jetpack by WordPress.com (Jetpack 13.0; WordPress 6.3)"
196.154.15.20 - - [06/Jul/2026:16:55:08 -0700] "POST /xmlrpc.php HTTP/1.1" 403 4352 "-" "WordPress.com; https://wordpress.com"
196.154.15.20 - - [06/Jul/2026:16:55:18 -0700] "POST /xmlrpc.php HTTP/1.1" 403 4352 "-" "Jetpack by WordPress.com"
196.154.15.20 - - [06/Jul/2026:16:55:29 -0700] "POST /xmlrpc.php HTTP/1.1" 403 4352 "-" "WordPress.com; https://wordpress.com"
196.154.15.20 - - [06/Jul/2026:16:55:39 -0700] "POST /xmlrpc.php HTTP/1.1" 403 4352 "-" "WordPress.com; https://wordpress.com"
35.235.84.95 - - [06/Jul/2026:16:55:51 -0700] "POST /wp-cron.php?doing_wp_cron=1783382151.1461191177368164062500 HTTP/1.1" 200 3587 "-" "WordPress/7.0; https://vanessavaladezrealty.com"
196.154.15.20 - - [06/Jul/2026:16:55:50 -0700] "POST /xmlrpc.php HTTP/1.1" 200 4129 "-" "Jetpack by WordPress.com (Jetpack 12.1; WordPress 6.4)"
196.154.15.20 - - [06/Jul/2026:16:56:00 -0700] "POST /xmlrpc.php HTTP/1.1" 403 4352 "-" "Jetpack by WordPress.com"
196.154.15.20 - - [06/Jul/2026:16:56:10 -0700] "POST /xmlrpc.php HTTP/1.1" 403 4352 "-" "WordPress.com; https://wordpress.com"
196.154.15.20 - - [06/Jul/2026:16:56:21 -0700] "POST /xmlrpc.php HTTP/1.1" 200 4129 "-" "Jetpack/12.5; WordPress/6.4; http://site21943013.com"
35.235.84.95 - - [06/Jul/2026:16:56:32 -0700] "POST /wp-cron.php?doing_wp_cron=1783382192.9536769390106201171875 HTTP/1.1" 200 3587 "-" "WordPress/7.0; https://vanessavaladezrealty.com"
196.154.15.20 - - [06/Jul/2026:16:56:31 -0700] "POST /xmlrpc.php HTTP/1.1" 200 4129 "-" "Jetpack/13.0; WordPress/6.1; http://site66450319.com"
196.154.15.20 - - [06/Jul/2026:16:56:42 -0700] "POST /xmlrpc.php HTTP/1.1" 200 4129 "-" "Jetpack/13.0; WordPress/6.4; http://site36078938.com"
196.154.15.20 - - [06/Jul/2026:16:56:52 -0700] "POST /xmlrpc.php HTTP/1.1" 403 4352 "-" "WordPress.com; https://wordpress.com"
196.154.15.20 - - [06/Jul/2026:16:57:03 -0700] "POST /xmlrpc.php HTTP/1.1" 200 4129 "-" "Jetpack by WordPress.com (Jetpack 12.1; WordPress 6.2)"
196.154.15.20 - - [06/Jul/2026:16:57:13 -0700] "POST /xmlrpc.php HTTP/1.1" 200 4129 "-" "Jetpack by WordPress.com (Jetpack 13.0; WordPress 6.3)"
217.113.60.80 - - [06/Jul/2026:16:57:21 -0700] "GET /wp-login.php HTTP/1.1" 200 6366 "-" "Mozilla/5.0 (Windows NT 10.0; Win64; x64) AppleWebKit/537.36 (KHTML, like Gecko) Chrome/120.0.0.0 Safari/537.36"
196.154.15.20 - - [06/Jul/2026:16:57:24 -0700] "POST /xmlrpc.php HTTP/1.1" 200 4129 "-" "Jetpack by WordPress.com (Jetpack 12.1; WordPress 6.1)"
35.235.84.95 - - [06/Jul/2026:16:57:37 -0700] "POST /wp-cron.php?doing_wp_cron=1783382257.1137199401855468750000 HTTP/1.1" 200 3587 "-" "WordPress/7.0; https://vanessavaladezrealty.com"
196.154.15.20 - - [06/Jul/2026:16:57:34 -0700] "POST /xmlrpc.php HTTP/1.1" 200 4129 "-" "Jetpack/13.0; WordPress/6.2; http://site43420122.com"
217.113.60.80 - - [06/Jul/2026:16:57:22 -0700] "POST /wp-login.php HTTP/1.1" 200 6452 "https://vanessavaladezrealty.com/wp-login.php" "Mozilla/5.0 (Windows NT 10.0; Win64; x64) AppleWebKit/537.36 (KHTML, like Gecko) Chrome/120.0.0.0 Safari/537.36"
196.154.15.20 - - [06/Jul/2026:16:57:45 -0700] "POST /xmlrpc.php HTTP/1.1" 403 4352 "-" "WordPress.com; https://wordpress.com"
196.154.15.20 - - [06/Jul/2026:16:57:55 -0700] "POST /xmlrpc.php HTTP/1.1" 403 4352 "-" "Jetpack by WordPress.com"
35.235.84.95 - - [06/Jul/2026:16:58:07 -0700] "POST /wp-cron.php?doing_wp_cron=1783382287.4201810359954833984375 HTTP/1.1" 200 3587 "-" "WordPress/7.0; https://vanessavaladezrealty.com"
196.154.15.20 - - [06/Jul/2026:16:58:06 -0700] "POST /xmlrpc.php HTTP/1.1" 200 4129 "-" "Jetpack/12.1; WordPress/6.1; http://site69489073.com"
196.154.15.20 - - [06/Jul/2026:16:58:16 -0700] "POST /xmlrpc.php HTTP/1.1" 200 4129 "-" "Jetpack/12.5; WordPress/6.1; http://site55540878.com"
196.154.15.20 - - [06/Jul/2026:16:58:27 -0700] "POST /xmlrpc.php HTTP/1.1" 403 4352 "-" "WordPress.com; https://wordpress.com"
196.154.15.20 - - [06/Jul/2026:16:58:37 -0700] "POST /xmlrpc.php HTTP/1.1" 200 4129 "-" "Jetpack by WordPress.com (Jetpack 13.0; WordPress 6.4)"
196.154.15.20 - - [06/Jul/2026:16:58:48 -0700] "POST /xmlrpc.php HTTP/1.1" 200 4129 "-" "Jetpack by WordPress.com (Jetpack 12.1; WordPress 6.2)"
35.235.84.95 - - [06/Jul/2026:16:59:00 -0700] "POST /wp-cron.php?doing_wp_cron=1783382340.0272030830383300781250 HTTP/1.1" 200 3587 "-" "WordPress/7.0; https://vanessavaladezrealty.com"
196.154.15.20 - - [06/Jul/2026:16:58:58 -0700] "POST /xmlrpc.php HTTP/1.1" 200 4129 "-" "Jetpack/12.1; WordPress/6.2; http://site53655672.com"
196.154.15.20 - - [06/Jul/2026:16:59:09 -0700] "POST /xmlrpc.php HTTP/1.1" 403 4352 "-" "Jetpack by WordPress.com"
196.154.15.20 - - [06/Jul/2026:16:59:19 -0700] "POST /xmlrpc.php HTTP/1.1" 200 4129 "-" "Jetpack/12.5; WordPress/6.2; http://site32701027.com"
196.154.15.20 - - [06/Jul/2026:16:59:30 -0700] "POST /xmlrpc.php HTTP/1.1" 200 4129 "-" "Jetpack by WordPress.com (Jetpack 12.0; WordPress 6.4)"
196.154.15.20 - - [06/Jul/2026:16:59:40 -0700] "POST /xmlrpc.php HTTP/1.1" 403 4352 "-" "WordPress.com; https://wordpress.com"
35.235.84.95 - - [06/Jul/2026:16:59:52 -0700] "POST /wp-cron.php?doing_wp_cron=1783382392.3261499404907226562500 HTTP/1.1" 200 3587 "-" "WordPress/7.0; https://vanessavaladezrealty.com"
196.154.15.20 - - [06/Jul/2026:16:59:51 -0700] "POST /xmlrpc.php HTTP/1.1" 200 4129 "-" "Jetpack by WordPress.com (Jetpack 12.5; WordPress 6.1)"
196.154.15.20 - - [06/Jul/2026:17:00:01 -0700] "POST /xmlrpc.php HTTP/1.1" 403 4352 "-" "Jetpack by WordPress.com"
196.154.15.20 - - [06/Jul/2026:17:00:12 -0700] "POST /xmlrpc.php HTTP/1.1" 200 4129 "-" "Jetpack/12.0; WordPress/6.1; http://site52893072.com"
196.154.15.20 - - [06/Jul/2026:17:00:22 -0700] "POST /xmlrpc.php HTTP/1.1" 200 4129 "-" "Jetpack/12.5; WordPress/6.1; http://site24162433.com"
35.235.84.95 - - [06/Jul/2026:17:00:37 -0700] "HEAD / HTTP/1.1" 200 4253 "-" "Mozilla/5.0 (Windows NT 10.0; Win64; x64) AppleWebKit/537.36 (KHTML, like Gecko) Chrome/117.0.0.0 Safari/537.36"
177.175.76.59 - - [06/Jul/2026:17:00:39 -0700] "GET /properties/?pid=108&wplview=property_show HTTP/1.1" 200 38314 "-" "Mozilla/5.0 (Windows NT 6.1; Win64; x64) AppleWebKit/537.36 (KHTML, like Gecko) Chrome/72.0.3626.109 Safari/537.36"
196.154.15.20 - - [06/Jul/2026:17:00:33 -0700] "POST /xmlrpc.php HTTP/1.1" 200 4129 "-" "Jetpack by WordPress.com (Jetpack 12.1; WordPress 6.3)"
196.154.15.20 - - [06/Jul/2026:17:00:43 -0700] "POST /xmlrpc.php HTTP/1.1" 200 4129 "-" "Jetpack/12.0; WordPress/6.3; http://site65128250.com"
35.235.84.95 - - [06/Jul/2026:17:00:55 -0700] "POST /wp-cron.php?doing_wp_cron=1783382455.4930789470672607421875 HTTP/1.1" 200 3587 "-" "WordPress/7.0; https://vanessavaladezrealty.com"
196.154.15.20 - - [06/Jul/2026:17:00:54 -0700] "POST /xmlrpc.php HTTP/1.1" 200 4129 "-" "Jetpack by WordPress.com (Jetpack 12.1; WordPress 6.1)"
196.154.15.20 - - [06/Jul/2026:17:01:04 -0700] "POST /xmlrpc.php HTTP/1.1" 403 4352 "-" "Jetpack by WordPress.com"
196.154.15.20 - - [06/Jul/2026:17:01:15 -0700] "POST /xmlrpc.php HTTP/1.1" 200 4129 "-" "Jetpack/13.0; WordPress/6.2; http://site40654018.com"
35.235.84.95 - - [06/Jul/2026:17:01:26 -0700] "POST /wp-cron.php?doing_wp_cron=1783382486.6883199214935302734375 HTTP/1.1" 200 3587 "-" "WordPress/7.0; https://vanessavaladezrealty.com"
196.154.15.20 - - [06/Jul/2026:17:01:25 -0700] "POST /xmlrpc.php HTTP/1.1" 200 4129 "-" "Jetpack/12.0; WordPress/6.3; http://site93426938.com"
196.154.15.20 - - [06/Jul/2026:17:01:36 -0700] "POST /xmlrpc.php HTTP/1.1" 403 4352 "-" "Jetpack by WordPress.com"
196.154.15.20 - - [06/Jul/2026:17:01:46 -0700] "POST /xmlrpc.php HTTP/1.1" 403 4352 "-" "Jetpack by WordPress.com"
196.154.15.20 - - [06/Jul/2026:17:01:56 -0700] "POST /xmlrpc.php HTTP/1.1" 200 4129 "-" "Jetpack/13.0; WordPress/6.4; http://site60606016.com"
196.154.15.20 - - [06/Jul/2026:17:02:07 -0700] "POST /xmlrpc.php HTTP/1.1" 200 4129 "-" "Jetpack by WordPress.com (Jetpack 12.0; WordPress 6.2)"
185.70.185.130 - - [06/Jul/2026:17:02:25 -0700] "GET /wp-login.php HTTP/1.1" 200 6366 "-" "Mozilla/5.0 (Windows NT 10.0; Win64; x64) AppleWebKit/537.36 (KHTML, like Gecko) Chrome/120.0.0.0 Safari/537.36"
35.235.84.95 - - [06/Jul/2026:17:02:28 -0700] "POST /wp-cron.php?doing_wp_cron=1783382548.0381090641021728515625 HTTP/1.1" 200 3587 "-" "WordPress/7.0; https://vanessavaladezrealty.com"
185.70.185.130 - - [06/Jul/2026:17:02:26 -0700] "POST /wp-login.php HTTP/1.1" 200 6452 "https://vanessavaladezrealty.com/wp-login.php" "Mozilla/5.0 (Windows NT 10.0; Win64; x64) AppleWebKit/537.36 (KHTML, like Gecko) Chrome/120.0.0.0 Safari/537.36"
196.154.15.20 - - [06/Jul/2026:17:02:30 -0700] "POST /xmlrpc.php HTTP/1.1" 200 4129 "-" "Jetpack/12.1; WordPress/6.2; http://site21596146.com"
196.154.15.20 - - [06/Jul/2026:17:02:38 -0700] "POST /xmlrpc.php HTTP/1.1" 200 4129 "-" "Jetpack by WordPress.com (Jetpack 13.0; WordPress 6.1)"
35.235.84.95 - - [06/Jul/2026:17:02:51 -0700] "POST /wp-cron.php?doing_wp_cron=1783382571.6630148887634277343750 HTTP/1.1" 200 3587 "-" "WordPress/7.0; https://vanessavaladezrealty.com"
196.154.15.20 - - [06/Jul/2026:17:02:49 -0700] "POST /xmlrpc.php HTTP/1.1" 200 4129 "-" "Jetpack by WordPress.com (Jetpack 12.1; WordPress 6.1)"
196.154.15.20 - - [06/Jul/2026:17:02:59 -0700] "POST /xmlrpc.php HTTP/1.1" 200 4129 "-" "Jetpack/13.0; WordPress/6.4; http://site23164395.com"
196.154.15.20 - - [06/Jul/2026:17:03:10 -0700] "POST /xmlrpc.php HTTP/1.1" 200 4129 "-" "Jetpack by WordPress.com (Jetpack 12.0; WordPress 6.3)"
129.153.117.122 - - [06/Jul/2026:17:03:32 -0700] "GET /properties?pid=129&wplview=property_show HTTP/1.1" 301 4095 "-" "Scrapy/2.16.0 (+https://scrapy.org)"
35.235.84.95 - - [06/Jul/2026:17:04:23 -0700] "POST /wp-cron.php?doing_wp_cron=1783382663.3934299945831298828125 HTTP/1.1" 200 3587 "-" "WordPress/7.0; https://vanessavaladezrealty.com"
129.153.117.122 - - [06/Jul/2026:17:04:21 -0700] "GET /properties/?pid=129&wplview=property_show HTTP/1.1" 200 36904 "https://vanessavaladezrealty.com/properties?pid=129&wplview=property_show" "Scrapy/2.16.0 (+https://scrapy.org)"
196.154.15.20 - - [06/Jul/2026:17:05:29 -0700] "POST /xmlrpc.php HTTP/1.1" 403 4352 "-" "WordPress.com; https://wordpress.com"
196.154.15.20 - - [06/Jul/2026:17:05:37 -0700] "POST /xmlrpc.php HTTP/1.1" 403 4352 "-" "Jetpack by WordPress.com"
35.235.84.95 - - [06/Jul/2026:17:05:54 -0700] "POST /wp-cron.php?doing_wp_cron=1783382754.0497760772705078125000 HTTP/1.1" 200 3587 "-" "WordPress/7.0; https://vanessavaladezrealty.com"
190.242.27.88 - - [06/Jul/2026:17:05:51 -0700] "GET /properties/127-Residential-3651-Arville-Street-426-6-Rooms-2-Bedrooms-2-Bathrooms-USD139-000/ HTTP/1.1" 200 35807 "-" "Mozilla/5.0 (Macintosh; Intel Mac OS X 10_14_6) AppleWebKit/537.36 (KHTML, like Gecko) Chrome/88.0.4324.150 Safari/537.36"
196.154.15.20 - - [06/Jul/2026:17:05:47 -0700] "POST /xmlrpc.php HTTP/1.1" 403 4352 "-" "Jetpack by WordPress.com"
35.235.84.95 - - [06/Jul/2026:17:10:13 -0700] "POST /wp-cron.php?doing_wp_cron=1783383013.6488590240478515625000 HTTP/1.1" 200 3587 "-" "WordPress/7.0; https://vanessavaladezrealty.com"
