180.191.168.137 - - [05/Jul/2026:22:20:21 -0700] "POST /xmlrpc.php HTTP/1.1" 200 4129 "-" "Jetpack/12.0; WordPress/6.2; http://site29613255.com"
69.49.112.65 - - [05/Jul/2026:22:20:24 -0700] "GET /wp-login.php HTTP/1.1" 200 6365 "-" "Mozilla/5.0 (Windows NT 10.0; Win64; x64) AppleWebKit/537.36 (KHTML, like Gecko) Chrome/120.0.0.0 Safari/537.36"
69.49.112.65 - - [05/Jul/2026:22:20:25 -0700] "POST /wp-login.php HTTP/1.1" 200 6467 "https://vanessavaladezrealty.com/wp-login.php" "Mozilla/5.0 (Windows NT 10.0; Win64; x64) AppleWebKit/537.36 (KHTML, like Gecko) Chrome/120.0.0.0 Safari/537.36"
180.191.168.137 - - [05/Jul/2026:22:20:32 -0700] "POST /xmlrpc.php HTTP/1.1" 403 4352 "-" "Jetpack by WordPress.com"
180.191.168.137 - - [05/Jul/2026:22:20:42 -0700] "POST /xmlrpc.php HTTP/1.1" 200 4129 "-" "Jetpack by WordPress.com (Jetpack 12.0; WordPress 6.4)"
35.235.84.95 - - [05/Jul/2026:22:20:55 -0700] "POST /wp-cron.php?doing_wp_cron=1783315255.1179130077362060546875 HTTP/1.1" 200 3587 "-" "WordPress/7.0; https://vanessavaladezrealty.com"
180.191.168.137 - - [05/Jul/2026:22:20:53 -0700] "POST /xmlrpc.php HTTP/1.1" 200 4129 "-" "Jetpack by WordPress.com (Jetpack 12.0; WordPress 6.4)"
180.191.168.137 - - [05/Jul/2026:22:21:04 -0700] "POST /xmlrpc.php HTTP/1.1" 403 4352 "-" "WordPress.com; https://wordpress.com"
180.191.168.137 - - [05/Jul/2026:22:21:14 -0700] "POST /xmlrpc.php HTTP/1.1" 200 4129 "-" "Jetpack/13.0; WordPress/6.4; http://site56790406.com"
35.235.84.95 - - [05/Jul/2026:22:21:27 -0700] "POST /wp-cron.php?doing_wp_cron=1783315287.3083078861236572265625 HTTP/1.1" 200 3587 "-" "WordPress/7.0; https://vanessavaladezrealty.com"
180.191.168.137 - - [05/Jul/2026:22:21:25 -0700] "POST /xmlrpc.php HTTP/1.1" 200 4129 "-" "Jetpack/12.1; WordPress/6.3; http://site70714543.com"
180.191.168.137 - - [05/Jul/2026:22:21:36 -0700] "POST /xmlrpc.php HTTP/1.1" 200 4129 "-" "Jetpack by WordPress.com (Jetpack 13.0; WordPress 6.1)"
180.191.168.137 - - [05/Jul/2026:22:21:47 -0700] "POST /xmlrpc.php HTTP/1.1" 200 4129 "-" "Jetpack/12.0; WordPress/6.4; http://site77065701.com"
180.191.168.137 - - [05/Jul/2026:22:21:57 -0700] "POST /xmlrpc.php HTTP/1.1" 403 4352 "-" "Jetpack by WordPress.com"
180.191.168.137 - - [05/Jul/2026:22:22:08 -0700] "POST /xmlrpc.php HTTP/1.1" 403 4352 "-" "WordPress.com; https://wordpress.com"
180.191.168.137 - - [05/Jul/2026:22:22:19 -0700] "POST /xmlrpc.php HTTP/1.1" 403 4352 "-" "WordPress.com; https://wordpress.com"
35.235.84.95 - - [05/Jul/2026:22:22:30 -0700] "POST /wp-cron.php?doing_wp_cron=1783315350.8021268844604492187500 HTTP/1.1" 200 3587 "-" "WordPress/7.0; https://vanessavaladezrealty.com"
180.191.168.137 - - [05/Jul/2026:22:22:40 -0700] "POST /xmlrpc.php HTTP/1.1" 403 4352 "-" "Jetpack by WordPress.com"
35.235.84.95 - - [05/Jul/2026:22:22:52 -0700] "POST /wp-cron.php?doing_wp_cron=1783315372.1019370555877685546875 HTTP/1.1" 200 3587 "-" "WordPress/7.0; https://vanessavaladezrealty.com"
180.191.168.137 - - [05/Jul/2026:22:22:29 -0700] "POST /xmlrpc.php HTTP/1.1" 200 4129 "-" "Jetpack/12.1; WordPress/6.4; http://site17220758.com"
180.191.168.137 - - [05/Jul/2026:22:23:01 -0700] "POST /xmlrpc.php HTTP/1.1" 403 4352 "-" "Jetpack by WordPress.com"
180.191.168.137 - - [05/Jul/2026:22:22:50 -0700] "POST /xmlrpc.php HTTP/1.1" 200 4129 "-" "Jetpack by WordPress.com (Jetpack 13.0; WordPress 6.1)"
177.129.116.135 - - [05/Jul/2026:22:23:46 -0700] "GET /properties/?pid=138&wplview=property_show HTTP/1.1" 200 36424 "-" "Mozilla/5.0 (Macintosh; Intel Mac OS X 10_15_7) AppleWebKit/537.36 (KHTML, like Gecko) Chrome/101.0.0.0 Safari/537.36"
35.235.84.95 - - [05/Jul/2026:22:23:50 -0700] "POST /wp-cron.php?doing_wp_cron=1783315430.0998010635375976562500 HTTP/1.1" 200 3587 "-" "WordPress/7.0; https://vanessavaladezrealty.com"
115.245.192.59 - - [05/Jul/2026:22:23:48 -0700] "GET / HTTP/1.1" 200 38294 "-" "Mozilla/5.0"
218.77.106.10 - - [05/Jul/2026:22:24:35 -0700] "POST /wp-comments-post.php HTTP/1.1" 302 4225 "-" "Mozilla/5.0 (Windows NT 10.0; Win64; x64) AppleWebKit/537.36 (KHTML, like Gecko) Chrome/120.0.0.0 Safari/537.36"
35.235.84.95 - - [05/Jul/2026:22:24:56 -0700] "POST /wp-cron.php?doing_wp_cron=1783315496.9004418849945068359375 HTTP/1.1" 200 3587 "-" "WordPress/7.0; https://vanessavaladezrealty.com"
185.176.8.77 - - [05/Jul/2026:22:24:55 -0700] "GET /wp-login.php HTTP/1.1" 200 6365 "-" "Mozilla/5.0 (Windows NT 10.0; Win64; x64) AppleWebKit/537.36 (KHTML, like Gecko) Chrome/120.0.0.0 Safari/537.36"
185.176.8.77 - - [05/Jul/2026:22:24:57 -0700] "POST /wp-login.php HTTP/1.1" 200 6451 "https://vanessavaladezrealty.com/wp-login.php" "Mozilla/5.0 (Windows NT 10.0; Win64; x64) AppleWebKit/537.36 (KHTML, like Gecko) Chrome/120.0.0.0 Safari/537.36"
35.235.84.95 - - [05/Jul/2026:22:29:18 -0700] "POST /wp-cron.php?doing_wp_cron=1783315758.6588149070739746093750 HTTP/1.1" 200 3587 "-" "WordPress/7.0; https://vanessavaladezrealty.com"
72.167.132.114 - - [05/Jul/2026:22:29:17 -0700] "GET /wp-login.php HTTP/1.1" 200 6365 "-" "Mozilla/5.0 (X11; CrOS x86_64 14541.0.0) AppleWebKit/537.36 (KHTML, like Gecko) Chrome/133.0.0.0 Safari/537.36"
72.167.132.114 - - [05/Jul/2026:22:29:19 -0700] "POST /wp-login.php HTTP/1.1" 200 6467 "https://vanessavaladezrealty.com/wp-login.php" "Mozilla/5.0 (X11; CrOS x86_64 14541.0.0) AppleWebKit/537.36 (KHTML, like Gecko) Chrome/133.0.0.0 Safari/537.36"
35.235.84.95 - - [05/Jul/2026:22:34:12 -0700] "POST /wp-cron.php?doing_wp_cron=1783316052.5475349426269531250000 HTTP/1.1" 200 3587 "-" "WordPress/7.0; https://vanessavaladezrealty.com"
190.55.131.98 - - [05/Jul/2026:22:34:11 -0700] "GET /properties/128-Residential-8774-Stockholm-Avenue-9-Rooms-3-Bedrooms-3-Bathrooms-USD698-000/tel:7027760711 HTTP/1.1" 301 4218 "-" "Mozilla/5.0 (Macintosh; Intel Mac OS X 10_15_7) AppleWebKit/537.36 (KHTML, like Gecko) Chrome/98.0.4758.80 Safari/537.36"
190.55.131.98 - - [05/Jul/2026:22:34:13 -0700] "GET /properties/128-Residential-8774-Stockholm-Avenue-9-Rooms-3-Bedrooms-3-Bathrooms-USD698-000/tel:7027760711/ HTTP/1.1" 301 4367 "-" "Mozilla/5.0 (Macintosh; Intel Mac OS X 10_15_7) AppleWebKit/537.36 (KHTML, like Gecko) Chrome/98.0.4758.80 Safari/537.36"
190.55.131.98 - - [05/Jul/2026:22:34:14 -0700] "GET /properties/128-Residential-8774-Stockholm-Avenue-9-Rooms-3-Bedrooms-3-Bathrooms-USD698-000 HTTP/1.1" 301 4145 "-" "Mozilla/5.0 (Macintosh; Intel Mac OS X 10_15_7) AppleWebKit/537.36 (KHTML, like Gecko) Chrome/98.0.4758.80 Safari/537.36"
190.55.131.98 - - [05/Jul/2026:22:34:16 -0700] "GET /properties/128-Residential-8774-Stockholm-Avenue-9-Rooms-3-Bedrooms-3-Bathrooms-USD698-000/ HTTP/1.1" 200 37485 "-" "Mozilla/5.0 (Macintosh; Intel Mac OS X 10_15_7) AppleWebKit/537.36 (KHTML, like Gecko) Chrome/98.0.4758.80 Safari/537.36"
35.235.84.95 - - [05/Jul/2026:22:38:59 -0700] "POST /wp-cron.php?doing_wp_cron=1783316339.9557130336761474609375 HTTP/1.1" 200 3587 "-" "WordPress/7.0; https://vanessavaladezrealty.com"
78.142.18.172 - - [05/Jul/2026:22:38:58 -0700] "GET /wp-login.php HTTP/1.1" 200 6365 "-" "Mozilla/5.0 (X11; Linux x86_64) AppleWebKit/537.36 (KHTML, like Gecko) Chrome/133.0.0.0 Safari/537.36"
78.142.18.172 - - [05/Jul/2026:22:39:00 -0700] "POST /wp-login.php HTTP/1.1" 200 6451 "https://vanessavaladezrealty.com/wp-login.php" "Mozilla/5.0 (X11; Linux x86_64) AppleWebKit/537.36 (KHTML, like Gecko) Chrome/133.0.0.0 Safari/537.36"
35.235.84.95 - - [05/Jul/2026:22:40:14 -0700] "POST /wp-cron.php?doing_wp_cron=1783316414.4480419158935546875000 HTTP/1.1" 200 3587 "-" "WordPress/7.0; https://vanessavaladezrealty.com"
185.106.30.205 - - [05/Jul/2026:22:40:12 -0700] "GET /properties/131-Residential-3651-Arville-Street-325-7-Rooms-2-Bedrooms-2-Bathrooms-USD139-000/ HTTP/1.1" 200 35251 "-" "Mozilla/5.0 (Windows NT 6.1; ) AppleWebKit/537.36 (KHTML, like Gecko) Chrome/83.0.4103.116 Safari/537.36 AOLShield/83.0.4103.0"
35.235.84.95 - - [05/Jul/2026:22:42:03 -0700] "POST /wp-cron.php?doing_wp_cron=1783316523.9332060813903808593750 HTTP/1.1" 200 3587 "-" "WordPress/7.0; https://vanessavaladezrealty.com"
58.186.150.51 - - [05/Jul/2026:22:42:00 -0700] "GET /wp-login.php HTTP/1.1" 200 6365 "-" "Mozilla/5.0 (Windows NT 10.0; Win64; x64) AppleWebKit/537.36 (KHTML, like Gecko) Chrome/120.0.0.0 Safari/537.36"
58.186.150.51 - - [05/Jul/2026:22:42:04 -0700] "POST /wp-login.php HTTP/1.1" 200 6451 "https://vanessavaladezrealty.com/wp-login.php" "Mozilla/5.0 (Windows NT 10.0; Win64; x64) AppleWebKit/537.36 (KHTML, like Gecko) Chrome/120.0.0.0 Safari/537.36"
179.6.170.193 - - [05/Jul/2026:22:42:58 -0700] "GET /properties/98-Residential-4304-Hanford-Avenue-5-Rooms-3-Bedrooms-2-Bathrooms-USD330-000/ HTTP/1.1" 200 37026 "-" "Mozilla/5.0 (Macintosh; Intel Mac OS X 11_1_0) AppleWebKit/537.36 (KHTML, like Gecko) Chrome/88.0.4324.146 Safari/537.36"
35.235.84.95 - - [05/Jul/2026:22:43:59 -0700] "POST /wp-cron.php?doing_wp_cron=1783316639.4227969646453857421875 HTTP/1.1" 200 3587 "-" "WordPress/7.0; https://vanessavaladezrealty.com"
114.119.155.210 - - [05/Jul/2026:22:43:58 -0700] "GET /properties/88-Residential-2539-Tuskegee-Street-6-Rooms-5-Bedrooms-2-Bathrooms-USD299-995 HTTP/1.1" 301 4201 "https://vanessavaladezrealty.com/properties?wplpage=1" "Mozilla/5.0 (Linux; Android 7.0;) AppleWebKit/537.36 (HTML, like Gecko) Mobile Safari/537.36 (compatible; PetalBot;+https://webmaster.petalsearch.com/site/petalbot)"
114.119.155.210 - - [05/Jul/2026:22:44:00 -0700] "GET /properties/88-Residential-2539-Tuskegee-Street-6-Rooms-5-Bedrooms-2-Bathrooms-USD299-995/ HTTP/1.1" 200 32595 "https://vanessavaladezrealty.com/properties?wplpage=1" "Mozilla/5.0 (Linux; Android 7.0;) AppleWebKit/537.36 (HTML, like Gecko) Mobile Safari/537.36 (compatible; PetalBot;+https://webmaster.petalsearch.com/site/petalbot)"
35.235.84.95 - - [05/Jul/2026:22:45:05 -0700] "POST /wp-cron.php?doing_wp_cron=1783316705.4254329204559326171875 HTTP/1.1" 200 3587 "-" "WordPress/7.0; https://vanessavaladezrealty.com"
14.191.137.20 - - [05/Jul/2026:22:45:03 -0700] "GET /properties/92-Residential-Las-Vegas-NV-89121-6-Rooms-2-Bedrooms-2-Bathrooms-USD265-000/ HTTP/1.1" 200 36012 "-" "Mozilla/5.0 (Macintosh; Intel Mac OS X 10_15_3) AppleWebKit/537.36 (KHTML, like Gecko) Chrome/98.0.4758.80 Safari/537.36"
35.235.84.95 - - [05/Jul/2026:22:50:31 -0700] "POST /wp-cron.php?doing_wp_cron=1783317030.9902360439300537109375 HTTP/1.1" 200 3587 "-" "WordPress/7.0; https://vanessavaladezrealty.com"
185.176.8.77 - - [05/Jul/2026:22:50:29 -0700] "GET /wp-login.php HTTP/1.1" 200 6365 "-" "Mozilla/5.0 (Windows NT 10.0; Win64; x64) AppleWebKit/537.36 (KHTML, like Gecko) Chrome/120.0.0.0 Safari/537.36"
185.176.8.77 - - [05/Jul/2026:22:50:31 -0700] "POST /wp-login.php HTTP/1.1" 200 6451 "https://vanessavaladezrealty.com/wp-login.php" "Mozilla/5.0 (Windows NT 10.0; Win64; x64) AppleWebKit/537.36 (KHTML, like Gecko) Chrome/120.0.0.0 Safari/537.36"
35.235.84.95 - - [05/Jul/2026:22:51:56 -0700] "POST /wp-cron.php?doing_wp_cron=1783317116.0114610195159912109375 HTTP/1.1" 200 3587 "-" "WordPress/7.0; https://vanessavaladezrealty.com"
190.186.159.11 - - [05/Jul/2026:22:51:54 -0700] "GET /properties/88-Residential-2539-Tuskegee-Street-6-Rooms-5-Bedrooms-2-Bathrooms-USD299-995/tel:7027760711 HTTP/1.1" 301 4216 "-" "Mozilla/5.0 (Windows NT 10.0; Win64; x64) AppleWebKit/537.36 (KHTML, like Gecko) Chrome/91.0.4472.114 Safari/537.36"
190.186.159.11 - - [05/Jul/2026:22:51:56 -0700] "GET /properties/88-Residential-2539-Tuskegee-Street-6-Rooms-5-Bedrooms-2-Bathrooms-USD299-995/tel:7027760711/ HTTP/1.1" 301 4365 "-" "Mozilla/5.0 (Windows NT 10.0; Win64; x64) AppleWebKit/537.36 (KHTML, like Gecko) Chrome/91.0.4472.114 Safari/537.36"
190.186.159.11 - - [05/Jul/2026:22:51:58 -0700] "GET /properties/88-Residential-2539-Tuskegee-Street-6-Rooms-5-Bedrooms-2-Bathrooms-USD299-995 HTTP/1.1" 301 4143 "-" "Mozilla/5.0 (Windows NT 10.0; Win64; x64) AppleWebKit/537.36 (KHTML, like Gecko) Chrome/91.0.4472.114 Safari/537.36"
190.186.159.11 - - [05/Jul/2026:22:52:00 -0700] "GET /properties/88-Residential-2539-Tuskegee-Street-6-Rooms-5-Bedrooms-2-Bathrooms-USD299-995/ HTTP/1.1" 200 36425 "-" "Mozilla/5.0 (Windows NT 10.0; Win64; x64) AppleWebKit/537.36 (KHTML, like Gecko) Chrome/91.0.4472.114 Safari/537.36"
35.235.84.95 - - [05/Jul/2026:22:53:29 -0700] "POST /wp-cron.php?doing_wp_cron=1783317209.6366350650787353515625 HTTP/1.1" 200 3587 "-" "WordPress/7.0; https://vanessavaladezrealty.com"
78.142.18.172 - - [05/Jul/2026:22:53:28 -0700] "GET /wp-login.php HTTP/1.1" 200 6365 "-" "Mozilla/5.0 (Windows NT 10.0; Win64; x64; rv:133.0) Gecko/20100101 Firefox/133.0"
78.142.18.172 - - [05/Jul/2026:22:53:30 -0700] "POST /wp-login.php HTTP/1.1" 200 6451 "https://vanessavaladezrealty.com/wp-login.php" "Mozilla/5.0 (Windows NT 10.0; Win64; x64; rv:133.0) Gecko/20100101 Firefox/133.0"
46.151.182.58 - - [05/Jul/2026:22:55:58 -0700] "GET / HTTP/1.1" 200 361423 "-" "-"
46.151.182.58 - - [05/Jul/2026:22:56:00 -0700] "GET /wp-admin/install.php HTTP/1.1" 200 5083 "-" "-"
35.235.84.95 - - [05/Jul/2026:22:57:15 -0700] "POST /wp-cron.php?doing_wp_cron=1783317435.5998280048370361328125 HTTP/1.1" 200 3587 "-" "WordPress/7.0; https://vanessavaladezrealty.com"
103.149.1.36 - - [05/Jul/2026:22:57:14 -0700] "GET /properties/vanessavaladez/tel:7027760711/ HTTP/1.1" 200 32783 "-" "Mozilla/5.0 (Windows NT 6.1) AppleWebKit/537.36 (KHTML, like Gecko) Chrome/27.0.1453.90 Safari/537.36"
35.235.84.95 - - [05/Jul/2026:23:00:35 -0700] "HEAD / HTTP/1.1" 200 4253 "-" "Mozilla/5.0 (Windows NT 10.0; Win64; x64) AppleWebKit/537.36 (KHTML, like Gecko) Chrome/117.0.0.0 Safari/537.36"
35.235.84.95 - - [05/Jul/2026:23:02:23 -0700] "POST /wp-cron.php?doing_wp_cron=1783317742.9879610538482666015625 HTTP/1.1" 200 3587 "-" "WordPress/7.0; https://vanessavaladezrealty.com"
213.230.76.14 - - [05/Jul/2026:23:02:21 -0700] "GET /properties/103-Residential-7050-West-Pebble-Road-9-Rooms-4-Bedrooms-2-Bathrooms-USD1-600-000/tel:7027760711 HTTP/1.1" 301 4220 "-" "Mozilla/5.0 (Windows NT 6.2; Win64; x64) AppleWebKit/537.36 (KHTML, like Gecko) Chrome/87.0.4280.88 Safari/537.36"
213.230.76.14 - - [05/Jul/2026:23:02:23 -0700] "GET /properties/103-Residential-7050-West-Pebble-Road-9-Rooms-4-Bedrooms-2-Bathrooms-USD1-600-000/tel:7027760711/ HTTP/1.1" 301 4369 "-" "Mozilla/5.0 (Windows NT 6.2; Win64; x64) AppleWebKit/537.36 (KHTML, like Gecko) Chrome/87.0.4280.88 Safari/537.36"
213.230.76.14 - - [05/Jul/2026:23:02:25 -0700] "GET /properties/103-Residential-7050-West-Pebble-Road-9-Rooms-4-Bedrooms-2-Bathrooms-USD1-600-000 HTTP/1.1" 301 4147 "-" "Mozilla/5.0 (Windows NT 6.2; Win64; x64) AppleWebKit/537.36 (KHTML, like Gecko) Chrome/87.0.4280.88 Safari/537.36"
213.230.76.14 - - [05/Jul/2026:23:02:27 -0700] "GET /properties/103-Residential-7050-West-Pebble-Road-9-Rooms-4-Bedrooms-2-Bathrooms-USD1-600-000/ HTTP/1.1" 200 37927 "-" "Mozilla/5.0 (Windows NT 6.2; Win64; x64) AppleWebKit/537.36 (KHTML, like Gecko) Chrome/87.0.4280.88 Safari/537.36"
151.244.157.205 - - [05/Jul/2026:23:03:12 -0700] "GET /properties/tel:7027760711/tel:7027760711/tel:7027760711 HTTP/1.1" 301 4168 "-" "Mozilla/5.0 (Windows NT 10.0; WOW64) AppleWebKit/537.36 (KHTML, like Gecko) Chrome/75.0.3770.100 Safari/537.36"
151.244.157.205 - - [05/Jul/2026:23:03:16 -0700] "GET /properties/tel:7027760711/tel:7027760711/tel:7027760711/ HTTP/1.1" 200 27456 "-" "Mozilla/5.0 (Windows NT 10.0; WOW64) AppleWebKit/537.36 (KHTML, like Gecko) Chrome/75.0.3770.100 Safari/537.36"
35.235.84.95 - - [05/Jul/2026:23:05:27 -0700] "POST /wp-cron.php?doing_wp_cron=1783317927.7555570602416992187500 HTTP/1.1" 200 3587 "-" "WordPress/7.0; https://vanessavaladezrealty.com"
121.200.216.55 - - [05/Jul/2026:23:05:26 -0700] "GET /wp-login.php HTTP/1.1" 200 6365 "-" "Mozilla/5.0 (Macintosh; Intel Mac OS X 10_15_7) AppleWebKit/537.36 (KHTML, like Gecko) Chrome/133.0.0.0 Safari/537.36"
121.200.216.55 - - [05/Jul/2026:23:05:29 -0700] "POST /wp-login.php HTTP/1.1" 200 6467 "https://vanessavaladezrealty.com/wp-login.php" "Mozilla/5.0 (Macintosh; Intel Mac OS X 10_15_7) AppleWebKit/537.36 (KHTML, like Gecko) Chrome/133.0.0.0 Safari/537.36"
35.235.84.95 - - [05/Jul/2026:23:06:44 -0700] "POST /wp-cron.php?doing_wp_cron=1783318004.3105459213256835937500 HTTP/1.1" 200 3587 "-" "WordPress/7.0; https://vanessavaladezrealty.com"
190.114.35.202 - - [05/Jul/2026:23:06:43 -0700] "GET /properties/tel:7027760711/tel:7027760711/tel:7027760711 HTTP/1.1" 301 4168 "-" "Mozilla/5.0 (Macintosh; Intel Mac OS X 10_12_6) AppleWebKit/537.36 (KHTML, like Gecko) Chrome/101.0.4951.54 Safari/537.36"
190.114.35.202 - - [05/Jul/2026:23:06:44 -0700] "GET /properties/tel:7027760711/tel:7027760711/tel:7027760711/ HTTP/1.1" 200 27456 "-" "Mozilla/5.0 (Macintosh; Intel Mac OS X 10_12_6) AppleWebKit/537.36 (KHTML, like Gecko) Chrome/101.0.4951.54 Safari/537.36"
35.235.84.95 - - [05/Jul/2026:23:13:32 -0700] "POST /wp-cron.php?doing_wp_cron=1783318412.3796169757843017578125 HTTP/1.1" 200 3587 "-" "WordPress/7.0; https://vanessavaladezrealty.com"
14.186.111.192 - - [05/Jul/2026:23:13:31 -0700] "GET /properties/107-Residential-6827-Regency-Crest-Avenue-8-Rooms-2-Bedrooms-3-Bathrooms-USD950-000/tel:7027760711 HTTP/1.1" 301 4222 "-" "Mozilla/5.0 (Macintosh; Intel Mac OS X 10_14_6) AppleWebKit/537.36 (KHTML, like Gecko) Chrome/88.0.4324.96 Safari/537.36"
14.186.111.192 - - [05/Jul/2026:23:13:32 -0700] "GET /properties/107-Residential-6827-Regency-Crest-Avenue-8-Rooms-2-Bedrooms-3-Bathrooms-USD950-000/tel:7027760711/ HTTP/1.1" 301 4371 "-" "Mozilla/5.0 (Macintosh; Intel Mac OS X 10_14_6) AppleWebKit/537.36 (KHTML, like Gecko) Chrome/88.0.4324.96 Safari/537.36"
14.186.111.192 - - [05/Jul/2026:23:13:34 -0700] "GET /properties/107-Residential-6827-Regency-Crest-Avenue-8-Rooms-2-Bedrooms-3-Bathrooms-USD950-000 HTTP/1.1" 301 4149 "-" "Mozilla/5.0 (Macintosh; Intel Mac OS X 10_14_6) AppleWebKit/537.36 (KHTML, like Gecko) Chrome/88.0.4324.96 Safari/537.36"
14.186.111.192 - - [05/Jul/2026:23:13:35 -0700] "GET /properties/107-Residential-6827-Regency-Crest-Avenue-8-Rooms-2-Bedrooms-3-Bathrooms-USD950-000/ HTTP/1.1" 200 38532 "-" "Mozilla/5.0 (Macintosh; Intel Mac OS X 10_14_6) AppleWebKit/537.36 (KHTML, like Gecko) Chrome/88.0.4324.96 Safari/537.36"
35.235.84.95 - - [05/Jul/2026:23:15:36 -0700] "POST /wp-cron.php?doing_wp_cron=1783318536.6987819671630859375000 HTTP/1.1" 200 3587 "-" "WordPress/7.0; https://vanessavaladezrealty.com"
41.193.213.174 - - [05/Jul/2026:23:15:34 -0700] "GET /properties/134-Residential-10229-Mayflower-Bay-Avenue-6-Rooms-3-Bedrooms-3-Bathrooms-USD365-000/ HTTP/1.1" 200 36599 "-" "Mozilla/5.0 (Macintosh; Intel Mac OS X 10_12_6) AppleWebKit/537.36 (KHTML, like Gecko) Chrome/75.0.3770.100 Safari/537.36"
162.254.36.150 - - [05/Jul/2026:23:15:45 -0700] "GET /wp-login.php HTTP/1.1" 200 6365 "-" "Mozilla/5.0 (Windows NT 10.0; Win64; x64) AppleWebKit/537.36 (KHTML, like Gecko) Chrome/133.0.0.0 Safari/537.36 Edg/133.0.0.0"
162.254.36.150 - - [05/Jul/2026:23:15:46 -0700] "POST /wp-login.php HTTP/1.1" 200 6467 "https://vanessavaladezrealty.com/wp-login.php" "Mozilla/5.0 (Windows NT 10.0; Win64; x64) AppleWebKit/537.36 (KHTML, like Gecko) Chrome/133.0.0.0 Safari/537.36 Edg/133.0.0.0"
35.235.84.95 - - [05/Jul/2026:23:19:34 -0700] "POST /wp-cron.php?doing_wp_cron=1783318774.7388589382171630859375 HTTP/1.1" 200 3587 "-" "WordPress/7.0; https://vanessavaladezrealty.com"
162.254.36.150 - - [05/Jul/2026:23:19:33 -0700] "GET /wp-login.php HTTP/1.1" 200 6365 "-" "Mozilla/5.0 (Windows NT 10.0; Win64; x64) AppleWebKit/537.36 (KHTML, like Gecko) Chrome/133.0.0.0 Safari/537.36 Edg/133.0.0.0"
162.254.36.150 - - [05/Jul/2026:23:19:35 -0700] "POST /wp-login.php HTTP/1.1" 200 6467 "https://vanessavaladezrealty.com/wp-login.php" "Mozilla/5.0 (Windows NT 10.0; Win64; x64) AppleWebKit/537.36 (KHTML, like Gecko) Chrome/133.0.0.0 Safari/537.36 Edg/133.0.0.0"
35.235.84.95 - - [05/Jul/2026:23:23:24 -0700] "POST /wp-cron.php?doing_wp_cron=1783319003.9749128818511962890625 HTTP/1.1" 200 3587 "-" "WordPress/7.0; https://vanessavaladezrealty.com"
37.48.70.204 - - [05/Jul/2026:23:23:22 -0700] "GET / HTTP/1.1" 200 38350 "-" "Mozilla/5.0 (compatible; SectorBot/0.1; +https://example.org/bot) AppleWebKit/537.36 (KHTML, like Gecko) Chrome/124 Safari/537.36"
35.235.84.95 - - [05/Jul/2026:23:30:59 -0700] "POST /wp-cron.php?doing_wp_cron=1783319459.4678180217742919921875 HTTP/1.1" 200 3587 "-" "WordPress/7.0; https://vanessavaladezrealty.com"
51.79.249.37 - - [05/Jul/2026:23:30:58 -0700] "GET /wp-login.php HTTP/1.1" 200 6365 "-" "Mozilla/5.0 (X11; Fedora; Linux x86_64) AppleWebKit/537.36 (KHTML, like Gecko) Chrome/133.0.0.0 Safari/537.36"
51.79.249.37 - - [05/Jul/2026:23:30:59 -0700] "POST /wp-login.php HTTP/1.1" 200 6467 "https://vanessavaladezrealty.com/wp-login.php" "Mozilla/5.0 (X11; Fedora; Linux x86_64) AppleWebKit/537.36 (KHTML, like Gecko) Chrome/133.0.0.0 Safari/537.36"
35.235.84.95 - - [05/Jul/2026:23:33:39 -0700] "POST /wp-cron.php?doing_wp_cron=1783319619.7212378978729248046875 HTTP/1.1" 200 3587 "-" "WordPress/7.0; https://vanessavaladezrealty.com"
158.173.67.210 - - [05/Jul/2026:23:33:37 -0700] "GET / HTTP/1.1" 200 361572 "https://vanessavaladezrealty.com/" "Mozilla/5.0 (Windows NT 10.0; Win64; x64) AppleWebKit/537.36 (KHTML, like Gecko) Chrome/103.0.5060.66 Safari/537.36"
158.173.67.175 - - [05/Jul/2026:23:33:41 -0700] "POST / HTTP/1.1" 200 361766 "https://vanessavaladezrealty.com/" "Mozilla/5.0 (Windows NT 10.0; Win64; x64) AppleWebKit/537.36 (KHTML, like Gecko) Chrome/103.0.5060.66 Safari/537.36"
202.142.91.43 - - [05/Jul/2026:23:33:57 -0700] "POST /xmlrpc.php HTTP/1.1" 200 4129 "-" "Jetpack by WordPress.com"
202.142.91.43 - - [05/Jul/2026:23:34:07 -0700] "POST /xmlrpc.php HTTP/1.1" 200 4129 "-" "Jetpack by WordPress.com"
202.142.91.43 - - [05/Jul/2026:23:34:17 -0700] "POST /xmlrpc.php HTTP/1.1" 200 4129 "-" "WordPress.com; https://wordpress.com"
202.142.91.43 - - [05/Jul/2026:23:34:28 -0700] "POST /xmlrpc.php HTTP/1.1" 200 4129 "-" "Jetpack by WordPress.com"
35.235.84.95 - - [05/Jul/2026:23:34:41 -0700] "POST /wp-cron.php?doing_wp_cron=1783319681.3401861190795898437500 HTTP/1.1" 200 3587 "-" "WordPress/7.0; https://vanessavaladezrealty.com"
202.142.91.43 - - [05/Jul/2026:23:34:40 -0700] "POST /xmlrpc.php HTTP/1.1" 200 4129 "-" "Jetpack by WordPress.com"
35.235.84.95 - - [05/Jul/2026:23:34:52 -0700] "POST /wp-cron.php?doing_wp_cron=1783319691.9908339977264404296875 HTTP/1.1" 200 3587 "-" "WordPress/7.0; https://vanessavaladezrealty.com"
202.142.91.43 - - [05/Jul/2026:23:34:50 -0700] "POST /xmlrpc.php HTTP/1.1" 200 4129 "-" "WordPress.com; https://wordpress.com"
202.142.91.43 - - [05/Jul/2026:23:35:01 -0700] "POST /xmlrpc.php HTTP/1.1" 200 4129 "-" "WordPress.com; https://wordpress.com"
202.142.91.43 - - [05/Jul/2026:23:35:12 -0700] "POST /xmlrpc.php HTTP/1.1" 200 4129 "-" "Jetpack by WordPress.com"
202.142.91.43 - - [05/Jul/2026:23:35:23 -0700] "POST /xmlrpc.php HTTP/1.1" 200 4129 "-" "Jetpack by WordPress.com (Jetpack 13.0; WordPress 6.4)"
202.142.91.43 - - [05/Jul/2026:23:35:34 -0700] "POST /xmlrpc.php HTTP/1.1" 200 4129 "-" "Jetpack/12.0; WordPress/6.2; http://site22889572.com"
202.142.91.43 - - [05/Jul/2026:23:35:44 -0700] "POST /xmlrpc.php HTTP/1.1" 200 4129 "-" "Jetpack by WordPress.com (Jetpack 12.5; WordPress 6.4)"
35.235.84.95 - - [05/Jul/2026:23:35:56 -0700] "POST /wp-cron.php?doing_wp_cron=1783319756.7449190616607666015625 HTTP/1.1" 200 3587 "-" "WordPress/7.0; https://vanessavaladezrealty.com"
202.142.91.43 - - [05/Jul/2026:23:35:55 -0700] "POST /xmlrpc.php HTTP/1.1" 200 4129 "-" "Jetpack/13.0; WordPress/6.4; http://site48129024.com"
202.142.91.43 - - [05/Jul/2026:23:36:06 -0700] "POST /xmlrpc.php HTTP/1.1" 403 4352 "-" "Jetpack by WordPress.com"
202.142.91.43 - - [05/Jul/2026:23:36:16 -0700] "POST /xmlrpc.php HTTP/1.1" 200 4129 "-" "WordPress.com; https://wordpress.com"
35.235.84.95 - - [05/Jul/2026:23:36:40 -0700] "POST /wp-cron.php?doing_wp_cron=1783319800.0343348979949951171875 HTTP/1.1" 200 3587 "-" "WordPress/7.0; https://vanessavaladezrealty.com"
202.142.91.43 - - [05/Jul/2026:23:36:38 -0700] "POST /xmlrpc.php HTTP/1.1" 200 4129 "-" "Jetpack by WordPress.com (Jetpack 12.0; WordPress 6.2)"
202.142.91.43 - - [05/Jul/2026:23:36:27 -0700] "POST /xmlrpc.php HTTP/1.1" 403 4352 "-" "Jetpack by WordPress.com"
202.142.91.43 - - [05/Jul/2026:23:36:48 -0700] "POST /xmlrpc.php HTTP/1.1" 200 4129 "-" "WordPress.com; https://wordpress.com"
202.142.91.43 - - [05/Jul/2026:23:36:59 -0700] "POST /xmlrpc.php HTTP/1.1" 200 4129 "-" "Jetpack by WordPress.com (Jetpack 12.5; WordPress 6.2)"
202.142.91.43 - - [05/Jul/2026:23:37:10 -0700] "POST /xmlrpc.php HTTP/1.1" 200 4129 "-" "Jetpack/12.1; WordPress/6.2; http://site42557163.com"
202.142.91.43 - - [05/Jul/2026:23:37:21 -0700] "POST /xmlrpc.php HTTP/1.1" 403 4352 "-" "Jetpack by WordPress.com"
202.142.91.43 - - [05/Jul/2026:23:37:42 -0700] "POST /xmlrpc.php HTTP/1.1" 403 4352 "-" "WordPress.com; https://wordpress.com"
202.142.91.43 - - [05/Jul/2026:23:37:31 -0700] "POST /xmlrpc.php HTTP/1.1" 200 4129 "-" "Jetpack by WordPress.com (Jetpack 12.1; WordPress 6.3)"
35.235.84.95 - - [05/Jul/2026:23:37:54 -0700] "POST /wp-cron.php?doing_wp_cron=1783319874.1092851161956787109375 HTTP/1.1" 200 3587 "-" "WordPress/7.0; https://vanessavaladezrealty.com"
202.142.91.43 - - [05/Jul/2026:23:37:52 -0700] "POST /xmlrpc.php HTTP/1.1" 200 4129 "-" "Jetpack by WordPress.com (Jetpack 12.5; WordPress 6.3)"
202.142.91.43 - - [05/Jul/2026:23:38:03 -0700] "POST /xmlrpc.php HTTP/1.1" 403 4352 "-" "Jetpack by WordPress.com"
202.142.91.43 - - [05/Jul/2026:23:38:14 -0700] "POST /xmlrpc.php HTTP/1.1" 200 4129 "-" "Jetpack by WordPress.com (Jetpack 12.1; WordPress 6.1)"
202.142.91.43 - - [05/Jul/2026:23:38:24 -0700] "POST /xmlrpc.php HTTP/1.1" 403 4352 "-" "Jetpack by WordPress.com"
202.142.91.43 - - [05/Jul/2026:23:38:35 -0700] "POST /xmlrpc.php HTTP/1.1" 200 4129 "-" "Jetpack/12.0; WordPress/6.2; http://site83414834.com"
202.142.91.43 - - [05/Jul/2026:23:38:46 -0700] "POST /xmlrpc.php HTTP/1.1" 200 4129 "-" "Jetpack/12.0; WordPress/6.4; http://site72405773.com"
202.142.91.43 - - [05/Jul/2026:23:38:56 -0700] "POST /xmlrpc.php HTTP/1.1" 403 4352 "-" "Jetpack by WordPress.com"
202.142.91.43 - - [05/Jul/2026:23:39:07 -0700] "POST /xmlrpc.php HTTP/1.1" 403 4352 "-" "Jetpack by WordPress.com"
202.142.91.43 - - [05/Jul/2026:23:39:17 -0700] "POST /xmlrpc.php HTTP/1.1" 403 4352 "-" "Jetpack by WordPress.com"
202.142.91.43 - - [05/Jul/2026:23:39:28 -0700] "POST /xmlrpc.php HTTP/1.1" 403 4352 "-" "Jetpack by WordPress.com"
35.235.84.95 - - [05/Jul/2026:23:39:50 -0700] "POST /wp-cron.php?doing_wp_cron=1783319990.9190609455108642578125 HTTP/1.1" 200 3587 "-" "WordPress/7.0; https://vanessavaladezrealty.com"
202.142.91.43 - - [05/Jul/2026:23:39:38 -0700] "POST /xmlrpc.php HTTP/1.1" 403 4352 "-" "Jetpack by WordPress.com"
202.142.91.43 - - [05/Jul/2026:23:39:49 -0700] "POST /xmlrpc.php HTTP/1.1" 200 4129 "-" "Jetpack/12.0; WordPress/6.1; http://site56750279.com"
202.142.91.43 - - [05/Jul/2026:23:39:59 -0700] "POST /xmlrpc.php HTTP/1.1" 403 4352 "-" "Jetpack by WordPress.com"
43.153.79.218 - - [05/Jul/2026:23:40:12 -0700] "GET / HTTP/1.1" 200 38345 "http://vanessavaladezrealty.com" "Mozilla/5.0 (iPhone; CPU iPhone OS 13_2_3 like Mac OS X) AppleWebKit/605.1.15 (KHTML, like Gecko) Version/13.0.3 Mobile/15E148 Safari/604.1"
202.142.91.43 - - [05/Jul/2026:23:40:10 -0700] "POST /xmlrpc.php HTTP/1.1" 200 4129 "-" "Jetpack by WordPress.com (Jetpack 12.5; WordPress 6.4)"
202.142.91.43 - - [05/Jul/2026:23:40:21 -0700] "POST /xmlrpc.php HTTP/1.1" 200 4129 "-" "Jetpack/12.1; WordPress/6.1; http://site29462131.com"
202.142.91.43 - - [05/Jul/2026:23:40:31 -0700] "POST /xmlrpc.php HTTP/1.1" 403 4352 "-" "Jetpack by WordPress.com"
202.142.91.43 - - [05/Jul/2026:23:40:42 -0700] "POST /xmlrpc.php HTTP/1.1" 403 4352 "-" "WordPress.com; https://wordpress.com"
35.235.84.95 - - [05/Jul/2026:23:40:54 -0700] "POST /wp-cron.php?doing_wp_cron=1783320054.2800140380859375000000 HTTP/1.1" 200 3587 "-" "WordPress/7.0; https://vanessavaladezrealty.com"
138.197.70.61 - - [05/Jul/2026:23:40:53 -0700] "GET /wp-login.php HTTP/1.1" 200 6365 "-" "Mozilla/5.0 (X11; Linux x86_64) AppleWebKit/537.36 (KHTML, like Gecko) Chrome/133.0.0.0 Safari/537.36"
202.142.91.43 - - [05/Jul/2026:23:40:53 -0700] "POST /xmlrpc.php HTTP/1.1" 200 4129 "-" "Jetpack by WordPress.com (Jetpack 12.0; WordPress 6.3)"
202.142.91.43 - - [05/Jul/2026:23:41:03 -0700] "POST /xmlrpc.php HTTP/1.1" 403 4352 "-" "Jetpack by WordPress.com"
138.197.70.61 - - [05/Jul/2026:23:40:54 -0700] "POST /wp-login.php HTTP/1.1" 200 6467 "https://vanessavaladezrealty.com/wp-login.php" "Mozilla/5.0 (X11; Linux x86_64) AppleWebKit/537.36 (KHTML, like Gecko) Chrome/133.0.0.0 Safari/537.36"
202.142.91.43 - - [05/Jul/2026:23:41:14 -0700] "POST /xmlrpc.php HTTP/1.1" 200 4129 "-" "Jetpack/12.0; WordPress/6.2; http://site89613921.com"
202.142.91.43 - - [05/Jul/2026:23:41:25 -0700] "POST /xmlrpc.php HTTP/1.1" 403 4352 "-" "WordPress.com; https://wordpress.com"
35.235.84.95 - - [05/Jul/2026:23:41:36 -0700] "POST /wp-cron.php?doing_wp_cron=1783320096.7702410221099853515625 HTTP/1.1" 200 3587 "-" "WordPress/7.0; https://vanessavaladezrealty.com"
202.142.91.43 - - [05/Jul/2026:23:41:35 -0700] "POST /xmlrpc.php HTTP/1.1" 200 4129 "-" "Jetpack/12.5; WordPress/6.2; http://site63250856.com"
202.142.91.43 - - [05/Jul/2026:23:41:46 -0700] "POST /xmlrpc.php HTTP/1.1" 200 4129 "-" "Jetpack/13.0; WordPress/6.2; http://site36250104.com"
202.142.91.43 - - [05/Jul/2026:23:41:56 -0700] "POST /xmlrpc.php HTTP/1.1" 403 4352 "-" "Jetpack by WordPress.com"
202.142.91.43 - - [05/Jul/2026:23:42:07 -0700] "POST /xmlrpc.php HTTP/1.1" 200 4129 "-" "Jetpack by WordPress.com (Jetpack 12.0; WordPress 6.1)"
185.56.171.119 - - [05/Jul/2026:23:42:08 -0700] "GET /wp-login.php HTTP/1.1" 200 6365 "-" "Mozilla/5.0 (Macintosh; Intel Mac OS X 11_7_10) AppleWebKit/537.36 (KHTML, like Gecko) Chrome/133.0.0.0 Safari/537.36"
185.56.171.119 - - [05/Jul/2026:23:42:09 -0700] "POST /wp-login.php HTTP/1.1" 200 6451 "https://vanessavaladezrealty.com/wp-login.php" "Mozilla/5.0 (Macintosh; Intel Mac OS X 11_7_10) AppleWebKit/537.36 (KHTML, like Gecko) Chrome/133.0.0.0 Safari/537.36"
202.142.91.43 - - [05/Jul/2026:23:42:18 -0700] "POST /xmlrpc.php HTTP/1.1" 200 4129 "-" "Jetpack/12.1; WordPress/6.3; http://site74579194.com"
202.142.91.43 - - [05/Jul/2026:23:42:28 -0700] "POST /xmlrpc.php HTTP/1.1" 403 4352 "-" "Jetpack by WordPress.com"
202.142.91.43 - - [05/Jul/2026:23:42:39 -0700] "POST /xmlrpc.php HTTP/1.1" 403 4352 "-" "Jetpack by WordPress.com"
35.235.84.95 - - [05/Jul/2026:23:42:51 -0700] "POST /wp-cron.php?doing_wp_cron=1783320171.0883328914642333984375 HTTP/1.1" 200 3587 "-" "WordPress/7.0; https://vanessavaladezrealty.com"
202.142.91.43 - - [05/Jul/2026:23:42:49 -0700] "POST /xmlrpc.php HTTP/1.1" 200 4129 "-" "Jetpack/13.0; WordPress/6.2; http://site83495045.com"
202.142.91.43 - - [05/Jul/2026:23:43:11 -0700] "POST /xmlrpc.php HTTP/1.1" 200 4129 "-" "Jetpack/13.0; WordPress/6.3; http://site50719039.com"
202.142.91.43 - - [05/Jul/2026:23:43:00 -0700] "POST /xmlrpc.php HTTP/1.1" 200 4129 "-" "Jetpack by WordPress.com (Jetpack 12.5; WordPress 6.2)"
202.142.91.43 - - [05/Jul/2026:23:43:22 -0700] "POST /xmlrpc.php HTTP/1.1" 200 4129 "-" "Jetpack by WordPress.com (Jetpack 12.0; WordPress 6.3)"
202.142.91.43 - - [05/Jul/2026:23:43:32 -0700] "POST /xmlrpc.php HTTP/1.1" 200 4129 "-" "Jetpack by WordPress.com (Jetpack 12.0; WordPress 6.3)"
202.142.91.43 - - [05/Jul/2026:23:43:43 -0700] "POST /xmlrpc.php HTTP/1.1" 200 4129 "-" "Jetpack by WordPress.com (Jetpack 12.1; WordPress 6.4)"
35.235.84.95 - - [05/Jul/2026:23:43:55 -0700] "POST /wp-cron.php?doing_wp_cron=1783320235.0734798908233642578125 HTTP/1.1" 200 3587 "-" "WordPress/7.0; https://vanessavaladezrealty.com"
202.142.91.43 - - [05/Jul/2026:23:43:53 -0700] "POST /xmlrpc.php HTTP/1.1" 200 4129 "-" "Jetpack/12.5; WordPress/6.4; http://site51913319.com"
202.142.91.43 - - [05/Jul/2026:23:44:04 -0700] "POST /xmlrpc.php HTTP/1.1" 403 4352 "-" "WordPress.com; https://wordpress.com"
202.142.91.43 - - [05/Jul/2026:23:44:14 -0700] "POST /xmlrpc.php HTTP/1.1" 200 4129 "-" "Jetpack by WordPress.com (Jetpack 13.0; WordPress 6.4)"
202.142.91.43 - - [05/Jul/2026:23:44:25 -0700] "POST /xmlrpc.php HTTP/1.1" 403 4352 "-" "WordPress.com; https://wordpress.com"
142.44.228.93 - - [05/Jul/2026:23:44:33 -0700] "GET /robots.txt HTTP/1.1" 200 4273 "-" "Mozilla/5.0 (compatible; AhrefsBot/7.0; +http://ahrefs.com/robot/)"
202.142.91.43 - - [05/Jul/2026:23:44:35 -0700] "POST /xmlrpc.php HTTP/1.1" 403 4352 "-" "WordPress.com; https://wordpress.com"
51.75.236.136 - - [05/Jul/2026:23:44:38 -0700] "GET /wp-sitemap.xml HTTP/1.1" 200 4315 "-" "Mozilla/5.0 (compatible; AhrefsBot/7.0; +http://ahrefs.com/robot/)"
212.38.162.241 - - [05/Jul/2026:23:44:39 -0700] "GET /wp-login.php HTTP/1.1" 200 6365 "-" "Mozilla/5.0 (X11; Linux x86_64) AppleWebKit/537.36 (KHTML, like Gecko) Chrome/133.0.0.0 Safari/537.36"
51.68.247.208 - - [05/Jul/2026:23:44:41 -0700] "GET /wp-sitemap-posts-post-1.xml HTTP/1.1" 200 4306 "-" "Mozilla/5.0 (compatible; AhrefsBot/7.0; +http://ahrefs.com/robot/)"
212.38.162.241 - - [05/Jul/2026:23:44:43 -0700] "POST /wp-login.php HTTP/1.1" 200 6467 "https://vanessavaladezrealty.com/wp-login.php" "Mozilla/5.0 (X11; Linux x86_64) AppleWebKit/537.36 (KHTML, like Gecko) Chrome/133.0.0.0 Safari/537.36"
51.68.247.198 - - [05/Jul/2026:23:44:46 -0700] "GET /wp-sitemap-taxonomies-category-1.xml HTTP/1.1" 200 4278 "-" "Mozilla/5.0 (compatible; AhrefsBot/7.0; +http://ahrefs.com/robot/)"
35.235.84.95 - - [05/Jul/2026:23:44:50 -0700] "POST /wp-cron.php?doing_wp_cron=1783320290.1659669876098632812500 HTTP/1.1" 200 3587 "-" "WordPress/7.0; https://vanessavaladezrealty.com"
54.37.118.68 - - [05/Jul/2026:23:44:49 -0700] "GET /wp-sitemap-users-1.xml HTTP/1.1" 200 4283 "-" "Mozilla/5.0 (compatible; AhrefsBot/7.0; +http://ahrefs.com/robot/)"
202.142.91.43 - - [05/Jul/2026:23:44:46 -0700] "POST /xmlrpc.php HTTP/1.1" 403 4352 "-" "WordPress.com; https://wordpress.com"
94.23.188.196 - - [05/Jul/2026:23:44:43 -0700] "GET /wp-sitemap-posts-page-1.xml HTTP/1.1" 200 4388 "-" "Mozilla/5.0 (compatible; AhrefsBot/7.0; +http://ahrefs.com/robot/)"
202.142.91.43 - - [05/Jul/2026:23:44:56 -0700] "POST /xmlrpc.php HTTP/1.1" 403 4352 "-" "Jetpack by WordPress.com"
202.142.91.43 - - [05/Jul/2026:23:45:07 -0700] "POST /xmlrpc.php HTTP/1.1" 403 4352 "-" "Jetpack by WordPress.com"
202.142.91.43 - - [05/Jul/2026:23:45:17 -0700] "POST /xmlrpc.php HTTP/1.1" 200 4129 "-" "Jetpack by WordPress.com (Jetpack 12.1; WordPress 6.4)"
202.142.91.43 - - [05/Jul/2026:23:45:28 -0700] "POST /xmlrpc.php HTTP/1.1" 403 4352 "-" "Jetpack by WordPress.com"
202.142.91.43 - - [05/Jul/2026:23:45:38 -0700] "POST /xmlrpc.php HTTP/1.1" 403 4352 "-" "WordPress.com; https://wordpress.com"
35.235.84.95 - - [05/Jul/2026:23:45:50 -0700] "POST /wp-cron.php?doing_wp_cron=1783320350.3150010108947753906250 HTTP/1.1" 200 3587 "-" "WordPress/7.0; https://vanessavaladezrealty.com"
202.142.91.43 - - [05/Jul/2026:23:45:59 -0700] "POST /xmlrpc.php HTTP/1.1" 200 4129 "-" "Jetpack by WordPress.com (Jetpack 12.0; WordPress 6.2)"
202.142.91.43 - - [05/Jul/2026:23:46:09 -0700] "POST /xmlrpc.php HTTP/1.1" 403 4352 "-" "WordPress.com; https://wordpress.com"
202.142.91.43 - - [05/Jul/2026:23:45:48 -0700] "POST /xmlrpc.php HTTP/1.1" 200 4129 "-" "Jetpack/12.1; WordPress/6.3; http://site94078306.com"
202.142.91.43 - - [05/Jul/2026:23:46:20 -0700] "POST /xmlrpc.php HTTP/1.1" 403 4352 "-" "WordPress.com; https://wordpress.com"
202.142.91.43 - - [05/Jul/2026:23:46:30 -0700] "POST /xmlrpc.php HTTP/1.1" 403 4352 "-" "WordPress.com; https://wordpress.com"
202.142.91.43 - - [05/Jul/2026:23:46:41 -0700] "POST /xmlrpc.php HTTP/1.1" 403 4352 "-" "WordPress.com; https://wordpress.com"
202.142.91.43 - - [05/Jul/2026:23:46:51 -0700] "POST /xmlrpc.php HTTP/1.1" 403 4352 "-" "Jetpack by WordPress.com"
35.235.84.95 - - [05/Jul/2026:23:47:03 -0700] "POST /wp-cron.php?doing_wp_cron=1783320423.7919039726257324218750 HTTP/1.1" 200 3587 "-" "WordPress/7.0; https://vanessavaladezrealty.com"
202.142.91.43 - - [05/Jul/2026:23:47:02 -0700] "POST /xmlrpc.php HTTP/1.1" 200 4129 "-" "Jetpack/13.0; WordPress/6.4; http://site59712419.com"
202.142.91.43 - - [05/Jul/2026:23:47:12 -0700] "POST /xmlrpc.php HTTP/1.1" 200 4129 "-" "Jetpack by WordPress.com (Jetpack 13.0; WordPress 6.3)"
202.142.91.43 - - [05/Jul/2026:23:47:23 -0700] "POST /xmlrpc.php HTTP/1.1" 403 4352 "-" "WordPress.com; https://wordpress.com"
202.142.91.43 - - [05/Jul/2026:23:47:33 -0700] "POST /xmlrpc.php HTTP/1.1" 403 4352 "-" "WordPress.com; https://wordpress.com"
202.142.91.43 - - [05/Jul/2026:23:47:44 -0700] "POST /xmlrpc.php HTTP/1.1" 200 4129 "-" "Jetpack/12.0; WordPress/6.2; http://site58580301.com"
202.142.91.43 - - [05/Jul/2026:23:47:54 -0700] "POST /xmlrpc.php HTTP/1.1" 403 4352 "-" "Jetpack by WordPress.com"
35.235.84.95 - - [05/Jul/2026:23:48:06 -0700] "POST /wp-cron.php?doing_wp_cron=1783320486.6778020858764648437500 HTTP/1.1" 200 3587 "-" "WordPress/7.0; https://vanessavaladezrealty.com"
202.142.91.43 - - [05/Jul/2026:23:48:05 -0700] "POST /xmlrpc.php HTTP/1.1" 200 4129 "-" "Jetpack/13.0; WordPress/6.1; http://site38719997.com"
202.142.91.43 - - [05/Jul/2026:23:48:15 -0700] "POST /xmlrpc.php HTTP/1.1" 200 4129 "-" "Jetpack by WordPress.com (Jetpack 13.0; WordPress 6.1)"
202.142.91.43 - - [05/Jul/2026:23:48:29 -0700] "POST /xmlrpc.php HTTP/1.1" 403 4352 "-" "Jetpack by WordPress.com"
35.235.84.95 - - [05/Jul/2026:23:48:52 -0700] "POST /wp-cron.php?doing_wp_cron=1783320532.6771440505981445312500 HTTP/1.1" 200 3587 "-" "WordPress/7.0; https://vanessavaladezrealty.com"
202.142.91.43 - - [05/Jul/2026:23:48:40 -0700] "POST /xmlrpc.php HTTP/1.1" 200 4129 "-" "Jetpack by WordPress.com (Jetpack 12.5; WordPress 6.4)"
202.142.91.43 - - [05/Jul/2026:23:48:51 -0700] "POST /xmlrpc.php HTTP/1.1" 200 4129 "-" "Jetpack by WordPress.com (Jetpack 12.0; WordPress 6.3)"
202.142.91.43 - - [05/Jul/2026:23:49:02 -0700] "POST /xmlrpc.php HTTP/1.1" 403 4352 "-" "Jetpack by WordPress.com"
202.142.91.43 - - [05/Jul/2026:23:49:12 -0700] "POST /xmlrpc.php HTTP/1.1" 403 4352 "-" "WordPress.com; https://wordpress.com"
202.142.91.43 - - [05/Jul/2026:23:49:23 -0700] "POST /xmlrpc.php HTTP/1.1" 200 4129 "-" "Jetpack by WordPress.com (Jetpack 12.1; WordPress 6.4)"
202.142.91.43 - - [05/Jul/2026:23:49:34 -0700] "POST /xmlrpc.php HTTP/1.1" 403 4352 "-" "WordPress.com; https://wordpress.com"
202.142.91.43 - - [05/Jul/2026:23:49:45 -0700] "POST /xmlrpc.php HTTP/1.1" 403 4352 "-" "WordPress.com; https://wordpress.com"
202.142.91.43 - - [05/Jul/2026:23:49:56 -0700] "POST /xmlrpc.php HTTP/1.1" 403 4352 "-" "Jetpack by WordPress.com"
202.142.91.43 - - [05/Jul/2026:23:50:06 -0700] "POST /xmlrpc.php HTTP/1.1" 403 4352 "-" "Jetpack by WordPress.com"
35.235.84.95 - - [05/Jul/2026:23:50:18 -0700] "POST /wp-cron.php?doing_wp_cron=1783320618.7369160652160644531250 HTTP/1.1" 200 3587 "-" "WordPress/7.0; https://vanessavaladezrealty.com"
202.142.91.43 - - [05/Jul/2026:23:50:17 -0700] "POST /xmlrpc.php HTTP/1.1" 200 4129 "-" "Jetpack/12.1; WordPress/6.2; http://site99196664.com"
202.142.91.43 - - [05/Jul/2026:23:50:28 -0700] "POST /xmlrpc.php HTTP/1.1" 200 4129 "-" "Jetpack/12.1; WordPress/6.4; http://site24094878.com"
202.142.91.43 - - [05/Jul/2026:23:50:39 -0700] "POST /xmlrpc.php HTTP/1.1" 200 4129 "-" "Jetpack/13.0; WordPress/6.2; http://site95950760.com"
35.235.84.95 - - [05/Jul/2026:23:50:51 -0700] "POST /wp-cron.php?doing_wp_cron=1783320651.6273009777069091796875 HTTP/1.1" 200 3587 "-" "WordPress/7.0; https://vanessavaladezrealty.com"
202.142.91.43 - - [05/Jul/2026:23:50:50 -0700] "POST /xmlrpc.php HTTP/1.1" 200 4129 "-" "Jetpack/13.0; WordPress/6.1; http://site54608708.com"
202.142.91.43 - - [05/Jul/2026:23:51:01 -0700] "POST /xmlrpc.php HTTP/1.1" 403 4352 "-" "Jetpack by WordPress.com"
202.142.91.43 - - [05/Jul/2026:23:51:11 -0700] "POST /xmlrpc.php HTTP/1.1" 403 4352 "-" "WordPress.com; https://wordpress.com"
202.142.91.43 - - [05/Jul/2026:23:51:22 -0700] "POST /xmlrpc.php HTTP/1.1" 403 4352 "-" "Jetpack by WordPress.com"
202.142.91.43 - - [05/Jul/2026:23:51:33 -0700] "POST /xmlrpc.php HTTP/1.1" 403 4352 "-" "Jetpack by WordPress.com"
35.235.84.95 - - [05/Jul/2026:23:51:45 -0700] "POST /wp-cron.php?doing_wp_cron=1783320705.6201040744781494140625 HTTP/1.1" 200 3587 "-" "WordPress/7.0; https://vanessavaladezrealty.com"
202.142.91.43 - - [05/Jul/2026:23:51:44 -0700] "POST /xmlrpc.php HTTP/1.1" 200 4129 "-" "Jetpack/13.0; WordPress/6.3; http://site67082317.com"
202.142.91.43 - - [05/Jul/2026:23:51:54 -0700] "POST /xmlrpc.php HTTP/1.1" 403 4352 "-" "Jetpack by WordPress.com"
202.142.91.43 - - [05/Jul/2026:23:52:05 -0700] "POST /xmlrpc.php HTTP/1.1" 403 4352 "-" "WordPress.com; https://wordpress.com"
202.142.91.43 - - [05/Jul/2026:23:52:16 -0700] "POST /xmlrpc.php HTTP/1.1" 403 4352 "-" "Jetpack by WordPress.com"
202.142.91.43 - - [05/Jul/2026:23:52:27 -0700] "POST /xmlrpc.php HTTP/1.1" 200 4129 "-" "Jetpack/12.1; WordPress/6.2; http://site68490793.com"
202.142.91.43 - - [05/Jul/2026:23:52:37 -0700] "POST /xmlrpc.php HTTP/1.1" 403 4352 "-" "WordPress.com; https://wordpress.com"
35.235.84.95 - - [05/Jul/2026:23:52:49 -0700] "POST /wp-cron.php?doing_wp_cron=1783320769.6339440345764160156250 HTTP/1.1" 200 3587 "-" "WordPress/7.0; https://vanessavaladezrealty.com"
202.142.91.43 - - [05/Jul/2026:23:52:48 -0700] "POST /xmlrpc.php HTTP/1.1" 200 4129 "-" "Jetpack/12.0; WordPress/6.2; http://site40324252.com"
202.142.91.43 - - [05/Jul/2026:23:52:59 -0700] "POST /xmlrpc.php HTTP/1.1" 403 4352 "-" "Jetpack by WordPress.com"
202.142.91.43 - - [05/Jul/2026:23:53:10 -0700] "POST /xmlrpc.php HTTP/1.1" 200 4129 "-" "Jetpack/12.0; WordPress/6.2; http://site53791224.com"
202.142.91.43 - - [05/Jul/2026:23:53:20 -0700] "POST /xmlrpc.php HTTP/1.1" 403 4352 "-" "Jetpack by WordPress.com"
202.142.91.43 - - [05/Jul/2026:23:53:31 -0700] "POST /xmlrpc.php HTTP/1.1" 200 4129 "-" "Jetpack/13.0; WordPress/6.4; http://site60559420.com"
202.142.91.43 - - [05/Jul/2026:23:53:42 -0700] "POST /xmlrpc.php HTTP/1.1" 200 4129 "-" "Jetpack/12.5; WordPress/6.2; http://site28306770.com"
202.142.91.43 - - [05/Jul/2026:23:53:53 -0700] "POST /xmlrpc.php HTTP/1.1" 403 4352 "-" "WordPress.com; https://wordpress.com"
202.142.91.43 - - [05/Jul/2026:23:54:04 -0700] "POST /xmlrpc.php HTTP/1.1" 403 4352 "-" "WordPress.com; https://wordpress.com"
35.235.84.95 - - [05/Jul/2026:23:54:16 -0700] "POST /wp-cron.php?doing_wp_cron=1783320856.5879759788513183593750 HTTP/1.1" 200 3587 "-" "WordPress/7.0; https://vanessavaladezrealty.com"
202.142.91.43 - - [05/Jul/2026:23:54:15 -0700] "POST /xmlrpc.php HTTP/1.1" 200 4129 "-" "Jetpack/12.0; WordPress/6.4; http://site69819989.com"
202.142.91.43 - - [05/Jul/2026:23:54:25 -0700] "POST /xmlrpc.php HTTP/1.1" 403 4352 "-" "WordPress.com; https://wordpress.com"
202.142.91.43 - - [05/Jul/2026:23:54:36 -0700] "POST /xmlrpc.php HTTP/1.1" 403 4352 "-" "WordPress.com; https://wordpress.com"
202.142.91.43 - - [05/Jul/2026:23:54:47 -0700] "POST /xmlrpc.php HTTP/1.1" 403 4352 "-" "Jetpack by WordPress.com"
35.235.84.95 - - [05/Jul/2026:23:54:59 -0700] "POST /wp-cron.php?doing_wp_cron=1783320899.6111209392547607421875 HTTP/1.1" 200 3587 "-" "WordPress/7.0; https://vanessavaladezrealty.com"
202.142.91.43 - - [05/Jul/2026:23:54:58 -0700] "POST /xmlrpc.php HTTP/1.1" 200 4129 "-" "Jetpack/13.0; WordPress/6.1; http://site47611927.com"
202.142.91.43 - - [05/Jul/2026:23:55:08 -0700] "POST /xmlrpc.php HTTP/1.1" 200 4129 "-" "Jetpack/12.5; WordPress/6.3; http://site32031059.com"
202.142.91.43 - - [05/Jul/2026:23:55:19 -0700] "POST /xmlrpc.php HTTP/1.1" 200 4129 "-" "Jetpack by WordPress.com (Jetpack 13.0; WordPress 6.2)"
202.142.91.43 - - [05/Jul/2026:23:55:30 -0700] "POST /xmlrpc.php HTTP/1.1" 200 4129 "-" "Jetpack/12.0; WordPress/6.3; http://site68710624.com"
202.142.91.43 - - [05/Jul/2026:23:55:41 -0700] "POST /xmlrpc.php HTTP/1.1" 200 4129 "-" "Jetpack/13.0; WordPress/6.4; http://site30618116.com"
202.142.91.43 - - [05/Jul/2026:23:55:51 -0700] "POST /xmlrpc.php HTTP/1.1" 403 4352 "-" "WordPress.com; https://wordpress.com"
202.142.91.43 - - [05/Jul/2026:23:56:02 -0700] "POST /xmlrpc.php HTTP/1.1" 403 4352 "-" "WordPress.com; https://wordpress.com"
35.235.84.95 - - [05/Jul/2026:23:56:07 -0700] "POST /wp-cron.php?doing_wp_cron=1783320967.4437561035156250000000 HTTP/1.1" 200 3587 "-" "WordPress/7.0; https://vanessavaladezrealty.com"
185.176.8.77 - - [05/Jul/2026:23:56:09 -0700] "GET /wp-login.php HTTP/1.1" 200 6365 "-" "Mozilla/5.0 (Macintosh; Intel Mac OS X 10_15_7) AppleWebKit/605.1.15 (KHTML, like Gecko) Version/18.3 Safari/605.1.15"
14.139.60.17 - - [05/Jul/2026:23:56:06 -0700] "POST /xmlrpc.php HTTP/1.1" 200 4129 "-" "Jetpack/12.5; WordPress/6.3; http://site50957224.com"
185.176.8.77 - - [05/Jul/2026:23:56:10 -0700] "POST /wp-login.php HTTP/1.1" 200 6451 "https://vanessavaladezrealty.com/wp-login.php" "Mozilla/5.0 (Macintosh; Intel Mac OS X 10_15_7) AppleWebKit/605.1.15 (KHTML, like Gecko) Version/18.3 Safari/605.1.15"
14.139.60.17 - - [05/Jul/2026:23:56:15 -0700] "POST /xmlrpc.php HTTP/1.1" 200 4129 "-" "WordPress.com; https://wordpress.com"
202.142.91.43 - - [05/Jul/2026:23:56:13 -0700] "POST /xmlrpc.php HTTP/1.1" 403 4352 "-" "WordPress.com; https://wordpress.com"
202.142.91.43 - - [05/Jul/2026:23:56:24 -0700] "POST /xmlrpc.php HTTP/1.1" 403 4352 "-" "Jetpack by WordPress.com"
35.235.84.95 - - [05/Jul/2026:23:56:27 -0700] "POST /wp-cron.php?doing_wp_cron=1783320987.5379309654235839843750 HTTP/1.1" 200 3587 "-" "WordPress/7.0; https://vanessavaladezrealty.com"
14.139.60.17 - - [05/Jul/2026:23:56:26 -0700] "POST /xmlrpc.php HTTP/1.1" 200 4129 "-" "Jetpack/12.0; WordPress/6.2; http://site85849136.com"
202.142.91.43 - - [05/Jul/2026:23:56:34 -0700] "POST /xmlrpc.php HTTP/1.1" 403 4352 "-" "WordPress.com; https://wordpress.com"
14.139.60.17 - - [05/Jul/2026:23:56:36 -0700] "POST /xmlrpc.php HTTP/1.1" 200 4129 "-" "WordPress.com; https://wordpress.com"
14.139.60.17 - - [05/Jul/2026:23:56:47 -0700] "POST /xmlrpc.php HTTP/1.1" 200 4129 "-" "Jetpack/12.1; WordPress/6.4; http://site23926105.com"
202.142.91.43 - - [05/Jul/2026:23:56:45 -0700] "POST /xmlrpc.php HTTP/1.1" 403 4352 "-" "Jetpack by WordPress.com"
202.142.91.43 - - [05/Jul/2026:23:56:56 -0700] "POST /xmlrpc.php HTTP/1.1" 403 4352 "-" "Jetpack by WordPress.com"
14.139.60.17 - - [05/Jul/2026:23:56:58 -0700] "POST /xmlrpc.php HTTP/1.1" 200 4129 "-" "Jetpack/12.1; WordPress/6.2; http://site31925932.com"
14.139.60.17 - - [05/Jul/2026:23:57:08 -0700] "POST /xmlrpc.php HTTP/1.1" 200 4129 "-" "Jetpack by WordPress.com (Jetpack 12.5; WordPress 6.1)"
202.142.91.43 - - [05/Jul/2026:23:57:07 -0700] "POST /xmlrpc.php HTTP/1.1" 403 4352 "-" "WordPress.com; https://wordpress.com"
202.142.91.43 - - [05/Jul/2026:23:57:18 -0700] "POST /xmlrpc.php HTTP/1.1" 200 4129 "-" "Jetpack/12.0; WordPress/6.2; http://site69355559.com"
14.139.60.17 - - [05/Jul/2026:23:57:18 -0700] "POST /xmlrpc.php HTTP/1.1" 200 4129 "-" "WordPress.com; https://wordpress.com"
35.235.84.95 - - [05/Jul/2026:23:57:30 -0700] "POST /wp-cron.php?doing_wp_cron=1783321050.4066689014434814453125 HTTP/1.1" 200 3587 "-" "WordPress/7.0; https://vanessavaladezrealty.com"
202.142.91.43 - - [05/Jul/2026:23:57:28 -0700] "POST /xmlrpc.php HTTP/1.1" 200 4129 "-" "Jetpack/13.0; WordPress/6.2; http://site76325662.com"
35.235.84.95 - - [05/Jul/2026:23:57:30 -0700] "POST /wp-cron.php?doing_wp_cron=1783321050.8648500442504882812500 HTTP/1.1" 200 3587 "-" "WordPress/7.0; https://vanessavaladezrealty.com"
14.139.60.17 - - [05/Jul/2026:23:57:29 -0700] "POST /xmlrpc.php HTTP/1.1" 200 4129 "-" "WordPress.com; https://wordpress.com"
202.142.91.43 - - [05/Jul/2026:23:57:39 -0700] "POST /xmlrpc.php HTTP/1.1" 403 4352 "-" "Jetpack by WordPress.com"
14.139.60.17 - - [05/Jul/2026:23:57:39 -0700] "POST /xmlrpc.php HTTP/1.1" 200 4129 "-" "Jetpack/12.0; WordPress/6.4; http://site65325981.com"
35.235.84.95 - - [05/Jul/2026:23:57:51 -0700] "POST /wp-cron.php?doing_wp_cron=1783321071.7100040912628173828125 HTTP/1.1" 200 3587 "-" "WordPress/7.0; https://vanessavaladezrealty.com"
138.252.125.121 - - [05/Jul/2026:23:57:55 -0700] "GET /wp-login.php HTTP/1.1" 200 6365 "-" "Mozilla/5.0 (Macintosh; Intel Mac OS X 10_15_7) AppleWebKit/537.36 (KHTML, like Gecko) Chrome/133.0.0.0 Safari/537.36"
202.142.91.43 - - [05/Jul/2026:23:57:50 -0700] "POST /xmlrpc.php HTTP/1.1" 403 4352 "-" "WordPress.com; https://wordpress.com"
138.252.125.121 - - [05/Jul/2026:23:57:58 -0700] "POST /wp-login.php HTTP/1.1" 200 6467 "https://vanessavaladezrealty.com/wp-login.php" "Mozilla/5.0 (Macintosh; Intel Mac OS X 10_15_7) AppleWebKit/537.36 (KHTML, like Gecko) Chrome/133.0.0.0 Safari/537.36"
14.139.60.17 - - [05/Jul/2026:23:57:50 -0700] "POST /xmlrpc.php HTTP/1.1" 200 4129 "-" "Jetpack/12.1; WordPress/6.1; http://site10033266.com"
14.139.60.17 - - [05/Jul/2026:23:58:00 -0700] "POST /xmlrpc.php HTTP/1.1" 200 4129 "-" "Jetpack by WordPress.com"
202.142.91.43 - - [05/Jul/2026:23:58:01 -0700] "POST /xmlrpc.php HTTP/1.1" 200 4129 "-" "Jetpack/12.5; WordPress/6.3; http://site84264240.com"
14.139.60.17 - - [05/Jul/2026:23:58:11 -0700] "POST /xmlrpc.php HTTP/1.1" 200 4129 "-" "Jetpack by WordPress.com"
202.142.91.43 - - [05/Jul/2026:23:58:12 -0700] "POST /xmlrpc.php HTTP/1.1" 200 4129 "-" "Jetpack/12.5; WordPress/6.1; http://site75944135.com"
14.139.60.17 - - [05/Jul/2026:23:58:32 -0700] "POST /xmlrpc.php HTTP/1.1" 200 4129 "-" "WordPress.com; https://wordpress.com"
14.139.60.17 - - [05/Jul/2026:23:58:21 -0700] "POST /xmlrpc.php HTTP/1.1" 200 4129 "-" "Jetpack by WordPress.com"
202.142.91.43 - - [05/Jul/2026:23:58:22 -0700] "POST /xmlrpc.php HTTP/1.1" 403 4352 "-" "WordPress.com; https://wordpress.com"
202.142.91.43 - - [05/Jul/2026:23:58:33 -0700] "POST /xmlrpc.php HTTP/1.1" 200 4129 "-" "Jetpack by WordPress.com (Jetpack 12.1; WordPress 6.1)"
