403Webshell
Server IP : 35.235.84.95  /  Your IP : 216.73.216.49
Web Server : Apache
System : Linux instance-1 6.1.0-33-amd64 #1 SMP PREEMPT_DYNAMIC Debian 6.1.133-1 (2025-04-10) x86_64
User : vanessavaladezrealty ( 10093)
PHP Version : 8.0.30
Disable Function : opcache_get_status
MySQL : OFF  |  cURL : ON  |  WGET : OFF  |  Perl : OFF  |  Python : OFF  |  Sudo : OFF  |  Pkexec : OFF
Directory :  /var/www/vhosts/vanessavaladezrealty.com/logs/

Upload File :
current_dir [ Writeable ] document_root [ Writeable ]

 

Command :


[ Back ]     

Current File : /var/www/vhosts/vanessavaladezrealty.com/logs/access_ssl_log.processed
35.235.84.95 - - [05/Jul/2026:06:33:30 -0700] "POST /wp-cron.php?doing_wp_cron=1783258410.4834930896759033203125 HTTP/1.1" 200 3587 "-" "WordPress/7.0; https://vanessavaladezrealty.com"
199.250.213.168 - - [05/Jul/2026:06:33:28 -0700] "GET /wp-login.php HTTP/1.1" 200 6366 "-" "Mozilla/5.0 (X11; Linux x86_64; rv:133.0) Gecko/20100101 Firefox/133.0"
199.250.213.168 - - [05/Jul/2026:06:33:30 -0700] "POST /wp-login.php HTTP/1.1" 200 6467 "https://vanessavaladezrealty.com/wp-login.php" "Mozilla/5.0 (X11; Linux x86_64; rv:133.0) Gecko/20100101 Firefox/133.0"
67.20.116.98 - - [05/Jul/2026:06:34:02 -0700] "GET /wp-login.php HTTP/1.1" 200 6366 "-" "Mozilla/5.0 (Windows NT 10.0; Win64; x64) AppleWebKit/537.36 (KHTML, like Gecko) Chrome/120.0.0.0 Safari/537.36"
67.20.116.98 - - [05/Jul/2026:06:34:04 -0700] "POST /wp-login.php HTTP/1.1" 200 6452 "https://vanessavaladezrealty.com/wp-login.php" "Mozilla/5.0 (Windows NT 10.0; Win64; x64) AppleWebKit/537.36 (KHTML, like Gecko) Chrome/120.0.0.0 Safari/537.36"
35.235.84.95 - - [05/Jul/2026:06:35:30 -0700] "POST /wp-cron.php?doing_wp_cron=1783258530.6711421012878417968750 HTTP/1.1" 200 3587 "-" "WordPress/7.0; https://vanessavaladezrealty.com"
114.119.151.126 - - [05/Jul/2026:06:35:27 -0700] "GET /properties/?wplview=property_show&pid=90 HTTP/1.1" 200 31594 "https://vanessavaladezrealty.com/" "Mozilla/5.0 (Linux; Android 7.0;) AppleWebKit/537.36 (HTML, like Gecko) Mobile Safari/537.36 (compatible; PetalBot;+https://webmaster.petalsearch.com/site/petalbot)"
35.235.84.95 - - [05/Jul/2026:06:36:21 -0700] "POST /wp-cron.php?doing_wp_cron=1783258581.5828299522399902343750 HTTP/1.1" 200 3587 "-" "WordPress/7.0; https://vanessavaladezrealty.com"
82.86.129.157 - - [05/Jul/2026:06:36:17 -0700] "GET /properties/vanessavaladez/tel:7027760711/tel:7027760711/tel:7027760711/tel:7027760711/tel:7027760711/tel:7027760711/tel:7027760711/?wplpage=4 HTTP/1.1" 200 33108 "-" "Mozilla/5.0 (Macintosh; Intel Mac OS X 10_13_6) AppleWebKit/537.36 (KHTML, like Gecko) Brave Chrome/78.0.3904.108 Safari/537.36"
35.235.84.95 - - [05/Jul/2026:06:36:52 -0700] "POST /wp-cron.php?doing_wp_cron=1783258612.1992220878601074218750 HTTP/1.1" 200 3587 "-" "WordPress/7.0; https://vanessavaladezrealty.com"
114.119.137.232 - - [05/Jul/2026:06:36:49 -0700] "GET /properties/?wplpage=4 HTTP/1.1" 200 32854 "https://vanessavaladezrealty.com/properties?wplpage=3" "Mozilla/5.0 (Linux; Android 7.0;) AppleWebKit/537.36 (HTML, like Gecko) Mobile Safari/537.36 (compatible; PetalBot;+https://webmaster.petalsearch.com/site/petalbot)"
35.235.84.95 - - [05/Jul/2026:06:38:14 -0700] "POST /wp-cron.php?doing_wp_cron=1783258694.7440710067749023437500 HTTP/1.1" 200 3587 "-" "WordPress/7.0; https://vanessavaladezrealty.com"
114.119.152.69 - - [05/Jul/2026:06:38:13 -0700] "GET /properties/129-Residential-2726-River-Ranch-Place-8-Rooms-3-Bedrooms-3-Bathrooms-USD363-900 HTTP/1.1" 301 4204 "https://vanessavaladezrealty.com/properties/vanessavaladez?wplpage=4" "Mozilla/5.0 (Linux; Android 7.0;) AppleWebKit/537.36 (HTML, like Gecko) Mobile Safari/537.36 (compatible; PetalBot;+https://webmaster.petalsearch.com/site/petalbot)"
114.119.152.69 - - [05/Jul/2026:06:38:16 -0700] "GET /properties/129-Residential-2726-River-Ranch-Place-8-Rooms-3-Bedrooms-3-Bathrooms-USD363-900/ HTTP/1.1" 200 33042 "https://vanessavaladezrealty.com/properties/vanessavaladez?wplpage=4" "Mozilla/5.0 (Linux; Android 7.0;) AppleWebKit/537.36 (HTML, like Gecko) Mobile Safari/537.36 (compatible; PetalBot;+https://webmaster.petalsearch.com/site/petalbot)"
35.235.84.95 - - [05/Jul/2026:06:39:45 -0700] "POST /wp-cron.php?doing_wp_cron=1783258785.5643830299377441406250 HTTP/1.1" 200 3587 "-" "WordPress/7.0; https://vanessavaladezrealty.com"
177.249.169.138 - - [05/Jul/2026:06:39:43 -0700] "GET /properties/?pid=105&wplview=property_show HTTP/1.1" 200 37322 "-" "Mozilla/5.0 (Macintosh; Intel Mac OS X 10_2) AppleWebKit/537.36 (KHTML, like Gecko) Chrome/100.0.4886.148 Safari/537.36"
35.235.84.95 - - [05/Jul/2026:06:40:32 -0700] "POST /wp-cron.php?doing_wp_cron=1783258832.1471140384674072265625 HTTP/1.1" 200 3587 "-" "WordPress/7.0; https://vanessavaladezrealty.com"
113.172.248.251 - - [05/Jul/2026:06:40:30 -0700] "GET /properties/147-0-0-0-$0/ HTTP/1.1" 200 33087 "-" "Mozilla/5.0 (Macintosh; Intel Mac OS X 10_14_6) AppleWebKit/537.36 (KHTML, like Gecko) Chrome/93.0.4577.82 Safari/537.36"
35.235.84.95 - - [05/Jul/2026:06:42:31 -0700] "POST /wp-cron.php?doing_wp_cron=1783258951.2619659900665283203125 HTTP/1.1" 200 3587 "-" "WordPress/7.0; https://vanessavaladezrealty.com"
35.235.84.95 - - [05/Jul/2026:06:42:31 -0700] "POST /wp-cron.php?doing_wp_cron=1783258951.3235421180725097656250 HTTP/1.1" 200 3587 "-" "WordPress/7.0; https://vanessavaladezrealty.com"
102.98.207.7 - - [05/Jul/2026:06:42:30 -0700] "GET /properties/129-Residential-2726-River-Ranch-Place-8-Rooms-3-Bedrooms-3-Bathrooms-USD363-900/tel:7027760711 HTTP/1.1" 301 4219 "-" "Mozilla/5.0 (Macintosh; Intel Mac OS X 10_15_7) AppleWebKit/537.36 (KHTML, like Gecko) Chrome/87.0.4280.141 Safari/537.36"
37.235.39.197 - - [05/Jul/2026:06:42:31 -0700] "GET /wp-login.php HTTP/1.1" 200 6366 "-" "Mozilla/5.0 (X11; Ubuntu; Linux x86_64; rv:133.0) Gecko/20100101 Firefox/133.0"
102.98.207.7 - - [05/Jul/2026:06:42:31 -0700] "GET /properties/129-Residential-2726-River-Ranch-Place-8-Rooms-3-Bedrooms-3-Bathrooms-USD363-900/tel:7027760711/ HTTP/1.1" 301 4368 "-" "Mozilla/5.0 (Macintosh; Intel Mac OS X 10_15_7) AppleWebKit/537.36 (KHTML, like Gecko) Chrome/87.0.4280.141 Safari/537.36"
37.235.39.197 - - [05/Jul/2026:06:42:34 -0700] "POST /wp-login.php HTTP/1.1" 200 6467 "https://vanessavaladezrealty.com/wp-login.php" "Mozilla/5.0 (X11; Ubuntu; Linux x86_64; rv:133.0) Gecko/20100101 Firefox/133.0"
102.98.207.7 - - [05/Jul/2026:06:42:34 -0700] "GET /properties/129-Residential-2726-River-Ranch-Place-8-Rooms-3-Bedrooms-3-Bathrooms-USD363-900 HTTP/1.1" 301 4146 "-" "Mozilla/5.0 (Macintosh; Intel Mac OS X 10_15_7) AppleWebKit/537.36 (KHTML, like Gecko) Chrome/87.0.4280.141 Safari/537.36"
102.98.207.7 - - [05/Jul/2026:06:42:36 -0700] "GET /properties/129-Residential-2726-River-Ranch-Place-8-Rooms-3-Bedrooms-3-Bathrooms-USD363-900/ HTTP/1.1" 200 36903 "-" "Mozilla/5.0 (Macintosh; Intel Mac OS X 10_15_7) AppleWebKit/537.36 (KHTML, like Gecko) Chrome/87.0.4280.141 Safari/537.36"
35.235.84.95 - - [05/Jul/2026:06:45:06 -0700] "POST /wp-cron.php?doing_wp_cron=1783259106.7059309482574462890625 HTTP/1.1" 200 3587 "-" "WordPress/7.0; https://vanessavaladezrealty.com"
65.20.197.93 - - [05/Jul/2026:06:45:04 -0700] "GET /properties/?pid=140&wplview=property_show HTTP/1.1" 200 33471 "-" "Mozilla/5.0 (Macintosh; Intel Mac OS X 11_1_0) AppleWebKit/537.36 (KHTML, like Gecko) Brave Chrome/88.0.4324.96 Safari/537.36"
35.235.84.95 - - [05/Jul/2026:06:46:29 -0700] "POST /wp-cron.php?doing_wp_cron=1783259189.7469348907470703125000 HTTP/1.1" 200 3587 "-" "WordPress/7.0; https://vanessavaladezrealty.com"
68.178.160.25 - - [05/Jul/2026:06:46:28 -0700] "GET /wp-login.php HTTP/1.1" 200 6366 "-" "Mozilla/5.0 (Macintosh; Intel Mac OS X 10_15_7) AppleWebKit/537.36 (KHTML, like Gecko) Chrome/133.0.0.0 Safari/537.36 Edg/133.0.0.0"
68.178.160.25 - - [05/Jul/2026:06:46:30 -0700] "POST /wp-login.php HTTP/1.1" 200 6467 "https://vanessavaladezrealty.com/wp-login.php" "Mozilla/5.0 (Macintosh; Intel Mac OS X 10_15_7) AppleWebKit/537.36 (KHTML, like Gecko) Chrome/133.0.0.0 Safari/537.36 Edg/133.0.0.0"
35.235.84.95 - - [05/Jul/2026:06:49:38 -0700] "POST /wp-cron.php?doing_wp_cron=1783259378.3196899890899658203125 HTTP/1.1" 200 3587 "-" "WordPress/7.0; https://vanessavaladezrealty.com"
78.142.18.172 - - [05/Jul/2026:06:49:34 -0700] "GET /wp-login.php HTTP/1.1" 200 6366 "-" "Mozilla/5.0 (Macintosh; Intel Mac OS X 11_7_10) AppleWebKit/537.36 (KHTML, like Gecko) Chrome/133.0.0.0 Safari/537.36"
78.142.18.172 - - [05/Jul/2026:06:49:38 -0700] "POST /wp-login.php HTTP/1.1" 200 6452 "https://vanessavaladezrealty.com/wp-login.php" "Mozilla/5.0 (Macintosh; Intel Mac OS X 11_7_10) AppleWebKit/537.36 (KHTML, like Gecko) Chrome/133.0.0.0 Safari/537.36"
35.235.84.95 - - [05/Jul/2026:06:51:02 -0700] "POST /wp-cron.php?doing_wp_cron=1783259462.8219399452209472656250 HTTP/1.1" 200 3587 "-" "WordPress/7.0; https://vanessavaladezrealty.com"
217.24.28.30 - - [05/Jul/2026:06:51:01 -0700] "GET /wp-login.php HTTP/1.1" 200 6366 "-" "Mozilla/5.0 (Windows NT 10.0; Win64; x64) AppleWebKit/537.36 (KHTML, like Gecko) Chrome/120.0.0.0 Safari/537.36"
217.24.28.30 - - [05/Jul/2026:06:51:03 -0700] "POST /wp-login.php HTTP/1.1" 200 6452 "https://vanessavaladezrealty.com/wp-login.php" "Mozilla/5.0 (Windows NT 10.0; Win64; x64) AppleWebKit/537.36 (KHTML, like Gecko) Chrome/120.0.0.0 Safari/537.36"
35.235.84.95 - - [05/Jul/2026:06:52:08 -0700] "POST /wp-cron.php?doing_wp_cron=1783259528.8030960559844970703125 HTTP/1.1" 200 3587 "-" "WordPress/7.0; https://vanessavaladezrealty.com"
216.73.216.170 - - [05/Jul/2026:06:52:06 -0700] "GET /robots.txt HTTP/1.1" 200 4273 "-" "Mozilla/5.0 AppleWebKit/537.36 (KHTML, like Gecko; compatible; ClaudeBot/1.0; +claudebot@anthropic.com)"
216.73.216.170 - - [05/Jul/2026:06:52:08 -0700] "GET /wp-sitemap.xml HTTP/1.1" 200 4257 "-" "Mozilla/5.0 AppleWebKit/537.36 (KHTML, like Gecko; compatible; ClaudeBot/1.0; +claudebot@anthropic.com)"
35.235.84.95 - - [05/Jul/2026:06:53:37 -0700] "POST /wp-cron.php?doing_wp_cron=1783259617.0535778999328613281250 HTTP/1.1" 200 3587 "-" "WordPress/7.0; https://vanessavaladezrealty.com"
114.130.156.223 - - [05/Jul/2026:06:53:34 -0700] "GET /properties/?pid=135&wplview=property_show HTTP/1.1" 200 36005 "-" "Mozilla/5.0 (Windows NT 10.0; Win64; x64) AppleWebKit/537.36 (KHTML, like Gecko) Chrome/101.0.4951.67 Safari/537.36"
35.235.84.95 - - [05/Jul/2026:06:55:45 -0700] "POST /wp-cron.php?doing_wp_cron=1783259745.7161669731140136718750 HTTP/1.1" 200 3587 "-" "WordPress/7.0; https://vanessavaladezrealty.com"
119.195.102.159 - - [05/Jul/2026:06:55:43 -0700] "GET /wp-login.php HTTP/1.1" 200 6366 "-" "Mozilla/5.0 (Windows NT 10.0; Win64; x64) AppleWebKit/537.36 (KHTML, like Gecko) Chrome/133.0.0.0 Safari/537.36 Edg/133.0.0.0"
119.195.102.159 - - [05/Jul/2026:06:55:46 -0700] "POST /wp-login.php HTTP/1.1" 200 6467 "https://vanessavaladezrealty.com/wp-login.php" "Mozilla/5.0 (Windows NT 10.0; Win64; x64) AppleWebKit/537.36 (KHTML, like Gecko) Chrome/133.0.0.0 Safari/537.36 Edg/133.0.0.0"
35.235.84.95 - - [05/Jul/2026:06:57:47 -0700] "POST /wp-cron.php?doing_wp_cron=1783259866.9953870773315429687500 HTTP/1.1" 200 3587 "-" "WordPress/7.0; https://vanessavaladezrealty.com"
114.119.151.126 - - [05/Jul/2026:06:57:45 -0700] "GET /properties?wplview=property_show&pid=97 HTTP/1.1" 301 4152 "https://vanessavaladezrealty.com/properties?wplview=property_show&pid=97" "Mozilla/5.0 (Linux; Android 7.0;) AppleWebKit/537.36 (HTML, like Gecko) Mobile Safari/537.36 (compatible; PetalBot;+https://webmaster.petalsearch.com/site/petalbot)"
114.119.151.126 - - [05/Jul/2026:06:57:48 -0700] "GET /properties/?wplview=property_show&pid=97 HTTP/1.1" 200 33071 "https://vanessavaladezrealty.com/properties?wplview=property_show&pid=97" "Mozilla/5.0 (Linux; Android 7.0;) AppleWebKit/537.36 (HTML, like Gecko) Mobile Safari/537.36 (compatible; PetalBot;+https://webmaster.petalsearch.com/site/petalbot)"
35.235.84.95 - - [05/Jul/2026:06:59:43 -0700] "POST /wp-cron.php?doing_wp_cron=1783259983.0171270370483398437500 HTTP/1.1" 200 3587 "-" "WordPress/7.0; https://vanessavaladezrealty.com"
113.163.230.21 - - [05/Jul/2026:06:59:40 -0700] "GET /properties/vanessavaladez/?wplpage=4 HTTP/1.1" 200 33066 "-" "Mozilla/5.0 (Windows NT 6.1; Win64; x64) AppleWebKit/537.36 (KHTML, like Gecko) Chrome/72.0.3626.109 Safari/537.36"
35.235.84.95 - - [05/Jul/2026:06:59:52 -0700] "POST /wp-cron.php?doing_wp_cron=1783259992.0846469402313232421875 HTTP/1.1" 200 3587 "-" "WordPress/7.0; https://vanessavaladezrealty.com"
157.10.52.140 - - [05/Jul/2026:06:59:50 -0700] "GET /wp-login.php HTTP/1.1" 200 6366 "-" "Mozilla/5.0 (Macintosh; Intel Mac OS X 10_15_7) AppleWebKit/605.1.15 (KHTML, like Gecko) Version/18.3 Safari/605.1.15"
157.10.52.140 - - [05/Jul/2026:06:59:52 -0700] "POST /wp-login.php HTTP/1.1" 200 6452 "https://vanessavaladezrealty.com/wp-login.php" "Mozilla/5.0 (Macintosh; Intel Mac OS X 10_15_7) AppleWebKit/605.1.15 (KHTML, like Gecko) Version/18.3 Safari/605.1.15"
35.235.84.95 - - [05/Jul/2026:07:00:50 -0700] "POST /wp-cron.php?doing_wp_cron=1783260050.0482950210571289062500 HTTP/1.1" 200 3587 "-" "WordPress/7.0; https://vanessavaladezrealty.com"
35.235.84.95 - - [05/Jul/2026:07:00:48 -0700] "HEAD / HTTP/1.1" 200 4253 "-" "Mozilla/5.0 (Windows NT 10.0; Win64; x64) AppleWebKit/537.36 (KHTML, like Gecko) Chrome/117.0.0.0 Safari/537.36"
198.235.24.164 - - [05/Jul/2026:07:01:17 -0700] "GET / HTTP/1.1" 200 361423 "-" "Hello from Palo Alto Networks, find out more about our scans in https://docs-cortex.paloaltonetworks.com/r/1/Cortex-Xpanse/Scanning-activity"
35.235.84.95 - - [05/Jul/2026:07:05:38 -0700] "POST /wp-cron.php?doing_wp_cron=1783260338.9692161083221435546875 HTTP/1.1" 200 3587 "-" "WordPress/7.0; https://vanessavaladezrealty.com"
51.75.120.67 - - [05/Jul/2026:07:05:37 -0700] "GET /wp-login.php HTTP/1.1" 200 6366 "-" "Mozilla/5.0 (X11; CrOS x86_64 14541.0.0) AppleWebKit/537.36 (KHTML, like Gecko) Chrome/133.0.0.0 Safari/537.36"
51.75.120.67 - - [05/Jul/2026:07:05:39 -0700] "POST /wp-login.php HTTP/1.1" 200 6467 "https://vanessavaladezrealty.com/wp-login.php" "Mozilla/5.0 (X11; CrOS x86_64 14541.0.0) AppleWebKit/537.36 (KHTML, like Gecko) Chrome/133.0.0.0 Safari/537.36"
35.235.84.95 - - [05/Jul/2026:07:07:38 -0700] "POST /wp-cron.php?doing_wp_cron=1783260458.6292259693145751953125 HTTP/1.1" 200 3587 "-" "WordPress/7.0; https://vanessavaladezrealty.com"
192.250.227.227 - - [05/Jul/2026:07:07:37 -0700] "GET /wp-login.php HTTP/1.1" 200 6366 "-" "Mozilla/5.0 (Windows NT 10.0; Win64; x64) AppleWebKit/537.36 (KHTML, like Gecko) Chrome/120.0.0.0 Safari/537.36"
192.250.227.227 - - [05/Jul/2026:07:07:46 -0700] "POST /wp-login.php HTTP/1.1" 200 6452 "https://vanessavaladezrealty.com/wp-login.php" "Mozilla/5.0 (Windows NT 10.0; Win64; x64) AppleWebKit/537.36 (KHTML, like Gecko) Chrome/120.0.0.0 Safari/537.36"
35.235.84.95 - - [05/Jul/2026:07:08:52 -0700] "POST /wp-cron.php?doing_wp_cron=1783260532.2453069686889648437500 HTTP/1.1" 200 3587 "-" "WordPress/7.0; https://vanessavaladezrealty.com"
152.173.216.34 - - [05/Jul/2026:07:08:50 -0700] "GET / HTTP/1.1" 200 38352 "-" "Mozilla/5.0 (Windows NT 10.0) AppleWebKit/537.36 (KHTML, like Gecko) Brave Chrome/89.0.4389.114 Safari/537.36"
35.235.84.95 - - [05/Jul/2026:07:09:54 -0700] "POST /wp-cron.php?doing_wp_cron=1783260594.6707899570465087890625 HTTP/1.1" 200 3587 "-" "WordPress/7.0; https://vanessavaladezrealty.com"
202.163.123.60 - - [05/Jul/2026:07:09:53 -0700] "GET /properties/ HTTP/1.1" 200 30844 "-" "Mozilla/5.0 (Windows NT 6.1) AppleWebKit/537.36 (KHTML, like Gecko) Brave Chrome/88.0.4324.152 Safari/537.36"
64.70.199.114 - - [05/Jul/2026:07:10:40 -0700] "GET /wp-login.php HTTP/1.1" 200 6366 "-" "Mozilla/5.0 (X11; CrOS x86_64 14541.0.0) AppleWebKit/537.36 (KHTML, like Gecko) Chrome/133.0.0.0 Safari/537.36"
64.70.199.114 - - [05/Jul/2026:07:10:43 -0700] "POST /wp-login.php HTTP/1.1" 200 6452 "https://vanessavaladezrealty.com/wp-login.php" "Mozilla/5.0 (X11; CrOS x86_64 14541.0.0) AppleWebKit/537.36 (KHTML, like Gecko) Chrome/133.0.0.0 Safari/537.36"
35.235.84.95 - - [05/Jul/2026:07:18:49 -0700] "POST /wp-cron.php?doing_wp_cron=1783261129.1839289665222167968750 HTTP/1.1" 200 3587 "-" "WordPress/7.0; https://vanessavaladezrealty.com"
190.112.216.61 - - [05/Jul/2026:07:18:46 -0700] "GET /properties/139-Residential-Lease-1900-North-Torrey-Pines-Drive-106-5-Rooms-2-Bedrooms-2-Bathrooms-USD1-350/tel:7027760711 HTTP/1.1" 301 4234 "-" "Mozilla/5.0 (Macintosh; Intel Mac OS X 10_15_7) AppleWebKit/537.36 (KHTML, like Gecko) Chrome/101.0.0.0 Safari/537.36"
190.112.216.61 - - [05/Jul/2026:07:18:50 -0700] "GET /properties/139-Residential-Lease-1900-North-Torrey-Pines-Drive-106-5-Rooms-2-Bedrooms-2-Bathrooms-USD1-350/tel:7027760711/ HTTP/1.1" 301 4383 "-" "Mozilla/5.0 (Macintosh; Intel Mac OS X 10_15_7) AppleWebKit/537.36 (KHTML, like Gecko) Chrome/101.0.0.0 Safari/537.36"
190.112.216.61 - - [05/Jul/2026:07:18:52 -0700] "GET /properties/139-Residential-Lease-1900-North-Torrey-Pines-Drive-106-5-Rooms-2-Bedrooms-2-Bathrooms-USD1-350 HTTP/1.1" 301 4161 "-" "Mozilla/5.0 (Macintosh; Intel Mac OS X 10_15_7) AppleWebKit/537.36 (KHTML, like Gecko) Chrome/101.0.0.0 Safari/537.36"
190.112.216.61 - - [05/Jul/2026:07:18:54 -0700] "GET /properties/139-Residential-Lease-1900-North-Torrey-Pines-Drive-106-5-Rooms-2-Bedrooms-2-Bathrooms-USD1-350/ HTTP/1.1" 200 35769 "-" "Mozilla/5.0 (Macintosh; Intel Mac OS X 10_15_7) AppleWebKit/537.36 (KHTML, like Gecko) Chrome/101.0.0.0 Safari/537.36"
35.235.84.95 - - [05/Jul/2026:07:26:40 -0700] "POST /wp-cron.php?doing_wp_cron=1783261600.7167448997497558593750 HTTP/1.1" 200 3587 "-" "WordPress/7.0; https://vanessavaladezrealty.com"
114.119.137.232 - - [05/Jul/2026:07:26:39 -0700] "GET /properties/?wplview=property_show&pid=120 HTTP/1.1" 200 33322 "https://vanessavaladezrealty.com/" "Mozilla/5.0 (Linux; Android 7.0;) AppleWebKit/537.36 (HTML, like Gecko) Mobile Safari/537.36 (compatible; PetalBot;+https://webmaster.petalsearch.com/site/petalbot)"
45.153.60.20 - - [05/Jul/2026:07:27:04 -0700] "GET /properties/?pid=127&wplview=property_show HTTP/1.1" 200 35811 "-" "Mozilla/5.0 (Windows NT 10.0; Win64; x64) AppleWebKit/537.36 (KHTML, like Gecko) Chrome/80.0.3987.132 Safari/537.36"
35.235.84.95 - - [05/Jul/2026:07:28:03 -0700] "POST /wp-cron.php?doing_wp_cron=1783261683.1567230224609375000000 HTTP/1.1" 200 3587 "-" "WordPress/7.0; https://vanessavaladezrealty.com"
114.119.140.206 - - [05/Jul/2026:07:28:01 -0700] "GET /properties/99-Residential-3240-Little-Stream-Street-7-Rooms-3-Bedrooms-2-Bathrooms-USD378-900/ HTTP/1.1" 200 33101 "https://vanessavaladezrealty.com/properties/vanessavaladez?wplpage=2" "Mozilla/5.0 (Linux; Android 7.0;) AppleWebKit/537.36 (HTML, like Gecko) Mobile Safari/537.36 (compatible; PetalBot;+https://webmaster.petalsearch.com/site/petalbot)"
35.235.84.95 - - [05/Jul/2026:07:29:26 -0700] "POST /wp-cron.php?doing_wp_cron=1783261766.1302869319915771484375 HTTP/1.1" 200 3587 "-" "WordPress/7.0; https://vanessavaladezrealty.com"
114.119.137.232 - - [05/Jul/2026:07:29:24 -0700] "GET /author/admin_wyj7ruvs HTTP/1.1" 301 4134 "https://vanessavaladezrealty.com/author/admin_wyj7ruvs" "Mozilla/5.0 (Linux; Android 7.0;) AppleWebKit/537.36 (HTML, like Gecko) Mobile Safari/537.36 (compatible; PetalBot;+https://webmaster.petalsearch.com/site/petalbot)"
114.119.137.232 - - [05/Jul/2026:07:29:27 -0700] "GET /author/admin_wyj7ruvs/ HTTP/1.1" 200 22063 "https://vanessavaladezrealty.com/author/admin_wyj7ruvs" "Mozilla/5.0 (Linux; Android 7.0;) AppleWebKit/537.36 (HTML, like Gecko) Mobile Safari/537.36 (compatible; PetalBot;+https://webmaster.petalsearch.com/site/petalbot)"
35.235.84.95 - - [05/Jul/2026:07:31:46 -0700] "POST /wp-cron.php?doing_wp_cron=1783261906.2497189044952392578125 HTTP/1.1" 200 3587 "-" "WordPress/7.0; https://vanessavaladezrealty.com"
109.228.59.224 - - [05/Jul/2026:07:31:44 -0700] "GET /wp-login.php HTTP/1.1" 200 6366 "-" "Mozilla/5.0 (X11; Ubuntu; Linux x86_64; rv:133.0) Gecko/20100101 Firefox/133.0"
109.228.59.224 - - [05/Jul/2026:07:31:46 -0700] "POST /wp-login.php HTTP/1.1" 200 6452 "https://vanessavaladezrealty.com/wp-login.php" "Mozilla/5.0 (X11; Ubuntu; Linux x86_64; rv:133.0) Gecko/20100101 Firefox/133.0"
66.249.70.199 - - [05/Jul/2026:07:31:55 -0700] "GET /robots.txt HTTP/1.1" 200 4273 "-" "Mozilla/5.0 (compatible; Googlebot/2.1; +http://www.google.com/bot.html)"
66.249.70.201 - - [05/Jul/2026:07:31:56 -0700] "GET /about-us/ HTTP/1.1" 200 26513 "-" "Mozilla/5.0 (Linux; Android 6.0.1; Nexus 5X Build/MMB29P) AppleWebKit/537.36 (KHTML, like Gecko) Chrome/150.0.7871.46 Mobile Safari/537.36 (compatible; Googlebot/2.1; +http://www.google.com/bot.html)"
66.249.70.200 - - [05/Jul/2026:07:32:01 -0700] "GET /wp-content/uploads/elementor/css/post-15.css?ver=1774568010 HTTP/1.1" 200 3571 "https://vanessavaladezrealty.com/about-us/" "Mozilla/5.0 (Linux; Android 6.0.1; Nexus 5X Build/MMB29P) AppleWebKit/537.36 (KHTML, like Gecko) Chrome/150.0.7871.46 Mobile Safari/537.36 (compatible; Googlebot/2.1; +http://www.google.com/bot.html)"
66.249.70.201 - - [05/Jul/2026:07:32:02 -0700] "GET /wp-content/plugins/elementor/assets/css/widget-counter.min.css?ver=3.35.7 HTTP/1.1" 200 3900 "https://vanessavaladezrealty.com/about-us/" "Mozilla/5.0 (Linux; Android 6.0.1; Nexus 5X Build/MMB29P) AppleWebKit/537.36 (KHTML, like Gecko) Chrome/150.0.7871.46 Mobile Safari/537.36 (compatible; Googlebot/2.1; +http://www.google.com/bot.html)"
66.249.70.199 - - [05/Jul/2026:07:32:03 -0700] "GET /wp-content/plugins/elementor/assets/lib/jquery-numerator/jquery-numerator.min.js?ver=0.2.1 HTTP/1.1" 200 3614 "https://vanessavaladezrealty.com/about-us/" "Mozilla/5.0 (Linux; Android 6.0.1; Nexus 5X Build/MMB29P) AppleWebKit/537.36 (KHTML, like Gecko) Chrome/150.0.7871.46 Mobile Safari/537.36 (compatible; Googlebot/2.1; +http://www.google.com/bot.html)"
66.249.70.199 - - [05/Jul/2026:07:32:05 -0700] "GET /wp-content/plugins/elementor/assets/js/counter.12335f45aaa79d244f24.bundle.min.js HTTP/1.1" 200 4107 "https://vanessavaladezrealty.com/about-us/" "Mozilla/5.0 (Linux; Android 6.0.1; Nexus 5X Build/MMB29P) AppleWebKit/537.36 (KHTML, like Gecko) Chrome/150.0.7871.46 Mobile Safari/537.36 (compatible; Googlebot/2.1; +http://www.google.com/bot.html)"
35.235.84.95 - - [05/Jul/2026:07:35:58 -0700] "POST /wp-cron.php?doing_wp_cron=1783262158.7884480953216552734375 HTTP/1.1" 200 3587 "-" "WordPress/7.0; https://vanessavaladezrealty.com"
31.148.135.245 - - [05/Jul/2026:07:35:57 -0700] "GET /properties/137-Land-365-East-Trail-Road-USD57-900/tel:7027760711 HTTP/1.1" 301 4177 "-" "Mozilla/5.0 (X11; OpenBSD i386) AppleWebKit/537.36 (KHTML, like Gecko) Chrome/36.0.1985.125 Safari/537.36"
31.148.135.245 - - [05/Jul/2026:07:35:59 -0700] "GET /properties/137-Land-365-East-Trail-Road-USD57-900/tel:7027760711/ HTTP/1.1" 301 4326 "-" "Mozilla/5.0 (X11; OpenBSD i386) AppleWebKit/537.36 (KHTML, like Gecko) Chrome/36.0.1985.125 Safari/537.36"
31.148.135.245 - - [05/Jul/2026:07:36:01 -0700] "GET /properties/137-Land-365-East-Trail-Road-USD57-900 HTTP/1.1" 301 4104 "-" "Mozilla/5.0 (X11; OpenBSD i386) AppleWebKit/537.36 (KHTML, like Gecko) Chrome/36.0.1985.125 Safari/537.36"
31.148.135.245 - - [05/Jul/2026:07:36:03 -0700] "GET /properties/137-Land-365-East-Trail-Road-USD57-900/ HTTP/1.1" 200 36466 "-" "Mozilla/5.0 (X11; OpenBSD i386) AppleWebKit/537.36 (KHTML, like Gecko) Chrome/36.0.1985.125 Safari/537.36"
41.221.181.253 - - [05/Jul/2026:07:36:14 -0700] "GET /properties/115-Residential-4913-Blanton-Drive-4-Rooms-3-Bedrooms-2-Bathrooms-USD329-900/ HTTP/1.1" 200 36127 "-" "Mozilla/5.0 (Macintosh; Intel Mac OS X 10_11_6) AppleWebKit/537.36 (KHTML, like Gecko) Brave Chrome/84.0.4147.135 Safari/537.36"
35.235.84.95 - - [05/Jul/2026:07:39:05 -0700] "POST /wp-cron.php?doing_wp_cron=1783262345.1091189384460449218750 HTTP/1.1" 200 3587 "-" "WordPress/7.0; https://vanessavaladezrealty.com"
49.13.1.223 - - [05/Jul/2026:07:39:03 -0700] "GET /wp-login.php HTTP/1.1" 200 6366 "-" "Mozilla/5.0 (Windows NT 10.0; Win64; x64) AppleWebKit/537.36 (KHTML, like Gecko) Chrome/133.0.0.0 Safari/537.36 Edg/133.0.0.0"
49.13.1.223 - - [05/Jul/2026:07:39:05 -0700] "POST /wp-login.php HTTP/1.1" 200 6467 "https://vanessavaladezrealty.com/wp-login.php" "Mozilla/5.0 (Windows NT 10.0; Win64; x64) AppleWebKit/537.36 (KHTML, like Gecko) Chrome/133.0.0.0 Safari/537.36 Edg/133.0.0.0"
35.235.84.95 - - [05/Jul/2026:07:40:14 -0700] "POST /wp-cron.php?doing_wp_cron=1783262414.1087520122528076171875 HTTP/1.1" 200 3587 "-" "WordPress/7.0; https://vanessavaladezrealty.com"
201.192.183.30 - - [05/Jul/2026:07:40:12 -0700] "GET /properties/91-Residential-Lease-5621-Eagle-Claw-Avenue-5-Rooms-3-Bedrooms-2-Bathrooms-USD1-845/ HTTP/1.1" 200 34581 "-" "Mozilla/5.0 (Macintosh; Intel Mac OS X 10_14_6) AppleWebKit/537.36 (KHTML, like Gecko) Brave Chrome/78.0.3904.108 Safari/537.36"
155.212.166.170 - - [05/Jul/2026:07:42:14 -0700] "GET / HTTP/1.1" 200 38317 "http://VANESSAVALADEZREALTY.COM" "Mozilla/5.0 (Windows NT 10.0; Win64; x64) AppleWebKit/537.36 (KHTML, like Gecko) Chrome/120.0.0.0 Safari/537.36"
35.235.84.95 - - [05/Jul/2026:07:44:13 -0700] "POST /wp-cron.php?doing_wp_cron=1783262653.4616739749908447265625 HTTP/1.1" 200 3587 "-" "WordPress/7.0; https://vanessavaladezrealty.com"
35.235.84.95 - - [05/Jul/2026:07:44:14 -0700] "POST /wp-cron.php?doing_wp_cron=1783262654.1139259338378906250000 HTTP/1.1" 200 3587 "-" "WordPress/7.0; https://vanessavaladezrealty.com"
103.214.217.24 - - [05/Jul/2026:07:44:12 -0700] "GET /properties/vanessavaladez/tel:7027760711/tel:7027760711/tel:7027760711/tel:7027760711/?wplpage=4 HTTP/1.1" 200 33088 "-" "Mozilla/5.0 (Macintosh; Intel Mac OS X 10_11_6) AppleWebKit/537.36 (KHTML, like Gecko) Chrome/80.0.3987.87 Safari/537.36"
35.235.84.95 - - [05/Jul/2026:07:46:04 -0700] "POST /wp-cron.php?doing_wp_cron=1783262764.4064769744873046875000 HTTP/1.1" 200 3587 "-" "WordPress/7.0; https://vanessavaladezrealty.com"
51.68.171.141 - - [05/Jul/2026:07:46:02 -0700] "GET /images/images/cache.php HTTP/1.1" 404 98842 "-" "Mozilla/5.0 (Windows NT 10.0; Win64; x64) AppleWebKit/537.36 (KHTML, like Gecko) Chrome/147.0.0.0 Safari/537.36"
35.235.84.95 - - [05/Jul/2026:07:47:26 -0700] "POST /wp-cron.php?doing_wp_cron=1783262846.7315239906311035156250 HTTP/1.1" 200 3587 "-" "WordPress/7.0; https://vanessavaladezrealty.com"
51.68.171.141 - - [05/Jul/2026:07:47:25 -0700] "GET /ss.php?c_c HTTP/1.1" 404 98727 "-" "Mozilla/5.0 (X11; Linux x86_64) AppleWebKit/537.36 (KHTML, like Gecko) Chrome/149.0.0.0 Safari/537.36"
51.68.171.141 - - [05/Jul/2026:07:47:31 -0700] "GET /wp-content/plugins/divi-form-builder/css/backend-style.min.css HTTP/1.1" 404 98842 "-" "Mozilla/5.0 (Windows NT 10.0; Win64; x64) AppleWebKit/537.36 (KHTML, like Gecko) Chrome/148.0.0.0 Safari/537.36"
43.164.1.211 - - [05/Jul/2026:07:49:08 -0700] "GET / HTTP/1.1" 200 38291 "http://vanessavaladezrealty.com" "Mozilla/5.0 (iPhone; CPU iPhone OS 13_2_3 like Mac OS X) AppleWebKit/605.1.15 (KHTML, like Gecko) Version/13.0.3 Mobile/15E148 Safari/604.1"
35.235.84.95 - - [05/Jul/2026:07:53:17 -0700] "POST /wp-cron.php?doing_wp_cron=1783263197.5781118869781494140625 HTTP/1.1" 200 3587 "-" "WordPress/7.0; https://vanessavaladezrealty.com"
52.2.58.41 - - [05/Jul/2026:07:53:15 -0700] "GET /properties/146-0-0-0- HTTP/1.1" 301 4134 "-" "Mozilla/5.0 AppleWebKit/537.36 (KHTML, like Gecko; compatible; Amazonbot/0.1; +https://developer.amazon.com/support/amazonbot) Chrome/119.0.6045.214 Safari/537.36"
54.86.59.155 - - [05/Jul/2026:07:53:17 -0700] "GET /properties/146-0-0-0-/ HTTP/1.1" 301 4360 "-" "Mozilla/5.0 AppleWebKit/537.36 (KHTML, like Gecko; compatible; Amazonbot/0.1; +https://developer.amazon.com/support/amazonbot) Chrome/119.0.6045.214 Safari/537.36"
52.203.237.170 - - [05/Jul/2026:07:53:20 -0700] "GET /properties/146-0-0-0-$0 HTTP/1.1" 301 4135 "-" "Mozilla/5.0 AppleWebKit/537.36 (KHTML, like Gecko; compatible; Amazonbot/0.1; +https://developer.amazon.com/support/amazonbot) Chrome/119.0.6045.214 Safari/537.36"
34.196.114.170 - - [05/Jul/2026:07:53:23 -0700] "GET /properties/146-0-0-0-0/ HTTP/1.1" 301 4360 "-" "Mozilla/5.0 AppleWebKit/537.36 (KHTML, like Gecko; compatible; Amazonbot/0.1; +https://developer.amazon.com/support/amazonbot) Chrome/119.0.6045.214 Safari/537.36"
82.215.97.6 - - [05/Jul/2026:07:54:10 -0700] "GET /properties/120-Residential-737-Taft-Court-5-Rooms-3-Bedrooms-2-Bathrooms-USD284-999/tel:7027760711 HTTP/1.1" 301 4211 "-" "Mozilla/5.0 (Windows NT 6.3; Win64; x64) AppleWebKit/537.36 (KHTML, like Gecko) Chrome/83.0.4103.97 Safari/537.36"
82.215.97.6 - - [05/Jul/2026:07:54:12 -0700] "GET /properties/120-Residential-737-Taft-Court-5-Rooms-3-Bedrooms-2-Bathrooms-USD284-999/tel:7027760711/ HTTP/1.1" 301 4360 "-" "Mozilla/5.0 (Windows NT 6.3; Win64; x64) AppleWebKit/537.36 (KHTML, like Gecko) Chrome/83.0.4103.97 Safari/537.36"
82.215.97.6 - - [05/Jul/2026:07:54:16 -0700] "GET /properties/120-Residential-737-Taft-Court-5-Rooms-3-Bedrooms-2-Bathrooms-USD284-999 HTTP/1.1" 301 4138 "-" "Mozilla/5.0 (Windows NT 6.3; Win64; x64) AppleWebKit/537.36 (KHTML, like Gecko) Chrome/83.0.4103.97 Safari/537.36"
35.235.84.95 - - [05/Jul/2026:07:54:19 -0700] "POST /wp-cron.php?doing_wp_cron=1783263259.4632840156555175781250 HTTP/1.1" 200 3587 "-" "WordPress/7.0; https://vanessavaladezrealty.com"
82.215.97.6 - - [05/Jul/2026:07:54:17 -0700] "GET /properties/120-Residential-737-Taft-Court-5-Rooms-3-Bedrooms-2-Bathrooms-USD284-999/ HTTP/1.1" 200 37105 "-" "Mozilla/5.0 (Windows NT 6.3; Win64; x64) AppleWebKit/537.36 (KHTML, like Gecko) Chrome/83.0.4103.97 Safari/537.36"
35.235.84.95 - - [05/Jul/2026:07:55:42 -0700] "POST /wp-cron.php?doing_wp_cron=1783263342.6373600959777832031250 HTTP/1.1" 200 3587 "-" "WordPress/7.0; https://vanessavaladezrealty.com"
187.192.103.153 - - [05/Jul/2026:07:55:40 -0700] "GET /properties/?pid=96&wplview=property_show HTTP/1.1" 200 36302 "-" "Mozilla/5.0 (Macintosh; Intel Mac OS X 10_15_7) AppleWebKit/537.36 (KHTML, like Gecko) Chrome/104.0.5112.102 Safari/537.36"
35.235.84.95 - - [05/Jul/2026:07:56:48 -0700] "POST /wp-cron.php?doing_wp_cron=1783263408.5917439460754394531250 HTTP/1.1" 200 3587 "-" "WordPress/7.0; https://vanessavaladezrealty.com"
112.208.179.243 - - [05/Jul/2026:07:56:45 -0700] "POST /xmlrpc.php HTTP/1.1" 200 4129 "-" "Jetpack/13.0; WordPress/6.4; http://site58319614.com"
112.208.179.243 - - [05/Jul/2026:07:56:55 -0700] "POST /xmlrpc.php HTTP/1.1" 200 4129 "-" "Jetpack by WordPress.com (Jetpack 12.0; WordPress 6.1)"
112.208.179.243 - - [05/Jul/2026:07:57:06 -0700] "POST /xmlrpc.php HTTP/1.1" 200 4129 "-" "Jetpack by WordPress.com"
112.208.179.243 - - [05/Jul/2026:07:57:27 -0700] "POST /xmlrpc.php HTTP/1.1" 200 4129 "-" "Jetpack by WordPress.com"
112.208.179.243 - - [05/Jul/2026:07:57:17 -0700] "POST /xmlrpc.php HTTP/1.1" 200 4129 "-" "Jetpack by WordPress.com (Jetpack 12.5; WordPress 6.1)"
112.208.179.243 - - [05/Jul/2026:07:57:38 -0700] "POST /xmlrpc.php HTTP/1.1" 200 4129 "-" "Jetpack by WordPress.com"
35.235.84.95 - - [05/Jul/2026:07:57:53 -0700] "POST /wp-cron.php?doing_wp_cron=1783263473.8529489040374755859375 HTTP/1.1" 200 3587 "-" "WordPress/7.0; https://vanessavaladezrealty.com"
112.208.179.243 - - [05/Jul/2026:07:57:49 -0700] "POST /xmlrpc.php HTTP/1.1" 200 4129 "-" "Jetpack by WordPress.com (Jetpack 12.0; WordPress 6.4)"
112.208.179.243 - - [05/Jul/2026:07:58:10 -0700] "POST /xmlrpc.php HTTP/1.1" 200 4129 "-" "Jetpack by WordPress.com (Jetpack 12.1; WordPress 6.3)"
181.191.99.161 - - [05/Jul/2026:07:58:22 -0700] "GET /properties/118-Residential-Lease-8250-North-Grand-Canyon-Drive-1070-6-Rooms-2-Bedrooms-2-Bathrooms-USD1-250/ HTTP/1.1" 200 35624 "-" "Mozilla/5.0 (Windows NT 6.2; WOW64) AppleWebKit/537.15 (KHTML, like Gecko) Chrome/24.0.1295.0 Safari/537.15"
112.208.179.243 - - [05/Jul/2026:07:58:20 -0700] "POST /xmlrpc.php HTTP/1.1" 200 4129 "-" "Jetpack/13.0; WordPress/6.4; http://site25558475.com"
112.208.179.243 - - [05/Jul/2026:07:58:42 -0700] "POST /xmlrpc.php HTTP/1.1" 200 4129 "-" "Jetpack/12.0; WordPress/6.3; http://site49653162.com"
35.235.84.95 - - [05/Jul/2026:07:58:54 -0700] "POST /wp-cron.php?doing_wp_cron=1783263534.6879630088806152343750 HTTP/1.1" 200 3587 "-" "WordPress/7.0; https://vanessavaladezrealty.com"
112.208.179.243 - - [05/Jul/2026:07:59:03 -0700] "POST /xmlrpc.php HTTP/1.1" 200 4129 "-" "Jetpack/12.1; WordPress/6.4; http://site19790788.com"
112.208.179.243 - - [05/Jul/2026:07:59:13 -0700] "POST /xmlrpc.php HTTP/1.1" 200 4129 "-" "Jetpack/12.5; WordPress/6.2; http://site14757207.com"
112.208.179.243 - - [05/Jul/2026:07:57:59 -0700] "POST /xmlrpc.php HTTP/1.1" 200 4129 "-" "Jetpack by WordPress.com (Jetpack 12.1; WordPress 6.4)"
112.208.179.243 - - [05/Jul/2026:07:58:31 -0700] "POST /xmlrpc.php HTTP/1.1" 200 4129 "-" "Jetpack/12.1; WordPress/6.4; http://site66817890.com"
112.208.179.243 - - [05/Jul/2026:07:58:52 -0700] "POST /xmlrpc.php HTTP/1.1" 200 4129 "-" "Jetpack by WordPress.com"
112.208.179.243 - - [05/Jul/2026:07:59:24 -0700] "POST /xmlrpc.php HTTP/1.1" 200 4129 "-" "Jetpack/12.5; WordPress/6.3; http://site21707506.com"
112.208.179.243 - - [05/Jul/2026:07:59:34 -0700] "POST /xmlrpc.php HTTP/1.1" 200 4129 "-" "Jetpack by WordPress.com (Jetpack 12.0; WordPress 6.4)"
112.208.179.243 - - [05/Jul/2026:07:59:45 -0700] "POST /xmlrpc.php HTTP/1.1" 200 4129 "-" "Jetpack by WordPress.com"
35.235.84.95 - - [05/Jul/2026:07:59:57 -0700] "POST /wp-cron.php?doing_wp_cron=1783263597.6267139911651611328125 HTTP/1.1" 200 3587 "-" "WordPress/7.0; https://vanessavaladezrealty.com"
112.208.179.243 - - [05/Jul/2026:07:59:55 -0700] "POST /xmlrpc.php HTTP/1.1" 200 4129 "-" "Jetpack by WordPress.com (Jetpack 13.0; WordPress 6.1)"
112.208.179.243 - - [05/Jul/2026:08:00:07 -0700] "POST /xmlrpc.php HTTP/1.1" 200 4129 "-" "WordPress.com; https://wordpress.com"
112.208.179.243 - - [05/Jul/2026:08:00:39 -0700] "POST /xmlrpc.php HTTP/1.1" 200 4129 "-" "WordPress.com; https://wordpress.com"
35.235.84.95 - - [05/Jul/2026:08:00:52 -0700] "POST /wp-cron.php?doing_wp_cron=1783263652.6926789283752441406250 HTTP/1.1" 200 3587 "-" "WordPress/7.0; https://vanessavaladezrealty.com"
35.235.84.95 - - [05/Jul/2026:08:01:01 -0700] "HEAD / HTTP/1.1" 200 4253 "-" "Mozilla/5.0 (Windows NT 10.0; Win64; x64) AppleWebKit/537.36 (KHTML, like Gecko) Chrome/117.0.0.0 Safari/537.36"
112.208.179.243 - - [05/Jul/2026:08:00:48 -0700] "POST /xmlrpc.php HTTP/1.1" 200 4129 "-" "Jetpack/12.0; WordPress/6.2; http://site58827399.com"
112.208.179.243 - - [05/Jul/2026:08:00:59 -0700] "POST /xmlrpc.php HTTP/1.1" 200 4129 "-" "Jetpack by WordPress.com (Jetpack 12.0; WordPress 6.2)"
112.208.179.243 - - [05/Jul/2026:08:01:10 -0700] "POST /xmlrpc.php HTTP/1.1" 200 4129 "-" "Jetpack by WordPress.com (Jetpack 12.0; WordPress 6.4)"
112.208.179.243 - - [05/Jul/2026:08:01:20 -0700] "POST /xmlrpc.php HTTP/1.1" 200 4129 "-" "Jetpack by WordPress.com (Jetpack 12.1; WordPress 6.3)"
35.235.84.95 - - [05/Jul/2026:08:01:33 -0700] "POST /wp-cron.php?doing_wp_cron=1783263693.0480670928955078125000 HTTP/1.1" 200 3587 "-" "WordPress/7.0; https://vanessavaladezrealty.com"
112.208.179.243 - - [05/Jul/2026:08:01:31 -0700] "POST /xmlrpc.php HTTP/1.1" 200 4129 "-" "Jetpack by WordPress.com (Jetpack 13.0; WordPress 6.4)"
112.208.179.243 - - [05/Jul/2026:08:01:41 -0700] "POST /xmlrpc.php HTTP/1.1" 403 4352 "-" "Jetpack by WordPress.com"
112.208.179.243 - - [05/Jul/2026:08:01:52 -0700] "POST /xmlrpc.php HTTP/1.1" 403 4352 "-" "Jetpack by WordPress.com"
78.142.18.172 - - [05/Jul/2026:08:02:07 -0700] "GET /wp-login.php HTTP/1.1" 200 6366 "-" "Mozilla/5.0 (Windows NT 10.0; WOW64) AppleWebKit/537.36 (KHTML, like Gecko) Chrome/133.0.0.0 Safari/537.36"
112.208.179.243 - - [05/Jul/2026:08:02:02 -0700] "POST /xmlrpc.php HTTP/1.1" 200 4129 "-" "WordPress.com; https://wordpress.com"
112.208.179.243 - - [05/Jul/2026:08:02:13 -0700] "POST /xmlrpc.php HTTP/1.1" 403 4352 "-" "Jetpack by WordPress.com"
78.142.18.172 - - [05/Jul/2026:08:02:09 -0700] "POST /wp-login.php HTTP/1.1" 200 6452 "https://vanessavaladezrealty.com/wp-login.php" "Mozilla/5.0 (Windows NT 10.0; WOW64) AppleWebKit/537.36 (KHTML, like Gecko) Chrome/133.0.0.0 Safari/537.36"
99.227.212.133 - - [05/Jul/2026:08:02:21 -0700] "GET /robots.txt HTTP/1.1" 200 4273 "-" "Mozilla/5.0 (Macintosh; Intel Mac OS X 14.3; rv:132.0) Gecko/20100101 Firefox/132.0"
112.208.179.243 - - [05/Jul/2026:08:02:24 -0700] "POST /xmlrpc.php HTTP/1.1" 403 4352 "-" "Jetpack by WordPress.com"
35.235.84.95 - - [05/Jul/2026:08:02:35 -0700] "POST /wp-cron.php?doing_wp_cron=1783263755.8413970470428466796875 HTTP/1.1" 200 3587 "-" "WordPress/7.0; https://vanessavaladezrealty.com"
112.208.179.243 - - [05/Jul/2026:08:02:34 -0700] "POST /xmlrpc.php HTTP/1.1" 200 4129 "-" "WordPress.com; https://wordpress.com"
112.208.179.243 - - [05/Jul/2026:08:02:45 -0700] "POST /xmlrpc.php HTTP/1.1" 403 4352 "-" "Jetpack by WordPress.com"
35.235.84.95 - - [05/Jul/2026:08:02:57 -0700] "POST /wp-cron.php?doing_wp_cron=1783263776.9740769863128662109375 HTTP/1.1" 200 3587 "-" "WordPress/7.0; https://vanessavaladezrealty.com"
112.208.179.243 - - [05/Jul/2026:08:02:55 -0700] "POST /xmlrpc.php HTTP/1.1" 200 4129 "-" "Jetpack/12.5; WordPress/6.4; http://site46472905.com"
112.208.179.243 - - [05/Jul/2026:08:03:06 -0700] "POST /xmlrpc.php HTTP/1.1" 200 4129 "-" "WordPress.com; https://wordpress.com"
112.208.179.243 - - [05/Jul/2026:08:03:16 -0700] "POST /xmlrpc.php HTTP/1.1" 403 4352 "-" "Jetpack by WordPress.com"
112.208.179.243 - - [05/Jul/2026:08:03:27 -0700] "POST /xmlrpc.php HTTP/1.1" 200 4129 "-" "Jetpack by WordPress.com (Jetpack 12.0; WordPress 6.2)"
112.208.179.243 - - [05/Jul/2026:08:03:37 -0700] "POST /xmlrpc.php HTTP/1.1" 403 4352 "-" "WordPress.com; https://wordpress.com"
112.208.179.243 - - [05/Jul/2026:08:03:48 -0700] "POST /xmlrpc.php HTTP/1.1" 200 4129 "-" "Jetpack/12.5; WordPress/6.2; http://site97885603.com"
35.235.84.95 - - [05/Jul/2026:08:04:00 -0700] "POST /wp-cron.php?doing_wp_cron=1783263840.0432920455932617187500 HTTP/1.1" 200 3587 "-" "WordPress/7.0; https://vanessavaladezrealty.com"
112.208.179.243 - - [05/Jul/2026:08:03:58 -0700] "POST /xmlrpc.php HTTP/1.1" 200 4129 "-" "Jetpack/13.0; WordPress/6.3; http://site76713991.com"
112.208.179.243 - - [05/Jul/2026:08:04:09 -0700] "POST /xmlrpc.php HTTP/1.1" 403 4352 "-" "Jetpack by WordPress.com"
112.208.179.243 - - [05/Jul/2026:08:04:20 -0700] "POST /xmlrpc.php HTTP/1.1" 200 4129 "-" "Jetpack/12.1; WordPress/6.2; http://site51158360.com"
112.208.179.243 - - [05/Jul/2026:08:04:30 -0700] "POST /xmlrpc.php HTTP/1.1" 403 4352 "-" "WordPress.com; https://wordpress.com"
112.208.179.243 - - [05/Jul/2026:08:04:41 -0700] "POST /xmlrpc.php HTTP/1.1" 403 4352 "-" "Jetpack by WordPress.com"
112.208.179.243 - - [05/Jul/2026:08:04:51 -0700] "POST /xmlrpc.php HTTP/1.1" 403 4352 "-" "WordPress.com; https://wordpress.com"
35.235.84.95 - - [05/Jul/2026:08:05:03 -0700] "POST /wp-cron.php?doing_wp_cron=1783263903.5149900913238525390625 HTTP/1.1" 200 3587 "-" "WordPress/7.0; https://vanessavaladezrealty.com"
112.208.179.243 - - [05/Jul/2026:08:05:02 -0700] "POST /xmlrpc.php HTTP/1.1" 200 4129 "-" "Jetpack/12.0; WordPress/6.4; http://site22688563.com"
112.208.179.243 - - [05/Jul/2026:08:05:12 -0700] "POST /xmlrpc.php HTTP/1.1" 403 4352 "-" "Jetpack by WordPress.com"
112.208.179.243 - - [05/Jul/2026:08:05:23 -0700] "POST /xmlrpc.php HTTP/1.1" 200 4129 "-" "Jetpack/12.5; WordPress/6.4; http://site31894455.com"
112.208.179.243 - - [05/Jul/2026:08:05:33 -0700] "POST /xmlrpc.php HTTP/1.1" 200 4129 "-" "Jetpack/12.1; WordPress/6.3; http://site71516796.com"
112.208.179.243 - - [05/Jul/2026:08:05:44 -0700] "POST /xmlrpc.php HTTP/1.1" 200 4129 "-" "Jetpack/12.0; WordPress/6.3; http://site22031448.com"
112.208.179.243 - - [05/Jul/2026:08:05:55 -0700] "POST /xmlrpc.php HTTP/1.1" 403 4352 "-" "WordPress.com; https://wordpress.com"
112.208.179.243 - - [05/Jul/2026:08:06:05 -0700] "POST /xmlrpc.php HTTP/1.1" 403 4352 "-" "WordPress.com; https://wordpress.com"
35.235.84.95 - - [05/Jul/2026:08:06:17 -0700] "POST /wp-cron.php?doing_wp_cron=1783263977.3697419166564941406250 HTTP/1.1" 200 3587 "-" "WordPress/7.0; https://vanessavaladezrealty.com"
112.208.179.243 - - [05/Jul/2026:08:06:16 -0700] "POST /xmlrpc.php HTTP/1.1" 200 4129 "-" "Jetpack/13.0; WordPress/6.2; http://site42207879.com"
35.235.84.95 - - [05/Jul/2026:08:06:28 -0700] "POST /wp-cron.php?doing_wp_cron=1783263988.3600089550018310546875 HTTP/1.1" 200 3587 "-" "WordPress/7.0; https://vanessavaladezrealty.com"
112.208.179.243 - - [05/Jul/2026:08:06:26 -0700] "POST /xmlrpc.php HTTP/1.1" 200 4129 "-" "Jetpack/12.1; WordPress/6.3; http://site52621316.com"
112.208.179.243 - - [05/Jul/2026:08:06:37 -0700] "POST /xmlrpc.php HTTP/1.1" 403 4352 "-" "WordPress.com; https://wordpress.com"
112.208.179.243 - - [05/Jul/2026:08:06:47 -0700] "POST /xmlrpc.php HTTP/1.1" 403 4352 "-" "WordPress.com; https://wordpress.com"
112.208.179.243 - - [05/Jul/2026:08:06:58 -0700] "POST /xmlrpc.php HTTP/1.1" 403 4352 "-" "Jetpack by WordPress.com"
112.208.179.243 - - [05/Jul/2026:08:07:09 -0700] "POST /xmlrpc.php HTTP/1.1" 200 4129 "-" "Jetpack/12.1; WordPress/6.4; http://site49401014.com"
112.208.179.243 - - [05/Jul/2026:08:07:19 -0700] "POST /xmlrpc.php HTTP/1.1" 403 4352 "-" "WordPress.com; https://wordpress.com"
112.208.179.243 - - [05/Jul/2026:08:07:30 -0700] "POST /xmlrpc.php HTTP/1.1" 403 4352 "-" "WordPress.com; https://wordpress.com"
112.208.179.243 - - [05/Jul/2026:08:07:40 -0700] "POST /xmlrpc.php HTTP/1.1" 403 4352 "-" "Jetpack by WordPress.com"
35.235.84.95 - - [05/Jul/2026:08:07:54 -0700] "POST /wp-cron.php?doing_wp_cron=1783264074.3429200649261474609375 HTTP/1.1" 200 3587 "-" "WordPress/7.0; https://vanessavaladezrealty.com"
112.208.179.243 - - [05/Jul/2026:08:07:51 -0700] "POST /xmlrpc.php HTTP/1.1" 200 4129 "-" "Jetpack/13.0; WordPress/6.1; http://site48931464.com"
112.208.179.243 - - [05/Jul/2026:08:08:01 -0700] "POST /xmlrpc.php HTTP/1.1" 403 4352 "-" "WordPress.com; https://wordpress.com"
112.208.179.243 - - [05/Jul/2026:08:08:12 -0700] "POST /xmlrpc.php HTTP/1.1" 200 4129 "-" "Jetpack/12.5; WordPress/6.2; http://site51185253.com"
112.208.179.243 - - [05/Jul/2026:08:08:22 -0700] "POST /xmlrpc.php HTTP/1.1" 403 4352 "-" "WordPress.com; https://wordpress.com"
112.208.179.243 - - [05/Jul/2026:08:08:33 -0700] "POST /xmlrpc.php HTTP/1.1" 200 4129 "-" "Jetpack by WordPress.com (Jetpack 12.0; WordPress 6.3)"
112.208.179.243 - - [05/Jul/2026:08:08:44 -0700] "POST /xmlrpc.php HTTP/1.1" 200 4129 "-" "Jetpack/12.0; WordPress/6.3; http://site81526502.com"
35.235.84.95 - - [05/Jul/2026:08:08:57 -0700] "POST /wp-cron.php?doing_wp_cron=1783264137.6927020549774169921875 HTTP/1.1" 200 3587 "-" "WordPress/7.0; https://vanessavaladezrealty.com"
112.208.179.243 - - [05/Jul/2026:08:08:54 -0700] "POST /xmlrpc.php HTTP/1.1" 200 4129 "-" "Jetpack by WordPress.com (Jetpack 13.0; WordPress 6.1)"
112.208.179.243 - - [05/Jul/2026:08:09:05 -0700] "POST /xmlrpc.php HTTP/1.1" 403 4352 "-" "Jetpack by WordPress.com"
112.208.179.243 - - [05/Jul/2026:08:09:15 -0700] "POST /xmlrpc.php HTTP/1.1" 403 4352 "-" "Jetpack by WordPress.com"
112.208.179.243 - - [05/Jul/2026:08:09:26 -0700] "POST /xmlrpc.php HTTP/1.1" 200 4129 "-" "Jetpack by WordPress.com (Jetpack 12.5; WordPress 6.3)"
112.208.179.243 - - [05/Jul/2026:08:09:36 -0700] "POST /xmlrpc.php HTTP/1.1" 200 4129 "-" "Jetpack/12.5; WordPress/6.4; http://site39816085.com"
112.208.179.243 - - [05/Jul/2026:08:09:47 -0700] "POST /xmlrpc.php HTTP/1.1" 200 4129 "-" "Jetpack by WordPress.com (Jetpack 12.0; WordPress 6.3)"
35.235.84.95 - - [05/Jul/2026:08:09:59 -0700] "POST /wp-cron.php?doing_wp_cron=1783264199.3850309848785400390625 HTTP/1.1" 200 3587 "-" "WordPress/7.0; https://vanessavaladezrealty.com"
112.208.179.243 - - [05/Jul/2026:08:09:58 -0700] "POST /xmlrpc.php HTTP/1.1" 200 4129 "-" "Jetpack/12.1; WordPress/6.4; http://site17052665.com"
182.75.216.230 - - [05/Jul/2026:08:09:59 -0700] "POST /xmlrpc.php HTTP/1.1" 200 4129 "-" "Jetpack by WordPress.com"
112.208.179.243 - - [05/Jul/2026:08:10:08 -0700] "POST /xmlrpc.php HTTP/1.1" 403 4352 "-" "Jetpack by WordPress.com"
182.75.216.230 - - [05/Jul/2026:08:10:09 -0700] "POST /xmlrpc.php HTTP/1.1" 200 4129 "-" "Jetpack by WordPress.com (Jetpack 12.1; WordPress 6.1)"
112.208.179.243 - - [05/Jul/2026:08:10:19 -0700] "POST /xmlrpc.php HTTP/1.1" 403 4352 "-" "WordPress.com; https://wordpress.com"
182.75.216.230 - - [05/Jul/2026:08:10:20 -0700] "POST /xmlrpc.php HTTP/1.1" 200 4129 "-" "WordPress.com; https://wordpress.com"
112.208.179.243 - - [05/Jul/2026:08:10:29 -0700] "POST /xmlrpc.php HTTP/1.1" 403 4352 "-" "Jetpack by WordPress.com"
182.75.216.230 - - [05/Jul/2026:08:10:31 -0700] "POST /xmlrpc.php HTTP/1.1" 200 4129 "-" "Jetpack by WordPress.com"
112.208.179.243 - - [05/Jul/2026:08:10:40 -0700] "POST /xmlrpc.php HTTP/1.1" 403 4352 "-" "Jetpack by WordPress.com"
182.75.216.230 - - [05/Jul/2026:08:10:42 -0700] "POST /xmlrpc.php HTTP/1.1" 200 4129 "-" "Jetpack by WordPress.com (Jetpack 12.5; WordPress 6.4)"
35.235.84.95 - - [05/Jul/2026:08:10:52 -0700] "POST /wp-cron.php?doing_wp_cron=1783264252.1106140613555908203125 HTTP/1.1" 200 3587 "-" "WordPress/7.0; https://vanessavaladezrealty.com"
112.208.179.243 - - [05/Jul/2026:08:10:50 -0700] "POST /xmlrpc.php HTTP/1.1" 200 4129 "-" "Jetpack/12.5; WordPress/6.1; http://site13784146.com"
182.75.216.230 - - [05/Jul/2026:08:10:58 -0700] "POST /xmlrpc.php HTTP/1.1" 200 4129 "-" "Jetpack/12.5; WordPress/6.3; http://site79934038.com"
112.208.179.243 - - [05/Jul/2026:08:11:01 -0700] "POST /xmlrpc.php HTTP/1.1" 200 4129 "-" "Jetpack/12.1; WordPress/6.2; http://site14115179.com"
182.75.216.230 - - [05/Jul/2026:08:11:15 -0700] "POST /xmlrpc.php HTTP/1.1" 200 4129 "-" "Jetpack by WordPress.com"
35.235.84.95 - - [05/Jul/2026:08:11:28 -0700] "POST /wp-cron.php?doing_wp_cron=1783264288.2839779853820800781250 HTTP/1.1" 200 3587 "-" "WordPress/7.0; https://vanessavaladezrealty.com"
182.75.216.230 - - [05/Jul/2026:08:11:26 -0700] "POST /xmlrpc.php HTTP/1.1" 200 4129 "-" "WordPress.com; https://wordpress.com"
112.208.179.243 - - [05/Jul/2026:08:11:33 -0700] "POST /xmlrpc.php HTTP/1.1" 403 4352 "-" "WordPress.com; https://wordpress.com"
14.167.245.144 - - [05/Jul/2026:08:11:36 -0700] "GET /properties/88-Residential-2539-Tuskegee-Street-6-Rooms-5-Bedrooms-2-Bathrooms-USD299-995/ HTTP/1.1" 200 36483 "-" "Mozilla/5.0 (Windows NT 6.1; Win64; x64) AppleWebKit/537.36 (KHTML, like Gecko) Chrome/74.0.3729.157 Safari/537.36"
182.75.216.230 - - [05/Jul/2026:08:11:38 -0700] "POST /xmlrpc.php HTTP/1.1" 200 4129 "-" "Jetpack by WordPress.com (Jetpack 12.0; WordPress 6.4)"
112.208.179.243 - - [05/Jul/2026:08:11:43 -0700] "POST /xmlrpc.php HTTP/1.1" 403 4352 "-" "WordPress.com; https://wordpress.com"
182.75.216.230 - - [05/Jul/2026:08:11:49 -0700] "POST /xmlrpc.php HTTP/1.1" 200 4129 "-" "Jetpack by WordPress.com (Jetpack 12.5; WordPress 6.2)"
112.208.179.243 - - [05/Jul/2026:08:11:54 -0700] "POST /xmlrpc.php HTTP/1.1" 403 4352 "-" "WordPress.com; https://wordpress.com"
112.208.179.243 - - [05/Jul/2026:08:12:04 -0700] "POST /xmlrpc.php HTTP/1.1" 403 4352 "-" "Jetpack by WordPress.com"
182.75.216.230 - - [05/Jul/2026:08:12:00 -0700] "POST /xmlrpc.php HTTP/1.1" 200 4129 "-" "WordPress.com; https://wordpress.com"
182.75.216.230 - - [05/Jul/2026:08:12:11 -0700] "POST /xmlrpc.php HTTP/1.1" 200 4129 "-" "Jetpack by WordPress.com"
112.208.179.243 - - [05/Jul/2026:08:12:15 -0700] "POST /xmlrpc.php HTTP/1.1" 200 4129 "-" "Jetpack/12.0; WordPress/6.3; http://site28353396.com"
182.75.216.230 - - [05/Jul/2026:08:12:22 -0700] "POST /xmlrpc.php HTTP/1.1" 200 4129 "-" "Jetpack/12.0; WordPress/6.2; http://site22820351.com"
112.208.179.243 - - [05/Jul/2026:08:12:26 -0700] "POST /xmlrpc.php HTTP/1.1" 403 4352 "-" "WordPress.com; https://wordpress.com"
35.235.84.95 - - [05/Jul/2026:08:12:35 -0700] "POST /wp-cron.php?doing_wp_cron=1783264355.1205759048461914062500 HTTP/1.1" 200 3587 "-" "WordPress/7.0; https://vanessavaladezrealty.com"
182.75.216.230 - - [05/Jul/2026:08:12:33 -0700] "POST /xmlrpc.php HTTP/1.1" 200 4129 "-" "WordPress.com; https://wordpress.com"
112.208.179.243 - - [05/Jul/2026:08:12:36 -0700] "POST /xmlrpc.php HTTP/1.1" 403 4352 "-" "WordPress.com; https://wordpress.com"
182.75.216.230 - - [05/Jul/2026:08:12:44 -0700] "POST /xmlrpc.php HTTP/1.1" 200 4129 "-" "Jetpack/12.0; WordPress/6.4; http://site54727567.com"
112.208.179.243 - - [05/Jul/2026:08:12:47 -0700] "POST /xmlrpc.php HTTP/1.1" 403 4352 "-" "Jetpack by WordPress.com"
78.142.18.172 - - [05/Jul/2026:08:12:48 -0700] "GET /wp-json/wp/v2/users/me HTTP/1.1" 403 4352 "-" "Mozilla/5.0 (Windows NT 10.0) AppleWebKit/537.36 (KHTML, like Gecko) Chrome/133.0.0.0 Safari/537.36"
35.235.84.95 - - [05/Jul/2026:08:12:56 -0700] "POST /wp-cron.php?doing_wp_cron=1783264376.6525130271911621093750 HTTP/1.1" 200 3587 "-" "WordPress/7.0; https://vanessavaladezrealty.com"
182.75.216.230 - - [05/Jul/2026:08:12:55 -0700] "POST /xmlrpc.php HTTP/1.1" 200 4129 "-" "Jetpack by WordPress.com"
112.208.179.243 - - [05/Jul/2026:08:12:57 -0700] "POST /xmlrpc.php HTTP/1.1" 403 4352 "-" "WordPress.com; https://wordpress.com"
182.75.216.230 - - [05/Jul/2026:08:13:06 -0700] "POST /xmlrpc.php HTTP/1.1" 403 4352 "-" "Jetpack by WordPress.com"
112.208.179.243 - - [05/Jul/2026:08:13:08 -0700] "POST /xmlrpc.php HTTP/1.1" 403 4352 "-" "WordPress.com; https://wordpress.com"
112.208.179.243 - - [05/Jul/2026:08:13:18 -0700] "POST /xmlrpc.php HTTP/1.1" 403 4352 "-" "Jetpack by WordPress.com"
182.75.216.230 - - [05/Jul/2026:08:13:17 -0700] "POST /xmlrpc.php HTTP/1.1" 200 4129 "-" "Jetpack/12.1; WordPress/6.1; http://site95759319.com"
182.75.216.230 - - [05/Jul/2026:08:13:28 -0700] "POST /xmlrpc.php HTTP/1.1" 200 4129 "-" "WordPress.com; https://wordpress.com"
