114.119.155.58 - - [05/Jul/2026:15:02:00 -0700] "GET /properties?wplview=property_show&pid=130 HTTP/1.1" 301 4153 "https://vanessavaladezrealty.com/properties?wplview=property_show&pid=130" "Mozilla/5.0 (Linux; Android 7.0;) AppleWebKit/537.36 (HTML, like Gecko) Mobile Safari/537.36 (compatible; PetalBot;+https://webmaster.petalsearch.com/site/petalbot)"
165.232.170.62 - - [05/Jul/2026:15:02:00 -0700] "GET /wp-admin/index.php HTTP/1.1" 302 3793 "https://vanessavaladezrealty.com/wp-login.php" "Mozilla/5.0 (Windows NT 11.0; Win64; x64) AppleWebKit/537.36 (KHTML, like Gecko) Chrome/118.0.0.0 Safari/537.36"
114.119.155.58 - - [05/Jul/2026:15:02:02 -0700] "GET /properties/?wplview=property_show&pid=130 HTTP/1.1" 200 31022 "https://vanessavaladezrealty.com/properties?wplview=property_show&pid=130" "Mozilla/5.0 (Linux; Android 7.0;) AppleWebKit/537.36 (HTML, like Gecko) Mobile Safari/537.36 (compatible; PetalBot;+https://webmaster.petalsearch.com/site/petalbot)"
165.232.170.62 - - [05/Jul/2026:15:02:04 -0700] "GET /wp-login.php?redirect_to=https%3A%2F%2Fvanessavaladezrealty.com%2Fwp-admin%2Findex.php&reauth=1 HTTP/1.1" 200 8371 "https://vanessavaladezrealty.com/wp-login.php" "Mozilla/5.0 (Windows NT 11.0; Win64; x64) AppleWebKit/537.36 (KHTML, like Gecko) Chrome/118.0.0.0 Safari/537.36"
165.232.170.62 - - [05/Jul/2026:15:02:07 -0700] "POST /wp-login.php HTTP/1.1" 200 6468 "https://vanessavaladezrealty.com/wp-login.php" "Mozilla/5.0 (Windows NT 11.0; Win64; x64) AppleWebKit/537.36 (KHTML, like Gecko) Chrome/121.0.0.0 Safari/537.36"
165.232.170.62 - - [05/Jul/2026:15:02:10 -0700] "GET /wp-admin/index.php HTTP/1.1" 302 3793 "https://vanessavaladezrealty.com/wp-login.php" "Mozilla/5.0 (Macintosh; Intel Mac OS X 13_6_1) AppleWebKit/537.36 (KHTML, like Gecko) Chrome/118.0.0.0 Safari/537.36"
165.232.170.62 - - [05/Jul/2026:15:02:14 -0700] "GET /wp-login.php?redirect_to=https%3A%2F%2Fvanessavaladezrealty.com%2Fwp-admin%2Findex.php&reauth=1 HTTP/1.1" 200 8371 "https://vanessavaladezrealty.com/wp-login.php" "Mozilla/5.0 (Macintosh; Intel Mac OS X 13_6_1) AppleWebKit/537.36 (KHTML, like Gecko) Chrome/118.0.0.0 Safari/537.36"
165.232.170.62 - - [05/Jul/2026:15:02:17 -0700] "POST /wp-login.php HTTP/1.1" 200 6459 "https://vanessavaladezrealty.com/wp-login.php" "Mozilla/5.0 (Windows NT 10.0; Win64; x64) AppleWebKit/537.36 (KHTML, like Gecko) Chrome/121.0.0.0 Safari/537.36"
165.232.170.62 - - [05/Jul/2026:15:02:20 -0700] "GET /wp-admin/index.php HTTP/1.1" 302 3793 "https://vanessavaladezrealty.com/wp-login.php" "Mozilla/5.0 (Macintosh; Intel Mac OS X 10_15_7) AppleWebKit/605.1.15 (KHTML, like Gecko) Version/16.6 Safari/605.1.15"
165.232.170.62 - - [05/Jul/2026:15:02:24 -0700] "GET /wp-login.php?redirect_to=https%3A%2F%2Fvanessavaladezrealty.com%2Fwp-admin%2Findex.php&reauth=1 HTTP/1.1" 200 8371 "https://vanessavaladezrealty.com/wp-login.php" "Mozilla/5.0 (Macintosh; Intel Mac OS X 10_15_7) AppleWebKit/605.1.15 (KHTML, like Gecko) Version/16.6 Safari/605.1.15"
35.235.84.95 - - [05/Jul/2026:15:02:28 -0700] "POST /wp-cron.php?doing_wp_cron=1783288948.8891050815582275390625 HTTP/1.1" 200 3587 "-" "WordPress/7.0; https://vanessavaladezrealty.com"
165.232.170.62 - - [05/Jul/2026:15:02:27 -0700] "POST /wp-login.php HTTP/1.1" 200 6459 "https://vanessavaladezrealty.com/wp-login.php" "Mozilla/5.0 (Windows NT 11.0; Win64; x64; rv:121.0) Gecko/20100101 Firefox/121.0"
165.232.170.62 - - [05/Jul/2026:15:02:31 -0700] "GET /wp-admin/index.php HTTP/1.1" 302 3793 "https://vanessavaladezrealty.com/wp-login.php" "Mozilla/5.0 (X11; Linux x86_64) AppleWebKit/537.36 (KHTML, like Gecko) Chrome/119.0.0.0 Safari/537.36"
165.232.170.62 - - [05/Jul/2026:15:02:35 -0700] "GET /wp-login.php?redirect_to=https%3A%2F%2Fvanessavaladezrealty.com%2Fwp-admin%2Findex.php&reauth=1 HTTP/1.1" 200 8371 "https://vanessavaladezrealty.com/wp-login.php" "Mozilla/5.0 (X11; Linux x86_64) AppleWebKit/537.36 (KHTML, like Gecko) Chrome/119.0.0.0 Safari/537.36"
165.232.170.62 - - [05/Jul/2026:15:02:38 -0700] "POST /wp-login.php HTTP/1.1" 200 6461 "https://vanessavaladezrealty.com/wp-login.php" "Mozilla/5.0 (Windows NT 11.0; Win64; x64; rv:119.0) Gecko/20100101 Firefox/119.0"
165.232.170.62 - - [05/Jul/2026:15:02:41 -0700] "GET /wp-admin/index.php HTTP/1.1" 302 3793 "https://vanessavaladezrealty.com/wp-login.php" "Mozilla/5.0 (X11; Ubuntu; Linux x86_64) AppleWebKit/537.36 (KHTML, like Gecko) Chrome/120.0.0.0 Safari/537.36"
165.232.170.62 - - [05/Jul/2026:15:02:44 -0700] "GET /wp-login.php?redirect_to=https%3A%2F%2Fvanessavaladezrealty.com%2Fwp-admin%2Findex.php&reauth=1 HTTP/1.1" 200 8371 "https://vanessavaladezrealty.com/wp-login.php" "Mozilla/5.0 (X11; Ubuntu; Linux x86_64) AppleWebKit/537.36 (KHTML, like Gecko) Chrome/120.0.0.0 Safari/537.36"
165.232.170.62 - - [05/Jul/2026:15:02:48 -0700] "POST /wp-login.php HTTP/1.1" 200 6465 "https://vanessavaladezrealty.com/wp-login.php" "Mozilla/5.0 (Macintosh; Intel Mac OS X 10_15_7) AppleWebKit/605.1.15 (KHTML, like Gecko) Version/16.6 Safari/605.1.15"
35.235.84.95 - - [05/Jul/2026:15:02:52 -0700] "POST /wp-cron.php?doing_wp_cron=1783288972.9466700553894042968750 HTTP/1.1" 200 3587 "-" "WordPress/7.0; https://vanessavaladezrealty.com"
165.232.170.62 - - [05/Jul/2026:15:02:51 -0700] "GET /wp-admin/index.php HTTP/1.1" 302 3793 "https://vanessavaladezrealty.com/wp-login.php" "Mozilla/5.0 (Macintosh; Intel Mac OS X 10_15_7) AppleWebKit/537.36 (KHTML, like Gecko) Chrome/121.0.0.0 Safari/537.36"
165.232.170.62 - - [05/Jul/2026:15:02:55 -0700] "GET /wp-login.php?redirect_to=https%3A%2F%2Fvanessavaladezrealty.com%2Fwp-admin%2Findex.php&reauth=1 HTTP/1.1" 200 8371 "https://vanessavaladezrealty.com/wp-login.php" "Mozilla/5.0 (Macintosh; Intel Mac OS X 10_15_7) AppleWebKit/537.36 (KHTML, like Gecko) Chrome/121.0.0.0 Safari/537.36"
165.232.170.62 - - [05/Jul/2026:15:02:58 -0700] "POST /wp-login.php HTTP/1.1" 200 6460 "https://vanessavaladezrealty.com/wp-login.php" "Mozilla/5.0 (Windows NT 10.0; Win64; x64; rv:119.0) Gecko/20100101 Firefox/119.0"
165.232.170.62 - - [05/Jul/2026:15:03:02 -0700] "GET /wp-admin/index.php HTTP/1.1" 302 3793 "https://vanessavaladezrealty.com/wp-login.php" "Mozilla/5.0 (Macintosh; Intel Mac OS X 10_15_7) AppleWebKit/605.1.15 (KHTML, like Gecko) Version/17.2 Safari/605.1.15"
78.142.18.172 - - [05/Jul/2026:15:03:02 -0700] "GET /wp-login.php HTTP/1.1" 200 6366 "-" "Mozilla/5.0 (X11; Ubuntu; Linux x86_64; rv:133.0) Gecko/20100101 Firefox/133.0"
78.142.18.172 - - [05/Jul/2026:15:03:03 -0700] "POST /wp-login.php HTTP/1.1" 200 6452 "https://vanessavaladezrealty.com/wp-login.php" "Mozilla/5.0 (X11; Ubuntu; Linux x86_64; rv:133.0) Gecko/20100101 Firefox/133.0"
165.232.170.62 - - [05/Jul/2026:15:03:05 -0700] "GET /wp-login.php?redirect_to=https%3A%2F%2Fvanessavaladezrealty.com%2Fwp-admin%2Findex.php&reauth=1 HTTP/1.1" 200 8371 "https://vanessavaladezrealty.com/wp-login.php" "Mozilla/5.0 (Macintosh; Intel Mac OS X 10_15_7) AppleWebKit/605.1.15 (KHTML, like Gecko) Version/17.2 Safari/605.1.15"
165.232.170.62 - - [05/Jul/2026:15:03:11 -0700] "GET /wp-admin/index.php HTTP/1.1" 302 3793 "https://vanessavaladezrealty.com/wp-login.php" "Mozilla/5.0 (Windows NT 10.0; Win64; x64; rv:120.0) Gecko/20100101 Firefox/120.0"
165.232.170.62 - - [05/Jul/2026:15:03:15 -0700] "GET /wp-login.php?redirect_to=https%3A%2F%2Fvanessavaladezrealty.com%2Fwp-admin%2Findex.php&reauth=1 HTTP/1.1" 200 8371 "https://vanessavaladezrealty.com/wp-login.php" "Mozilla/5.0 (Windows NT 10.0; Win64; x64; rv:120.0) Gecko/20100101 Firefox/120.0"
165.232.170.62 - - [05/Jul/2026:15:03:08 -0700] "POST /wp-login.php HTTP/1.1" 200 6467 "https://vanessavaladezrealty.com/wp-login.php" "Mozilla/5.0 (Macintosh; Intel Mac OS X 10_15_7; rv:119.0) Gecko/20100101 Firefox/119.0"
165.232.170.62 - - [05/Jul/2026:15:03:18 -0700] "POST /wp-login.php HTTP/1.1" 200 6459 "https://vanessavaladezrealty.com/wp-login.php" "Mozilla/5.0 (Macintosh; Intel Mac OS X 10_15_7) AppleWebKit/537.36 (KHTML, like Gecko) Chrome/121.0.0.0 Safari/537.36"
165.232.170.62 - - [05/Jul/2026:15:03:21 -0700] "GET /wp-admin/index.php HTTP/1.1" 302 3793 "https://vanessavaladezrealty.com/wp-login.php" "Mozilla/5.0 (Macintosh; Intel Mac OS X 13_6_1) AppleWebKit/605.1.15 (KHTML, like Gecko) Version/16.6 Safari/605.1.15"
114.119.155.58 - - [05/Jul/2026:15:03:23 -0700] "GET /properties/89-Residential-125-East-Harmon-Avenue-1815-3-Rooms-1-Bathroom-USD299-900 HTTP/1.1" 301 4196 "https://vanessavaladezrealty.com/properties?wplpage=1" "Mozilla/5.0 (Linux; Android 7.0;) AppleWebKit/537.36 (HTML, like Gecko) Mobile Safari/537.36 (compatible; PetalBot;+https://webmaster.petalsearch.com/site/petalbot)"
114.119.155.58 - - [05/Jul/2026:15:03:24 -0700] "GET /properties/89-Residential-125-East-Harmon-Avenue-1815-3-Rooms-1-Bathroom-USD299-900/ HTTP/1.1" 200 31555 "https://vanessavaladezrealty.com/properties?wplpage=1" "Mozilla/5.0 (Linux; Android 7.0;) AppleWebKit/537.36 (HTML, like Gecko) Mobile Safari/537.36 (compatible; PetalBot;+https://webmaster.petalsearch.com/site/petalbot)"
165.232.170.62 - - [05/Jul/2026:15:03:25 -0700] "GET /wp-login.php?redirect_to=https%3A%2F%2Fvanessavaladezrealty.com%2Fwp-admin%2Findex.php&reauth=1 HTTP/1.1" 200 8371 "https://vanessavaladezrealty.com/wp-login.php" "Mozilla/5.0 (Macintosh; Intel Mac OS X 13_6_1) AppleWebKit/605.1.15 (KHTML, like Gecko) Version/16.6 Safari/605.1.15"
165.232.170.62 - - [05/Jul/2026:15:03:28 -0700] "POST /wp-login.php HTTP/1.1" 200 6462 "https://vanessavaladezrealty.com/wp-login.php" "Mozilla/5.0 (Windows NT 11.0; Win64; x64) AppleWebKit/537.36 (KHTML, like Gecko) Chrome/118.0.0.0 Safari/537.36"
165.232.170.62 - - [05/Jul/2026:15:03:31 -0700] "GET /wp-admin/index.php HTTP/1.1" 302 3793 "https://vanessavaladezrealty.com/wp-login.php" "Mozilla/5.0 (Macintosh; Intel Mac OS X 10_15_7; rv:121.0) Gecko/20100101 Firefox/121.0"
165.232.170.62 - - [05/Jul/2026:15:03:35 -0700] "GET /wp-login.php?redirect_to=https%3A%2F%2Fvanessavaladezrealty.com%2Fwp-admin%2Findex.php&reauth=1 HTTP/1.1" 200 8371 "https://vanessavaladezrealty.com/wp-login.php" "Mozilla/5.0 (Macintosh; Intel Mac OS X 10_15_7; rv:121.0) Gecko/20100101 Firefox/121.0"
165.232.170.62 - - [05/Jul/2026:15:03:39 -0700] "POST /wp-login.php HTTP/1.1" 200 6464 "https://vanessavaladezrealty.com/wp-login.php" "Mozilla/5.0 (Windows NT 11.0; Win64; x64; rv:119.0) Gecko/20100101 Firefox/119.0"
165.232.170.62 - - [05/Jul/2026:15:03:42 -0700] "GET /wp-admin/index.php HTTP/1.1" 302 3793 "https://vanessavaladezrealty.com/wp-login.php" "Mozilla/5.0 (Macintosh; Intel Mac OS X 10_15_7) AppleWebKit/605.1.15 (KHTML, like Gecko) Version/16.6 Safari/605.1.15"
165.232.170.62 - - [05/Jul/2026:15:03:45 -0700] "GET /wp-login.php?redirect_to=https%3A%2F%2Fvanessavaladezrealty.com%2Fwp-admin%2Findex.php&reauth=1 HTTP/1.1" 200 8371 "https://vanessavaladezrealty.com/wp-login.php" "Mozilla/5.0 (Macintosh; Intel Mac OS X 10_15_7) AppleWebKit/605.1.15 (KHTML, like Gecko) Version/16.6 Safari/605.1.15"
165.232.170.62 - - [05/Jul/2026:15:03:48 -0700] "POST /wp-login.php HTTP/1.1" 200 6459 "https://vanessavaladezrealty.com/wp-login.php" "Mozilla/5.0 (X11; Ubuntu; Linux x86_64) AppleWebKit/537.36 (KHTML, like Gecko) Chrome/119.0.0.0 Safari/537.36"
35.235.84.95 - - [05/Jul/2026:15:03:53 -0700] "POST /wp-cron.php?doing_wp_cron=1783289033.3050670623779296875000 HTTP/1.1" 200 3587 "-" "WordPress/7.0; https://vanessavaladezrealty.com"
165.232.170.62 - - [05/Jul/2026:15:03:52 -0700] "GET /wp-admin/index.php HTTP/1.1" 302 3793 "https://vanessavaladezrealty.com/wp-login.php" "Mozilla/5.0 (Macintosh; Intel Mac OS X 13_6_1; rv:121.0) Gecko/20100101 Firefox/121.0"
165.232.170.62 - - [05/Jul/2026:15:03:55 -0700] "GET /wp-login.php?redirect_to=https%3A%2F%2Fvanessavaladezrealty.com%2Fwp-admin%2Findex.php&reauth=1 HTTP/1.1" 200 8371 "https://vanessavaladezrealty.com/wp-login.php" "Mozilla/5.0 (Macintosh; Intel Mac OS X 13_6_1; rv:121.0) Gecko/20100101 Firefox/121.0"
165.232.170.62 - - [05/Jul/2026:15:03:59 -0700] "POST /wp-login.php HTTP/1.1" 200 6460 "https://vanessavaladezrealty.com/wp-login.php" "Mozilla/5.0 (Macintosh; Intel Mac OS X 10_15_7) AppleWebKit/537.36 (KHTML, like Gecko) Chrome/118.0.0.0 Safari/537.36"
165.232.170.62 - - [05/Jul/2026:15:04:02 -0700] "GET /wp-admin/index.php HTTP/1.1" 302 3793 "https://vanessavaladezrealty.com/wp-login.php" "Mozilla/5.0 (Windows NT 11.0; Win64; x64; rv:119.0) Gecko/20100101 Firefox/119.0"
165.232.170.62 - - [05/Jul/2026:15:04:06 -0700] "GET /wp-login.php?redirect_to=https%3A%2F%2Fvanessavaladezrealty.com%2Fwp-admin%2Findex.php&reauth=1 HTTP/1.1" 200 8371 "https://vanessavaladezrealty.com/wp-login.php" "Mozilla/5.0 (Windows NT 11.0; Win64; x64; rv:119.0) Gecko/20100101 Firefox/119.0"
165.232.170.62 - - [05/Jul/2026:15:04:10 -0700] "POST /wp-login.php HTTP/1.1" 200 6463 "https://vanessavaladezrealty.com/wp-login.php" "Mozilla/5.0 (X11; Linux x86_64) AppleWebKit/537.36 (KHTML, like Gecko) Chrome/120.0.0.0 Safari/537.36"
165.232.170.62 - - [05/Jul/2026:15:04:14 -0700] "GET /wp-admin/index.php HTTP/1.1" 302 3793 "https://vanessavaladezrealty.com/wp-login.php" "Mozilla/5.0 (X11; Ubuntu; Linux x86_64) AppleWebKit/537.36 (KHTML, like Gecko) Chrome/118.0.0.0 Safari/537.36"
165.232.170.62 - - [05/Jul/2026:15:04:17 -0700] "GET /wp-login.php?redirect_to=https%3A%2F%2Fvanessavaladezrealty.com%2Fwp-admin%2Findex.php&reauth=1 HTTP/1.1" 200 8371 "https://vanessavaladezrealty.com/wp-login.php" "Mozilla/5.0 (X11; Ubuntu; Linux x86_64) AppleWebKit/537.36 (KHTML, like Gecko) Chrome/118.0.0.0 Safari/537.36"
165.232.170.62 - - [05/Jul/2026:15:04:20 -0700] "POST /wp-login.php HTTP/1.1" 200 6461 "https://vanessavaladezrealty.com/wp-login.php" "Mozilla/5.0 (Windows NT 11.0; Win64; x64) AppleWebKit/537.36 (KHTML, like Gecko) Chrome/118.0.0.0 Safari/537.36"
165.232.170.62 - - [05/Jul/2026:15:04:24 -0700] "GET /wp-admin/index.php HTTP/1.1" 302 3793 "https://vanessavaladezrealty.com/wp-login.php" "Mozilla/5.0 (Windows NT 10.0; Win64; x64; rv:120.0) Gecko/20100101 Firefox/120.0"
165.232.170.62 - - [05/Jul/2026:15:04:27 -0700] "GET /wp-login.php?redirect_to=https%3A%2F%2Fvanessavaladezrealty.com%2Fwp-admin%2Findex.php&reauth=1 HTTP/1.1" 200 8371 "https://vanessavaladezrealty.com/wp-login.php" "Mozilla/5.0 (Windows NT 10.0; Win64; x64; rv:120.0) Gecko/20100101 Firefox/120.0"
165.232.170.62 - - [05/Jul/2026:15:04:31 -0700] "POST /wp-login.php HTTP/1.1" 200 6460 "https://vanessavaladezrealty.com/wp-login.php" "Mozilla/5.0 (Macintosh; Intel Mac OS X 13_6_1) AppleWebKit/605.1.15 (KHTML, like Gecko) Version/17.0 Safari/605.1.15"
165.232.170.62 - - [05/Jul/2026:15:04:34 -0700] "GET /wp-admin/index.php HTTP/1.1" 302 3793 "https://vanessavaladezrealty.com/wp-login.php" "Mozilla/5.0 (Macintosh; Intel Mac OS X 10_15_7; rv:121.0) Gecko/20100101 Firefox/121.0"
165.232.170.62 - - [05/Jul/2026:15:04:38 -0700] "GET /wp-login.php?redirect_to=https%3A%2F%2Fvanessavaladezrealty.com%2Fwp-admin%2Findex.php&reauth=1 HTTP/1.1" 200 8371 "https://vanessavaladezrealty.com/wp-login.php" "Mozilla/5.0 (Macintosh; Intel Mac OS X 10_15_7; rv:121.0) Gecko/20100101 Firefox/121.0"
165.232.170.62 - - [05/Jul/2026:15:04:41 -0700] "POST /wp-login.php HTTP/1.1" 200 6469 "https://vanessavaladezrealty.com/wp-login.php" "Mozilla/5.0 (Macintosh; Intel Mac OS X 10_15_7) AppleWebKit/605.1.15 (KHTML, like Gecko) Version/17.2 Safari/605.1.15"
165.232.170.62 - - [05/Jul/2026:15:04:44 -0700] "GET /wp-admin/index.php HTTP/1.1" 302 3793 "https://vanessavaladezrealty.com/wp-login.php" "Mozilla/5.0 (X11; Ubuntu; Linux x86_64) AppleWebKit/537.36 (KHTML, like Gecko) Chrome/121.0.0.0 Safari/537.36"
165.232.170.62 - - [05/Jul/2026:15:04:47 -0700] "GET /wp-login.php?redirect_to=https%3A%2F%2Fvanessavaladezrealty.com%2Fwp-admin%2Findex.php&reauth=1 HTTP/1.1" 200 8371 "https://vanessavaladezrealty.com/wp-login.php" "Mozilla/5.0 (X11; Ubuntu; Linux x86_64) AppleWebKit/537.36 (KHTML, like Gecko) Chrome/121.0.0.0 Safari/537.36"
35.235.84.95 - - [05/Jul/2026:15:04:51 -0700] "POST /wp-cron.php?doing_wp_cron=1783289091.8828399181365966796875 HTTP/1.1" 200 3587 "-" "WordPress/7.0; https://vanessavaladezrealty.com"
165.232.170.62 - - [05/Jul/2026:15:04:50 -0700] "POST /wp-login.php HTTP/1.1" 200 6462 "https://vanessavaladezrealty.com/wp-login.php" "Mozilla/5.0 (Macintosh; Intel Mac OS X 10_15_7) AppleWebKit/537.36 (KHTML, like Gecko) Chrome/120.0.0.0 Safari/537.36"
165.232.170.62 - - [05/Jul/2026:15:04:54 -0700] "GET /wp-admin/index.php HTTP/1.1" 302 3793 "https://vanessavaladezrealty.com/wp-login.php" "Mozilla/5.0 (Windows NT 10.0; Win64; x64; rv:119.0) Gecko/20100101 Firefox/119.0"
165.232.170.62 - - [05/Jul/2026:15:04:57 -0700] "GET /wp-login.php?redirect_to=https%3A%2F%2Fvanessavaladezrealty.com%2Fwp-admin%2Findex.php&reauth=1 HTTP/1.1" 200 8371 "https://vanessavaladezrealty.com/wp-login.php" "Mozilla/5.0 (Windows NT 10.0; Win64; x64; rv:119.0) Gecko/20100101 Firefox/119.0"
165.232.170.62 - - [05/Jul/2026:15:05:08 -0700] "GET /wp-admin/index.php HTTP/1.1" 302 3793 "https://vanessavaladezrealty.com/wp-login.php" "Mozilla/5.0 (Macintosh; Intel Mac OS X 13_6_1) AppleWebKit/605.1.15 (KHTML, like Gecko) Version/17.2 Safari/605.1.15"
165.232.170.62 - - [05/Jul/2026:15:05:12 -0700] "GET /wp-login.php?redirect_to=https%3A%2F%2Fvanessavaladezrealty.com%2Fwp-admin%2Findex.php&reauth=1 HTTP/1.1" 200 8371 "https://vanessavaladezrealty.com/wp-login.php" "Mozilla/5.0 (Macintosh; Intel Mac OS X 13_6_1) AppleWebKit/605.1.15 (KHTML, like Gecko) Version/17.2 Safari/605.1.15"
98.142.103.98 - - [05/Jul/2026:15:05:13 -0700] "GET /wp-login.php HTTP/1.1" 200 6366 "-" "Mozilla/5.0 (X11; Ubuntu; Linux x86_64; rv:133.0) Gecko/20100101 Firefox/133.0"
165.232.170.62 - - [05/Jul/2026:15:05:19 -0700] "GET /wp-admin/index.php HTTP/1.1" 302 3793 "https://vanessavaladezrealty.com/wp-login.php" "Mozilla/5.0 (Macintosh; Intel Mac OS X 10_15_7; rv:118.0) Gecko/20100101 Firefox/118.0"
165.232.170.62 - - [05/Jul/2026:15:05:23 -0700] "GET /wp-login.php?redirect_to=https%3A%2F%2Fvanessavaladezrealty.com%2Fwp-admin%2Findex.php&reauth=1 HTTP/1.1" 200 8371 "https://vanessavaladezrealty.com/wp-login.php" "Mozilla/5.0 (Macintosh; Intel Mac OS X 10_15_7; rv:118.0) Gecko/20100101 Firefox/118.0"
165.232.170.62 - - [05/Jul/2026:15:05:01 -0700] "POST /wp-login.php HTTP/1.1" 200 6462 "https://vanessavaladezrealty.com/wp-login.php" "Mozilla/5.0 (Macintosh; Intel Mac OS X 13_6_1) AppleWebKit/605.1.15 (KHTML, like Gecko) Version/16.6 Safari/605.1.15"
98.142.103.98 - - [05/Jul/2026:15:05:14 -0700] "POST /wp-login.php HTTP/1.1" 200 6467 "https://vanessavaladezrealty.com/wp-login.php" "Mozilla/5.0 (X11; Ubuntu; Linux x86_64; rv:133.0) Gecko/20100101 Firefox/133.0"
165.232.170.62 - - [05/Jul/2026:15:05:16 -0700] "POST /wp-login.php HTTP/1.1" 200 6466 "https://vanessavaladezrealty.com/wp-login.php" "Mozilla/5.0 (Macintosh; Intel Mac OS X 10_15_7) AppleWebKit/537.36 (KHTML, like Gecko) Chrome/120.0.0.0 Safari/537.36"
165.232.170.62 - - [05/Jul/2026:15:05:27 -0700] "POST /wp-login.php HTTP/1.1" 200 6467 "https://vanessavaladezrealty.com/wp-login.php" "Mozilla/5.0 (Macintosh; Intel Mac OS X 13_6_1) AppleWebKit/605.1.15 (KHTML, like Gecko) Version/17.2 Safari/605.1.15"
165.232.170.62 - - [05/Jul/2026:15:05:31 -0700] "GET /wp-admin/index.php HTTP/1.1" 302 3793 "https://vanessavaladezrealty.com/wp-login.php" "Mozilla/5.0 (Windows NT 10.0; Win64; x64; rv:121.0) Gecko/20100101 Firefox/121.0"
165.232.170.62 - - [05/Jul/2026:15:05:34 -0700] "GET /wp-login.php?redirect_to=https%3A%2F%2Fvanessavaladezrealty.com%2Fwp-admin%2Findex.php&reauth=1 HTTP/1.1" 200 8371 "https://vanessavaladezrealty.com/wp-login.php" "Mozilla/5.0 (Windows NT 10.0; Win64; x64; rv:121.0) Gecko/20100101 Firefox/121.0"
165.232.170.62 - - [05/Jul/2026:15:05:38 -0700] "POST /wp-login.php HTTP/1.1" 200 6463 "https://vanessavaladezrealty.com/wp-login.php" "Mozilla/5.0 (Macintosh; Intel Mac OS X 10_15_7) AppleWebKit/605.1.15 (KHTML, like Gecko) Version/17.0 Safari/605.1.15"
165.232.170.62 - - [05/Jul/2026:15:05:42 -0700] "GET /wp-admin/index.php HTTP/1.1" 302 3793 "https://vanessavaladezrealty.com/wp-login.php" "Mozilla/5.0 (Macintosh; Intel Mac OS X 10_15_7) AppleWebKit/537.36 (KHTML, like Gecko) Chrome/119.0.0.0 Safari/537.36"
165.232.170.62 - - [05/Jul/2026:15:05:45 -0700] "GET /wp-login.php?redirect_to=https%3A%2F%2Fvanessavaladezrealty.com%2Fwp-admin%2Findex.php&reauth=1 HTTP/1.1" 200 8371 "https://vanessavaladezrealty.com/wp-login.php" "Mozilla/5.0 (Macintosh; Intel Mac OS X 10_15_7) AppleWebKit/537.36 (KHTML, like Gecko) Chrome/119.0.0.0 Safari/537.36"
35.235.84.95 - - [05/Jul/2026:15:05:50 -0700] "POST /wp-cron.php?doing_wp_cron=1783289150.0017020702362060546875 HTTP/1.1" 200 3587 "-" "WordPress/7.0; https://vanessavaladezrealty.com"
165.232.170.62 - - [05/Jul/2026:15:05:48 -0700] "POST /wp-login.php HTTP/1.1" 200 6459 "https://vanessavaladezrealty.com/wp-login.php" "Mozilla/5.0 (Macintosh; Intel Mac OS X 10_15_7; rv:119.0) Gecko/20100101 Firefox/119.0"
165.232.170.62 - - [05/Jul/2026:15:05:52 -0700] "GET /wp-admin/index.php HTTP/1.1" 302 3793 "https://vanessavaladezrealty.com/wp-login.php" "Mozilla/5.0 (Macintosh; Intel Mac OS X 13_6_1; rv:121.0) Gecko/20100101 Firefox/121.0"
165.232.170.62 - - [05/Jul/2026:15:05:55 -0700] "GET /wp-login.php?redirect_to=https%3A%2F%2Fvanessavaladezrealty.com%2Fwp-admin%2Findex.php&reauth=1 HTTP/1.1" 200 8371 "https://vanessavaladezrealty.com/wp-login.php" "Mozilla/5.0 (Macintosh; Intel Mac OS X 13_6_1; rv:121.0) Gecko/20100101 Firefox/121.0"
165.232.170.62 - - [05/Jul/2026:15:05:59 -0700] "POST /wp-login.php HTTP/1.1" 200 6460 "https://vanessavaladezrealty.com/wp-login.php" "Mozilla/5.0 (Macintosh; Intel Mac OS X 10_15_7) AppleWebKit/537.36 (KHTML, like Gecko) Chrome/119.0.0.0 Safari/537.36"
165.232.170.62 - - [05/Jul/2026:15:06:03 -0700] "GET /wp-admin/index.php HTTP/1.1" 302 3793 "https://vanessavaladezrealty.com/wp-login.php" "Mozilla/5.0 (Macintosh; Intel Mac OS X 13_6_1; rv:120.0) Gecko/20100101 Firefox/120.0"
165.232.170.62 - - [05/Jul/2026:15:06:06 -0700] "GET /wp-login.php?redirect_to=https%3A%2F%2Fvanessavaladezrealty.com%2Fwp-admin%2Findex.php&reauth=1 HTTP/1.1" 200 8371 "https://vanessavaladezrealty.com/wp-login.php" "Mozilla/5.0 (Macintosh; Intel Mac OS X 13_6_1; rv:120.0) Gecko/20100101 Firefox/120.0"
165.232.170.62 - - [05/Jul/2026:15:06:10 -0700] "POST /wp-login.php HTTP/1.1" 200 6464 "https://vanessavaladezrealty.com/wp-login.php" "Mozilla/5.0 (Macintosh; Intel Mac OS X 10_15_7) AppleWebKit/537.36 (KHTML, like Gecko) Chrome/118.0.0.0 Safari/537.36"
165.232.170.62 - - [05/Jul/2026:15:06:14 -0700] "GET /wp-admin/index.php HTTP/1.1" 302 3793 "https://vanessavaladezrealty.com/wp-login.php" "Mozilla/5.0 (X11; Ubuntu; Linux x86_64) AppleWebKit/537.36 (KHTML, like Gecko) Chrome/121.0.0.0 Safari/537.36"
165.232.170.62 - - [05/Jul/2026:15:06:17 -0700] "GET /wp-login.php?redirect_to=https%3A%2F%2Fvanessavaladezrealty.com%2Fwp-admin%2Findex.php&reauth=1 HTTP/1.1" 200 8371 "https://vanessavaladezrealty.com/wp-login.php" "Mozilla/5.0 (X11; Ubuntu; Linux x86_64) AppleWebKit/537.36 (KHTML, like Gecko) Chrome/121.0.0.0 Safari/537.36"
165.232.170.62 - - [05/Jul/2026:15:06:21 -0700] "POST /wp-login.php HTTP/1.1" 200 6460 "https://vanessavaladezrealty.com/wp-login.php" "Mozilla/5.0 (Macintosh; Intel Mac OS X 10_15_7) AppleWebKit/537.36 (KHTML, like Gecko) Chrome/118.0.0.0 Safari/537.36"
35.235.84.95 - - [05/Jul/2026:15:06:25 -0700] "POST /wp-cron.php?doing_wp_cron=1783289185.6612029075622558593750 HTTP/1.1" 200 3587 "-" "WordPress/7.0; https://vanessavaladezrealty.com"
165.232.170.62 - - [05/Jul/2026:15:06:24 -0700] "GET /wp-admin/index.php HTTP/1.1" 302 3793 "https://vanessavaladezrealty.com/wp-login.php" "Mozilla/5.0 (Macintosh; Intel Mac OS X 10_15_7) AppleWebKit/605.1.15 (KHTML, like Gecko) Version/17.0 Safari/605.1.15"
165.232.170.62 - - [05/Jul/2026:15:06:28 -0700] "GET /wp-login.php?redirect_to=https%3A%2F%2Fvanessavaladezrealty.com%2Fwp-admin%2Findex.php&reauth=1 HTTP/1.1" 200 8371 "https://vanessavaladezrealty.com/wp-login.php" "Mozilla/5.0 (Macintosh; Intel Mac OS X 10_15_7) AppleWebKit/605.1.15 (KHTML, like Gecko) Version/17.0 Safari/605.1.15"
165.232.170.62 - - [05/Jul/2026:15:06:31 -0700] "POST /wp-login.php HTTP/1.1" 200 6460 "https://vanessavaladezrealty.com/wp-login.php" "Mozilla/5.0 (Macintosh; Intel Mac OS X 13_6_1) AppleWebKit/605.1.15 (KHTML, like Gecko) Version/16.6 Safari/605.1.15"
165.232.170.62 - - [05/Jul/2026:15:06:35 -0700] "GET /wp-admin/index.php HTTP/1.1" 302 3793 "https://vanessavaladezrealty.com/wp-login.php" "Mozilla/5.0 (Macintosh; Intel Mac OS X 13_6_1; rv:120.0) Gecko/20100101 Firefox/120.0"
165.232.170.62 - - [05/Jul/2026:15:06:38 -0700] "GET /wp-login.php?redirect_to=https%3A%2F%2Fvanessavaladezrealty.com%2Fwp-admin%2Findex.php&reauth=1 HTTP/1.1" 200 8371 "https://vanessavaladezrealty.com/wp-login.php" "Mozilla/5.0 (Macintosh; Intel Mac OS X 13_6_1; rv:120.0) Gecko/20100101 Firefox/120.0"
165.232.170.62 - - [05/Jul/2026:15:06:42 -0700] "POST /wp-login.php HTTP/1.1" 200 6459 "https://vanessavaladezrealty.com/wp-login.php" "Mozilla/5.0 (Macintosh; Intel Mac OS X 10_15_7) AppleWebKit/537.36 (KHTML, like Gecko) Chrome/121.0.0.0 Safari/537.36"
165.232.170.62 - - [05/Jul/2026:15:06:45 -0700] "GET /wp-admin/index.php HTTP/1.1" 302 3793 "https://vanessavaladezrealty.com/wp-login.php" "Mozilla/5.0 (X11; Ubuntu; Linux x86_64) AppleWebKit/537.36 (KHTML, like Gecko) Chrome/119.0.0.0 Safari/537.36"
165.232.170.62 - - [05/Jul/2026:15:06:48 -0700] "GET /wp-login.php?redirect_to=https%3A%2F%2Fvanessavaladezrealty.com%2Fwp-admin%2Findex.php&reauth=1 HTTP/1.1" 200 8371 "https://vanessavaladezrealty.com/wp-login.php" "Mozilla/5.0 (X11; Ubuntu; Linux x86_64) AppleWebKit/537.36 (KHTML, like Gecko) Chrome/119.0.0.0 Safari/537.36"
165.232.170.62 - - [05/Jul/2026:15:06:51 -0700] "POST /wp-login.php HTTP/1.1" 200 6468 "https://vanessavaladezrealty.com/wp-login.php" "Mozilla/5.0 (Macintosh; Intel Mac OS X 13_6_1) AppleWebKit/605.1.15 (KHTML, like Gecko) Version/17.1 Safari/605.1.15"
165.232.170.62 - - [05/Jul/2026:15:06:58 -0700] "GET /wp-login.php?redirect_to=https%3A%2F%2Fvanessavaladezrealty.com%2Fwp-admin%2Findex.php&reauth=1 HTTP/1.1" 200 8371 "https://vanessavaladezrealty.com/wp-login.php" "Mozilla/5.0 (Macintosh; Intel Mac OS X 10_15_7) AppleWebKit/605.1.15 (KHTML, like Gecko) Version/17.0 Safari/605.1.15"
165.232.170.62 - - [05/Jul/2026:15:07:02 -0700] "POST /wp-login.php HTTP/1.1" 200 6466 "https://vanessavaladezrealty.com/wp-login.php" "Mozilla/5.0 (Macintosh; Intel Mac OS X 10_15_7) AppleWebKit/537.36 (KHTML, like Gecko) Chrome/119.0.0.0 Safari/537.36"
165.232.170.62 - - [05/Jul/2026:15:06:55 -0700] "GET /wp-admin/index.php HTTP/1.1" 302 3793 "https://vanessavaladezrealty.com/wp-login.php" "Mozilla/5.0 (Macintosh; Intel Mac OS X 10_15_7) AppleWebKit/605.1.15 (KHTML, like Gecko) Version/17.0 Safari/605.1.15"
165.232.170.62 - - [05/Jul/2026:15:07:05 -0700] "GET /wp-admin/index.php HTTP/1.1" 302 3793 "https://vanessavaladezrealty.com/wp-login.php" "Mozilla/5.0 (Macintosh; Intel Mac OS X 10_15_7) AppleWebKit/537.36 (KHTML, like Gecko) Chrome/118.0.0.0 Safari/537.36"
165.232.170.62 - - [05/Jul/2026:15:07:09 -0700] "GET /wp-login.php?redirect_to=https%3A%2F%2Fvanessavaladezrealty.com%2Fwp-admin%2Findex.php&reauth=1 HTTP/1.1" 200 8371 "https://vanessavaladezrealty.com/wp-login.php" "Mozilla/5.0 (Macintosh; Intel Mac OS X 10_15_7) AppleWebKit/537.36 (KHTML, like Gecko) Chrome/118.0.0.0 Safari/537.36"
165.232.170.62 - - [05/Jul/2026:15:07:13 -0700] "POST /wp-login.php HTTP/1.1" 200 6402 "https://vanessavaladezrealty.com/wp-login.php" "Mozilla/5.0 (Macintosh; Intel Mac OS X 10_15_7) AppleWebKit/537.36 (KHTML, like Gecko) Chrome/120.0.0.0 Safari/537.36"
165.232.170.62 - - [05/Jul/2026:15:07:17 -0700] "GET /wp-admin/index.php HTTP/1.1" 302 3793 "https://vanessavaladezrealty.com/wp-login.php" "Mozilla/5.0 (Windows NT 10.0; Win64; x64) AppleWebKit/537.36 (KHTML, like Gecko) Chrome/119.0.0.0 Safari/537.36"
165.232.170.62 - - [05/Jul/2026:15:07:21 -0700] "GET /wp-login.php?redirect_to=https%3A%2F%2Fvanessavaladezrealty.com%2Fwp-admin%2Findex.php&reauth=1 HTTP/1.1" 200 8371 "https://vanessavaladezrealty.com/wp-login.php" "Mozilla/5.0 (Windows NT 10.0; Win64; x64) AppleWebKit/537.36 (KHTML, like Gecko) Chrome/119.0.0.0 Safari/537.36"
35.235.84.95 - - [05/Jul/2026:15:07:27 -0700] "POST /wp-cron.php?doing_wp_cron=1783289246.9818511009216308593750 HTTP/1.1" 200 3587 "-" "WordPress/7.0; https://vanessavaladezrealty.com"
165.232.170.62 - - [05/Jul/2026:15:07:25 -0700] "POST /wp-login.php HTTP/1.1" 200 6459 "https://vanessavaladezrealty.com/wp-login.php" "Mozilla/5.0 (Macintosh; Intel Mac OS X 13_6_1) AppleWebKit/537.36 (KHTML, like Gecko) Chrome/120.0.0.0 Safari/537.36"
165.232.170.62 - - [05/Jul/2026:15:07:29 -0700] "GET /wp-admin/index.php HTTP/1.1" 302 3793 "https://vanessavaladezrealty.com/wp-login.php" "Mozilla/5.0 (Macintosh; Intel Mac OS X 10_15_7) AppleWebKit/605.1.15 (KHTML, like Gecko) Version/17.1 Safari/605.1.15"
165.232.170.62 - - [05/Jul/2026:15:07:33 -0700] "GET /wp-login.php?redirect_to=https%3A%2F%2Fvanessavaladezrealty.com%2Fwp-admin%2Findex.php&reauth=1 HTTP/1.1" 200 8371 "https://vanessavaladezrealty.com/wp-login.php" "Mozilla/5.0 (Macintosh; Intel Mac OS X 10_15_7) AppleWebKit/605.1.15 (KHTML, like Gecko) Version/17.1 Safari/605.1.15"
165.232.170.62 - - [05/Jul/2026:15:07:36 -0700] "POST /wp-login.php HTTP/1.1" 200 6461 "https://vanessavaladezrealty.com/wp-login.php" "Mozilla/5.0 (Macintosh; Intel Mac OS X 13_6_1; rv:120.0) Gecko/20100101 Firefox/120.0"
165.232.170.62 - - [05/Jul/2026:15:07:40 -0700] "GET /wp-admin/index.php HTTP/1.1" 302 3793 "https://vanessavaladezrealty.com/wp-login.php" "Mozilla/5.0 (Macintosh; Intel Mac OS X 10_15_7) AppleWebKit/605.1.15 (KHTML, like Gecko) Version/16.6 Safari/605.1.15"
165.232.170.62 - - [05/Jul/2026:15:07:43 -0700] "GET /wp-login.php?redirect_to=https%3A%2F%2Fvanessavaladezrealty.com%2Fwp-admin%2Findex.php&reauth=1 HTTP/1.1" 200 8371 "https://vanessavaladezrealty.com/wp-login.php" "Mozilla/5.0 (Macintosh; Intel Mac OS X 10_15_7) AppleWebKit/605.1.15 (KHTML, like Gecko) Version/16.6 Safari/605.1.15"
165.232.170.62 - - [05/Jul/2026:15:07:46 -0700] "POST /wp-login.php HTTP/1.1" 200 6463 "https://vanessavaladezrealty.com/wp-login.php" "Mozilla/5.0 (Macintosh; Intel Mac OS X 10_15_7) AppleWebKit/605.1.15 (KHTML, like Gecko) Version/17.0 Safari/605.1.15"
35.235.84.95 - - [05/Jul/2026:15:07:51 -0700] "POST /wp-cron.php?doing_wp_cron=1783289271.3866438865661621093750 HTTP/1.1" 200 3587 "-" "WordPress/7.0; https://vanessavaladezrealty.com"
165.232.170.62 - - [05/Jul/2026:15:07:50 -0700] "GET /wp-admin/index.php HTTP/1.1" 302 3793 "https://vanessavaladezrealty.com/wp-login.php" "Mozilla/5.0 (Macintosh; Intel Mac OS X 13_6_1) AppleWebKit/605.1.15 (KHTML, like Gecko) Version/17.0 Safari/605.1.15"
165.232.170.62 - - [05/Jul/2026:15:07:53 -0700] "GET /wp-login.php?redirect_to=https%3A%2F%2Fvanessavaladezrealty.com%2Fwp-admin%2Findex.php&reauth=1 HTTP/1.1" 200 8371 "https://vanessavaladezrealty.com/wp-login.php" "Mozilla/5.0 (Macintosh; Intel Mac OS X 13_6_1) AppleWebKit/605.1.15 (KHTML, like Gecko) Version/17.0 Safari/605.1.15"
165.232.170.62 - - [05/Jul/2026:15:07:56 -0700] "POST /wp-login.php HTTP/1.1" 200 6463 "https://vanessavaladezrealty.com/wp-login.php" "Mozilla/5.0 (Macintosh; Intel Mac OS X 13_6_1) AppleWebKit/605.1.15 (KHTML, like Gecko) Version/16.6 Safari/605.1.15"
165.232.170.62 - - [05/Jul/2026:15:07:59 -0700] "GET /wp-admin/index.php HTTP/1.1" 302 3793 "https://vanessavaladezrealty.com/wp-login.php" "Mozilla/5.0 (Windows NT 10.0; Win64; x64; rv:119.0) Gecko/20100101 Firefox/119.0"
165.232.170.62 - - [05/Jul/2026:15:08:03 -0700] "GET /wp-login.php?redirect_to=https%3A%2F%2Fvanessavaladezrealty.com%2Fwp-admin%2Findex.php&reauth=1 HTTP/1.1" 200 8371 "https://vanessavaladezrealty.com/wp-login.php" "Mozilla/5.0 (Windows NT 10.0; Win64; x64; rv:119.0) Gecko/20100101 Firefox/119.0"
165.232.170.62 - - [05/Jul/2026:15:08:10 -0700] "GET /wp-admin/index.php HTTP/1.1" 302 3793 "https://vanessavaladezrealty.com/wp-login.php" "Mozilla/5.0 (X11; Ubuntu; Linux x86_64) AppleWebKit/537.36 (KHTML, like Gecko) Chrome/118.0.0.0 Safari/537.36"
165.232.170.62 - - [05/Jul/2026:15:08:06 -0700] "POST /wp-login.php HTTP/1.1" 200 6402 "https://vanessavaladezrealty.com/wp-login.php" "Mozilla/5.0 (X11; Ubuntu; Linux x86_64) AppleWebKit/537.36 (KHTML, like Gecko) Chrome/120.0.0.0 Safari/537.36"
165.232.170.62 - - [05/Jul/2026:15:08:13 -0700] "GET /wp-login.php?redirect_to=https%3A%2F%2Fvanessavaladezrealty.com%2Fwp-admin%2Findex.php&reauth=1 HTTP/1.1" 200 8371 "https://vanessavaladezrealty.com/wp-login.php" "Mozilla/5.0 (X11; Ubuntu; Linux x86_64) AppleWebKit/537.36 (KHTML, like Gecko) Chrome/118.0.0.0 Safari/537.36"
165.232.170.62 - - [05/Jul/2026:15:08:17 -0700] "POST /wp-login.php HTTP/1.1" 200 6464 "https://vanessavaladezrealty.com/wp-login.php" "Mozilla/5.0 (Windows NT 11.0; Win64; x64) AppleWebKit/537.36 (KHTML, like Gecko) Chrome/121.0.0.0 Safari/537.36"
165.232.170.62 - - [05/Jul/2026:15:08:20 -0700] "GET /wp-admin/index.php HTTP/1.1" 302 3793 "https://vanessavaladezrealty.com/wp-login.php" "Mozilla/5.0 (Windows NT 10.0; Win64; x64; rv:121.0) Gecko/20100101 Firefox/121.0"
165.232.170.62 - - [05/Jul/2026:15:08:23 -0700] "GET /wp-login.php?redirect_to=https%3A%2F%2Fvanessavaladezrealty.com%2Fwp-admin%2Findex.php&reauth=1 HTTP/1.1" 200 8371 "https://vanessavaladezrealty.com/wp-login.php" "Mozilla/5.0 (Windows NT 10.0; Win64; x64; rv:121.0) Gecko/20100101 Firefox/121.0"
165.232.170.62 - - [05/Jul/2026:15:08:27 -0700] "POST /wp-login.php HTTP/1.1" 200 6461 "https://vanessavaladezrealty.com/wp-login.php" "Mozilla/5.0 (Macintosh; Intel Mac OS X 13_6_1) AppleWebKit/537.36 (KHTML, like Gecko) Chrome/121.0.0.0 Safari/537.36"
165.232.170.62 - - [05/Jul/2026:15:08:30 -0700] "GET /wp-admin/index.php HTTP/1.1" 302 3793 "https://vanessavaladezrealty.com/wp-login.php" "Mozilla/5.0 (Windows NT 10.0; Win64; x64) AppleWebKit/537.36 (KHTML, like Gecko) Chrome/119.0.0.0 Safari/537.36"
165.232.170.62 - - [05/Jul/2026:15:08:33 -0700] "GET /wp-login.php?redirect_to=https%3A%2F%2Fvanessavaladezrealty.com%2Fwp-admin%2Findex.php&reauth=1 HTTP/1.1" 200 8371 "https://vanessavaladezrealty.com/wp-login.php" "Mozilla/5.0 (Windows NT 10.0; Win64; x64) AppleWebKit/537.36 (KHTML, like Gecko) Chrome/119.0.0.0 Safari/537.36"
165.232.170.62 - - [05/Jul/2026:15:08:37 -0700] "POST /wp-login.php HTTP/1.1" 200 6460 "https://vanessavaladezrealty.com/wp-login.php" "Mozilla/5.0 (Macintosh; Intel Mac OS X 10_15_7; rv:118.0) Gecko/20100101 Firefox/118.0"
165.232.170.62 - - [05/Jul/2026:15:08:40 -0700] "GET /wp-admin/index.php HTTP/1.1" 302 3793 "https://vanessavaladezrealty.com/wp-login.php" "Mozilla/5.0 (X11; Linux x86_64) AppleWebKit/537.36 (KHTML, like Gecko) Chrome/120.0.0.0 Safari/537.36"
165.232.170.62 - - [05/Jul/2026:15:08:43 -0700] "GET /wp-login.php?redirect_to=https%3A%2F%2Fvanessavaladezrealty.com%2Fwp-admin%2Findex.php&reauth=1 HTTP/1.1" 200 8371 "https://vanessavaladezrealty.com/wp-login.php" "Mozilla/5.0 (X11; Linux x86_64) AppleWebKit/537.36 (KHTML, like Gecko) Chrome/120.0.0.0 Safari/537.36"
165.232.170.62 - - [05/Jul/2026:15:08:47 -0700] "POST /wp-login.php HTTP/1.1" 200 6465 "https://vanessavaladezrealty.com/wp-login.php" "Mozilla/5.0 (Windows NT 11.0; Win64; x64; rv:118.0) Gecko/20100101 Firefox/118.0"
35.235.84.95 - - [05/Jul/2026:15:08:51 -0700] "POST /wp-cron.php?doing_wp_cron=1783289331.0716090202331542968750 HTTP/1.1" 200 3587 "-" "WordPress/7.0; https://vanessavaladezrealty.com"
165.232.170.62 - - [05/Jul/2026:15:08:50 -0700] "GET /wp-admin/index.php HTTP/1.1" 302 3793 "https://vanessavaladezrealty.com/wp-login.php" "Mozilla/5.0 (Macintosh; Intel Mac OS X 13_6_1) AppleWebKit/537.36 (KHTML, like Gecko) Chrome/121.0.0.0 Safari/537.36"
165.232.170.62 - - [05/Jul/2026:15:08:53 -0700] "GET /wp-login.php?redirect_to=https%3A%2F%2Fvanessavaladezrealty.com%2Fwp-admin%2Findex.php&reauth=1 HTTP/1.1" 200 8371 "https://vanessavaladezrealty.com/wp-login.php" "Mozilla/5.0 (Macintosh; Intel Mac OS X 13_6_1) AppleWebKit/537.36 (KHTML, like Gecko) Chrome/121.0.0.0 Safari/537.36"
165.232.170.62 - - [05/Jul/2026:15:08:56 -0700] "POST /wp-login.php HTTP/1.1" 200 6460 "https://vanessavaladezrealty.com/wp-login.php" "Mozilla/5.0 (Windows NT 10.0; Win64; x64) AppleWebKit/537.36 (KHTML, like Gecko) Chrome/120.0.0.0 Safari/537.36"
165.232.170.62 - - [05/Jul/2026:15:08:59 -0700] "GET /wp-admin/index.php HTTP/1.1" 302 3793 "https://vanessavaladezrealty.com/wp-login.php" "Mozilla/5.0 (Macintosh; Intel Mac OS X 10_15_7) AppleWebKit/537.36 (KHTML, like Gecko) Chrome/119.0.0.0 Safari/537.36"
165.232.170.62 - - [05/Jul/2026:15:09:04 -0700] "GET /wp-login.php?redirect_to=https%3A%2F%2Fvanessavaladezrealty.com%2Fwp-admin%2Findex.php&reauth=1 HTTP/1.1" 200 8371 "https://vanessavaladezrealty.com/wp-login.php" "Mozilla/5.0 (Macintosh; Intel Mac OS X 10_15_7) AppleWebKit/537.36 (KHTML, like Gecko) Chrome/119.0.0.0 Safari/537.36"
165.232.170.62 - - [05/Jul/2026:15:09:08 -0700] "POST /wp-login.php HTTP/1.1" 200 6461 "https://vanessavaladezrealty.com/wp-login.php" "Mozilla/5.0 (Macintosh; Intel Mac OS X 10_15_7) AppleWebKit/537.36 (KHTML, like Gecko) Chrome/121.0.0.0 Safari/537.36"
165.232.170.62 - - [05/Jul/2026:15:09:11 -0700] "GET /wp-admin/index.php HTTP/1.1" 302 3793 "https://vanessavaladezrealty.com/wp-login.php" "Mozilla/5.0 (Macintosh; Intel Mac OS X 10_15_7) AppleWebKit/605.1.15 (KHTML, like Gecko) Version/17.0 Safari/605.1.15"
165.232.170.62 - - [05/Jul/2026:15:09:15 -0700] "GET /wp-login.php?redirect_to=https%3A%2F%2Fvanessavaladezrealty.com%2Fwp-admin%2Findex.php&reauth=1 HTTP/1.1" 200 8371 "https://vanessavaladezrealty.com/wp-login.php" "Mozilla/5.0 (Macintosh; Intel Mac OS X 10_15_7) AppleWebKit/605.1.15 (KHTML, like Gecko) Version/17.0 Safari/605.1.15"
165.232.170.62 - - [05/Jul/2026:15:09:18 -0700] "POST /wp-login.php HTTP/1.1" 200 6402 "https://vanessavaladezrealty.com/wp-login.php" "Mozilla/5.0 (X11; Linux x86_64) AppleWebKit/537.36 (KHTML, like Gecko) Chrome/120.0.0.0 Safari/537.36"
165.232.170.62 - - [05/Jul/2026:15:09:21 -0700] "GET /wp-admin/index.php HTTP/1.1" 302 3793 "https://vanessavaladezrealty.com/wp-login.php" "Mozilla/5.0 (X11; Ubuntu; Linux x86_64) AppleWebKit/537.36 (KHTML, like Gecko) Chrome/120.0.0.0 Safari/537.36"
165.232.170.62 - - [05/Jul/2026:15:09:25 -0700] "GET /wp-login.php?redirect_to=https%3A%2F%2Fvanessavaladezrealty.com%2Fwp-admin%2Findex.php&reauth=1 HTTP/1.1" 200 8371 "https://vanessavaladezrealty.com/wp-login.php" "Mozilla/5.0 (X11; Ubuntu; Linux x86_64) AppleWebKit/537.36 (KHTML, like Gecko) Chrome/120.0.0.0 Safari/537.36"
165.232.170.62 - - [05/Jul/2026:15:09:28 -0700] "POST /wp-login.php HTTP/1.1" 200 6465 "https://vanessavaladezrealty.com/wp-login.php" "Mozilla/5.0 (Windows NT 10.0; Win64; x64) AppleWebKit/537.36 (KHTML, like Gecko) Chrome/121.0.0.0 Safari/537.36"
165.232.170.62 - - [05/Jul/2026:15:09:31 -0700] "GET /wp-admin/index.php HTTP/1.1" 302 3793 "https://vanessavaladezrealty.com/wp-login.php" "Mozilla/5.0 (Windows NT 11.0; Win64; x64; rv:119.0) Gecko/20100101 Firefox/119.0"
165.232.170.62 - - [05/Jul/2026:15:09:35 -0700] "GET /wp-login.php?redirect_to=https%3A%2F%2Fvanessavaladezrealty.com%2Fwp-admin%2Findex.php&reauth=1 HTTP/1.1" 200 8371 "https://vanessavaladezrealty.com/wp-login.php" "Mozilla/5.0 (Windows NT 11.0; Win64; x64; rv:119.0) Gecko/20100101 Firefox/119.0"
189.50.63.167 - - [05/Jul/2026:15:09:37 -0700] "GET /properties/?pid=98&wplview=property_show HTTP/1.1" 200 37032 "-" "Mozilla/5.0 (Macintosh; Intel Mac OS X 10_14) AppleWebKit/537.36 (KHTML, like Gecko) Chrome/95.0.4582.189 Safari/537.36"
165.232.170.62 - - [05/Jul/2026:15:09:38 -0700] "POST /wp-login.php HTTP/1.1" 200 6461 "https://vanessavaladezrealty.com/wp-login.php" "Mozilla/5.0 (Macintosh; Intel Mac OS X 13_6_1; rv:120.0) Gecko/20100101 Firefox/120.0"
165.232.170.62 - - [05/Jul/2026:15:09:41 -0700] "GET /wp-admin/index.php HTTP/1.1" 302 3793 "https://vanessavaladezrealty.com/wp-login.php" "Mozilla/5.0 (Windows NT 10.0; Win64; x64) AppleWebKit/537.36 (KHTML, like Gecko) Chrome/119.0.0.0 Safari/537.36"
165.232.170.62 - - [05/Jul/2026:15:09:44 -0700] "GET /wp-login.php?redirect_to=https%3A%2F%2Fvanessavaladezrealty.com%2Fwp-admin%2Findex.php&reauth=1 HTTP/1.1" 200 8371 "https://vanessavaladezrealty.com/wp-login.php" "Mozilla/5.0 (Windows NT 10.0; Win64; x64) AppleWebKit/537.36 (KHTML, like Gecko) Chrome/119.0.0.0 Safari/537.36"
165.232.170.62 - - [05/Jul/2026:15:09:47 -0700] "POST /wp-login.php HTTP/1.1" 200 6461 "https://vanessavaladezrealty.com/wp-login.php" "Mozilla/5.0 (Macintosh; Intel Mac OS X 13_6_1) AppleWebKit/537.36 (KHTML, like Gecko) Chrome/121.0.0.0 Safari/537.36"
35.235.84.95 - - [05/Jul/2026:15:09:51 -0700] "POST /wp-cron.php?doing_wp_cron=1783289391.0961210727691650390625 HTTP/1.1" 200 3587 "-" "WordPress/7.0; https://vanessavaladezrealty.com"
165.232.170.62 - - [05/Jul/2026:15:09:50 -0700] "GET /wp-admin/index.php HTTP/1.1" 302 3793 "https://vanessavaladezrealty.com/wp-login.php" "Mozilla/5.0 (X11; Linux x86_64) AppleWebKit/537.36 (KHTML, like Gecko) Chrome/121.0.0.0 Safari/537.36"
165.232.170.62 - - [05/Jul/2026:15:09:53 -0700] "GET /wp-login.php?redirect_to=https%3A%2F%2Fvanessavaladezrealty.com%2Fwp-admin%2Findex.php&reauth=1 HTTP/1.1" 200 8371 "https://vanessavaladezrealty.com/wp-login.php" "Mozilla/5.0 (X11; Linux x86_64) AppleWebKit/537.36 (KHTML, like Gecko) Chrome/121.0.0.0 Safari/537.36"
165.232.170.62 - - [05/Jul/2026:15:09:55 -0700] "POST /wp-login.php HTTP/1.1" 200 6463 "https://vanessavaladezrealty.com/wp-login.php" "Mozilla/5.0 (Macintosh; Intel Mac OS X 13_6_1; rv:119.0) Gecko/20100101 Firefox/119.0"
165.232.170.62 - - [05/Jul/2026:15:09:59 -0700] "GET /wp-admin/index.php HTTP/1.1" 302 3793 "https://vanessavaladezrealty.com/wp-login.php" "Mozilla/5.0 (Windows NT 10.0; Win64; x64; rv:121.0) Gecko/20100101 Firefox/121.0"
165.232.170.62 - - [05/Jul/2026:15:10:03 -0700] "GET /wp-login.php?redirect_to=https%3A%2F%2Fvanessavaladezrealty.com%2Fwp-admin%2Findex.php&reauth=1 HTTP/1.1" 200 8371 "https://vanessavaladezrealty.com/wp-login.php" "Mozilla/5.0 (Windows NT 10.0; Win64; x64; rv:121.0) Gecko/20100101 Firefox/121.0"
165.232.170.62 - - [05/Jul/2026:15:10:07 -0700] "POST /wp-login.php HTTP/1.1" 200 6464 "https://vanessavaladezrealty.com/wp-login.php" "Mozilla/5.0 (Macintosh; Intel Mac OS X 13_6_1) AppleWebKit/605.1.15 (KHTML, like Gecko) Version/17.0 Safari/605.1.15"
165.232.170.62 - - [05/Jul/2026:15:10:11 -0700] "GET /wp-admin/index.php HTTP/1.1" 302 3793 "https://vanessavaladezrealty.com/wp-login.php" "Mozilla/5.0 (Windows NT 11.0; Win64; x64; rv:121.0) Gecko/20100101 Firefox/121.0"
165.232.170.62 - - [05/Jul/2026:15:10:15 -0700] "GET /wp-login.php?redirect_to=https%3A%2F%2Fvanessavaladezrealty.com%2Fwp-admin%2Findex.php&reauth=1 HTTP/1.1" 200 8371 "https://vanessavaladezrealty.com/wp-login.php" "Mozilla/5.0 (Windows NT 11.0; Win64; x64; rv:121.0) Gecko/20100101 Firefox/121.0"
165.232.170.62 - - [05/Jul/2026:15:10:23 -0700] "GET /wp-admin/index.php HTTP/1.1" 302 3793 "https://vanessavaladezrealty.com/wp-login.php" "Mozilla/5.0 (X11; Ubuntu; Linux x86_64) AppleWebKit/537.36 (KHTML, like Gecko) Chrome/121.0.0.0 Safari/537.36"
165.232.170.62 - - [05/Jul/2026:15:10:27 -0700] "GET /wp-login.php?redirect_to=https%3A%2F%2Fvanessavaladezrealty.com%2Fwp-admin%2Findex.php&reauth=1 HTTP/1.1" 200 8371 "https://vanessavaladezrealty.com/wp-login.php" "Mozilla/5.0 (X11; Ubuntu; Linux x86_64) AppleWebKit/537.36 (KHTML, like Gecko) Chrome/121.0.0.0 Safari/537.36"
165.232.170.62 - - [05/Jul/2026:15:10:19 -0700] "POST /wp-login.php HTTP/1.1" 200 6460 "https://vanessavaladezrealty.com/wp-login.php" "Mozilla/5.0 (Windows NT 10.0; Win64; x64) AppleWebKit/537.36 (KHTML, like Gecko) Chrome/119.0.0.0 Safari/537.36"
51.68.171.141 - - [05/Jul/2026:15:10:32 -0700] "GET /ss.php?c_c HTTP/1.1" 404 98749 "-" "Mozilla/5.0 (X11; Linux x86_64) AppleWebKit/537.36 (KHTML, like Gecko) Chrome/148.0.0.0 Safari/537.36"
165.232.170.62 - - [05/Jul/2026:15:10:35 -0700] "GET /wp-admin/index.php HTTP/1.1" 302 3793 "https://vanessavaladezrealty.com/wp-login.php" "Mozilla/5.0 (Macintosh; Intel Mac OS X 10_15_7) AppleWebKit/605.1.15 (KHTML, like Gecko) Version/17.0 Safari/605.1.15"
165.232.170.62 - - [05/Jul/2026:15:10:39 -0700] "GET /wp-login.php?redirect_to=https%3A%2F%2Fvanessavaladezrealty.com%2Fwp-admin%2Findex.php&reauth=1 HTTP/1.1" 200 8371 "https://vanessavaladezrealty.com/wp-login.php" "Mozilla/5.0 (Macintosh; Intel Mac OS X 10_15_7) AppleWebKit/605.1.15 (KHTML, like Gecko) Version/17.0 Safari/605.1.15"
165.232.170.62 - - [05/Jul/2026:15:10:31 -0700] "POST /wp-login.php HTTP/1.1" 200 6462 "https://vanessavaladezrealty.com/wp-login.php" "Mozilla/5.0 (Macintosh; Intel Mac OS X 13_6_1; rv:120.0) Gecko/20100101 Firefox/120.0"
165.232.170.62 - - [05/Jul/2026:15:10:46 -0700] "GET /wp-admin/index.php HTTP/1.1" 302 3793 "https://vanessavaladezrealty.com/wp-login.php" "Mozilla/5.0 (Macintosh; Intel Mac OS X 10_15_7) AppleWebKit/537.36 (KHTML, like Gecko) Chrome/121.0.0.0 Safari/537.36"
51.68.171.141 - - [05/Jul/2026:15:10:46 -0700] "GET /assets/images/accesson.php HTTP/1.1" 404 98842 "-" "Mozilla/5.0 (Macintosh; Intel Mac OS X 10_15_7) AppleWebKit/537.36 (KHTML, like Gecko) Chrome/146.0.0.0 Safari/537.36"
35.235.84.95 - - [05/Jul/2026:15:10:51 -0700] "POST /wp-cron.php?doing_wp_cron=1783289451.2027459144592285156250 HTTP/1.1" 200 3587 "-" "WordPress/7.0; https://vanessavaladezrealty.com"
165.232.170.62 - - [05/Jul/2026:15:10:50 -0700] "GET /wp-login.php?redirect_to=https%3A%2F%2Fvanessavaladezrealty.com%2Fwp-admin%2Findex.php&reauth=1 HTTP/1.1" 200 8371 "https://vanessavaladezrealty.com/wp-login.php" "Mozilla/5.0 (Macintosh; Intel Mac OS X 10_15_7) AppleWebKit/537.36 (KHTML, like Gecko) Chrome/121.0.0.0 Safari/537.36"
165.232.170.62 - - [05/Jul/2026:15:10:42 -0700] "POST /wp-login.php HTTP/1.1" 200 6458 "https://vanessavaladezrealty.com/wp-login.php" "Mozilla/5.0 (Macintosh; Intel Mac OS X 10_15_7; rv:120.0) Gecko/20100101 Firefox/120.0"
165.232.170.62 - - [05/Jul/2026:15:10:53 -0700] "POST /wp-login.php HTTP/1.1" 200 6463 "https://vanessavaladezrealty.com/wp-login.php" "Mozilla/5.0 (Macintosh; Intel Mac OS X 10_15_7) AppleWebKit/537.36 (KHTML, like Gecko) Chrome/119.0.0.0 Safari/537.36"
165.232.170.62 - - [05/Jul/2026:15:10:57 -0700] "GET /wp-admin/index.php HTTP/1.1" 302 3793 "https://vanessavaladezrealty.com/wp-login.php" "Mozilla/5.0 (Macintosh; Intel Mac OS X 13_6_1) AppleWebKit/605.1.15 (KHTML, like Gecko) Version/17.0 Safari/605.1.15"
165.232.170.62 - - [05/Jul/2026:15:11:01 -0700] "GET /wp-login.php?redirect_to=https%3A%2F%2Fvanessavaladezrealty.com%2Fwp-admin%2Findex.php&reauth=1 HTTP/1.1" 200 8371 "https://vanessavaladezrealty.com/wp-login.php" "Mozilla/5.0 (Macintosh; Intel Mac OS X 13_6_1) AppleWebKit/605.1.15 (KHTML, like Gecko) Version/17.0 Safari/605.1.15"
165.232.170.62 - - [05/Jul/2026:15:11:08 -0700] "GET /wp-admin/index.php HTTP/1.1" 302 3793 "https://vanessavaladezrealty.com/wp-login.php" "Mozilla/5.0 (X11; Ubuntu; Linux x86_64) AppleWebKit/537.36 (KHTML, like Gecko) Chrome/119.0.0.0 Safari/537.36"
165.232.170.62 - - [05/Jul/2026:15:11:12 -0700] "GET /wp-login.php?redirect_to=https%3A%2F%2Fvanessavaladezrealty.com%2Fwp-admin%2Findex.php&reauth=1 HTTP/1.1" 200 8371 "https://vanessavaladezrealty.com/wp-login.php" "Mozilla/5.0 (X11; Ubuntu; Linux x86_64) AppleWebKit/537.36 (KHTML, like Gecko) Chrome/119.0.0.0 Safari/537.36"
165.232.170.62 - - [05/Jul/2026:15:11:04 -0700] "POST /wp-login.php HTTP/1.1" 200 6461 "https://vanessavaladezrealty.com/wp-login.php" "Mozilla/5.0 (Macintosh; Intel Mac OS X 10_15_7) AppleWebKit/605.1.15 (KHTML, like Gecko) Version/17.2 Safari/605.1.15"
165.232.170.62 - - [05/Jul/2026:15:11:16 -0700] "POST /wp-login.php HTTP/1.1" 200 6462 "https://vanessavaladezrealty.com/wp-login.php" "Mozilla/5.0 (Macintosh; Intel Mac OS X 13_6_1) AppleWebKit/605.1.15 (KHTML, like Gecko) Version/17.1 Safari/605.1.15"
165.232.170.62 - - [05/Jul/2026:15:11:20 -0700] "GET /wp-admin/index.php HTTP/1.1" 302 3793 "https://vanessavaladezrealty.com/wp-login.php" "Mozilla/5.0 (Macintosh; Intel Mac OS X 10_15_7) AppleWebKit/537.36 (KHTML, like Gecko) Chrome/120.0.0.0 Safari/537.36"
165.232.170.62 - - [05/Jul/2026:15:11:23 -0700] "GET /wp-login.php?redirect_to=https%3A%2F%2Fvanessavaladezrealty.com%2Fwp-admin%2Findex.php&reauth=1 HTTP/1.1" 200 8371 "https://vanessavaladezrealty.com/wp-login.php" "Mozilla/5.0 (Macintosh; Intel Mac OS X 10_15_7) AppleWebKit/537.36 (KHTML, like Gecko) Chrome/120.0.0.0 Safari/537.36"
35.235.84.95 - - [05/Jul/2026:15:11:28 -0700] "POST /wp-cron.php?doing_wp_cron=1783289488.5794029235839843750000 HTTP/1.1" 200 3587 "-" "WordPress/7.0; https://vanessavaladezrealty.com"
165.232.170.62 - - [05/Jul/2026:15:11:27 -0700] "POST /wp-login.php HTTP/1.1" 200 6465 "https://vanessavaladezrealty.com/wp-login.php" "Mozilla/5.0 (Macintosh; Intel Mac OS X 10_15_7) AppleWebKit/537.36 (KHTML, like Gecko) Chrome/120.0.0.0 Safari/537.36"
165.232.170.62 - - [05/Jul/2026:15:11:31 -0700] "GET /wp-admin/index.php HTTP/1.1" 302 3793 "https://vanessavaladezrealty.com/wp-login.php" "Mozilla/5.0 (Macintosh; Intel Mac OS X 13_6_1; rv:121.0) Gecko/20100101 Firefox/121.0"
165.232.170.62 - - [05/Jul/2026:15:11:34 -0700] "GET /wp-login.php?redirect_to=https%3A%2F%2Fvanessavaladezrealty.com%2Fwp-admin%2Findex.php&reauth=1 HTTP/1.1" 200 8371 "https://vanessavaladezrealty.com/wp-login.php" "Mozilla/5.0 (Macintosh; Intel Mac OS X 13_6_1; rv:121.0) Gecko/20100101 Firefox/121.0"
165.232.170.62 - - [05/Jul/2026:15:11:37 -0700] "POST /wp-login.php HTTP/1.1" 200 6466 "https://vanessavaladezrealty.com/wp-login.php" "Mozilla/5.0 (Macintosh; Intel Mac OS X 10_15_7) AppleWebKit/605.1.15 (KHTML, like Gecko) Version/17.0 Safari/605.1.15"
