112.208.179.243 - - [05/Jul/2026:08:13:29 -0700] "POST /xmlrpc.php HTTP/1.1" 200 4129 "-" "Jetpack by WordPress.com (Jetpack 12.1; WordPress 6.1)"
35.235.84.95 - - [05/Jul/2026:08:13:51 -0700] "POST /wp-cron.php?doing_wp_cron=1783264431.4504709243774414062500 HTTP/1.1" 200 3587 "-" "WordPress/7.0; https://vanessavaladezrealty.com"
57.141.18.10 - - [05/Jul/2026:08:14:08 -0700] "GET /wp-sitemap-taxonomies-category-1.xml HTTP/1.1" 200 4354 "-" "meta-externalagent/1.1 (+https://developers.facebook.com/docs/sharing/webmasters/crawler)"
112.208.179.243 - - [05/Jul/2026:08:14:11 -0700] "POST /xmlrpc.php HTTP/1.1" 200 4129 "-" "Jetpack/12.5; WordPress/6.4; http://site29932150.com"
182.75.216.230 - - [05/Jul/2026:08:13:39 -0700] "POST /xmlrpc.php HTTP/1.1" 200 4129 "-" "Jetpack/12.0; WordPress/6.2; http://site67599835.com"
112.208.179.243 - - [05/Jul/2026:08:14:22 -0700] "POST /xmlrpc.php HTTP/1.1" 200 4129 "-" "Jetpack by WordPress.com (Jetpack 12.5; WordPress 6.1)"
182.75.216.230 - - [05/Jul/2026:08:13:50 -0700] "POST /xmlrpc.php HTTP/1.1" 200 4129 "-" "Jetpack/12.1; WordPress/6.3; http://site29712302.com"
182.75.216.230 - - [05/Jul/2026:08:14:11 -0700] "POST /xmlrpc.php HTTP/1.1" 200 4129 "-" "Jetpack/13.0; WordPress/6.2; http://site10759314.com"
182.75.216.230 - - [05/Jul/2026:08:14:33 -0700] "POST /xmlrpc.php HTTP/1.1" 403 4352 "-" "Jetpack by WordPress.com"
112.208.179.243 - - [05/Jul/2026:08:13:40 -0700] "POST /xmlrpc.php HTTP/1.1" 403 4352 "-" "Jetpack by WordPress.com"
182.75.216.230 - - [05/Jul/2026:08:14:01 -0700] "POST /xmlrpc.php HTTP/1.1" 200 4129 "-" "Jetpack by WordPress.com (Jetpack 12.0; WordPress 6.2)"
112.208.179.243 - - [05/Jul/2026:08:14:01 -0700] "POST /xmlrpc.php HTTP/1.1" 403 4352 "-" "WordPress.com; https://wordpress.com"
112.208.179.243 - - [05/Jul/2026:08:14:32 -0700] "POST /xmlrpc.php HTTP/1.1" 200 4129 "-" "Jetpack by WordPress.com (Jetpack 12.1; WordPress 6.2)"
182.75.216.230 - - [05/Jul/2026:08:14:22 -0700] "POST /xmlrpc.php HTTP/1.1" 403 4352 "-" "WordPress.com; https://wordpress.com"
182.75.216.230 - - [05/Jul/2026:08:14:44 -0700] "POST /xmlrpc.php HTTP/1.1" 403 4352 "-" "Jetpack by WordPress.com"
112.208.179.243 - - [05/Jul/2026:08:14:43 -0700] "POST /xmlrpc.php HTTP/1.1" 200 4129 "-" "Jetpack by WordPress.com (Jetpack 13.0; WordPress 6.2)"
112.208.179.243 - - [05/Jul/2026:08:13:50 -0700] "POST /xmlrpc.php HTTP/1.1" 200 4129 "-" "Jetpack by WordPress.com (Jetpack 12.0; WordPress 6.2)"
112.208.179.243 - - [05/Jul/2026:08:14:53 -0700] "POST /xmlrpc.php HTTP/1.1" 403 4352 "-" "WordPress.com; https://wordpress.com"
35.235.84.95 - - [05/Jul/2026:08:14:57 -0700] "POST /wp-cron.php?doing_wp_cron=1783264497.0799510478973388671875 HTTP/1.1" 200 3587 "-" "WordPress/7.0; https://vanessavaladezrealty.com"
182.75.216.230 - - [05/Jul/2026:08:14:55 -0700] "POST /xmlrpc.php HTTP/1.1" 200 4129 "-" "Jetpack/12.1; WordPress/6.4; http://site29010107.com"
182.75.216.230 - - [05/Jul/2026:08:15:06 -0700] "POST /xmlrpc.php HTTP/1.1" 403 4352 "-" "WordPress.com; https://wordpress.com"
112.208.179.243 - - [05/Jul/2026:08:15:04 -0700] "POST /xmlrpc.php HTTP/1.1" 200 4129 "-" "Jetpack by WordPress.com (Jetpack 13.0; WordPress 6.1)"
112.208.179.243 - - [05/Jul/2026:08:15:15 -0700] "POST /xmlrpc.php HTTP/1.1" 403 4352 "-" "Jetpack by WordPress.com"
182.75.216.230 - - [05/Jul/2026:08:15:17 -0700] "POST /xmlrpc.php HTTP/1.1" 403 4352 "-" "Jetpack by WordPress.com"
112.208.179.243 - - [05/Jul/2026:08:15:25 -0700] "POST /xmlrpc.php HTTP/1.1" 403 4352 "-" "Jetpack by WordPress.com"
182.75.216.230 - - [05/Jul/2026:08:15:27 -0700] "POST /xmlrpc.php HTTP/1.1" 403 4352 "-" "WordPress.com; https://wordpress.com"
112.208.179.243 - - [05/Jul/2026:08:15:36 -0700] "POST /xmlrpc.php HTTP/1.1" 403 4352 "-" "Jetpack by WordPress.com"
182.75.216.230 - - [05/Jul/2026:08:15:38 -0700] "POST /xmlrpc.php HTTP/1.1" 403 4352 "-" "WordPress.com; https://wordpress.com"
112.208.179.243 - - [05/Jul/2026:08:15:46 -0700] "POST /xmlrpc.php HTTP/1.1" 403 4352 "-" "Jetpack by WordPress.com"
182.75.216.230 - - [05/Jul/2026:08:15:49 -0700] "POST /xmlrpc.php HTTP/1.1" 403 4352 "-" "WordPress.com; https://wordpress.com"
35.235.84.95 - - [05/Jul/2026:08:15:59 -0700] "POST /wp-cron.php?doing_wp_cron=1783264559.7324841022491455078125 HTTP/1.1" 200 3587 "-" "WordPress/7.0; https://vanessavaladezrealty.com"
182.75.216.230 - - [05/Jul/2026:08:16:00 -0700] "POST /xmlrpc.php HTTP/1.1" 200 4129 "-" "Jetpack/12.0; WordPress/6.1; http://site19844187.com"
112.208.179.243 - - [05/Jul/2026:08:15:57 -0700] "POST /xmlrpc.php HTTP/1.1" 200 4129 "-" "Jetpack by WordPress.com (Jetpack 12.1; WordPress 6.4)"
112.208.179.243 - - [05/Jul/2026:08:16:07 -0700] "POST /xmlrpc.php HTTP/1.1" 200 4129 "-" "Jetpack by WordPress.com (Jetpack 12.0; WordPress 6.1)"
182.75.216.230 - - [05/Jul/2026:08:16:11 -0700] "POST /xmlrpc.php HTTP/1.1" 403 4352 "-" "Jetpack by WordPress.com"
112.208.179.243 - - [05/Jul/2026:08:16:18 -0700] "POST /xmlrpc.php HTTP/1.1" 403 4352 "-" "WordPress.com; https://wordpress.com"
182.75.216.230 - - [05/Jul/2026:08:16:22 -0700] "POST /xmlrpc.php HTTP/1.1" 403 4352 "-" "Jetpack by WordPress.com"
35.235.84.95 - - [05/Jul/2026:08:16:35 -0700] "POST /wp-cron.php?doing_wp_cron=1783264595.4416019916534423828125 HTTP/1.1" 200 3587 "-" "WordPress/7.0; https://vanessavaladezrealty.com"
112.208.179.243 - - [05/Jul/2026:08:16:28 -0700] "POST /xmlrpc.php HTTP/1.1" 403 4352 "-" "WordPress.com; https://wordpress.com"
112.208.179.243 - - [05/Jul/2026:08:16:39 -0700] "POST /xmlrpc.php HTTP/1.1" 200 4129 "-" "Jetpack by WordPress.com (Jetpack 12.0; WordPress 6.2)"
182.75.216.230 - - [05/Jul/2026:08:16:33 -0700] "POST /xmlrpc.php HTTP/1.1" 200 4129 "-" "Jetpack/12.0; WordPress/6.1; http://site88220493.com"
182.75.216.230 - - [05/Jul/2026:08:16:55 -0700] "POST /xmlrpc.php HTTP/1.1" 403 4352 "-" "Jetpack by WordPress.com"
112.208.179.243 - - [05/Jul/2026:08:16:49 -0700] "POST /xmlrpc.php HTTP/1.1" 403 4352 "-" "WordPress.com; https://wordpress.com"
182.75.216.230 - - [05/Jul/2026:08:16:44 -0700] "POST /xmlrpc.php HTTP/1.1" 200 4129 "-" "Jetpack/12.0; WordPress/6.4; http://site68595788.com"
112.208.179.243 - - [05/Jul/2026:08:17:00 -0700] "POST /xmlrpc.php HTTP/1.1" 403 4352 "-" "Jetpack by WordPress.com"
182.75.216.230 - - [05/Jul/2026:08:17:06 -0700] "POST /xmlrpc.php HTTP/1.1" 403 4352 "-" "WordPress.com; https://wordpress.com"
112.208.179.243 - - [05/Jul/2026:08:17:11 -0700] "POST /xmlrpc.php HTTP/1.1" 403 4352 "-" "Jetpack by WordPress.com"
182.75.216.230 - - [05/Jul/2026:08:17:17 -0700] "POST /xmlrpc.php HTTP/1.1" 200 4129 "-" "Jetpack/12.1; WordPress/6.3; http://site13017838.com"
112.208.179.243 - - [05/Jul/2026:08:17:21 -0700] "POST /xmlrpc.php HTTP/1.1" 403 4352 "-" "Jetpack by WordPress.com"
182.75.216.230 - - [05/Jul/2026:08:17:28 -0700] "POST /xmlrpc.php HTTP/1.1" 200 4129 "-" "Jetpack/12.5; WordPress/6.4; http://site67258873.com"
112.208.179.243 - - [05/Jul/2026:08:17:32 -0700] "POST /xmlrpc.php HTTP/1.1" 200 4129 "-" "Jetpack by WordPress.com (Jetpack 12.0; WordPress 6.2)"
182.75.216.230 - - [05/Jul/2026:08:17:39 -0700] "POST /xmlrpc.php HTTP/1.1" 403 4352 "-" "Jetpack by WordPress.com"
112.208.179.243 - - [05/Jul/2026:08:17:42 -0700] "POST /xmlrpc.php HTTP/1.1" 403 4352 "-" "Jetpack by WordPress.com"
182.75.216.230 - - [05/Jul/2026:08:17:50 -0700] "POST /xmlrpc.php HTTP/1.1" 403 4352 "-" "WordPress.com; https://wordpress.com"
112.208.179.243 - - [05/Jul/2026:08:17:53 -0700] "POST /xmlrpc.php HTTP/1.1" 403 4352 "-" "Jetpack by WordPress.com"
182.75.216.230 - - [05/Jul/2026:08:18:01 -0700] "POST /xmlrpc.php HTTP/1.1" 403 4352 "-" "Jetpack by WordPress.com"
35.235.84.95 - - [05/Jul/2026:08:18:05 -0700] "POST /wp-cron.php?doing_wp_cron=1783264685.7745809555053710937500 HTTP/1.1" 200 3587 "-" "WordPress/7.0; https://vanessavaladezrealty.com"
112.208.179.243 - - [05/Jul/2026:08:18:03 -0700] "POST /xmlrpc.php HTTP/1.1" 200 4129 "-" "Jetpack/12.1; WordPress/6.1; http://site95339133.com"
182.75.216.230 - - [05/Jul/2026:08:18:12 -0700] "POST /xmlrpc.php HTTP/1.1" 200 4129 "-" "Jetpack/12.0; WordPress/6.4; http://site48942613.com"
112.208.179.243 - - [05/Jul/2026:08:18:14 -0700] "POST /xmlrpc.php HTTP/1.1" 403 4352 "-" "Jetpack by WordPress.com"
182.75.216.230 - - [05/Jul/2026:08:18:23 -0700] "POST /xmlrpc.php HTTP/1.1" 200 4129 "-" "Jetpack by WordPress.com (Jetpack 12.0; WordPress 6.1)"
112.208.179.243 - - [05/Jul/2026:08:18:25 -0700] "POST /xmlrpc.php HTTP/1.1" 403 4352 "-" "WordPress.com; https://wordpress.com"
182.75.216.230 - - [05/Jul/2026:08:18:34 -0700] "POST /xmlrpc.php HTTP/1.1" 403 4352 "-" "Jetpack by WordPress.com"
112.208.179.243 - - [05/Jul/2026:08:18:35 -0700] "POST /xmlrpc.php HTTP/1.1" 403 4352 "-" "Jetpack by WordPress.com"
182.75.216.230 - - [05/Jul/2026:08:18:45 -0700] "POST /xmlrpc.php HTTP/1.1" 403 4352 "-" "WordPress.com; https://wordpress.com"
112.208.179.243 - - [05/Jul/2026:08:18:46 -0700] "POST /xmlrpc.php HTTP/1.1" 200 4129 "-" "Jetpack by WordPress.com (Jetpack 12.1; WordPress 6.4)"
35.235.84.95 - - [05/Jul/2026:08:18:57 -0700] "POST /wp-cron.php?doing_wp_cron=1783264737.8024439811706542968750 HTTP/1.1" 200 3587 "-" "WordPress/7.0; https://vanessavaladezrealty.com"
182.75.216.230 - - [05/Jul/2026:08:18:56 -0700] "POST /xmlrpc.php HTTP/1.1" 200 4129 "-" "Jetpack by WordPress.com (Jetpack 12.5; WordPress 6.1)"
112.208.179.243 - - [05/Jul/2026:08:18:56 -0700] "POST /xmlrpc.php HTTP/1.1" 200 4129 "-" "Jetpack by WordPress.com (Jetpack 13.0; WordPress 6.3)"
112.208.179.243 - - [05/Jul/2026:08:19:07 -0700] "POST /xmlrpc.php HTTP/1.1" 200 4129 "-" "Jetpack/13.0; WordPress/6.2; http://site60271925.com"
182.75.216.230 - - [05/Jul/2026:08:19:07 -0700] "POST /xmlrpc.php HTTP/1.1" 403 4352 "-" "WordPress.com; https://wordpress.com"
112.208.179.243 - - [05/Jul/2026:08:19:17 -0700] "POST /xmlrpc.php HTTP/1.1" 403 4352 "-" "Jetpack by WordPress.com"
182.75.216.230 - - [05/Jul/2026:08:19:18 -0700] "POST /xmlrpc.php HTTP/1.1" 200 4129 "-" "Jetpack by WordPress.com (Jetpack 12.0; WordPress 6.2)"
112.208.179.243 - - [05/Jul/2026:08:19:28 -0700] "POST /xmlrpc.php HTTP/1.1" 403 4352 "-" "WordPress.com; https://wordpress.com"
182.75.216.230 - - [05/Jul/2026:08:19:29 -0700] "POST /xmlrpc.php HTTP/1.1" 200 4129 "-" "Jetpack by WordPress.com (Jetpack 12.1; WordPress 6.4)"
112.208.179.243 - - [05/Jul/2026:08:19:49 -0700] "POST /xmlrpc.php HTTP/1.1" 403 4352 "-" "WordPress.com; https://wordpress.com"
182.75.216.230 - - [05/Jul/2026:08:19:40 -0700] "POST /xmlrpc.php HTTP/1.1" 403 4352 "-" "Jetpack by WordPress.com"
182.75.216.230 - - [05/Jul/2026:08:19:51 -0700] "POST /xmlrpc.php HTTP/1.1" 403 4352 "-" "Jetpack by WordPress.com"
112.208.179.243 - - [05/Jul/2026:08:19:39 -0700] "POST /xmlrpc.php HTTP/1.1" 403 4352 "-" "Jetpack by WordPress.com"
35.235.84.95 - - [05/Jul/2026:08:20:01 -0700] "POST /wp-cron.php?doing_wp_cron=1783264801.8843059539794921875000 HTTP/1.1" 200 3587 "-" "WordPress/7.0; https://vanessavaladezrealty.com"
112.208.179.243 - - [05/Jul/2026:08:20:00 -0700] "POST /xmlrpc.php HTTP/1.1" 200 4129 "-" "Jetpack/12.1; WordPress/6.2; http://site24707947.com"
182.75.216.230 - - [05/Jul/2026:08:20:02 -0700] "POST /xmlrpc.php HTTP/1.1" 200 4129 "-" "Jetpack/12.1; WordPress/6.4; http://site62591703.com"
112.208.179.243 - - [05/Jul/2026:08:20:10 -0700] "POST /xmlrpc.php HTTP/1.1" 200 4129 "-" "Jetpack/12.5; WordPress/6.4; http://site78103444.com"
182.75.216.230 - - [05/Jul/2026:08:20:13 -0700] "POST /xmlrpc.php HTTP/1.1" 200 4129 "-" "Jetpack by WordPress.com (Jetpack 12.1; WordPress 6.4)"
66.249.70.199 - - [05/Jul/2026:08:20:24 -0700] "GET /properties/90-Residential-Lease-4333-COYOTE-CREST-Court-6-Rooms-3-Bedrooms-2-Bathrooms-USD1-650/ HTTP/1.1" 200 31575 "-" "Mozilla/5.0 (Linux; Android 6.0.1; Nexus 5X Build/MMB29P) AppleWebKit/537.36 (KHTML, like Gecko) Chrome/150.0.7871.46 Mobile Safari/537.36 (compatible; Googlebot/2.1; +http://www.google.com/bot.html)"
112.208.179.243 - - [05/Jul/2026:08:20:21 -0700] "POST /xmlrpc.php HTTP/1.1" 200 4129 "-" "Jetpack/12.0; WordPress/6.2; http://site56267903.com"
112.208.179.243 - - [05/Jul/2026:08:20:32 -0700] "POST /xmlrpc.php HTTP/1.1" 403 4352 "-" "WordPress.com; https://wordpress.com"
182.75.216.230 - - [05/Jul/2026:08:20:23 -0700] "POST /xmlrpc.php HTTP/1.1" 200 4129 "-" "Jetpack by WordPress.com (Jetpack 12.1; WordPress 6.4)"
182.75.216.230 - - [05/Jul/2026:08:20:34 -0700] "POST /xmlrpc.php HTTP/1.1" 403 4352 "-" "Jetpack by WordPress.com"
66.249.70.199 - - [05/Jul/2026:08:20:43 -0700] "GET /wp-content/plugins/real-estate-listing-realtyna-wpl/assets/js/js_inline.html HTTP/1.1" 200 3604 "https://vanessavaladezrealty.com/properties/90-Residential-Lease-4333-COYOTE-CREST-Court-6-Rooms-3-Bedrooms-2-Bathrooms-USD1-650/" "Mozilla/5.0 (Linux; Android 6.0.1; Nexus 5X Build/MMB29P) AppleWebKit/537.36 (KHTML, like Gecko) Chrome/150.0.7871.46 Mobile Safari/537.36 (compatible; Googlebot/2.1; +http://www.google.com/bot.html)"
112.208.179.243 - - [05/Jul/2026:08:20:43 -0700] "POST /xmlrpc.php HTTP/1.1" 200 4129 "-" "Jetpack by WordPress.com (Jetpack 12.1; WordPress 6.4)"
182.75.216.230 - - [05/Jul/2026:08:20:45 -0700] "POST /xmlrpc.php HTTP/1.1" 403 4352 "-" "Jetpack by WordPress.com"
35.235.84.95 - - [05/Jul/2026:08:20:54 -0700] "POST /wp-cron.php?doing_wp_cron=1783264854.8760290145874023437500 HTTP/1.1" 200 3587 "-" "WordPress/7.0; https://vanessavaladezrealty.com"
182.75.216.230 - - [05/Jul/2026:08:20:56 -0700] "POST /xmlrpc.php HTTP/1.1" 200 4129 "-" "Jetpack/12.5; WordPress/6.4; http://site77322757.com"
112.208.179.243 - - [05/Jul/2026:08:20:53 -0700] "POST /xmlrpc.php HTTP/1.1" 200 4129 "-" "Jetpack by WordPress.com (Jetpack 12.0; WordPress 6.3)"
112.208.179.243 - - [05/Jul/2026:08:21:04 -0700] "POST /xmlrpc.php HTTP/1.1" 200 4129 "-" "Jetpack/12.1; WordPress/6.3; http://site16184748.com"
182.75.216.230 - - [05/Jul/2026:08:21:07 -0700] "POST /xmlrpc.php HTTP/1.1" 403 4352 "-" "Jetpack by WordPress.com"
112.208.179.243 - - [05/Jul/2026:08:21:15 -0700] "POST /xmlrpc.php HTTP/1.1" 200 4129 "-" "Jetpack/13.0; WordPress/6.2; http://site28487668.com"
182.75.216.230 - - [05/Jul/2026:08:21:18 -0700] "POST /xmlrpc.php HTTP/1.1" 200 4129 "-" "Jetpack/12.5; WordPress/6.4; http://site16877122.com"
35.235.84.95 - - [05/Jul/2026:08:21:30 -0700] "POST /wp-cron.php?doing_wp_cron=1783264890.8150219917297363281250 HTTP/1.1" 200 3587 "-" "WordPress/7.0; https://vanessavaladezrealty.com"
182.75.216.230 - - [05/Jul/2026:08:21:29 -0700] "POST /xmlrpc.php HTTP/1.1" 200 4129 "-" "Jetpack by WordPress.com (Jetpack 12.1; WordPress 6.2)"
112.208.179.243 - - [05/Jul/2026:08:21:25 -0700] "POST /xmlrpc.php HTTP/1.1" 403 4352 "-" "Jetpack by WordPress.com"
112.208.179.243 - - [05/Jul/2026:08:21:36 -0700] "POST /xmlrpc.php HTTP/1.1" 403 4352 "-" "Jetpack by WordPress.com"
112.208.179.243 - - [05/Jul/2026:08:21:57 -0700] "POST /xmlrpc.php HTTP/1.1" 403 4352 "-" "WordPress.com; https://wordpress.com"
182.75.216.230 - - [05/Jul/2026:08:21:51 -0700] "POST /xmlrpc.php HTTP/1.1" 403 4352 "-" "Jetpack by WordPress.com"
182.75.216.230 - - [05/Jul/2026:08:21:40 -0700] "POST /xmlrpc.php HTTP/1.1" 403 4352 "-" "WordPress.com; https://wordpress.com"
182.75.216.230 - - [05/Jul/2026:08:22:02 -0700] "POST /xmlrpc.php HTTP/1.1" 200 4129 "-" "Jetpack by WordPress.com (Jetpack 12.1; WordPress 6.1)"
112.208.179.243 - - [05/Jul/2026:08:21:46 -0700] "POST /xmlrpc.php HTTP/1.1" 200 4129 "-" "Jetpack/13.0; WordPress/6.2; http://site22446616.com"
112.208.179.243 - - [05/Jul/2026:08:22:07 -0700] "POST /xmlrpc.php HTTP/1.1" 403 4352 "-" "WordPress.com; https://wordpress.com"
182.75.216.230 - - [05/Jul/2026:08:22:13 -0700] "POST /xmlrpc.php HTTP/1.1" 200 4129 "-" "Jetpack by WordPress.com (Jetpack 13.0; WordPress 6.2)"
112.208.179.243 - - [05/Jul/2026:08:22:18 -0700] "POST /xmlrpc.php HTTP/1.1" 200 4129 "-" "Jetpack by WordPress.com (Jetpack 12.1; WordPress 6.1)"
35.235.84.95 - - [05/Jul/2026:08:22:36 -0700] "POST /wp-cron.php?doing_wp_cron=1783264956.7010190486907958984375 HTTP/1.1" 200 3587 "-" "WordPress/7.0; https://vanessavaladezrealty.com"
182.75.216.230 - - [05/Jul/2026:08:22:24 -0700] "POST /xmlrpc.php HTTP/1.1" 403 4352 "-" "WordPress.com; https://wordpress.com"
112.208.179.243 - - [05/Jul/2026:08:22:39 -0700] "POST /xmlrpc.php HTTP/1.1" 403 4352 "-" "Jetpack by WordPress.com"
112.208.179.243 - - [05/Jul/2026:08:22:29 -0700] "POST /xmlrpc.php HTTP/1.1" 403 4352 "-" "Jetpack by WordPress.com"
182.75.216.230 - - [05/Jul/2026:08:22:35 -0700] "POST /xmlrpc.php HTTP/1.1" 200 4129 "-" "Jetpack/12.5; WordPress/6.1; http://site59574610.com"
35.235.84.95 - - [05/Jul/2026:08:22:51 -0700] "POST /wp-cron.php?doing_wp_cron=1783264971.4298110008239746093750 HTTP/1.1" 200 3587 "-" "WordPress/7.0; https://vanessavaladezrealty.com"
112.208.179.243 - - [05/Jul/2026:08:22:50 -0700] "POST /xmlrpc.php HTTP/1.1" 200 4129 "-" "Jetpack/13.0; WordPress/6.3; http://site76367343.com"
182.75.216.230 - - [05/Jul/2026:08:22:46 -0700] "POST /xmlrpc.php HTTP/1.1" 200 4129 "-" "Jetpack/13.0; WordPress/6.3; http://site27012261.com"
112.208.179.243 - - [05/Jul/2026:08:23:00 -0700] "POST /xmlrpc.php HTTP/1.1" 200 4129 "-" "Jetpack/12.5; WordPress/6.2; http://site17288937.com"
182.75.216.230 - - [05/Jul/2026:08:22:57 -0700] "POST /xmlrpc.php HTTP/1.1" 403 4352 "-" "WordPress.com; https://wordpress.com"
182.75.216.230 - - [05/Jul/2026:08:23:08 -0700] "POST /xmlrpc.php HTTP/1.1" 403 4352 "-" "WordPress.com; https://wordpress.com"
182.75.216.230 - - [05/Jul/2026:08:23:19 -0700] "POST /xmlrpc.php HTTP/1.1" 200 4129 "-" "Jetpack/13.0; WordPress/6.2; http://site82320797.com"
182.75.216.230 - - [05/Jul/2026:08:23:30 -0700] "POST /xmlrpc.php HTTP/1.1" 200 4129 "-" "Jetpack/12.5; WordPress/6.4; http://site84648930.com"
147.93.83.81 - - [05/Jul/2026:08:23:39 -0700] "GET /wp-login.php HTTP/1.1" 200 6366 "-" "Mozilla/5.0 (Windows NT 10.0; Win64; x64; rv:133.0) Gecko/20100101 Firefox/133.0"
182.75.216.230 - - [05/Jul/2026:08:23:42 -0700] "POST /xmlrpc.php HTTP/1.1" 403 4352 "-" "WordPress.com; https://wordpress.com"
147.93.83.81 - - [05/Jul/2026:08:23:42 -0700] "POST /wp-login.php HTTP/1.1" 200 6452 "https://vanessavaladezrealty.com/wp-login.php" "Mozilla/5.0 (Windows NT 10.0; Win64; x64; rv:133.0) Gecko/20100101 Firefox/133.0"
35.235.84.95 - - [05/Jul/2026:08:23:54 -0700] "POST /wp-cron.php?doing_wp_cron=1783265034.2000279426574707031250 HTTP/1.1" 200 3587 "-" "WordPress/7.0; https://vanessavaladezrealty.com"
182.75.216.230 - - [05/Jul/2026:08:23:53 -0700] "POST /xmlrpc.php HTTP/1.1" 200 4129 "-" "Jetpack/12.1; WordPress/6.4; http://site49400396.com"
182.75.216.230 - - [05/Jul/2026:08:24:04 -0700] "POST /xmlrpc.php HTTP/1.1" 200 4129 "-" "Jetpack by WordPress.com (Jetpack 12.0; WordPress 6.4)"
182.75.216.230 - - [05/Jul/2026:08:24:15 -0700] "POST /xmlrpc.php HTTP/1.1" 200 4129 "-" "Jetpack by WordPress.com (Jetpack 12.5; WordPress 6.2)"
182.75.216.230 - - [05/Jul/2026:08:24:26 -0700] "POST /xmlrpc.php HTTP/1.1" 200 4129 "-" "Jetpack/13.0; WordPress/6.3; http://site41620079.com"
182.75.216.230 - - [05/Jul/2026:08:24:37 -0700] "POST /xmlrpc.php HTTP/1.1" 200 4129 "-" "Jetpack/12.0; WordPress/6.2; http://site70014173.com"
182.75.216.230 - - [05/Jul/2026:08:24:48 -0700] "POST /xmlrpc.php HTTP/1.1" 200 4129 "-" "Jetpack by WordPress.com (Jetpack 13.0; WordPress 6.3)"
182.75.216.230 - - [05/Jul/2026:08:24:59 -0700] "POST /xmlrpc.php HTTP/1.1" 403 4352 "-" "Jetpack by WordPress.com"
182.75.216.230 - - [05/Jul/2026:08:25:10 -0700] "POST /xmlrpc.php HTTP/1.1" 403 4352 "-" "Jetpack by WordPress.com"
35.235.84.95 - - [05/Jul/2026:08:25:22 -0700] "POST /wp-cron.php?doing_wp_cron=1783265122.1622700691223144531250 HTTP/1.1" 200 3587 "-" "WordPress/7.0; https://vanessavaladezrealty.com"
182.75.216.230 - - [05/Jul/2026:08:25:20 -0700] "POST /xmlrpc.php HTTP/1.1" 200 4129 "-" "Jetpack by WordPress.com (Jetpack 13.0; WordPress 6.1)"
182.75.216.230 - - [05/Jul/2026:08:25:31 -0700] "POST /xmlrpc.php HTTP/1.1" 403 4352 "-" "Jetpack by WordPress.com"
182.75.216.230 - - [05/Jul/2026:08:25:42 -0700] "POST /xmlrpc.php HTTP/1.1" 403 4352 "-" "Jetpack by WordPress.com"
182.75.216.230 - - [05/Jul/2026:08:25:53 -0700] "POST /xmlrpc.php HTTP/1.1" 403 4352 "-" "Jetpack by WordPress.com"
35.235.84.95 - - [05/Jul/2026:08:26:05 -0700] "POST /wp-cron.php?doing_wp_cron=1783265165.8763639926910400390625 HTTP/1.1" 200 3587 "-" "WordPress/7.0; https://vanessavaladezrealty.com"
182.75.216.230 - - [05/Jul/2026:08:26:04 -0700] "POST /xmlrpc.php HTTP/1.1" 200 4129 "-" "Jetpack by WordPress.com (Jetpack 12.1; WordPress 6.3)"
182.75.216.230 - - [05/Jul/2026:08:26:15 -0700] "POST /xmlrpc.php HTTP/1.1" 200 4129 "-" "Jetpack by WordPress.com (Jetpack 12.0; WordPress 6.2)"
35.235.84.95 - - [05/Jul/2026:08:26:27 -0700] "POST /wp-cron.php?doing_wp_cron=1783265187.3536489009857177734375 HTTP/1.1" 200 3587 "-" "WordPress/7.0; https://vanessavaladezrealty.com"
182.75.216.230 - - [05/Jul/2026:08:26:26 -0700] "POST /xmlrpc.php HTTP/1.1" 200 4129 "-" "Jetpack by WordPress.com (Jetpack 13.0; WordPress 6.1)"
182.75.216.230 - - [05/Jul/2026:08:26:37 -0700] "POST /xmlrpc.php HTTP/1.1" 403 4352 "-" "Jetpack by WordPress.com"
182.75.216.230 - - [05/Jul/2026:08:26:48 -0700] "POST /xmlrpc.php HTTP/1.1" 200 4129 "-" "Jetpack by WordPress.com (Jetpack 12.5; WordPress 6.3)"
182.75.216.230 - - [05/Jul/2026:08:26:58 -0700] "POST /xmlrpc.php HTTP/1.1" 200 4129 "-" "Jetpack by WordPress.com (Jetpack 12.1; WordPress 6.2)"
182.75.216.230 - - [05/Jul/2026:08:27:09 -0700] "POST /xmlrpc.php HTTP/1.1" 200 4129 "-" "Jetpack by WordPress.com (Jetpack 12.0; WordPress 6.4)"
182.75.216.230 - - [05/Jul/2026:08:27:20 -0700] "POST /xmlrpc.php HTTP/1.1" 200 4129 "-" "Jetpack/13.0; WordPress/6.2; http://site37964593.com"
182.75.216.230 - - [05/Jul/2026:08:27:31 -0700] "POST /xmlrpc.php HTTP/1.1" 403 4352 "-" "WordPress.com; https://wordpress.com"
35.235.84.95 - - [05/Jul/2026:08:27:44 -0700] "POST /wp-cron.php?doing_wp_cron=1783265264.0117120742797851562500 HTTP/1.1" 200 3587 "-" "WordPress/7.0; https://vanessavaladezrealty.com"
182.75.216.230 - - [05/Jul/2026:08:27:42 -0700] "POST /xmlrpc.php HTTP/1.1" 200 4129 "-" "Jetpack by WordPress.com (Jetpack 12.5; WordPress 6.3)"
35.235.84.95 - - [05/Jul/2026:08:27:54 -0700] "POST /wp-cron.php?doing_wp_cron=1783265274.7855720520019531250000 HTTP/1.1" 200 3587 "-" "WordPress/7.0; https://vanessavaladezrealty.com"
182.75.216.230 - - [05/Jul/2026:08:27:53 -0700] "POST /xmlrpc.php HTTP/1.1" 200 4129 "-" "Jetpack by WordPress.com (Jetpack 12.5; WordPress 6.3)"
182.75.216.230 - - [05/Jul/2026:08:28:04 -0700] "POST /xmlrpc.php HTTP/1.1" 403 4352 "-" "Jetpack by WordPress.com"
182.75.216.230 - - [05/Jul/2026:08:28:15 -0700] "POST /xmlrpc.php HTTP/1.1" 200 4129 "-" "Jetpack by WordPress.com (Jetpack 12.0; WordPress 6.3)"
182.75.216.230 - - [05/Jul/2026:08:28:26 -0700] "POST /xmlrpc.php HTTP/1.1" 403 4352 "-" "WordPress.com; https://wordpress.com"
182.75.216.230 - - [05/Jul/2026:08:28:37 -0700] "POST /xmlrpc.php HTTP/1.1" 200 4129 "-" "Jetpack/12.0; WordPress/6.2; http://site14314946.com"
182.75.216.230 - - [05/Jul/2026:08:28:48 -0700] "POST /xmlrpc.php HTTP/1.1" 200 4129 "-" "Jetpack by WordPress.com (Jetpack 12.0; WordPress 6.1)"
182.75.216.230 - - [05/Jul/2026:08:28:59 -0700] "POST /xmlrpc.php HTTP/1.1" 403 4352 "-" "Jetpack by WordPress.com"
35.235.84.95 - - [05/Jul/2026:08:29:11 -0700] "POST /wp-cron.php?doing_wp_cron=1783265351.2284820079803466796875 HTTP/1.1" 200 3587 "-" "WordPress/7.0; https://vanessavaladezrealty.com"
182.75.216.230 - - [05/Jul/2026:08:29:10 -0700] "POST /xmlrpc.php HTTP/1.1" 200 4129 "-" "Jetpack/12.1; WordPress/6.1; http://site88370692.com"
182.75.216.230 - - [05/Jul/2026:08:29:21 -0700] "POST /xmlrpc.php HTTP/1.1" 403 4352 "-" "WordPress.com; https://wordpress.com"
182.75.216.230 - - [05/Jul/2026:08:29:32 -0700] "POST /xmlrpc.php HTTP/1.1" 403 4352 "-" "WordPress.com; https://wordpress.com"
182.75.216.230 - - [05/Jul/2026:08:29:43 -0700] "POST /xmlrpc.php HTTP/1.1" 200 4129 "-" "Jetpack by WordPress.com (Jetpack 12.0; WordPress 6.2)"
182.75.216.230 - - [05/Jul/2026:08:29:54 -0700] "POST /xmlrpc.php HTTP/1.1" 403 4352 "-" "WordPress.com; https://wordpress.com"
182.75.216.230 - - [05/Jul/2026:08:30:05 -0700] "POST /xmlrpc.php HTTP/1.1" 403 4352 "-" "Jetpack by WordPress.com"
182.75.216.230 - - [05/Jul/2026:08:30:17 -0700] "POST /xmlrpc.php HTTP/1.1" 403 4352 "-" "WordPress.com; https://wordpress.com"
182.75.216.230 - - [05/Jul/2026:08:30:28 -0700] "POST /xmlrpc.php HTTP/1.1" 403 4352 "-" "WordPress.com; https://wordpress.com"
35.235.84.95 - - [05/Jul/2026:08:30:41 -0700] "POST /wp-cron.php?doing_wp_cron=1783265441.5970790386199951171875 HTTP/1.1" 200 3587 "-" "WordPress/7.0; https://vanessavaladezrealty.com"
182.75.216.230 - - [05/Jul/2026:08:30:39 -0700] "POST /xmlrpc.php HTTP/1.1" 200 4129 "-" "Jetpack by WordPress.com (Jetpack 12.5; WordPress 6.3)"
182.75.216.230 - - [05/Jul/2026:08:30:50 -0700] "POST /xmlrpc.php HTTP/1.1" 403 4352 "-" "Jetpack by WordPress.com"
182.75.216.230 - - [05/Jul/2026:08:31:01 -0700] "POST /xmlrpc.php HTTP/1.1" 403 4352 "-" "Jetpack by WordPress.com"
182.75.216.230 - - [05/Jul/2026:08:31:12 -0700] "POST /xmlrpc.php HTTP/1.1" 403 4352 "-" "WordPress.com; https://wordpress.com"
182.75.216.230 - - [05/Jul/2026:08:31:23 -0700] "POST /xmlrpc.php HTTP/1.1" 403 4352 "-" "Jetpack by WordPress.com"
35.235.84.95 - - [05/Jul/2026:08:31:30 -0700] "POST /wp-cron.php?doing_wp_cron=1783265490.3239929676055908203125 HTTP/1.1" 200 3587 "-" "WordPress/7.0; https://vanessavaladezrealty.com"
88.198.216.95 - - [05/Jul/2026:08:31:29 -0700] "GET /wp-login.php HTTP/1.1" 200 6366 "-" "Mozilla/5.0 (X11; Ubuntu; Linux x86_64; rv:133.0) Gecko/20100101 Firefox/133.0"
88.198.216.95 - - [05/Jul/2026:08:31:30 -0700] "POST /wp-login.php HTTP/1.1" 200 6467 "https://vanessavaladezrealty.com/wp-login.php" "Mozilla/5.0 (X11; Ubuntu; Linux x86_64; rv:133.0) Gecko/20100101 Firefox/133.0"
182.75.216.230 - - [05/Jul/2026:08:31:34 -0700] "POST /xmlrpc.php HTTP/1.1" 200 4129 "-" "Jetpack by WordPress.com (Jetpack 12.5; WordPress 6.1)"
182.75.216.230 - - [05/Jul/2026:08:31:44 -0700] "POST /xmlrpc.php HTTP/1.1" 403 4352 "-" "Jetpack by WordPress.com"
182.75.216.230 - - [05/Jul/2026:08:31:55 -0700] "POST /xmlrpc.php HTTP/1.1" 403 4352 "-" "WordPress.com; https://wordpress.com"
182.75.216.230 - - [05/Jul/2026:08:32:06 -0700] "POST /xmlrpc.php HTTP/1.1" 403 4352 "-" "WordPress.com; https://wordpress.com"
85.11.167.118 - - [05/Jul/2026:08:32:13 -0700] "GET /wp-login.php HTTP/1.1" 200 6366 "-" "Mozilla/5.0 (Macintosh; Intel Mac OS X 10_15_7; rv:119.0) Gecko/20100101 Firefox/119.0"
85.11.167.118 - - [05/Jul/2026:08:32:15 -0700] "GET /?author=1 HTTP/1.1" 301 4076 "https://t.co/" "Mozilla/5.0 (Windows NT 10.0; Win64; x64; rv:119.0) Gecko/20100101 Firefox/119.0"
85.11.167.118 - - [05/Jul/2026:08:32:16 -0700] "GET /author/admin_wyj7ruvs/ HTTP/1.1" 200 22062 "https://t.co/" "Mozilla/5.0 (Windows NT 10.0; Win64; x64; rv:119.0) Gecko/20100101 Firefox/119.0"
182.75.216.230 - - [05/Jul/2026:08:32:17 -0700] "POST /xmlrpc.php HTTP/1.1" 200 4129 "-" "Jetpack/12.1; WordPress/6.1; http://site20224789.com"
85.11.167.118 - - [05/Jul/2026:08:32:18 -0700] "GET /?author=2 HTTP/1.1" 200 21640 "https://t.co/" "Mozilla/5.0 (Windows NT 10.0; Win64; x64; rv:120.0) Gecko/20100101 Firefox/120.0"
85.11.167.118 - - [05/Jul/2026:08:32:20 -0700] "GET /?author=3 HTTP/1.1" 200 21625 "https://www.bing.com/" "Mozilla/5.0 (Windows NT 11.0; Win64; x64) AppleWebKit/537.36 (KHTML, like Gecko) Chrome/119.0.0.0 Safari/537.36"
85.11.167.118 - - [05/Jul/2026:08:32:21 -0700] "GET /?author=4 HTTP/1.1" 301 4069 "https://www.bing.com/" "Mozilla/5.0 (Macintosh; Intel Mac OS X 13_6_1) AppleWebKit/605.1.15 (KHTML, like Gecko) Version/17.0 Safari/605.1.15"
85.11.167.118 - - [05/Jul/2026:08:32:23 -0700] "GET /author/jarthur/ HTTP/1.1" 200 21635 "https://www.bing.com/" "Mozilla/5.0 (Macintosh; Intel Mac OS X 13_6_1) AppleWebKit/605.1.15 (KHTML, like Gecko) Version/17.0 Safari/605.1.15"
85.11.167.118 - - [05/Jul/2026:08:32:24 -0700] "GET /?author=5 HTTP/1.1" 404 98059 "https://www.google.com/" "Mozilla/5.0 (X11; Ubuntu; Linux x86_64) AppleWebKit/537.36 (KHTML, like Gecko) Chrome/119.0.0.0 Safari/537.36"
85.11.167.118 - - [05/Jul/2026:08:32:26 -0700] "GET /wp-json/wp/v2/users HTTP/1.1" 403 4352 "" "Mozilla/5.0 (Macintosh; Intel Mac OS X 10_15_7) AppleWebKit/605.1.15 (KHTML, like Gecko) Version/17.1 Safari/605.1.15"
85.11.167.118 - - [05/Jul/2026:08:32:26 -0700] "POST /wp-login.php HTTP/1.1" 200 6462 "https://vanessavaladezrealty.com/wp-login.php" "Mozilla/5.0 (Macintosh; Intel Mac OS X 13_6_1; rv:121.0) Gecko/20100101 Firefox/121.0"
85.11.167.118 - - [05/Jul/2026:08:32:27 -0700] "GET /wp-admin/index.php HTTP/1.1" 302 3793 "https://vanessavaladezrealty.com/wp-login.php" "Mozilla/5.0 (Macintosh; Intel Mac OS X 13_6_1) AppleWebKit/605.1.15 (KHTML, like Gecko) Version/17.0 Safari/605.1.15"
182.75.216.230 - - [05/Jul/2026:08:32:28 -0700] "POST /xmlrpc.php HTTP/1.1" 200 4129 "-" "Jetpack by WordPress.com (Jetpack 12.0; WordPress 6.2)"
85.11.167.118 - - [05/Jul/2026:08:32:29 -0700] "GET /wp-login.php?redirect_to=https%3A%2F%2Fvanessavaladezrealty.com%2Fwp-admin%2Findex.php&reauth=1 HTTP/1.1" 200 8371 "https://vanessavaladezrealty.com/wp-login.php" "Mozilla/5.0 (Macintosh; Intel Mac OS X 13_6_1) AppleWebKit/605.1.15 (KHTML, like Gecko) Version/17.0 Safari/605.1.15"
35.235.84.95 - - [05/Jul/2026:08:32:31 -0700] "POST /wp-cron.php?doing_wp_cron=1783265551.2616479396820068359375 HTTP/1.1" 200 3587 "-" "WordPress/7.0; https://vanessavaladezrealty.com"
85.11.167.118 - - [05/Jul/2026:08:32:30 -0700] "POST /wp-login.php HTTP/1.1" 200 6466 "https://vanessavaladezrealty.com/wp-login.php" "Mozilla/5.0 (Macintosh; Intel Mac OS X 10_15_7) AppleWebKit/537.36 (KHTML, like Gecko) Chrome/120.0.0.0 Safari/537.36"
85.11.167.118 - - [05/Jul/2026:08:32:31 -0700] "GET /wp-admin/index.php HTTP/1.1" 302 3793 "https://vanessavaladezrealty.com/wp-login.php" "Mozilla/5.0 (Windows NT 10.0; Win64; x64; rv:118.0) Gecko/20100101 Firefox/118.0"
85.11.167.118 - - [05/Jul/2026:08:32:32 -0700] "GET /wp-login.php?redirect_to=https%3A%2F%2Fvanessavaladezrealty.com%2Fwp-admin%2Findex.php&reauth=1 HTTP/1.1" 200 8371 "https://vanessavaladezrealty.com/wp-login.php" "Mozilla/5.0 (Windows NT 10.0; Win64; x64; rv:118.0) Gecko/20100101 Firefox/118.0"
85.11.167.118 - - [05/Jul/2026:08:32:34 -0700] "POST /wp-login.php HTTP/1.1" 200 6462 "https://vanessavaladezrealty.com/wp-login.php" "Mozilla/5.0 (Macintosh; Intel Mac OS X 10_15_7; rv:119.0) Gecko/20100101 Firefox/119.0"
85.11.167.118 - - [05/Jul/2026:08:32:35 -0700] "GET /wp-admin/index.php HTTP/1.1" 302 3793 "https://vanessavaladezrealty.com/wp-login.php" "Mozilla/5.0 (Windows NT 11.0; Win64; x64; rv:119.0) Gecko/20100101 Firefox/119.0"
85.11.167.118 - - [05/Jul/2026:08:32:36 -0700] "GET /wp-login.php?redirect_to=https%3A%2F%2Fvanessavaladezrealty.com%2Fwp-admin%2Findex.php&reauth=1 HTTP/1.1" 200 8371 "https://vanessavaladezrealty.com/wp-login.php" "Mozilla/5.0 (Windows NT 11.0; Win64; x64; rv:119.0) Gecko/20100101 Firefox/119.0"
85.11.167.118 - - [05/Jul/2026:08:32:39 -0700] "POST /wp-login.php HTTP/1.1" 200 6461 "https://vanessavaladezrealty.com/wp-login.php" "Mozilla/5.0 (Macintosh; Intel Mac OS X 13_6_1) AppleWebKit/537.36 (KHTML, like Gecko) Chrome/120.0.0.0 Safari/537.36"
182.75.216.230 - - [05/Jul/2026:08:32:39 -0700] "POST /xmlrpc.php HTTP/1.1" 200 4129 "-" "Jetpack/13.0; WordPress/6.2; http://site88792632.com"
85.11.167.118 - - [05/Jul/2026:08:32:40 -0700] "GET /wp-admin/index.php HTTP/1.1" 302 3793 "https://vanessavaladezrealty.com/wp-login.php" "Mozilla/5.0 (Macintosh; Intel Mac OS X 10_15_7; rv:121.0) Gecko/20100101 Firefox/121.0"
85.11.167.118 - - [05/Jul/2026:08:32:42 -0700] "GET /wp-login.php?redirect_to=https%3A%2F%2Fvanessavaladezrealty.com%2Fwp-admin%2Findex.php&reauth=1 HTTP/1.1" 200 8371 "https://vanessavaladezrealty.com/wp-login.php" "Mozilla/5.0 (Macintosh; Intel Mac OS X 10_15_7; rv:121.0) Gecko/20100101 Firefox/121.0"
85.11.167.118 - - [05/Jul/2026:08:32:43 -0700] "POST /wp-login.php HTTP/1.1" 200 6470 "https://vanessavaladezrealty.com/wp-login.php" "Mozilla/5.0 (Windows NT 11.0; Win64; x64) AppleWebKit/537.36 (KHTML, like Gecko) Chrome/119.0.0.0 Safari/537.36"
85.11.167.118 - - [05/Jul/2026:08:32:44 -0700] "GET /wp-admin/index.php HTTP/1.1" 302 3793 "https://vanessavaladezrealty.com/wp-login.php" "Mozilla/5.0 (Macintosh; Intel Mac OS X 13_6_1) AppleWebKit/537.36 (KHTML, like Gecko) Chrome/120.0.0.0 Safari/537.36"
85.11.167.118 - - [05/Jul/2026:08:32:46 -0700] "GET /wp-login.php?redirect_to=https%3A%2F%2Fvanessavaladezrealty.com%2Fwp-admin%2Findex.php&reauth=1 HTTP/1.1" 200 8371 "https://vanessavaladezrealty.com/wp-login.php" "Mozilla/5.0 (Macintosh; Intel Mac OS X 13_6_1) AppleWebKit/537.36 (KHTML, like Gecko) Chrome/120.0.0.0 Safari/537.36"
85.11.167.118 - - [05/Jul/2026:08:32:47 -0700] "POST /wp-login.php HTTP/1.1" 200 6461 "https://vanessavaladezrealty.com/wp-login.php" "Mozilla/5.0 (Windows NT 10.0; Win64; x64; rv:120.0) Gecko/20100101 Firefox/120.0"
85.11.167.118 - - [05/Jul/2026:08:32:48 -0700] "GET /wp-admin/index.php HTTP/1.1" 302 3793 "https://vanessavaladezrealty.com/wp-login.php" "Mozilla/5.0 (X11; Linux x86_64) AppleWebKit/537.36 (KHTML, like Gecko) Chrome/118.0.0.0 Safari/537.36"
35.235.84.95 - - [05/Jul/2026:08:32:50 -0700] "POST /wp-cron.php?doing_wp_cron=1783265570.9360909461975097656250 HTTP/1.1" 200 3587 "-" "WordPress/7.0; https://vanessavaladezrealty.com"
85.11.167.118 - - [05/Jul/2026:08:32:49 -0700] "GET /wp-login.php?redirect_to=https%3A%2F%2Fvanessavaladezrealty.com%2Fwp-admin%2Findex.php&reauth=1 HTTP/1.1" 200 8371 "https://vanessavaladezrealty.com/wp-login.php" "Mozilla/5.0 (X11; Linux x86_64) AppleWebKit/537.36 (KHTML, like Gecko) Chrome/118.0.0.0 Safari/537.36"
182.75.216.230 - - [05/Jul/2026:08:32:50 -0700] "POST /xmlrpc.php HTTP/1.1" 200 4129 "-" "Jetpack by WordPress.com (Jetpack 12.1; WordPress 6.3)"
85.11.167.118 - - [05/Jul/2026:08:32:51 -0700] "POST /wp-login.php HTTP/1.1" 200 6469 "https://vanessavaladezrealty.com/wp-login.php" "Mozilla/5.0 (Macintosh; Intel Mac OS X 13_6_1; rv:119.0) Gecko/20100101 Firefox/119.0"
85.11.167.118 - - [05/Jul/2026:08:32:52 -0700] "GET /wp-admin/index.php HTTP/1.1" 302 3793 "https://vanessavaladezrealty.com/wp-login.php" "Mozilla/5.0 (Macintosh; Intel Mac OS X 10_15_7) AppleWebKit/605.1.15 (KHTML, like Gecko) Version/17.2 Safari/605.1.15"
85.11.167.118 - - [05/Jul/2026:08:32:53 -0700] "GET /wp-login.php?redirect_to=https%3A%2F%2Fvanessavaladezrealty.com%2Fwp-admin%2Findex.php&reauth=1 HTTP/1.1" 200 8371 "https://vanessavaladezrealty.com/wp-login.php" "Mozilla/5.0 (Macintosh; Intel Mac OS X 10_15_7) AppleWebKit/605.1.15 (KHTML, like Gecko) Version/17.2 Safari/605.1.15"
85.11.167.118 - - [05/Jul/2026:08:32:55 -0700] "POST /wp-login.php HTTP/1.1" 200 6460 "https://vanessavaladezrealty.com/wp-login.php" "Mozilla/5.0 (Windows NT 10.0; Win64; x64) AppleWebKit/537.36 (KHTML, like Gecko) Chrome/120.0.0.0 Safari/537.36"
85.11.167.118 - - [05/Jul/2026:08:32:56 -0700] "GET /wp-admin/index.php HTTP/1.1" 302 3793 "https://vanessavaladezrealty.com/wp-login.php" "Mozilla/5.0 (Windows NT 10.0; Win64; x64; rv:121.0) Gecko/20100101 Firefox/121.0"
85.11.167.118 - - [05/Jul/2026:08:32:57 -0700] "GET /wp-login.php?redirect_to=https%3A%2F%2Fvanessavaladezrealty.com%2Fwp-admin%2Findex.php&reauth=1 HTTP/1.1" 200 8371 "https://vanessavaladezrealty.com/wp-login.php" "Mozilla/5.0 (Windows NT 10.0; Win64; x64; rv:121.0) Gecko/20100101 Firefox/121.0"
85.11.167.118 - - [05/Jul/2026:08:32:58 -0700] "POST /wp-login.php HTTP/1.1" 200 6459 "https://vanessavaladezrealty.com/wp-login.php" "Mozilla/5.0 (Macintosh; Intel Mac OS X 13_6_1) AppleWebKit/537.36 (KHTML, like Gecko) Chrome/118.0.0.0 Safari/537.36"
85.11.167.118 - - [05/Jul/2026:08:33:00 -0700] "GET /wp-admin/index.php HTTP/1.1" 302 3793 "https://vanessavaladezrealty.com/wp-login.php" "Mozilla/5.0 (Macintosh; Intel Mac OS X 10_15_7) AppleWebKit/605.1.15 (KHTML, like Gecko) Version/16.6 Safari/605.1.15"
182.75.216.230 - - [05/Jul/2026:08:33:01 -0700] "POST /xmlrpc.php HTTP/1.1" 403 4352 "-" "Jetpack by WordPress.com"
85.11.167.118 - - [05/Jul/2026:08:33:01 -0700] "GET /wp-login.php?redirect_to=https%3A%2F%2Fvanessavaladezrealty.com%2Fwp-admin%2Findex.php&reauth=1 HTTP/1.1" 200 8371 "https://vanessavaladezrealty.com/wp-login.php" "Mozilla/5.0 (Macintosh; Intel Mac OS X 10_15_7) AppleWebKit/605.1.15 (KHTML, like Gecko) Version/16.6 Safari/605.1.15"
85.11.167.118 - - [05/Jul/2026:08:33:02 -0700] "POST /wp-login.php HTTP/1.1" 200 6459 "https://vanessavaladezrealty.com/wp-login.php" "Mozilla/5.0 (X11; Linux x86_64) AppleWebKit/537.36 (KHTML, like Gecko) Chrome/119.0.0.0 Safari/537.36"
85.11.167.118 - - [05/Jul/2026:08:33:03 -0700] "GET /wp-admin/index.php HTTP/1.1" 302 3793 "https://vanessavaladezrealty.com/wp-login.php" "Mozilla/5.0 (Macintosh; Intel Mac OS X 13_6_1) AppleWebKit/605.1.15 (KHTML, like Gecko) Version/17.2 Safari/605.1.15"
85.11.167.118 - - [05/Jul/2026:08:33:05 -0700] "GET /wp-login.php?redirect_to=https%3A%2F%2Fvanessavaladezrealty.com%2Fwp-admin%2Findex.php&reauth=1 HTTP/1.1" 200 8371 "https://vanessavaladezrealty.com/wp-login.php" "Mozilla/5.0 (Macintosh; Intel Mac OS X 13_6_1) AppleWebKit/605.1.15 (KHTML, like Gecko) Version/17.2 Safari/605.1.15"
85.11.167.118 - - [05/Jul/2026:08:33:07 -0700] "POST /wp-login.php HTTP/1.1" 200 6464 "https://vanessavaladezrealty.com/wp-login.php" "Mozilla/5.0 (X11; Linux x86_64) AppleWebKit/537.36 (KHTML, like Gecko) Chrome/119.0.0.0 Safari/537.36"
85.11.167.118 - - [05/Jul/2026:08:33:08 -0700] "GET /wp-admin/index.php HTTP/1.1" 302 3793 "https://vanessavaladezrealty.com/wp-login.php" "Mozilla/5.0 (X11; Linux x86_64) AppleWebKit/537.36 (KHTML, like Gecko) Chrome/121.0.0.0 Safari/537.36"
85.11.167.118 - - [05/Jul/2026:08:33:10 -0700] "GET /wp-login.php?redirect_to=https%3A%2F%2Fvanessavaladezrealty.com%2Fwp-admin%2Findex.php&reauth=1 HTTP/1.1" 200 8371 "https://vanessavaladezrealty.com/wp-login.php" "Mozilla/5.0 (X11; Linux x86_64) AppleWebKit/537.36 (KHTML, like Gecko) Chrome/121.0.0.0 Safari/537.36"
182.75.216.230 - - [05/Jul/2026:08:33:12 -0700] "POST /xmlrpc.php HTTP/1.1" 403 4352 "-" "WordPress.com; https://wordpress.com"
85.11.167.118 - - [05/Jul/2026:08:33:11 -0700] "POST /wp-login.php HTTP/1.1" 200 6459 "https://vanessavaladezrealty.com/wp-login.php" "Mozilla/5.0 (Windows NT 11.0; Win64; x64; rv:118.0) Gecko/20100101 Firefox/118.0"
85.11.167.118 - - [05/Jul/2026:08:33:12 -0700] "GET /wp-admin/index.php HTTP/1.1" 302 3793 "https://vanessavaladezrealty.com/wp-login.php" "Mozilla/5.0 (Macintosh; Intel Mac OS X 13_6_1; rv:119.0) Gecko/20100101 Firefox/119.0"
85.11.167.118 - - [05/Jul/2026:08:33:13 -0700] "GET /wp-login.php?redirect_to=https%3A%2F%2Fvanessavaladezrealty.com%2Fwp-admin%2Findex.php&reauth=1 HTTP/1.1" 200 8371 "https://vanessavaladezrealty.com/wp-login.php" "Mozilla/5.0 (Macintosh; Intel Mac OS X 13_6_1; rv:119.0) Gecko/20100101 Firefox/119.0"
85.11.167.118 - - [05/Jul/2026:08:33:15 -0700] "POST /wp-login.php HTTP/1.1" 200 6462 "https://vanessavaladezrealty.com/wp-login.php" "Mozilla/5.0 (Windows NT 11.0; Win64; x64; rv:119.0) Gecko/20100101 Firefox/119.0"
85.11.167.118 - - [05/Jul/2026:08:33:16 -0700] "GET /wp-admin/index.php HTTP/1.1" 302 3793 "https://vanessavaladezrealty.com/wp-login.php" "Mozilla/5.0 (Windows NT 11.0; Win64; x64) AppleWebKit/537.36 (KHTML, like Gecko) Chrome/121.0.0.0 Safari/537.36"
85.11.167.118 - - [05/Jul/2026:08:33:17 -0700] "GET /wp-login.php?redirect_to=https%3A%2F%2Fvanessavaladezrealty.com%2Fwp-admin%2Findex.php&reauth=1 HTTP/1.1" 200 8371 "https://vanessavaladezrealty.com/wp-login.php" "Mozilla/5.0 (Windows NT 11.0; Win64; x64) AppleWebKit/537.36 (KHTML, like Gecko) Chrome/121.0.0.0 Safari/537.36"
85.11.167.118 - - [05/Jul/2026:08:33:18 -0700] "POST /wp-login.php HTTP/1.1" 200 6459 "https://vanessavaladezrealty.com/wp-login.php" "Mozilla/5.0 (Windows NT 11.0; Win64; x64; rv:118.0) Gecko/20100101 Firefox/118.0"
85.11.167.118 - - [05/Jul/2026:08:33:19 -0700] "GET /wp-admin/index.php HTTP/1.1" 302 3793 "https://vanessavaladezrealty.com/wp-login.php" "Mozilla/5.0 (Macintosh; Intel Mac OS X 10_15_7; rv:118.0) Gecko/20100101 Firefox/118.0"
85.11.167.118 - - [05/Jul/2026:08:33:20 -0700] "GET /wp-login.php?redirect_to=https%3A%2F%2Fvanessavaladezrealty.com%2Fwp-admin%2Findex.php&reauth=1 HTTP/1.1" 200 8371 "https://vanessavaladezrealty.com/wp-login.php" "Mozilla/5.0 (Macintosh; Intel Mac OS X 10_15_7; rv:118.0) Gecko/20100101 Firefox/118.0"
182.75.216.230 - - [05/Jul/2026:08:33:23 -0700] "POST /xmlrpc.php HTTP/1.1" 403 4352 "-" "WordPress.com; https://wordpress.com"
85.11.167.118 - - [05/Jul/2026:08:33:22 -0700] "POST /wp-login.php HTTP/1.1" 200 6463 "https://vanessavaladezrealty.com/wp-login.php" "Mozilla/5.0 (Windows NT 10.0; Win64; x64; rv:121.0) Gecko/20100101 Firefox/121.0"
85.11.167.118 - - [05/Jul/2026:08:33:23 -0700] "GET /wp-admin/index.php HTTP/1.1" 302 3793 "https://vanessavaladezrealty.com/wp-login.php" "Mozilla/5.0 (Macintosh; Intel Mac OS X 13_6_1) AppleWebKit/605.1.15 (KHTML, like Gecko) Version/17.1 Safari/605.1.15"
85.11.167.118 - - [05/Jul/2026:08:33:25 -0700] "GET /wp-login.php?redirect_to=https%3A%2F%2Fvanessavaladezrealty.com%2Fwp-admin%2Findex.php&reauth=1 HTTP/1.1" 200 8371 "https://vanessavaladezrealty.com/wp-login.php" "Mozilla/5.0 (Macintosh; Intel Mac OS X 13_6_1) AppleWebKit/605.1.15 (KHTML, like Gecko) Version/17.1 Safari/605.1.15"
85.11.167.118 - - [05/Jul/2026:08:33:26 -0700] "POST /wp-login.php HTTP/1.1" 200 6459 "https://vanessavaladezrealty.com/wp-login.php" "Mozilla/5.0 (Windows NT 10.0; Win64; x64) AppleWebKit/537.36 (KHTML, like Gecko) Chrome/118.0.0.0 Safari/537.36"
85.11.167.118 - - [05/Jul/2026:08:33:27 -0700] "GET /wp-admin/index.php HTTP/1.1" 302 3793 "https://vanessavaladezrealty.com/wp-login.php" "Mozilla/5.0 (X11; Ubuntu; Linux x86_64) AppleWebKit/537.36 (KHTML, like Gecko) Chrome/118.0.0.0 Safari/537.36"
85.11.167.118 - - [05/Jul/2026:08:33:28 -0700] "GET /wp-login.php?redirect_to=https%3A%2F%2Fvanessavaladezrealty.com%2Fwp-admin%2Findex.php&reauth=1 HTTP/1.1" 200 8371 "https://vanessavaladezrealty.com/wp-login.php" "Mozilla/5.0 (X11; Ubuntu; Linux x86_64) AppleWebKit/537.36 (KHTML, like Gecko) Chrome/118.0.0.0 Safari/537.36"
85.11.167.118 - - [05/Jul/2026:08:33:29 -0700] "POST /wp-login.php HTTP/1.1" 200 6459 "https://vanessavaladezrealty.com/wp-login.php" "Mozilla/5.0 (Macintosh; Intel Mac OS X 13_6_1; rv:119.0) Gecko/20100101 Firefox/119.0"
85.11.167.118 - - [05/Jul/2026:08:33:31 -0700] "GET /wp-admin/index.php HTTP/1.1" 302 3793 "https://vanessavaladezrealty.com/wp-login.php" "Mozilla/5.0 (Macintosh; Intel Mac OS X 10_15_7) AppleWebKit/537.36 (KHTML, like Gecko) Chrome/120.0.0.0 Safari/537.36"
182.75.216.230 - - [05/Jul/2026:08:33:34 -0700] "POST /xmlrpc.php HTTP/1.1" 403 4352 "-" "Jetpack by WordPress.com"
85.11.167.118 - - [05/Jul/2026:08:33:34 -0700] "GET /wp-login.php?redirect_to=https%3A%2F%2Fvanessavaladezrealty.com%2Fwp-admin%2Findex.php&reauth=1 HTTP/1.1" 200 8371 "https://vanessavaladezrealty.com/wp-login.php" "Mozilla/5.0 (Macintosh; Intel Mac OS X 10_15_7) AppleWebKit/537.36 (KHTML, like Gecko) Chrome/120.0.0.0 Safari/537.36"
85.11.167.118 - - [05/Jul/2026:08:33:35 -0700] "POST /wp-login.php HTTP/1.1" 200 6459 "https://vanessavaladezrealty.com/wp-login.php" "Mozilla/5.0 (Windows NT 10.0; Win64; x64; rv:120.0) Gecko/20100101 Firefox/120.0"
85.11.167.118 - - [05/Jul/2026:08:33:36 -0700] "GET /wp-admin/index.php HTTP/1.1" 302 3793 "https://vanessavaladezrealty.com/wp-login.php" "Mozilla/5.0 (Windows NT 11.0; Win64; x64; rv:119.0) Gecko/20100101 Firefox/119.0"
85.11.167.118 - - [05/Jul/2026:08:33:38 -0700] "GET /wp-login.php?redirect_to=https%3A%2F%2Fvanessavaladezrealty.com%2Fwp-admin%2Findex.php&reauth=1 HTTP/1.1" 200 8371 "https://vanessavaladezrealty.com/wp-login.php" "Mozilla/5.0 (Windows NT 11.0; Win64; x64; rv:119.0) Gecko/20100101 Firefox/119.0"
85.11.167.118 - - [05/Jul/2026:08:33:39 -0700] "POST /wp-login.php HTTP/1.1" 200 6459 "https://vanessavaladezrealty.com/wp-login.php" "Mozilla/5.0 (Macintosh; Intel Mac OS X 13_6_1) AppleWebKit/537.36 (KHTML, like Gecko) Chrome/121.0.0.0 Safari/537.36"
85.11.167.118 - - [05/Jul/2026:08:33:41 -0700] "GET /wp-admin/index.php HTTP/1.1" 302 3793 "https://vanessavaladezrealty.com/wp-login.php" "Mozilla/5.0 (Macintosh; Intel Mac OS X 13_6_1) AppleWebKit/537.36 (KHTML, like Gecko) Chrome/121.0.0.0 Safari/537.36"
85.11.167.118 - - [05/Jul/2026:08:33:42 -0700] "GET /wp-login.php?redirect_to=https%3A%2F%2Fvanessavaladezrealty.com%2Fwp-admin%2Findex.php&reauth=1 HTTP/1.1" 200 8371 "https://vanessavaladezrealty.com/wp-login.php" "Mozilla/5.0 (Macintosh; Intel Mac OS X 13_6_1) AppleWebKit/537.36 (KHTML, like Gecko) Chrome/121.0.0.0 Safari/537.36"
85.11.167.118 - - [05/Jul/2026:08:33:43 -0700] "POST /wp-login.php HTTP/1.1" 200 6463 "https://vanessavaladezrealty.com/wp-login.php" "Mozilla/5.0 (Macintosh; Intel Mac OS X 13_6_1) AppleWebKit/605.1.15 (KHTML, like Gecko) Version/16.6 Safari/605.1.15"
85.11.167.118 - - [05/Jul/2026:08:33:44 -0700] "GET /wp-admin/index.php HTTP/1.1" 302 3793 "https://vanessavaladezrealty.com/wp-login.php" "Mozilla/5.0 (Macintosh; Intel Mac OS X 13_6_1; rv:121.0) Gecko/20100101 Firefox/121.0"
182.75.216.230 - - [05/Jul/2026:08:33:45 -0700] "POST /xmlrpc.php HTTP/1.1" 200 4129 "-" "Jetpack/13.0; WordPress/6.1; http://site91213106.com"
85.11.167.118 - - [05/Jul/2026:08:33:45 -0700] "GET /wp-login.php?redirect_to=https%3A%2F%2Fvanessavaladezrealty.com%2Fwp-admin%2Findex.php&reauth=1 HTTP/1.1" 200 8371 "https://vanessavaladezrealty.com/wp-login.php" "Mozilla/5.0 (Macintosh; Intel Mac OS X 13_6_1; rv:121.0) Gecko/20100101 Firefox/121.0"
85.11.167.118 - - [05/Jul/2026:08:33:47 -0700] "POST /wp-login.php HTTP/1.1" 200 6463 "https://vanessavaladezrealty.com/wp-login.php" "Mozilla/5.0 (Macintosh; Intel Mac OS X 13_6_1) AppleWebKit/605.1.15 (KHTML, like Gecko) Version/17.1 Safari/605.1.15"
85.11.167.118 - - [05/Jul/2026:08:33:48 -0700] "GET /wp-admin/index.php HTTP/1.1" 302 3793 "https://vanessavaladezrealty.com/wp-login.php" "Mozilla/5.0 (Macintosh; Intel Mac OS X 13_6_1) AppleWebKit/605.1.15 (KHTML, like Gecko) Version/17.1 Safari/605.1.15"
35.235.84.95 - - [05/Jul/2026:08:33:51 -0700] "POST /wp-cron.php?doing_wp_cron=1783265631.2506499290466308593750 HTTP/1.1" 200 3587 "-" "WordPress/7.0; https://vanessavaladezrealty.com"
85.11.167.118 - - [05/Jul/2026:08:33:49 -0700] "GET /wp-login.php?redirect_to=https%3A%2F%2Fvanessavaladezrealty.com%2Fwp-admin%2Findex.php&reauth=1 HTTP/1.1" 200 8371 "https://vanessavaladezrealty.com/wp-login.php" "Mozilla/5.0 (Macintosh; Intel Mac OS X 13_6_1) AppleWebKit/605.1.15 (KHTML, like Gecko) Version/17.1 Safari/605.1.15"
85.11.167.118 - - [05/Jul/2026:08:33:51 -0700] "POST /wp-login.php HTTP/1.1" 200 6461 "https://vanessavaladezrealty.com/wp-login.php" "Mozilla/5.0 (Windows NT 11.0; Win64; x64) AppleWebKit/537.36 (KHTML, like Gecko) Chrome/121.0.0.0 Safari/537.36"
85.11.167.118 - - [05/Jul/2026:08:33:52 -0700] "GET /wp-admin/index.php HTTP/1.1" 302 3793 "https://vanessavaladezrealty.com/wp-login.php" "Mozilla/5.0 (Macintosh; Intel Mac OS X 10_15_7; rv:120.0) Gecko/20100101 Firefox/120.0"
85.11.167.118 - - [05/Jul/2026:08:33:53 -0700] "GET /wp-login.php?redirect_to=https%3A%2F%2Fvanessavaladezrealty.com%2Fwp-admin%2Findex.php&reauth=1 HTTP/1.1" 200 8371 "https://vanessavaladezrealty.com/wp-login.php" "Mozilla/5.0 (Macintosh; Intel Mac OS X 10_15_7; rv:120.0) Gecko/20100101 Firefox/120.0"
182.75.216.230 - - [05/Jul/2026:08:33:56 -0700] "POST /xmlrpc.php HTTP/1.1" 403 4352 "-" "Jetpack by WordPress.com"
85.11.167.118 - - [05/Jul/2026:08:33:55 -0700] "POST /wp-login.php HTTP/1.1" 200 6460 "https://vanessavaladezrealty.com/wp-login.php" "Mozilla/5.0 (X11; Linux x86_64) AppleWebKit/537.36 (KHTML, like Gecko) Chrome/119.0.0.0 Safari/537.36"
85.11.167.118 - - [05/Jul/2026:08:33:56 -0700] "GET /wp-admin/index.php HTTP/1.1" 302 3793 "https://vanessavaladezrealty.com/wp-login.php" "Mozilla/5.0 (Windows NT 10.0; Win64; x64) AppleWebKit/537.36 (KHTML, like Gecko) Chrome/118.0.0.0 Safari/537.36"
85.11.167.118 - - [05/Jul/2026:08:33:57 -0700] "GET /wp-login.php?redirect_to=https%3A%2F%2Fvanessavaladezrealty.com%2Fwp-admin%2Findex.php&reauth=1 HTTP/1.1" 200 8371 "https://vanessavaladezrealty.com/wp-login.php" "Mozilla/5.0 (Windows NT 10.0; Win64; x64) AppleWebKit/537.36 (KHTML, like Gecko) Chrome/118.0.0.0 Safari/537.36"
85.11.167.118 - - [05/Jul/2026:08:33:58 -0700] "POST /wp-login.php HTTP/1.1" 200 6459 "https://vanessavaladezrealty.com/wp-login.php" "Mozilla/5.0 (Macintosh; Intel Mac OS X 13_6_1) AppleWebKit/605.1.15 (KHTML, like Gecko) Version/17.0 Safari/605.1.15"
85.11.167.118 - - [05/Jul/2026:08:33:59 -0700] "GET /wp-admin/index.php HTTP/1.1" 302 3793 "https://vanessavaladezrealty.com/wp-login.php" "Mozilla/5.0 (X11; Ubuntu; Linux x86_64) AppleWebKit/537.36 (KHTML, like Gecko) Chrome/120.0.0.0 Safari/537.36"
85.11.167.118 - - [05/Jul/2026:08:34:01 -0700] "GET /wp-login.php?redirect_to=https%3A%2F%2Fvanessavaladezrealty.com%2Fwp-admin%2Findex.php&reauth=1 HTTP/1.1" 200 8371 "https://vanessavaladezrealty.com/wp-login.php" "Mozilla/5.0 (X11; Ubuntu; Linux x86_64) AppleWebKit/537.36 (KHTML, like Gecko) Chrome/120.0.0.0 Safari/537.36"
85.11.167.118 - - [05/Jul/2026:08:34:02 -0700] "POST /wp-login.php HTTP/1.1" 200 6464 "https://vanessavaladezrealty.com/wp-login.php" "Mozilla/5.0 (Macintosh; Intel Mac OS X 13_6_1) AppleWebKit/605.1.15 (KHTML, like Gecko) Version/16.6 Safari/605.1.15"
85.11.167.118 - - [05/Jul/2026:08:34:03 -0700] "GET /wp-admin/index.php HTTP/1.1" 302 3793 "https://vanessavaladezrealty.com/wp-login.php" "Mozilla/5.0 (X11; Linux x86_64) AppleWebKit/537.36 (KHTML, like Gecko) Chrome/119.0.0.0 Safari/537.36"
