162.254.36.150 - - [05/Jul/2026:11:39:10 -0700] "POST /wp-login.php HTTP/1.1" 200 6467 "https://vanessavaladezrealty.com/wp-login.php" "Mozilla/5.0 (Windows NT 10.0; Win64; x64) AppleWebKit/537.36 (KHTML, like Gecko) Chrome/133.0.0.0 Safari/537.36"
20.226.43.166 - - [05/Jul/2026:11:41:07 -0700] "GET /wp-admin/network/plugins.php HTTP/1.1" 302 3805 "-" "-"
20.226.43.166 - - [05/Jul/2026:11:41:09 -0700] "GET /wp-login.php?redirect_to=https%3A%2F%2Fvanessavaladezrealty.com%2Fwp-admin%2Fnetwork%2Fplugins.php&reauth=1 HTTP/1.1" 200 14159 "-" "-"
35.235.84.95 - - [05/Jul/2026:11:41:51 -0700] "POST /wp-cron.php?doing_wp_cron=1783276911.8088860511779785156250 HTTP/1.1" 200 3587 "-" "WordPress/7.0; https://vanessavaladezrealty.com"
20.233.187.228 - - [05/Jul/2026:11:41:50 -0700] "GET /wp-login.php HTTP/1.1" 200 6366 "-" "Mozilla/5.0 (X11; Linux x86_64) AppleWebKit/537.36 (KHTML, like Gecko) Chrome/133.0.0.0 Safari/537.36"
20.233.187.228 - - [05/Jul/2026:11:41:52 -0700] "POST /wp-login.php HTTP/1.1" 200 6452 "https://vanessavaladezrealty.com/wp-login.php" "Mozilla/5.0 (X11; Linux x86_64) AppleWebKit/537.36 (KHTML, like Gecko) Chrome/133.0.0.0 Safari/537.36"
35.235.84.95 - - [05/Jul/2026:11:46:07 -0700] "POST /wp-cron.php?doing_wp_cron=1783277167.3271920680999755859375 HTTP/1.1" 200 3587 "-" "WordPress/7.0; https://vanessavaladezrealty.com"
67.20.76.238 - - [05/Jul/2026:11:46:06 -0700] "GET /wp-login.php HTTP/1.1" 200 6366 "-" "Mozilla/5.0 (Windows NT 10.0; Win64; x64) AppleWebKit/537.36 (KHTML, like Gecko) Chrome/120.0.0.0 Safari/537.36"
67.20.76.238 - - [05/Jul/2026:11:46:07 -0700] "POST /wp-login.php HTTP/1.1" 200 6467 "https://vanessavaladezrealty.com/wp-login.php" "Mozilla/5.0 (Windows NT 10.0; Win64; x64) AppleWebKit/537.36 (KHTML, like Gecko) Chrome/120.0.0.0 Safari/537.36"
35.235.84.95 - - [05/Jul/2026:11:54:08 -0700] "POST /wp-cron.php?doing_wp_cron=1783277648.2419910430908203125000 HTTP/1.1" 200 3587 "-" "WordPress/7.0; https://vanessavaladezrealty.com"
54.89.90.224 - - [05/Jul/2026:11:54:07 -0700] "GET /properties/149-0-0-0- HTTP/1.1" 301 4134 "-" "Mozilla/5.0 AppleWebKit/537.36 (KHTML, like Gecko; compatible; Amazonbot/0.1; +https://developer.amazon.com/support/amazonbot) Chrome/119.0.6045.214 Safari/537.36"
52.205.141.124 - - [05/Jul/2026:11:54:08 -0700] "GET /properties/149-0-0-0-/ HTTP/1.1" 301 4360 "-" "Mozilla/5.0 AppleWebKit/537.36 (KHTML, like Gecko; compatible; Amazonbot/0.1; +https://developer.amazon.com/support/amazonbot) Chrome/119.0.6045.214 Safari/537.36"
34.224.9.144 - - [05/Jul/2026:11:54:09 -0700] "GET /properties/149-0-0-0-$0 HTTP/1.1" 301 4135 "-" "Mozilla/5.0 AppleWebKit/537.36 (KHTML, like Gecko; compatible; Amazonbot/0.1; +https://developer.amazon.com/support/amazonbot) Chrome/119.0.6045.214 Safari/537.36"
44.221.37.41 - - [05/Jul/2026:11:54:11 -0700] "GET /properties/149-0-0-0-0/ HTTP/1.1" 301 4360 "-" "Mozilla/5.0 AppleWebKit/537.36 (KHTML, like Gecko; compatible; Amazonbot/0.1; +https://developer.amazon.com/support/amazonbot) Chrome/119.0.6045.214 Safari/537.36"
35.235.84.95 - - [05/Jul/2026:11:56:04 -0700] "POST /wp-cron.php?doing_wp_cron=1783277764.7974050045013427734375 HTTP/1.1" 200 3587 "-" "WordPress/7.0; https://vanessavaladezrealty.com"
44.209.187.99 - - [05/Jul/2026:11:56:03 -0700] "GET /author/jarthur/feed/ HTTP/1.1" 200 4977 "-" "Mozilla/5.0 AppleWebKit/537.36 (KHTML, like Gecko; compatible; Amazonbot/0.1; +https://developer.amazon.com/support/amazonbot) Chrome/119.0.6045.214 Safari/537.36"
35.235.84.95 - - [05/Jul/2026:11:56:26 -0700] "POST /wp-cron.php?doing_wp_cron=1783277786.5413930416107177734375 HTTP/1.1" 200 3587 "-" "WordPress/7.0; https://vanessavaladezrealty.com"
69.49.112.74 - - [05/Jul/2026:11:56:25 -0700] "GET /wp-login.php HTTP/1.1" 200 6366 "-" "Mozilla/5.0 (Windows NT 10.0; Win64; x64) AppleWebKit/537.36 (KHTML, like Gecko) Chrome/120.0.0.0 Safari/537.36"
69.49.112.74 - - [05/Jul/2026:11:56:26 -0700] "POST /wp-login.php HTTP/1.1" 200 6452 "https://vanessavaladezrealty.com/wp-login.php" "Mozilla/5.0 (Windows NT 10.0; Win64; x64) AppleWebKit/537.36 (KHTML, like Gecko) Chrome/120.0.0.0 Safari/537.36"
35.235.84.95 - - [05/Jul/2026:12:00:38 -0700] "HEAD / HTTP/1.1" 200 4253 "-" "Mozilla/5.0 (Windows NT 10.0; Win64; x64) AppleWebKit/537.36 (KHTML, like Gecko) Chrome/117.0.0.0 Safari/537.36"
35.235.84.95 - - [05/Jul/2026:12:05:16 -0700] "POST /wp-cron.php?doing_wp_cron=1783278316.9022901058197021484375 HTTP/1.1" 200 3587 "-" "WordPress/7.0; https://vanessavaladezrealty.com"
161.97.129.228 - - [05/Jul/2026:12:05:15 -0700] "GET /wp-login.php HTTP/1.1" 200 6366 "-" "Mozilla/5.0 (Macintosh; Intel Mac OS X 14_7_4) AppleWebKit/537.36 (KHTML, like Gecko) Chrome/133.0.0.0 Safari/537.36"
161.97.129.228 - - [05/Jul/2026:12:05:17 -0700] "POST /wp-login.php HTTP/1.1" 200 6452 "https://vanessavaladezrealty.com/wp-login.php" "Mozilla/5.0 (Macintosh; Intel Mac OS X 14_7_4) AppleWebKit/537.36 (KHTML, like Gecko) Chrome/133.0.0.0 Safari/537.36"
35.235.84.95 - - [05/Jul/2026:12:10:51 -0700] "POST /wp-cron.php?doing_wp_cron=1783278651.5530540943145751953125 HTTP/1.1" 200 3587 "-" "WordPress/7.0; https://vanessavaladezrealty.com"
35.235.84.95 - - [05/Jul/2026:12:10:52 -0700] "POST /wp-cron.php?doing_wp_cron=1783278652.4152510166168212890625 HTTP/1.1" 200 3587 "-" "WordPress/7.0; https://vanessavaladezrealty.com"
181.118.53.107 - - [05/Jul/2026:12:10:50 -0700] "GET /properties/123-Residential-3740-Thomas-Patrick-Avenue-3-Rooms-3-Bedrooms-3-Bathrooms-USD330-000/ HTTP/1.1" 200 35577 "-" "Mozilla/5.0 (Windows NT 10.0; WOW64) AppleWebKit/537.36 (KHTML, like Gecko) Chrome/75.0.3770.100 Safari/537.36"
35.235.84.95 - - [05/Jul/2026:12:15:10 -0700] "POST /wp-cron.php?doing_wp_cron=1783278910.8916449546813964843750 HTTP/1.1" 200 3587 "-" "WordPress/7.0; https://vanessavaladezrealty.com"
135.125.45.146 - - [05/Jul/2026:12:15:09 -0700] "GET /wp-login.php HTTP/1.1" 200 6366 "-" "Mozilla/5.0 (Windows NT 10.0; Win64; x64) AppleWebKit/537.36 (KHTML, like Gecko) Chrome/120.0.0.0 Safari/537.36"
135.125.45.146 - - [05/Jul/2026:12:15:11 -0700] "POST /wp-login.php HTTP/1.1" 200 6452 "https://vanessavaladezrealty.com/wp-login.php" "Mozilla/5.0 (Windows NT 10.0; Win64; x64) AppleWebKit/537.36 (KHTML, like Gecko) Chrome/120.0.0.0 Safari/537.36"
212.47.136.122 - - [05/Jul/2026:12:15:33 -0700] "GET /properties/?wplpage=4 HTTP/1.1" 200 32856 "-" "Mozilla/5.0 (Macintosh; Intel Mac OS X 10_15_2) AppleWebKit/537.36 (KHTML, like Gecko) Chrome/98.0.4758.80 Safari/537.36"
170.106.110.146 - - [05/Jul/2026:12:20:44 -0700] "GET / HTTP/1.1" 200 38351 "http://www.vanessavaladezrealty.com" "Mozilla/5.0 (iPhone; CPU iPhone OS 13_2_3 like Mac OS X) AppleWebKit/605.1.15 (KHTML, like Gecko) Version/13.0.3 Mobile/15E148 Safari/604.1"
35.235.84.95 - - [05/Jul/2026:12:24:04 -0700] "POST /wp-cron.php?doing_wp_cron=1783279444.9330699443817138671875 HTTP/1.1" 200 3587 "-" "WordPress/7.0; https://vanessavaladezrealty.com"
157.66.26.183 - - [05/Jul/2026:12:24:03 -0700] "GET /wp-login.php HTTP/1.1" 200 6366 "-" "Mozilla/5.0 (Macintosh; Intel Mac OS X 14_7_4) AppleWebKit/537.36 (KHTML, like Gecko) Chrome/133.0.0.0 Safari/537.36"
157.66.26.183 - - [05/Jul/2026:12:24:05 -0700] "POST /wp-login.php HTTP/1.1" 200 6467 "https://vanessavaladezrealty.com/wp-login.php" "Mozilla/5.0 (Macintosh; Intel Mac OS X 14_7_4) AppleWebKit/537.36 (KHTML, like Gecko) Chrome/133.0.0.0 Safari/537.36"
14.179.47.151 - - [05/Jul/2026:12:24:37 -0700] "GET /properties/vanessavaladez/tel:7027760711/tel:7027760711/tel:7027760711/tel:7027760711/tel:7027760711/tel:7027760711/?wplpage=3 HTTP/1.1" 200 32807 "-" "Mozilla/5.0 (Windows NT 10.0; Win64; x64) AppleWebKit/537.36 (KHTML, like Gecko) Chrome/101.0.4951.67 Safari/537.36"
35.235.84.95 - - [05/Jul/2026:12:26:24 -0700] "POST /wp-cron.php?doing_wp_cron=1783279584.0059590339660644531250 HTTP/1.1" 200 3587 "-" "WordPress/7.0; https://vanessavaladezrealty.com"
185.70.185.130 - - [05/Jul/2026:12:26:22 -0700] "GET /wp-login.php HTTP/1.1" 200 6366 "-" "Mozilla/5.0 (Macintosh; Intel Mac OS X 10_15_7) AppleWebKit/605.1.15 (KHTML, like Gecko) Version/18.3 Safari/605.1.15"
185.70.185.130 - - [05/Jul/2026:12:26:25 -0700] "POST /wp-login.php HTTP/1.1" 200 6452 "https://vanessavaladezrealty.com/wp-login.php" "Mozilla/5.0 (Macintosh; Intel Mac OS X 10_15_7) AppleWebKit/605.1.15 (KHTML, like Gecko) Version/18.3 Safari/605.1.15"
3.218.103.254 - - [05/Jul/2026:12:29:13 -0700] "GET /wp-json/wp/v2/users/4 HTTP/1.1" 403 4352 "-" "Mozilla/5.0 AppleWebKit/537.36 (KHTML, like Gecko; compatible; Amazonbot/0.1; +https://developer.amazon.com/support/amazonbot) Chrome/119.0.6045.214 Safari/537.36"
35.235.84.95 - - [05/Jul/2026:12:30:54 -0700] "POST /wp-cron.php?doing_wp_cron=1783279854.6588969230651855468750 HTTP/1.1" 200 3587 "-" "WordPress/7.0; https://vanessavaladezrealty.com"
110.249.202.144 - - [05/Jul/2026:12:30:52 -0700] "GET / HTTP/1.1" 200 38347 "-" "Mozilla/5.0 (Linux; Android 5.0) AppleWebKit/537.36 (KHTML, like Gecko) Mobile Safari/537.36 (compatible; Bytespider; https://zhanzhang.toutiao.com/)"
110.249.202.144 - - [05/Jul/2026:12:30:55 -0700] "GET /wp-content/plugins/real-estate-listing-realtyna-wpl/assets/css/frontend.css?ver=7.0 HTTP/1.1" 200 3602 "https://vanessavaladezrealty.com/" "Mozilla/5.0 (Linux; Android 5.0) AppleWebKit/537.36 (KHTML, like Gecko) Mobile Safari/537.36 (compatible; Bytespider; https://zhanzhang.toutiao.com/)"
110.249.202.144 - - [05/Jul/2026:12:30:55 -0700] "GET /wp-content/themes/astra/assets/css/minified/frontend.min.css?ver=4.12.5 HTTP/1.1" 200 3587 "https://vanessavaladezrealty.com/" "Mozilla/5.0 (Linux; Android 5.0) AppleWebKit/537.36 (KHTML, like Gecko) Mobile Safari/537.36 (compatible; Bytespider; https://zhanzhang.toutiao.com/)"
110.249.202.144 - - [05/Jul/2026:12:30:55 -0700] "GET /wp-content/themes/astra-child/style.css?ver=1.0.0 HTTP/1.1" 200 3566 "https://vanessavaladezrealty.com/" "Mozilla/5.0 (Linux; Android 5.0) AppleWebKit/537.36 (KHTML, like Gecko) Mobile Safari/537.36 (compatible; Bytespider; https://zhanzhang.toutiao.com/)"
110.249.202.144 - - [05/Jul/2026:12:30:55 -0700] "GET /wp-content/plugins/wpforms-lite/assets/css/frontend/classic/wpforms-base.min.css?ver=1.10.0.2 HTTP/1.1" 200 3607 "https://vanessavaladezrealty.com/" "Mozilla/5.0 (Linux; Android 5.0) AppleWebKit/537.36 (KHTML, like Gecko) Mobile Safari/537.36 (compatible; Bytespider; https://zhanzhang.toutiao.com/)"
110.249.202.144 - - [05/Jul/2026:12:30:55 -0700] "GET /wp-content/plugins/elementor/assets/lib/eicons/css/elementor-icons.min.css?ver=5.47.0 HTTP/1.1" 200 3601 "https://vanessavaladezrealty.com/" "Mozilla/5.0 (Linux; Android 5.0) AppleWebKit/537.36 (KHTML, like Gecko) Mobile Safari/537.36 (compatible; Bytespider; https://zhanzhang.toutiao.com/)"
110.249.202.144 - - [05/Jul/2026:12:30:55 -0700] "GET /wp-content/plugins/elementor/assets/css/widget-video.min.css?ver=3.35.7 HTTP/1.1" 200 3587 "https://vanessavaladezrealty.com/" "Mozilla/5.0 (Linux; Android 5.0) AppleWebKit/537.36 (KHTML, like Gecko) Mobile Safari/537.36 (compatible; Bytespider; https://zhanzhang.toutiao.com/)"
110.249.202.144 - - [05/Jul/2026:12:30:55 -0700] "GET /wp-content/uploads/elementor/css/post-386.css?ver=1774535618 HTTP/1.1" 200 3572 "https://vanessavaladezrealty.com/" "Mozilla/5.0 (Linux; Android 5.0) AppleWebKit/537.36 (KHTML, like Gecko) Mobile Safari/537.36 (compatible; Bytespider; https://zhanzhang.toutiao.com/)"
110.249.202.144 - - [05/Jul/2026:12:30:55 -0700] "GET /wp-content/plugins/elementor/assets/lib/font-awesome/css/fontawesome.min.css?ver=5.15.3 HTTP/1.1" 200 3603 "https://vanessavaladezrealty.com/" "Mozilla/5.0 (Linux; Android 5.0) AppleWebKit/537.36 (KHTML, like Gecko) Mobile Safari/537.36 (compatible; Bytespider; https://zhanzhang.toutiao.com/)"
110.249.202.144 - - [05/Jul/2026:12:30:55 -0700] "GET /wp-content/plugins/elementor/assets/css/widget-divider.min.css?ver=3.35.7 HTTP/1.1" 200 3589 "https://vanessavaladezrealty.com/" "Mozilla/5.0 (Linux; Android 5.0) AppleWebKit/537.36 (KHTML, like Gecko) Mobile Safari/537.36 (compatible; Bytespider; https://zhanzhang.toutiao.com/)"
110.249.202.144 - - [05/Jul/2026:12:30:55 -0700] "GET /wp-includes/js/jquery/jquery-migrate.min.js?ver=3.4.1 HTTP/1.1" 200 3577 "https://vanessavaladezrealty.com/" "Mozilla/5.0 (Linux; Android 5.0) AppleWebKit/537.36 (KHTML, like Gecko) Mobile Safari/537.36 (compatible; Bytespider; https://zhanzhang.toutiao.com/)"
110.249.202.144 - - [05/Jul/2026:12:30:55 -0700] "GET /wp-includes/js/jquery/jquery.min.js?ver=3.7.1 HTTP/1.1" 200 3569 "https://vanessavaladezrealty.com/" "Mozilla/5.0 (Linux; Android 5.0) AppleWebKit/537.36 (KHTML, like Gecko) Mobile Safari/537.36 (compatible; Bytespider; https://zhanzhang.toutiao.com/)"
110.249.202.144 - - [05/Jul/2026:12:30:55 -0700] "GET /wp-content/plugins/elementor/assets/css/frontend.min.css?ver=3.35.7 HTTP/1.1" 200 3583 "https://vanessavaladezrealty.com/" "Mozilla/5.0 (Linux; Android 5.0) AppleWebKit/537.36 (KHTML, like Gecko) Mobile Safari/537.36 (compatible; Bytespider; https://zhanzhang.toutiao.com/)"
110.249.202.144 - - [05/Jul/2026:12:30:55 -0700] "GET /wp-content/plugins/elementor/assets/css/widget-image.min.css?ver=3.35.7 HTTP/1.1" 200 3758 "https://vanessavaladezrealty.com/" "Mozilla/5.0 (Linux; Android 5.0) AppleWebKit/537.36 (KHTML, like Gecko) Mobile Safari/537.36 (compatible; Bytespider; https://zhanzhang.toutiao.com/)"
110.249.202.144 - - [05/Jul/2026:12:30:55 -0700] "GET /wp-content/plugins/elementor/assets/lib/font-awesome/css/v4-shims.min.css?ver=3.35.7 HTTP/1.1" 200 3600 "https://vanessavaladezrealty.com/" "Mozilla/5.0 (Linux; Android 5.0) AppleWebKit/537.36 (KHTML, like Gecko) Mobile Safari/537.36 (compatible; Bytespider; https://zhanzhang.toutiao.com/)"
110.249.202.144 - - [05/Jul/2026:12:30:55 -0700] "GET /wp-content/plugins/elementor/assets/lib/font-awesome/css/solid.min.css?ver=5.15.3 HTTP/1.1" 200 3933 "https://vanessavaladezrealty.com/" "Mozilla/5.0 (Linux; Android 5.0) AppleWebKit/537.36 (KHTML, like Gecko) Mobile Safari/537.36 (compatible; Bytespider; https://zhanzhang.toutiao.com/)"
110.249.202.144 - - [05/Jul/2026:12:30:55 -0700] "GET /wp-content/plugins/real-estate-listing-realtyna-wpl/assets/js/libraries/wpl.handlebars.min.js?ver=7.0 HTTP/1.1" 200 3627 "https://vanessavaladezrealty.com/" "Mozilla/5.0 (Linux; Android 5.0) AppleWebKit/537.36 (KHTML, like Gecko) Mobile Safari/537.36 (compatible; Bytespider; https://zhanzhang.toutiao.com/)"
110.249.202.144 - - [05/Jul/2026:12:30:55 -0700] "GET /wp-content/plugins/elementor/assets/css/widget-heading.min.css?ver=3.35.7 HTTP/1.1" 200 3784 "https://vanessavaladezrealty.com/" "Mozilla/5.0 (Linux; Android 5.0) AppleWebKit/537.36 (KHTML, like Gecko) Mobile Safari/537.36 (compatible; Bytespider; https://zhanzhang.toutiao.com/)"
110.249.202.144 - - [05/Jul/2026:12:30:55 -0700] "GET /wp-content/plugins/elementor/assets/css/widget-icon-list.min.css?ver=3.35.7 HTTP/1.1" 200 3591 "https://vanessavaladezrealty.com/" "Mozilla/5.0 (Linux; Android 5.0) AppleWebKit/537.36 (KHTML, like Gecko) Mobile Safari/537.36 (compatible; Bytespider; https://zhanzhang.toutiao.com/)"
110.249.202.144 - - [05/Jul/2026:12:30:55 -0700] "GET /wp-content/plugins/elementor/assets/css/widget-spacer.min.css?ver=3.35.7 HTTP/1.1" 200 3588 "https://vanessavaladezrealty.com/" "Mozilla/5.0 (Linux; Android 5.0) AppleWebKit/537.36 (KHTML, like Gecko) Mobile Safari/537.36 (compatible; Bytespider; https://zhanzhang.toutiao.com/)"
110.249.202.144 - - [05/Jul/2026:12:30:55 -0700] "GET /wp-content/uploads/elementor/css/post-1295.css?ver=1774535618 HTTP/1.1" 200 3573 "https://vanessavaladezrealty.com/" "Mozilla/5.0 (Linux; Android 5.0) AppleWebKit/537.36 (KHTML, like Gecko) Mobile Safari/537.36 (compatible; Bytespider; https://zhanzhang.toutiao.com/)"
110.249.202.144 - - [05/Jul/2026:12:30:55 -0700] "GET /wp-content/plugins/real-estate-listing-realtyna-wpl/assets/js/frontend.min.js?ver=7.0 HTTP/1.1" 200 3611 "https://vanessavaladezrealty.com/" "Mozilla/5.0 (Linux; Android 5.0) AppleWebKit/537.36 (KHTML, like Gecko) Mobile Safari/537.36 (compatible; Bytespider; https://zhanzhang.toutiao.com/)"
110.249.202.144 - - [05/Jul/2026:12:30:55 -0700] "GET /wp-content/plugins/elementor/assets/lib/font-awesome/css/all.min.css?ver=3.35.7 HTTP/1.1" 200 3595 "https://vanessavaladezrealty.com/" "Mozilla/5.0 (Linux; Android 5.0) AppleWebKit/537.36 (KHTML, like Gecko) Mobile Safari/537.36 (compatible; Bytespider; https://zhanzhang.toutiao.com/)"
110.249.202.144 - - [05/Jul/2026:12:30:55 -0700] "GET /wp-content/themes/astra/assets/js/minified/flexibility.min.js?ver=4.12.5 HTTP/1.1" 200 3595 "https://vanessavaladezrealty.com/" "Mozilla/5.0 (Linux; Android 5.0) AppleWebKit/537.36 (KHTML, like Gecko) Mobile Safari/537.36 (compatible; Bytespider; https://zhanzhang.toutiao.com/)"
110.249.202.144 - - [05/Jul/2026:12:30:55 -0700] "GET /wp-content/plugins/elementor/assets/lib/font-awesome/js/v4-shims.min.js?ver=3.35.7 HTTP/1.1" 200 3605 "https://vanessavaladezrealty.com/" "Mozilla/5.0 (Linux; Android 5.0) AppleWebKit/537.36 (KHTML, like Gecko) Mobile Safari/537.36 (compatible; Bytespider; https://zhanzhang.toutiao.com/)"
110.249.202.144 - - [05/Jul/2026:12:30:55 -0700] "GET /wp-content/uploads/2021/12/cropped-cropped-Vanessa_Valadez_Logo-removebg-preview-5-e1731966880265.png HTTP/1.1" 200 3629 "https://vanessavaladezrealty.com/" "Mozilla/5.0 (Linux; Android 5.0) AppleWebKit/537.36 (KHTML, like Gecko) Mobile Safari/537.36 (compatible; Bytespider; https://zhanzhang.toutiao.com/)"
110.249.202.144 - - [05/Jul/2026:12:30:55 -0700] "GET /wp-content/uploads/2024/08/FullSizeRender_copy-e1723560225906.jpg HTTP/1.1" 200 3594 "https://vanessavaladezrealty.com/" "Mozilla/5.0 (Linux; Android 5.0) AppleWebKit/537.36 (KHTML, like Gecko) Mobile Safari/537.36 (compatible; Bytespider; https://zhanzhang.toutiao.com/)"
110.249.202.144 - - [05/Jul/2026:12:30:56 -0700] "GET /wp-content/uploads/2021/12/Publication1-removebg-preview-5.png HTTP/1.1" 200 3590 "https://vanessavaladezrealty.com/" "Mozilla/5.0 (Linux; Android 5.0) AppleWebKit/537.36 (KHTML, like Gecko) Mobile Safari/537.36 (compatible; Bytespider; https://zhanzhang.toutiao.com/)"
110.249.202.144 - - [05/Jul/2026:12:30:56 -0700] "GET /wp-content/themes/astra/assets/js/minified/frontend.min.js?ver=4.12.5 HTTP/1.1" 200 3592 "https://vanessavaladezrealty.com/" "Mozilla/5.0 (Linux; Android 5.0) AppleWebKit/537.36 (KHTML, like Gecko) Mobile Safari/537.36 (compatible; Bytespider; https://zhanzhang.toutiao.com/)"
110.249.202.144 - - [05/Jul/2026:12:30:56 -0700] "GET /wp-includes/js/jquery/ui/mouse.min.js?ver=1.13.3 HTTP/1.1" 200 3571 "https://vanessavaladezrealty.com/" "Mozilla/5.0 (Linux; Android 5.0) AppleWebKit/537.36 (KHTML, like Gecko) Mobile Safari/537.36 (compatible; Bytespider; https://zhanzhang.toutiao.com/)"
110.249.202.144 - - [05/Jul/2026:12:30:56 -0700] "GET /wp-includes/js/jquery/ui/core.min.js?ver=1.13.3 HTTP/1.1" 200 3570 "https://vanessavaladezrealty.com/" "Mozilla/5.0 (Linux; Android 5.0) AppleWebKit/537.36 (KHTML, like Gecko) Mobile Safari/537.36 (compatible; Bytespider; https://zhanzhang.toutiao.com/)"
110.249.202.144 - - [05/Jul/2026:12:30:56 -0700] "GET /wp-includes/js/jquery/ui/sortable.min.js?ver=1.13.3 HTTP/1.1" 200 3574 "https://vanessavaladezrealty.com/" "Mozilla/5.0 (Linux; Android 5.0) AppleWebKit/537.36 (KHTML, like Gecko) Mobile Safari/537.36 (compatible; Bytespider; https://zhanzhang.toutiao.com/)"
110.249.202.144 - - [05/Jul/2026:12:30:56 -0700] "GET /wp-includes/js/dist/dom-ready.min.js?ver=a06281ae5cf5500e9317 HTTP/1.1" 200 4077 "https://vanessavaladezrealty.com/" "Mozilla/5.0 (Linux; Android 5.0) AppleWebKit/537.36 (KHTML, like Gecko) Mobile Safari/537.36 (compatible; Bytespider; https://zhanzhang.toutiao.com/)"
110.249.202.144 - - [05/Jul/2026:12:30:56 -0700] "GET /wp-content/plugins/real-estate-listing-realtyna-wpl/assets/js/libraries/realtyna/realtyna.min.js?ver=7.0 HTTP/1.1" 200 3630 "https://vanessavaladezrealty.com/" "Mozilla/5.0 (Linux; Android 5.0) AppleWebKit/537.36 (KHTML, like Gecko) Mobile Safari/537.36 (compatible; Bytespider; https://zhanzhang.toutiao.com/)"
110.249.202.144 - - [05/Jul/2026:12:30:56 -0700] "GET /wp-content/uploads/2021/12/bg-01-free-img.jpg HTTP/1.1" 200 3574 "https://vanessavaladezrealty.com/wp-content/uploads/elementor/css/post-1295.css?ver=1774535618" "Mozilla/5.0 (Linux; Android 5.0) AppleWebKit/537.36 (KHTML, like Gecko) Mobile Safari/537.36 (compatible; Bytespider; https://zhanzhang.toutiao.com/)"
110.249.202.144 - - [05/Jul/2026:12:30:56 -0700] "GET /wp-content/plugins/elementor/assets/js/webpack.runtime.min.js?ver=3.35.7 HTTP/1.1" 200 3595 "https://vanessavaladezrealty.com/" "Mozilla/5.0 (Linux; Android 5.0) AppleWebKit/537.36 (KHTML, like Gecko) Mobile Safari/537.36 (compatible; Bytespider; https://zhanzhang.toutiao.com/)"
110.249.202.144 - - [05/Jul/2026:12:30:56 -0700] "GET /wp-content/plugins/wpforms-lite/assets/lib/jquery.validate.min.js?ver=1.21.0 HTTP/1.1" 200 3599 "https://vanessavaladezrealty.com/" "Mozilla/5.0 (Linux; Android 5.0) AppleWebKit/537.36 (KHTML, like Gecko) Mobile Safari/537.36 (compatible; Bytespider; https://zhanzhang.toutiao.com/)"
110.249.202.144 - - [05/Jul/2026:12:30:56 -0700] "GET /wp-content/plugins/astra-sites/inc/lib/onboarding/assets/dist/template-preview/main.js?ver=09382f635556bec359b3 HTTP/1.1" 200 3620 "https://vanessavaladezrealty.com/" "Mozilla/5.0 (Linux; Android 5.0) AppleWebKit/537.36 (KHTML, like Gecko) Mobile Safari/537.36 (compatible; Bytespider; https://zhanzhang.toutiao.com/)"
110.249.202.144 - - [05/Jul/2026:12:30:56 -0700] "GET /wp-content/plugins/elementor/assets/js/frontend.min.js?ver=3.35.7 HTTP/1.1" 200 3588 "https://vanessavaladezrealty.com/" "Mozilla/5.0 (Linux; Android 5.0) AppleWebKit/537.36 (KHTML, like Gecko) Mobile Safari/537.36 (compatible; Bytespider; https://zhanzhang.toutiao.com/)"
110.249.202.144 - - [05/Jul/2026:12:30:56 -0700] "GET /wp-content/plugins/wpforms-lite/assets/lib/mailcheck.min.js?ver=1.1.2 HTTP/1.1" 200 3593 "https://vanessavaladezrealty.com/" "Mozilla/5.0 (Linux; Android 5.0) AppleWebKit/537.36 (KHTML, like Gecko) Mobile Safari/537.36 (compatible; Bytespider; https://zhanzhang.toutiao.com/)"
110.249.202.144 - - [05/Jul/2026:12:30:56 -0700] "GET /wp-content/plugins/wpforms-lite/assets/js/share/utils.min.js?ver=1.10.0.2 HTTP/1.1" 200 3594 "https://vanessavaladezrealty.com/" "Mozilla/5.0 (Linux; Android 5.0) AppleWebKit/537.36 (KHTML, like Gecko) Mobile Safari/537.36 (compatible; Bytespider; https://zhanzhang.toutiao.com/)"
110.249.202.144 - - [05/Jul/2026:12:30:56 -0700] "GET /wp-content/plugins/elementor/assets/js/frontend-modules.min.js?ver=3.35.7 HTTP/1.1" 200 3596 "https://vanessavaladezrealty.com/" "Mozilla/5.0 (Linux; Android 5.0) AppleWebKit/537.36 (KHTML, like Gecko) Mobile Safari/537.36 (compatible; Bytespider; https://zhanzhang.toutiao.com/)"
110.249.202.144 - - [05/Jul/2026:12:30:56 -0700] "GET /wp-content/plugins/wpforms-lite/assets/lib/punycode.min.js?ver=1.0.0 HTTP/1.1" 200 3592 "https://vanessavaladezrealty.com/" "Mozilla/5.0 (Linux; Android 5.0) AppleWebKit/537.36 (KHTML, like Gecko) Mobile Safari/537.36 (compatible; Bytespider; https://zhanzhang.toutiao.com/)"
110.249.202.144 - - [05/Jul/2026:12:30:56 -0700] "GET /wp-content/plugins/wpforms-lite/assets/js/frontend/wpforms.min.js?ver=1.10.0.2 HTTP/1.1" 200 3599 "https://vanessavaladezrealty.com/" "Mozilla/5.0 (Linux; Android 5.0) AppleWebKit/537.36 (KHTML, like Gecko) Mobile Safari/537.36 (compatible; Bytespider; https://zhanzhang.toutiao.com/)"
110.249.202.144 - - [05/Jul/2026:12:30:56 -0700] "GET /wp-content/plugins/wpforms-lite/assets/js/frontend/fields/address.min.js?ver=1.10.0.2 HTTP/1.1" 200 3606 "https://vanessavaladezrealty.com/" "Mozilla/5.0 (Linux; Android 5.0) AppleWebKit/537.36 (KHTML, like Gecko) Mobile Safari/537.36 (compatible; Bytespider; https://zhanzhang.toutiao.com/)"
110.249.202.144 - - [05/Jul/2026:12:30:57 -0700] "GET /wp-content/uploads/2024/11/IMG_2701.jpg HTTP/1.1" 200 3568 "https://vanessavaladezrealty.com/" "Mozilla/5.0 (Linux; Android 5.0) AppleWebKit/537.36 (KHTML, like Gecko) Mobile Safari/537.36 (compatible; Bytespider; https://zhanzhang.toutiao.com/)"
110.249.202.144 - - [05/Jul/2026:12:30:57 -0700] "GET /wp-content/uploads/2020/01/estate-living-window.jpg HTTP/1.1" 200 3580 "https://vanessavaladezrealty.com/wp-content/uploads/elementor/css/post-1295.css?ver=1774535618" "Mozilla/5.0 (Linux; Android 5.0) AppleWebKit/537.36 (KHTML, like Gecko) Mobile Safari/537.36 (compatible; Bytespider; https://zhanzhang.toutiao.com/)"
110.249.202.144 - - [05/Jul/2026:12:30:57 -0700] "GET /wp-content/uploads/2024/08/FullSizeRender_copy-e1723560225906.jpg HTTP/1.1" 200 3594 "https://vanessavaladezrealty.com/" "Mozilla/5.0 (Linux; Android 5.0) AppleWebKit/537.36 (KHTML, like Gecko) Mobile Safari/537.36 (compatible; Bytespider; https://zhanzhang.toutiao.com/)"
110.249.202.144 - - [05/Jul/2026:12:30:57 -0700] "GET /wp-content/uploads/2024/11/Untitled-design-2024-11-19T092334.958.png HTTP/1.1" 200 3596 "https://vanessavaladezrealty.com/" "Mozilla/5.0 (Linux; Android 5.0) AppleWebKit/537.36 (KHTML, like Gecko) Mobile Safari/537.36 (compatible; Bytespider; https://zhanzhang.toutiao.com/)"
110.249.202.144 - - [05/Jul/2026:12:30:57 -0700] "GET /wp-content/uploads/2020/01/estate-pool.jpg HTTP/1.1" 200 3571 "https://vanessavaladezrealty.com/wp-content/uploads/elementor/css/post-1295.css?ver=1774535618" "Mozilla/5.0 (Linux; Android 5.0) AppleWebKit/537.36 (KHTML, like Gecko) Mobile Safari/537.36 (compatible; Bytespider; https://zhanzhang.toutiao.com/)"
110.249.202.144 - - [05/Jul/2026:12:30:57 -0700] "GET /wp-content/uploads/2024/11/IMG_1994.jpg HTTP/1.1" 200 3568 "https://vanessavaladezrealty.com/" "Mozilla/5.0 (Linux; Android 5.0) AppleWebKit/537.36 (KHTML, like Gecko) Mobile Safari/537.36 (compatible; Bytespider; https://zhanzhang.toutiao.com/)"
111.225.149.7 - - [05/Jul/2026:12:30:55 -0700] "GET /robots.txt HTTP/1.1" 200 4273 "-" "Mozilla/5.0 (Linux; Android 5.0) AppleWebKit/537.36 (KHTML, like Gecko) Mobile Safari/537.36 (compatible; Bytespider; https://zhanzhang.toutiao.com/)"
110.249.202.144 - - [05/Jul/2026:12:30:57 -0700] "GET /wp-content/plugins/real-estate-listing-realtyna-wpl/assets/js/js_inline.html HTTP/1.1" 200 3604 "https://vanessavaladezrealty.com/" "Mozilla/5.0 (Linux; Android 5.0) AppleWebKit/537.36 (KHTML, like Gecko) Mobile Safari/537.36 (compatible; Bytespider; https://zhanzhang.toutiao.com/)"
110.249.202.144 - - [05/Jul/2026:12:30:57 -0700] "GET /wp-content/uploads/2024/08/FullSizeRender_copy-e1723560225906.jpg HTTP/1.1" 200 3594 "https://vanessavaladezrealty.com/" "Mozilla/5.0 (Linux; Android 5.0) AppleWebKit/537.36 (KHTML, like Gecko) Mobile Safari/537.36 (compatible; Bytespider; https://zhanzhang.toutiao.com/)"
110.249.202.144 - - [05/Jul/2026:12:30:57 -0700] "GET /wp-content/plugins/elementor/assets/js/video.86d44e46e43d0807e708.bundle.min.js HTTP/1.1" 200 3613 "https://vanessavaladezrealty.com/" "Mozilla/5.0 (Linux; Android 5.0) AppleWebKit/537.36 (KHTML, like Gecko) Mobile Safari/537.36 (compatible; Bytespider; https://zhanzhang.toutiao.com/)"
110.249.202.144 - - [05/Jul/2026:12:30:57 -0700] "GET /wp-content/plugins/elementor/assets/js/shared-frontend-handlers.03caa53373b56d3bab67.bundle.min.js HTTP/1.1" 200 3632 "https://vanessavaladezrealty.com/" "Mozilla/5.0 (Linux; Android 5.0) AppleWebKit/537.36 (KHTML, like Gecko) Mobile Safari/537.36 (compatible; Bytespider; https://zhanzhang.toutiao.com/)"
110.249.202.144 - - [05/Jul/2026:12:30:57 -0700] "GET /wp-content/plugins/elementor/assets/js/section-frontend-handlers.d85ab872da118940910d.bundle.min.js HTTP/1.1" 200 3900 "https://vanessavaladezrealty.com/" "Mozilla/5.0 (Linux; Android 5.0) AppleWebKit/537.36 (KHTML, like Gecko) Mobile Safari/537.36 (compatible; Bytespider; https://zhanzhang.toutiao.com/)"
110.249.202.144 - - [05/Jul/2026:12:30:57 -0700] "GET /wp-content/plugins/elementor/assets/js/text-editor.45609661e409413f1cef.bundle.min.js HTTP/1.1" 200 3619 "https://vanessavaladezrealty.com/" "Mozilla/5.0 (Linux; Android 5.0) AppleWebKit/537.36 (KHTML, like Gecko) Mobile Safari/537.36 (compatible; Bytespider; https://zhanzhang.toutiao.com/)"
110.249.202.144 - - [05/Jul/2026:12:30:57 -0700] "GET /wp-content/uploads/2020/01/estate-pool.jpg HTTP/1.1" 200 3571 "https://vanessavaladezrealty.com/wp-content/uploads/elementor/css/post-1295.css?ver=1774535618" "Mozilla/5.0 (Linux; Android 5.0) AppleWebKit/537.36 (KHTML, like Gecko) Mobile Safari/537.36 (compatible; Bytespider; https://zhanzhang.toutiao.com/)"
110.249.202.144 - - [05/Jul/2026:12:30:57 -0700] "GET /wp-content/uploads/2020/01/estate-living-window.jpg HTTP/1.1" 200 3580 "https://vanessavaladezrealty.com/wp-content/uploads/elementor/css/post-1295.css?ver=1774535618" "Mozilla/5.0 (Linux; Android 5.0) AppleWebKit/537.36 (KHTML, like Gecko) Mobile Safari/537.36 (compatible; Bytespider; https://zhanzhang.toutiao.com/)"
110.249.202.144 - - [05/Jul/2026:12:30:58 -0700] "GET /wp-content/uploads/2020/01/estate-living-window.jpg HTTP/1.1" 200 3580 "https://vanessavaladezrealty.com/wp-content/uploads/elementor/css/post-1295.css?ver=1774535618" "Mozilla/5.0 (Linux; Android 5.0) AppleWebKit/537.36 (KHTML, like Gecko) Mobile Safari/537.36 (compatible; Bytespider; https://zhanzhang.toutiao.com/)"
110.249.202.144 - - [05/Jul/2026:12:30:58 -0700] "GET /wp-content/uploads/2020/01/estate-pool.jpg HTTP/1.1" 200 3571 "https://vanessavaladezrealty.com/wp-content/uploads/elementor/css/post-1295.css?ver=1774535618" "Mozilla/5.0 (Linux; Android 5.0) AppleWebKit/537.36 (KHTML, like Gecko) Mobile Safari/537.36 (compatible; Bytespider; https://zhanzhang.toutiao.com/)"
35.235.84.95 - - [05/Jul/2026:12:31:58 -0700] "POST /wp-cron.php?doing_wp_cron=1783279918.0849800109863281250000 HTTP/1.1" 200 3587 "-" "WordPress/7.0; https://vanessavaladezrealty.com"
135.125.45.146 - - [05/Jul/2026:12:31:56 -0700] "GET /wp-login.php HTTP/1.1" 200 6366 "-" "Mozilla/5.0 (Windows NT 10.0; Win64; x64) AppleWebKit/537.36 (KHTML, like Gecko) Chrome/120.0.0.0 Safari/537.36"
135.125.45.146 - - [05/Jul/2026:12:31:58 -0700] "POST /wp-login.php HTTP/1.1" 200 6452 "https://vanessavaladezrealty.com/wp-login.php" "Mozilla/5.0 (Windows NT 10.0; Win64; x64) AppleWebKit/537.36 (KHTML, like Gecko) Chrome/120.0.0.0 Safari/537.36"
35.235.84.95 - - [05/Jul/2026:12:35:08 -0700] "POST /wp-cron.php?doing_wp_cron=1783280108.0599520206451416015625 HTTP/1.1" 200 3587 "-" "WordPress/7.0; https://vanessavaladezrealty.com"
185.56.171.119 - - [05/Jul/2026:12:35:06 -0700] "GET /wp-login.php HTTP/1.1" 200 6366 "-" "Mozilla/5.0 (Windows NT 10.0) AppleWebKit/537.36 (KHTML, like Gecko) Chrome/133.0.0.0 Safari/537.36"
185.56.171.119 - - [05/Jul/2026:12:35:08 -0700] "POST /wp-login.php HTTP/1.1" 200 6467 "https://vanessavaladezrealty.com/wp-login.php" "Mozilla/5.0 (Windows NT 10.0) AppleWebKit/537.36 (KHTML, like Gecko) Chrome/133.0.0.0 Safari/537.36"
35.235.84.95 - - [05/Jul/2026:12:38:54 -0700] "POST /wp-cron.php?doing_wp_cron=1783280334.2400779724121093750000 HTTP/1.1" 200 3587 "-" "WordPress/7.0; https://vanessavaladezrealty.com"
103.75.185.95 - - [05/Jul/2026:12:38:52 -0700] "GET /wp-login.php HTTP/1.1" 200 6366 "-" "Mozilla/5.0 (Windows NT 10.0) AppleWebKit/537.36 (KHTML, like Gecko) Chrome/133.0.0.0 Safari/537.36"
103.75.185.95 - - [05/Jul/2026:12:38:54 -0700] "POST /wp-login.php HTTP/1.1" 200 6467 "https://vanessavaladezrealty.com/wp-login.php" "Mozilla/5.0 (Windows NT 10.0) AppleWebKit/537.36 (KHTML, like Gecko) Chrome/133.0.0.0 Safari/537.36"
114.119.140.206 - - [05/Jul/2026:12:39:32 -0700] "GET /properties?wplview=property_show&pid=120 HTTP/1.1" 301 4153 "https://vanessavaladezrealty.com/properties?wplview=property_show&pid=120" "Mozilla/5.0 (Linux; Android 7.0;) AppleWebKit/537.36 (HTML, like Gecko) Mobile Safari/537.36 (compatible; PetalBot;+https://webmaster.petalsearch.com/site/petalbot)"
114.119.140.206 - - [05/Jul/2026:12:39:34 -0700] "GET /properties/?wplview=property_show&pid=120 HTTP/1.1" 200 33264 "https://vanessavaladezrealty.com/properties?wplview=property_show&pid=120" "Mozilla/5.0 (Linux; Android 7.0;) AppleWebKit/537.36 (HTML, like Gecko) Mobile Safari/537.36 (compatible; PetalBot;+https://webmaster.petalsearch.com/site/petalbot)"
176.105.196.140 - - [05/Jul/2026:12:41:03 -0700] "GET /properties/104-Residential-10001-Peace-Way-1186-7-Rooms-3-Bedrooms-2-Bathrooms-USD349-999/ HTTP/1.1" 200 36151 "-" "Mozilla/5.0 (Windows NT 10.0; Win64; x64) AppleWebKit/537.36 (KHTML, like Gecko) Chrome/90.0.4430.41 Safari/537.36"
91.92.42.40 - - [05/Jul/2026:12:41:35 -0700] "GET /wp-admin/ HTTP/1.1" 302 3784 "-" "Mozilla/5.0 (Windows NT 10.0; Win64; x64) AppleWebKit/537.36 (KHTML, like Gecko) Chrome/116.0.0.0 Safari/537.36"
91.92.42.40 - - [05/Jul/2026:12:41:36 -0700] "GET /wp-login.php?redirect_to=https%3A%2F%2Fvanessavaladezrealty.com%2Fwp-admin%2F&reauth=1 HTTP/1.1" 200 8367 "-" "Mozilla/5.0 (Windows NT 10.0; Win64; x64) AppleWebKit/537.36 (KHTML, like Gecko) Chrome/116.0.0.0 Safari/537.36"
155.94.233.106 - - [05/Jul/2026:12:41:52 -0700] "GET /author/admin_wyj7ruvs/ HTTP/1.1" 200 22062 "-" "Mozilla/5.0 (Windows NT 10.0; Win64; x64) AppleWebKit/537.36 (KHTML, like Gecko) Chrome/91.0.4472.124 Safari/537.36"
35.235.84.95 - - [05/Jul/2026:12:44:03 -0700] "POST /wp-cron.php?doing_wp_cron=1783280642.9833920001983642578125 HTTP/1.1" 200 3587 "-" "WordPress/7.0; https://vanessavaladezrealty.com"
58.186.150.51 - - [05/Jul/2026:12:44:01 -0700] "GET /wp-login.php HTTP/1.1" 200 6366 "-" "Mozilla/5.0 (Windows NT 10.0; Win64; x64) AppleWebKit/537.36 (KHTML, like Gecko) Chrome/120.0.0.0 Safari/537.36"
58.186.150.51 - - [05/Jul/2026:12:44:03 -0700] "POST /wp-login.php HTTP/1.1" 200 6452 "https://vanessavaladezrealty.com/wp-login.php" "Mozilla/5.0 (Windows NT 10.0; Win64; x64) AppleWebKit/537.36 (KHTML, like Gecko) Chrome/120.0.0.0 Safari/537.36"
35.235.84.95 - - [05/Jul/2026:12:46:11 -0700] "POST /wp-cron.php?doing_wp_cron=1783280771.6054270267486572265625 HTTP/1.1" 200 3587 "-" "WordPress/7.0; https://vanessavaladezrealty.com"
185.56.171.119 - - [05/Jul/2026:12:46:10 -0700] "GET /wp-login.php HTTP/1.1" 200 6366 "-" "Mozilla/5.0 (Macintosh; Intel Mac OS X 10_15_7) AppleWebKit/537.36 (KHTML, like Gecko) Chrome/133.0.0.0 Safari/537.36"
186.194.23.245 - - [05/Jul/2026:12:46:12 -0700] "GET /properties/104-Residential-10001-Peace-Way-1186-7-Rooms-3-Bedrooms-2-Bathrooms-USD349-999/ HTTP/1.1" 200 36151 "-" "Mozilla/5.0 (Macintosh; Intel Mac OS X 10_2) AppleWebKit/537.36 (KHTML, like Gecko) Chrome/100.0.4886.148 Safari/537.36"
185.56.171.119 - - [05/Jul/2026:12:46:11 -0700] "POST /wp-login.php HTTP/1.1" 200 6467 "https://vanessavaladezrealty.com/wp-login.php" "Mozilla/5.0 (Macintosh; Intel Mac OS X 10_15_7) AppleWebKit/537.36 (KHTML, like Gecko) Chrome/133.0.0.0 Safari/537.36"
216.73.216.170 - - [05/Jul/2026:12:46:21 -0700] "GET /robots.txt HTTP/1.1" 200 4273 "-" "Mozilla/5.0 AppleWebKit/537.36 (KHTML, like Gecko; compatible; ClaudeBot/1.0; +claudebot@anthropic.com)"
35.235.84.95 - - [05/Jul/2026:12:46:26 -0700] "POST /wp-cron.php?doing_wp_cron=1783280786.0852029323577880859375 HTTP/1.1" 200 3587 "-" "WordPress/7.0; https://vanessavaladezrealty.com"
216.73.216.170 - - [05/Jul/2026:12:46:24 -0700] "GET /wp-sitemap.xml HTTP/1.1" 200 4257 "-" "Mozilla/5.0 AppleWebKit/537.36 (KHTML, like Gecko; compatible; ClaudeBot/1.0; +claudebot@anthropic.com)"
20.194.6.249 - - [05/Jul/2026:12:56:17 -0700] "GET /wp-content/plugins/fix/up.php HTTP/1.1" 404 98842 "-" "Mozilla/5.0"
48.217.65.238 - - [05/Jul/2026:12:56:58 -0700] "GET /wp-login.php HTTP/1.1" 200 6366 "-" "Mozilla/5.0 (Windows NT 10.0; Win64; x64) AppleWebKit/537.36 (KHTML, like Gecko) Chrome/133.0.0.0 Safari/537.36 Edg/133.0.0.0"
48.217.65.238 - - [05/Jul/2026:12:57:00 -0700] "POST /wp-login.php HTTP/1.1" 200 6467 "https://vanessavaladezrealty.com/wp-login.php" "Mozilla/5.0 (Windows NT 10.0; Win64; x64) AppleWebKit/537.36 (KHTML, like Gecko) Chrome/133.0.0.0 Safari/537.36 Edg/133.0.0.0"
35.235.84.95 - - [05/Jul/2026:12:59:36 -0700] "POST /wp-cron.php?doing_wp_cron=1783281576.4746320247650146484375 HTTP/1.1" 200 3587 "-" "WordPress/7.0; https://vanessavaladezrealty.com"
161.97.129.228 - - [05/Jul/2026:12:59:34 -0700] "GET /wp-login.php HTTP/1.1" 200 6366 "-" "Mozilla/5.0 (Windows NT 10.0; WOW64) AppleWebKit/537.36 (KHTML, like Gecko) Chrome/133.0.0.0 Safari/537.36"
161.97.129.228 - - [05/Jul/2026:12:59:36 -0700] "POST /wp-login.php HTTP/1.1" 200 6467 "https://vanessavaladezrealty.com/wp-login.php" "Mozilla/5.0 (Windows NT 10.0; WOW64) AppleWebKit/537.36 (KHTML, like Gecko) Chrome/133.0.0.0 Safari/537.36"
35.235.84.95 - - [05/Jul/2026:13:00:53 -0700] "HEAD / HTTP/1.1" 200 4253 "-" "Mozilla/5.0 (Windows NT 10.0; Win64; x64) AppleWebKit/537.36 (KHTML, like Gecko) Chrome/117.0.0.0 Safari/537.36"
35.235.84.95 - - [05/Jul/2026:13:01:52 -0700] "POST /wp-cron.php?doing_wp_cron=1783281712.8321020603179931640625 HTTP/1.1" 200 3587 "-" "WordPress/7.0; https://vanessavaladezrealty.com"
20.204.42.226 - - [05/Jul/2026:13:01:50 -0700] "GET /test1.php HTTP/1.1" 404 98749 "-" "Mozilla/5.0 (Windows NT 10.0; Win64; x64) AppleWebKit/537.36 (KHTML, like Gecko) Chrome/120.0.0.0 Safari/537.36"
20.204.42.226 - - [05/Jul/2026:13:01:53 -0700] "GET /wp-admin/maint/index.php HTTP/1.1" 301 4147 "-" "Mozilla/5.0 (Windows NT 10.0; Win64; x64) AppleWebKit/537.36 (KHTML, like Gecko) Chrome/120.0.0.0 Safari/537.36"
20.204.42.226 - - [05/Jul/2026:13:01:56 -0700] "GET /wp-content/uploads/min.php HTTP/1.1" 404 98820 "-" "Mozilla/5.0 (Windows NT 10.0; Win64; x64) AppleWebKit/537.36 (KHTML, like Gecko) Chrome/120.0.0.0 Safari/537.36"
20.204.42.226 - - [05/Jul/2026:13:01:58 -0700] "GET /zoom1.php HTTP/1.1" 404 98727 "-" "Mozilla/5.0 (Windows NT 10.0; Win64; x64) AppleWebKit/537.36 (KHTML, like Gecko) Chrome/120.0.0.0 Safari/537.36"
20.204.42.226 - - [05/Jul/2026:13:02:01 -0700] "GET /lock360.php HTTP/1.1" 404 98749 "-" "Mozilla/5.0 (Windows NT 10.0; Win64; x64) AppleWebKit/537.36 (KHTML, like Gecko) Chrome/120.0.0.0 Safari/537.36"
20.204.42.226 - - [05/Jul/2026:13:02:04 -0700] "GET /r.php HTTP/1.1" 404 98749 "-" "Mozilla/5.0 (Windows NT 10.0; Win64; x64) AppleWebKit/537.36 (KHTML, like Gecko) Chrome/120.0.0.0 Safari/537.36"
20.204.42.226 - - [05/Jul/2026:13:02:06 -0700] "GET /sf.php HTTP/1.1" 404 98727 "-" "Mozilla/5.0 (Windows NT 10.0; Win64; x64) AppleWebKit/537.36 (KHTML, like Gecko) Chrome/120.0.0.0 Safari/537.36"
20.204.42.226 - - [05/Jul/2026:13:02:09 -0700] "GET /t.php HTTP/1.1" 404 98727 "-" "Mozilla/5.0 (Windows NT 10.0; Win64; x64) AppleWebKit/537.36 (KHTML, like Gecko) Chrome/120.0.0.0 Safari/537.36"
20.204.42.226 - - [05/Jul/2026:13:02:12 -0700] "GET /7.php HTTP/1.1" 404 98727 "-" "Mozilla/5.0 (Windows NT 10.0; Win64; x64) AppleWebKit/537.36 (KHTML, like Gecko) Chrome/120.0.0.0 Safari/537.36"
20.204.42.226 - - [05/Jul/2026:13:02:14 -0700] "GET /b.php HTTP/1.1" 404 98749 "-" "Mozilla/5.0 (Windows NT 10.0; Win64; x64) AppleWebKit/537.36 (KHTML, like Gecko) Chrome/120.0.0.0 Safari/537.36"
20.204.42.226 - - [05/Jul/2026:13:02:17 -0700] "GET /buy.php HTTP/1.1" 404 98727 "-" "Mozilla/5.0 (Windows NT 10.0; Win64; x64) AppleWebKit/537.36 (KHTML, like Gecko) Chrome/120.0.0.0 Safari/537.36"
20.204.42.226 - - [05/Jul/2026:13:02:19 -0700] "GET /config.php HTTP/1.1" 404 98749 "-" "Mozilla/5.0 (Windows NT 10.0; Win64; x64) AppleWebKit/537.36 (KHTML, like Gecko) Chrome/120.0.0.0 Safari/537.36"
20.204.42.226 - - [05/Jul/2026:13:02:22 -0700] "GET /num.php HTTP/1.1" 404 98727 "-" "Mozilla/5.0 (Windows NT 10.0; Win64; x64) AppleWebKit/537.36 (KHTML, like Gecko) Chrome/120.0.0.0 Safari/537.36"
20.204.42.226 - - [05/Jul/2026:13:02:24 -0700] "GET /areak1.php HTTP/1.1" 404 98749 "-" "Mozilla/5.0 (Windows NT 10.0; Win64; x64) AppleWebKit/537.36 (KHTML, like Gecko) Chrome/120.0.0.0 Safari/537.36"
20.204.42.226 - - [05/Jul/2026:13:02:27 -0700] "GET /vc.php HTTP/1.1" 404 98727 "-" "Mozilla/5.0 (Windows NT 10.0; Win64; x64) AppleWebKit/537.36 (KHTML, like Gecko) Chrome/120.0.0.0 Safari/537.36"
20.204.42.226 - - [05/Jul/2026:13:02:29 -0700] "GET /wp-content/plugins/admin.php HTTP/1.1" 404 98842 "-" "Mozilla/5.0 (Windows NT 10.0; Win64; x64) AppleWebKit/537.36 (KHTML, like Gecko) Chrome/120.0.0.0 Safari/537.36"
20.204.42.226 - - [05/Jul/2026:13:02:31 -0700] "GET /core.php HTTP/1.1" 404 98749 "-" "Mozilla/5.0 (Windows NT 10.0; Win64; x64) AppleWebKit/537.36 (KHTML, like Gecko) Chrome/120.0.0.0 Safari/537.36"
20.204.42.226 - - [05/Jul/2026:13:02:33 -0700] "GET /wp-admin/css/ HTTP/1.1" 403 4352 "-" "Mozilla/5.0 (Windows NT 10.0; Win64; x64) AppleWebKit/537.36 (KHTML, like Gecko) Chrome/120.0.0.0 Safari/537.36"
20.204.42.226 - - [05/Jul/2026:13:02:33 -0700] "GET /wp-admin/css/colors/blue/ HTTP/1.1" 403 4352 "-" "Mozilla/5.0 (Windows NT 10.0; Win64; x64) AppleWebKit/537.36 (KHTML, like Gecko) Chrome/120.0.0.0 Safari/537.36"
20.204.42.226 - - [05/Jul/2026:13:02:33 -0700] "GET /wp-content/min.php HTTP/1.1" 404 98727 "-" "Mozilla/5.0 (Windows NT 10.0; Win64; x64) AppleWebKit/537.36 (KHTML, like Gecko) Chrome/120.0.0.0 Safari/537.36"
20.204.42.226 - - [05/Jul/2026:13:02:36 -0700] "GET /wp-content/plugins/beteng88/ws83.php HTTP/1.1" 404 98842 "-" "Mozilla/5.0 (Windows NT 10.0; Win64; x64) AppleWebKit/537.36 (KHTML, like Gecko) Chrome/120.0.0.0 Safari/537.36"
20.204.42.226 - - [05/Jul/2026:13:02:38 -0700] "GET /ws37.php HTTP/1.1" 404 98749 "-" "Mozilla/5.0 (Windows NT 10.0; Win64; x64) AppleWebKit/537.36 (KHTML, like Gecko) Chrome/120.0.0.0 Safari/537.36"
20.204.42.226 - - [05/Jul/2026:13:02:41 -0700] "GET /assets/ HTTP/1.1" 404 98749 "-" "Mozilla/5.0 (Windows NT 10.0; Win64; x64) AppleWebKit/537.36 (KHTML, like Gecko) Chrome/120.0.0.0 Safari/537.36"
20.204.42.226 - - [05/Jul/2026:13:02:43 -0700] "GET /new.php HTTP/1.1" 404 98727 "-" "Mozilla/5.0 (Windows NT 10.0; Win64; x64) AppleWebKit/537.36 (KHTML, like Gecko) Chrome/120.0.0.0 Safari/537.36"
20.204.42.226 - - [05/Jul/2026:13:02:45 -0700] "GET /wp-admin/js/widgets/ HTTP/1.1" 403 4352 "-" "Mozilla/5.0 (Windows NT 10.0; Win64; x64) AppleWebKit/537.36 (KHTML, like Gecko) Chrome/120.0.0.0 Safari/537.36"
20.204.42.226 - - [05/Jul/2026:13:02:45 -0700] "GET /il.php HTTP/1.1" 404 98727 "-" "Mozilla/5.0 (Windows NT 10.0; Win64; x64) AppleWebKit/537.36 (KHTML, like Gecko) Chrome/120.0.0.0 Safari/537.36"
20.204.42.226 - - [05/Jul/2026:13:02:47 -0700] "GET /images/index.php HTTP/1.1" 301 4139 "-" "Mozilla/5.0 (Windows NT 10.0; Win64; x64) AppleWebKit/537.36 (KHTML, like Gecko) Chrome/120.0.0.0 Safari/537.36"
35.235.84.95 - - [05/Jul/2026:13:02:53 -0700] "POST /wp-cron.php?doing_wp_cron=1783281773.5547978878021240234375 HTTP/1.1" 200 3587 "-" "WordPress/7.0; https://vanessavaladezrealty.com"
20.204.42.226 - - [05/Jul/2026:13:02:51 -0700] "GET /lite.php HTTP/1.1" 404 98727 "-" "Mozilla/5.0 (Windows NT 10.0; Win64; x64) AppleWebKit/537.36 (KHTML, like Gecko) Chrome/120.0.0.0 Safari/537.36"
20.204.42.226 - - [05/Jul/2026:13:02:54 -0700] "GET /load.php HTTP/1.1" 404 98749 "-" "Mozilla/5.0 (Windows NT 10.0; Win64; x64) AppleWebKit/537.36 (KHTML, like Gecko) Chrome/120.0.0.0 Safari/537.36"
20.204.42.226 - - [05/Jul/2026:13:02:56 -0700] "GET /wp-content/themes/ HTTP/1.1" 200 3494 "-" "Mozilla/5.0 (Windows NT 10.0; Win64; x64) AppleWebKit/537.36 (KHTML, like Gecko) Chrome/120.0.0.0 Safari/537.36"
20.204.42.226 - - [05/Jul/2026:13:02:56 -0700] "GET /wp-themes.php HTTP/1.1" 404 98727 "-" "Mozilla/5.0 (Windows NT 10.0; Win64; x64) AppleWebKit/537.36 (KHTML, like Gecko) Chrome/120.0.0.0 Safari/537.36"
20.204.42.226 - - [05/Jul/2026:13:02:59 -0700] "GET /xda.php HTTP/1.1" 404 98749 "-" "Mozilla/5.0 (Windows NT 10.0; Win64; x64) AppleWebKit/537.36 (KHTML, like Gecko) Chrome/120.0.0.0 Safari/537.36"
20.204.42.226 - - [05/Jul/2026:13:03:01 -0700] "GET /.trash7206/index.php HTTP/1.1" 301 4143 "-" "Mozilla/5.0 (Windows NT 10.0; Win64; x64) AppleWebKit/537.36 (KHTML, like Gecko) Chrome/120.0.0.0 Safari/537.36"
20.204.42.226 - - [05/Jul/2026:13:03:03 -0700] "GET /doc.php HTTP/1.1" 404 98749 "-" "Mozilla/5.0 (Windows NT 10.0; Win64; x64) AppleWebKit/537.36 (KHTML, like Gecko) Chrome/120.0.0.0 Safari/537.36"
20.204.42.226 - - [05/Jul/2026:13:03:06 -0700] "GET /storage/index.php HTTP/1.1" 301 4140 "-" "Mozilla/5.0 (Windows NT 10.0; Win64; x64) AppleWebKit/537.36 (KHTML, like Gecko) Chrome/120.0.0.0 Safari/537.36"
20.204.42.226 - - [05/Jul/2026:13:03:07 -0700] "GET /wp-content.php HTTP/1.1" 404 98727 "-" "Mozilla/5.0 (Windows NT 10.0; Win64; x64) AppleWebKit/537.36 (KHTML, like Gecko) Chrome/120.0.0.0 Safari/537.36"
20.204.42.226 - - [05/Jul/2026:13:03:09 -0700] "GET /wp-includes/ID3/index.php HTTP/1.1" 301 4148 "-" "Mozilla/5.0 (Windows NT 10.0; Win64; x64) AppleWebKit/537.36 (KHTML, like Gecko) Chrome/120.0.0.0 Safari/537.36"
20.204.42.226 - - [05/Jul/2026:13:03:11 -0700] "GET /wp-includes/block-bindings/ HTTP/1.1" 403 4352 "-" "Mozilla/5.0 (Windows NT 10.0; Win64; x64) AppleWebKit/537.36 (KHTML, like Gecko) Chrome/120.0.0.0 Safari/537.36"
20.204.42.226 - - [05/Jul/2026:13:03:11 -0700] "GET /wp-includes/images/ HTTP/1.1" 403 4352 "-" "Mozilla/5.0 (Windows NT 10.0; Win64; x64) AppleWebKit/537.36 (KHTML, like Gecko) Chrome/120.0.0.0 Safari/537.36"
20.204.42.226 - - [05/Jul/2026:13:03:11 -0700] "GET /wp-includes/min.php HTTP/1.1" 404 98727 "-" "Mozilla/5.0 (Windows NT 10.0; Win64; x64) AppleWebKit/537.36 (KHTML, like Gecko) Chrome/120.0.0.0 Safari/537.36"
20.204.42.226 - - [05/Jul/2026:13:03:14 -0700] "GET /cache.php HTTP/1.1" 404 98749 "-" "Mozilla/5.0 (Windows NT 10.0; Win64; x64) AppleWebKit/537.36 (KHTML, like Gecko) Chrome/120.0.0.0 Safari/537.36"
20.204.42.226 - - [05/Jul/2026:13:03:16 -0700] "GET /filemanager.php HTTP/1.1" 404 98749 "-" "Mozilla/5.0 (Windows NT 10.0; Win64; x64) AppleWebKit/537.36 (KHTML, like Gecko) Chrome/120.0.0.0 Safari/537.36"
178.212.102.78 - - [05/Jul/2026:13:03:16 -0700] "GET /properties/vanessavaladez/tel:7027760711/tel:7027760711/?wplpage=4 HTTP/1.1" 200 33075 "-" "Mozilla/5.0 (Windows NT 6.1) AppleWebKit/537.36 (KHTML, like Gecko) Chrome/106.0.0.0 Safari/537.36"
20.204.42.226 - - [05/Jul/2026:13:03:18 -0700] "GET /wp-blog.php HTTP/1.1" 404 98727 "-" "Mozilla/5.0 (Windows NT 10.0; Win64; x64) AppleWebKit/537.36 (KHTML, like Gecko) Chrome/120.0.0.0 Safari/537.36"
20.204.42.226 - - [05/Jul/2026:13:03:21 -0700] "GET /wp-includes/ID3/ HTTP/1.1" 403 4352 "-" "Mozilla/5.0 (Windows NT 10.0; Win64; x64) AppleWebKit/537.36 (KHTML, like Gecko) Chrome/120.0.0.0 Safari/537.36"
20.204.42.226 - - [05/Jul/2026:13:03:21 -0700] "GET /xmlrpc.php HTTP/1.1" 405 3753 "-" "Mozilla/5.0 (Windows NT 10.0; Win64; x64) AppleWebKit/537.36 (KHTML, like Gecko) Chrome/120.0.0.0 Safari/537.36"
20.204.42.226 - - [05/Jul/2026:13:03:24 -0700] "GET /cd.php HTTP/1.1" 404 98749 "-" "Mozilla/5.0 (Windows NT 10.0; Win64; x64) AppleWebKit/537.36 (KHTML, like Gecko) Chrome/120.0.0.0 Safari/537.36"
20.204.42.226 - - [05/Jul/2026:13:03:26 -0700] "GET /css.php HTTP/1.1" 404 98749 "-" "Mozilla/5.0 (Windows NT 10.0; Win64; x64) AppleWebKit/537.36 (KHTML, like Gecko) Chrome/120.0.0.0 Safari/537.36"
20.204.42.226 - - [05/Jul/2026:13:03:28 -0700] "GET /lu4.php HTTP/1.1" 404 98749 "-" "Mozilla/5.0 (Windows NT 10.0; Win64; x64) AppleWebKit/537.36 (KHTML, like Gecko) Chrome/120.0.0.0 Safari/537.36"
20.204.42.226 - - [05/Jul/2026:13:03:30 -0700] "GET /wp-admin/css/colors/blue/index.php HTTP/1.1" 301 4157 "-" "Mozilla/5.0 (Windows NT 10.0; Win64; x64) AppleWebKit/537.36 (KHTML, like Gecko) Chrome/120.0.0.0 Safari/537.36"
20.204.42.226 - - [05/Jul/2026:13:03:32 -0700] "GET /wp-content/plugins/index.php HTTP/1.1" 200 3494 "-" "Mozilla/5.0 (Windows NT 10.0; Win64; x64) AppleWebKit/537.36 (KHTML, like Gecko) Chrome/120.0.0.0 Safari/537.36"
20.204.42.226 - - [05/Jul/2026:13:03:32 -0700] "GET /wp-content/upgrade/index.php HTTP/1.1" 301 4151 "-" "Mozilla/5.0 (Windows NT 10.0; Win64; x64) AppleWebKit/537.36 (KHTML, like Gecko) Chrome/120.0.0.0 Safari/537.36"
20.204.42.226 - - [05/Jul/2026:13:03:33 -0700] "GET /.well-known/gecko-litespeed.php HTTP/1.1" 404 98749 "-" "Mozilla/5.0 (Windows NT 10.0; Win64; x64) AppleWebKit/537.36 (KHTML, like Gecko) Chrome/120.0.0.0 Safari/537.36"
20.204.42.226 - - [05/Jul/2026:13:03:35 -0700] "GET /ant.php HTTP/1.1" 404 98727 "-" "Mozilla/5.0 (Windows NT 10.0; Win64; x64) AppleWebKit/537.36 (KHTML, like Gecko) Chrome/120.0.0.0 Safari/537.36"
20.204.42.226 - - [05/Jul/2026:13:03:37 -0700] "GET /autoload_classmap.php HTTP/1.1" 404 98727 "-" "Mozilla/5.0 (Windows NT 10.0; Win64; x64) AppleWebKit/537.36 (KHTML, like Gecko) Chrome/120.0.0.0 Safari/537.36"
20.204.42.226 - - [05/Jul/2026:13:03:39 -0700] "GET /storage/rip.php HTTP/1.1" 404 98727 "-" "Mozilla/5.0 (Windows NT 10.0; Win64; x64) AppleWebKit/537.36 (KHTML, like Gecko) Chrome/120.0.0.0 Safari/537.36"
20.204.42.226 - - [05/Jul/2026:13:03:41 -0700] "GET /tinyfilemanager.php HTTP/1.1" 404 98749 "-" "Mozilla/5.0 (Windows NT 10.0; Win64; x64) AppleWebKit/537.36 (KHTML, like Gecko) Chrome/120.0.0.0 Safari/537.36"
20.204.42.226 - - [05/Jul/2026:13:03:45 -0700] "GET /wp-includes/bk/ HTTP/1.1" 404 98749 "-" "Mozilla/5.0 (Windows NT 10.0; Win64; x64) AppleWebKit/537.36 (KHTML, like Gecko) Chrome/120.0.0.0 Safari/537.36"
20.204.42.226 - - [05/Jul/2026:13:03:47 -0700] "GET /403.php HTTP/1.1" 404 98749 "-" "Mozilla/5.0 (Windows NT 10.0; Win64; x64) AppleWebKit/537.36 (KHTML, like Gecko) Chrome/120.0.0.0 Safari/537.36"
35.235.84.95 - - [05/Jul/2026:13:03:51 -0700] "POST /wp-cron.php?doing_wp_cron=1783281831.7272469997406005859375 HTTP/1.1" 200 3587 "-" "WordPress/7.0; https://vanessavaladezrealty.com"
20.204.42.226 - - [05/Jul/2026:13:03:49 -0700] "GET /av.php HTTP/1.1" 404 98749 "-" "Mozilla/5.0 (Windows NT 10.0; Win64; x64) AppleWebKit/537.36 (KHTML, like Gecko) Chrome/120.0.0.0 Safari/537.36"
20.204.42.226 - - [05/Jul/2026:13:03:52 -0700] "GET /tool.php HTTP/1.1" 404 98749 "-" "Mozilla/5.0 (Windows NT 10.0; Win64; x64) AppleWebKit/537.36 (KHTML, like Gecko) Chrome/120.0.0.0 Safari/537.36"
