114.119.155.58 - - [06/Jul/2026:01:13:47 -0700] "GET /properties/?wplpage=2 HTTP/1.1" 200 33031 "https://vanessavaladezrealty.com/properties?wplpage=1" "Mozilla/5.0 (Linux; Android 7.0;) AppleWebKit/537.36 (HTML, like Gecko) Mobile Safari/537.36 (compatible; PetalBot;+https://webmaster.petalsearch.com/site/petalbot)"
35.235.84.95 - - [06/Jul/2026:01:13:54 -0700] "POST /wp-cron.php?doing_wp_cron=1783325634.5227489471435546875000 HTTP/1.1" 200 3587 "-" "WordPress/7.0; https://vanessavaladezrealty.com"
115.245.231.170 - - [06/Jul/2026:01:13:53 -0700] "POST /xmlrpc.php HTTP/1.1" 200 4129 "-" "Jetpack/12.1; WordPress/6.1; http://site17027319.com"
182.252.69.47 - - [06/Jul/2026:01:14:09 -0700] "GET /properties/125-Residential-Lease-605-Sand-Sage-Avenue-6-Rooms-4-Bedrooms-3-Bathrooms-USD2-350/ HTTP/1.1" 200 37366 "-" "Mozilla/5.0 (Windows NT 10.0) AppleWebKit/537.36 (KHTML, like Gecko) Chrome/66.0.3359.819 Safari/537.36"
115.245.231.170 - - [06/Jul/2026:01:14:04 -0700] "POST /xmlrpc.php HTTP/1.1" 403 4352 "-" "Jetpack by WordPress.com"
115.245.231.170 - - [06/Jul/2026:01:14:24 -0700] "POST /xmlrpc.php HTTP/1.1" 403 4352 "-" "Jetpack by WordPress.com"
115.245.231.170 - - [06/Jul/2026:01:14:14 -0700] "POST /xmlrpc.php HTTP/1.1" 403 4352 "-" "Jetpack by WordPress.com"
115.245.231.170 - - [06/Jul/2026:01:14:35 -0700] "POST /xmlrpc.php HTTP/1.1" 403 4352 "-" "Jetpack by WordPress.com"
115.245.231.170 - - [06/Jul/2026:01:14:45 -0700] "POST /xmlrpc.php HTTP/1.1" 200 4129 "-" "Jetpack by WordPress.com (Jetpack 12.5; WordPress 6.1)"
115.245.231.170 - - [06/Jul/2026:01:14:56 -0700] "POST /xmlrpc.php HTTP/1.1" 403 4352 "-" "WordPress.com; https://wordpress.com"
35.235.84.95 - - [06/Jul/2026:01:15:08 -0700] "POST /wp-cron.php?doing_wp_cron=1783325707.9811348915100097656250 HTTP/1.1" 200 3587 "-" "WordPress/7.0; https://vanessavaladezrealty.com"
115.245.231.170 - - [06/Jul/2026:01:15:06 -0700] "POST /xmlrpc.php HTTP/1.1" 200 4129 "-" "Jetpack/12.1; WordPress/6.3; http://site66396603.com"
115.245.231.170 - - [06/Jul/2026:01:15:17 -0700] "POST /xmlrpc.php HTTP/1.1" 200 4129 "-" "Jetpack/12.1; WordPress/6.1; http://site63464856.com"
115.245.231.170 - - [06/Jul/2026:01:15:27 -0700] "POST /xmlrpc.php HTTP/1.1" 403 4352 "-" "WordPress.com; https://wordpress.com"
115.245.231.170 - - [06/Jul/2026:01:15:38 -0700] "POST /xmlrpc.php HTTP/1.1" 200 4129 "-" "Jetpack/13.0; WordPress/6.2; http://site59433892.com"
115.245.231.170 - - [06/Jul/2026:01:15:48 -0700] "POST /xmlrpc.php HTTP/1.1" 200 4129 "-" "Jetpack/13.0; WordPress/6.2; http://site12448948.com"
115.245.231.170 - - [06/Jul/2026:01:15:59 -0700] "POST /xmlrpc.php HTTP/1.1" 403 4352 "-" "Jetpack by WordPress.com"
115.245.231.170 - - [06/Jul/2026:01:16:20 -0700] "POST /xmlrpc.php HTTP/1.1" 403 4352 "-" "WordPress.com; https://wordpress.com"
35.235.84.95 - - [06/Jul/2026:01:16:24 -0700] "POST /wp-cron.php?doing_wp_cron=1783325784.6828010082244873046875 HTTP/1.1" 200 3587 "-" "WordPress/7.0; https://vanessavaladezrealty.com"
92.222.108.124 - - [06/Jul/2026:01:16:23 -0700] "GET /wp-sitemap.xml HTTP/1.1" 200 4315 "-" "Mozilla/5.0 (compatible; AhrefsBot/7.0; +http://ahrefs.com/robot/)"
92.222.108.106 - - [06/Jul/2026:01:16:26 -0700] "GET /wp-sitemap-posts-post-1.xml HTTP/1.1" 200 4306 "-" "Mozilla/5.0 (compatible; AhrefsBot/7.0; +http://ahrefs.com/robot/)"
51.75.236.138 - - [06/Jul/2026:01:16:29 -0700] "GET /wp-sitemap-posts-page-1.xml HTTP/1.1" 200 4388 "-" "Mozilla/5.0 (compatible; AhrefsBot/7.0; +http://ahrefs.com/robot/)"
115.245.231.170 - - [06/Jul/2026:01:16:30 -0700] "POST /xmlrpc.php HTTP/1.1" 200 4129 "-" "Jetpack/12.1; WordPress/6.4; http://site75883378.com"
115.245.231.170 - - [06/Jul/2026:01:16:09 -0700] "POST /xmlrpc.php HTTP/1.1" 403 4352 "-" "WordPress.com; https://wordpress.com"
54.37.118.88 - - [06/Jul/2026:01:16:32 -0700] "GET /wp-sitemap-taxonomies-category-1.xml HTTP/1.1" 200 4278 "-" "Mozilla/5.0 (compatible; AhrefsBot/7.0; +http://ahrefs.com/robot/)"
92.222.108.98 - - [06/Jul/2026:01:16:34 -0700] "GET /wp-sitemap-users-1.xml HTTP/1.1" 200 4283 "-" "Mozilla/5.0 (compatible; AhrefsBot/7.0; +http://ahrefs.com/robot/)"
115.245.231.170 - - [06/Jul/2026:01:16:41 -0700] "POST /xmlrpc.php HTTP/1.1" 403 4352 "-" "WordPress.com; https://wordpress.com"
115.245.231.170 - - [06/Jul/2026:01:16:51 -0700] "POST /xmlrpc.php HTTP/1.1" 403 4352 "-" "Jetpack by WordPress.com"
115.245.231.170 - - [06/Jul/2026:01:17:02 -0700] "POST /xmlrpc.php HTTP/1.1" 200 4129 "-" "Jetpack/12.5; WordPress/6.2; http://site90509259.com"
115.245.231.170 - - [06/Jul/2026:01:17:12 -0700] "POST /xmlrpc.php HTTP/1.1" 200 4129 "-" "Jetpack/12.1; WordPress/6.1; http://site42165621.com"
115.245.231.170 - - [06/Jul/2026:01:17:23 -0700] "POST /xmlrpc.php HTTP/1.1" 403 4352 "-" "Jetpack by WordPress.com"
35.235.84.95 - - [06/Jul/2026:01:17:35 -0700] "POST /wp-cron.php?doing_wp_cron=1783325855.3715751171112060546875 HTTP/1.1" 200 3587 "-" "WordPress/7.0; https://vanessavaladezrealty.com"
115.245.231.170 - - [06/Jul/2026:01:17:33 -0700] "POST /xmlrpc.php HTTP/1.1" 200 4129 "-" "Jetpack by WordPress.com (Jetpack 13.0; WordPress 6.3)"
115.245.231.170 - - [06/Jul/2026:01:17:43 -0700] "POST /xmlrpc.php HTTP/1.1" 403 4352 "-" "Jetpack by WordPress.com"
115.245.231.170 - - [06/Jul/2026:01:17:54 -0700] "POST /xmlrpc.php HTTP/1.1" 403 4352 "-" "Jetpack by WordPress.com"
115.245.231.170 - - [06/Jul/2026:01:18:04 -0700] "POST /xmlrpc.php HTTP/1.1" 403 4352 "-" "WordPress.com; https://wordpress.com"
35.235.84.95 - - [06/Jul/2026:01:18:16 -0700] "POST /wp-cron.php?doing_wp_cron=1783325896.8128290176391601562500 HTTP/1.1" 200 3587 "-" "WordPress/7.0; https://vanessavaladezrealty.com"
115.245.231.170 - - [06/Jul/2026:01:18:15 -0700] "POST /xmlrpc.php HTTP/1.1" 200 4129 "-" "Jetpack/13.0; WordPress/6.2; http://site28880241.com"
217.199.161.196 - - [06/Jul/2026:01:18:30 -0700] "GET /wp-login.php HTTP/1.1" 200 6365 "-" "Mozilla/5.0 (Macintosh; Intel Mac OS X 14_7_4) AppleWebKit/537.36 (KHTML, like Gecko) Chrome/133.0.0.0 Safari/537.36"
115.245.231.170 - - [06/Jul/2026:01:18:25 -0700] "POST /xmlrpc.php HTTP/1.1" 403 4352 "-" "WordPress.com; https://wordpress.com"
115.245.231.170 - - [06/Jul/2026:01:18:36 -0700] "POST /xmlrpc.php HTTP/1.1" 403 4352 "-" "Jetpack by WordPress.com"
217.199.161.196 - - [06/Jul/2026:01:18:35 -0700] "POST /wp-login.php HTTP/1.1" 200 6467 "https://vanessavaladezrealty.com/wp-login.php" "Mozilla/5.0 (Macintosh; Intel Mac OS X 14_7_4) AppleWebKit/537.36 (KHTML, like Gecko) Chrome/133.0.0.0 Safari/537.36"
35.235.84.95 - - [06/Jul/2026:01:18:50 -0700] "POST /wp-cron.php?doing_wp_cron=1783325930.1764619350433349609375 HTTP/1.1" 200 3587 "-" "WordPress/7.0; https://vanessavaladezrealty.com"
115.245.231.170 - - [06/Jul/2026:01:18:46 -0700] "POST /xmlrpc.php HTTP/1.1" 200 4129 "-" "Jetpack by WordPress.com (Jetpack 12.0; WordPress 6.3)"
115.245.231.170 - - [06/Jul/2026:01:18:57 -0700] "POST /xmlrpc.php HTTP/1.1" 403 4352 "-" "Jetpack by WordPress.com"
115.245.231.170 - - [06/Jul/2026:01:19:07 -0700] "POST /xmlrpc.php HTTP/1.1" 200 4129 "-" "Jetpack/12.0; WordPress/6.4; http://site74975018.com"
115.245.231.170 - - [06/Jul/2026:01:19:18 -0700] "POST /xmlrpc.php HTTP/1.1" 200 4129 "-" "Jetpack by WordPress.com (Jetpack 12.1; WordPress 6.3)"
115.245.231.170 - - [06/Jul/2026:01:19:28 -0700] "POST /xmlrpc.php HTTP/1.1" 403 4352 "-" "WordPress.com; https://wordpress.com"
115.245.231.170 - - [06/Jul/2026:01:19:39 -0700] "POST /xmlrpc.php HTTP/1.1" 403 4352 "-" "Jetpack by WordPress.com"
35.235.84.95 - - [06/Jul/2026:01:19:54 -0700] "POST /wp-cron.php?doing_wp_cron=1783325993.9486069679260253906250 HTTP/1.1" 200 3587 "-" "WordPress/7.0; https://vanessavaladezrealty.com"
115.245.231.170 - - [06/Jul/2026:01:19:49 -0700] "POST /xmlrpc.php HTTP/1.1" 200 4129 "-" "Jetpack/12.5; WordPress/6.3; http://site99774734.com"
115.245.231.170 - - [06/Jul/2026:01:20:00 -0700] "POST /xmlrpc.php HTTP/1.1" 200 4129 "-" "Jetpack/12.5; WordPress/6.2; http://site90578584.com"
115.245.231.170 - - [06/Jul/2026:01:20:10 -0700] "POST /xmlrpc.php HTTP/1.1" 403 4352 "-" "WordPress.com; https://wordpress.com"
115.245.231.170 - - [06/Jul/2026:01:20:21 -0700] "POST /xmlrpc.php HTTP/1.1" 403 4352 "-" "Jetpack by WordPress.com"
78.142.18.172 - - [06/Jul/2026:01:20:42 -0700] "GET /wp-login.php HTTP/1.1" 200 6365 "-" "Mozilla/5.0 (X11; Ubuntu; Linux x86_64) AppleWebKit/537.36 (KHTML, like Gecko) Chrome/133.0.0.0 Safari/537.36"
115.245.231.170 - - [06/Jul/2026:01:20:31 -0700] "POST /xmlrpc.php HTTP/1.1" 200 4129 "-" "Jetpack/12.0; WordPress/6.4; http://site89944570.com"
35.235.84.95 - - [06/Jul/2026:01:20:50 -0700] "POST /wp-cron.php?doing_wp_cron=1783326050.7288670539855957031250 HTTP/1.1" 200 3587 "-" "WordPress/7.0; https://vanessavaladezrealty.com"
78.142.18.172 - - [06/Jul/2026:01:20:47 -0700] "POST /wp-login.php HTTP/1.1" 200 6467 "https://vanessavaladezrealty.com/wp-login.php" "Mozilla/5.0 (X11; Ubuntu; Linux x86_64) AppleWebKit/537.36 (KHTML, like Gecko) Chrome/133.0.0.0 Safari/537.36"
115.245.231.170 - - [06/Jul/2026:01:20:42 -0700] "POST /xmlrpc.php HTTP/1.1" 403 4352 "-" "Jetpack by WordPress.com"
115.245.231.170 - - [06/Jul/2026:01:20:52 -0700] "POST /xmlrpc.php HTTP/1.1" 403 4352 "-" "Jetpack by WordPress.com"
115.245.231.170 - - [06/Jul/2026:01:21:03 -0700] "POST /xmlrpc.php HTTP/1.1" 403 4352 "-" "Jetpack by WordPress.com"
115.245.231.170 - - [06/Jul/2026:01:21:13 -0700] "POST /xmlrpc.php HTTP/1.1" 200 4129 "-" "Jetpack by WordPress.com (Jetpack 12.1; WordPress 6.2)"
35.235.84.95 - - [06/Jul/2026:01:21:25 -0700] "POST /wp-cron.php?doing_wp_cron=1783326085.5259330272674560546875 HTTP/1.1" 200 3587 "-" "WordPress/7.0; https://vanessavaladezrealty.com"
115.245.231.170 - - [06/Jul/2026:01:21:24 -0700] "POST /xmlrpc.php HTTP/1.1" 200 4129 "-" "Jetpack/12.5; WordPress/6.3; http://site49736901.com"
115.245.231.170 - - [06/Jul/2026:01:21:34 -0700] "POST /xmlrpc.php HTTP/1.1" 200 4129 "-" "Jetpack/13.0; WordPress/6.2; http://site25493094.com"
115.245.231.170 - - [06/Jul/2026:01:21:44 -0700] "POST /xmlrpc.php HTTP/1.1" 200 4129 "-" "Jetpack by WordPress.com (Jetpack 12.1; WordPress 6.4)"
115.245.231.170 - - [06/Jul/2026:01:21:55 -0700] "POST /xmlrpc.php HTTP/1.1" 403 4352 "-" "Jetpack by WordPress.com"
115.245.231.170 - - [06/Jul/2026:01:22:05 -0700] "POST /xmlrpc.php HTTP/1.1" 403 4352 "-" "Jetpack by WordPress.com"
115.245.231.170 - - [06/Jul/2026:01:22:16 -0700] "POST /xmlrpc.php HTTP/1.1" 403 4352 "-" "WordPress.com; https://wordpress.com"
115.245.231.170 - - [06/Jul/2026:01:22:26 -0700] "POST /xmlrpc.php HTTP/1.1" 403 4352 "-" "Jetpack by WordPress.com"
35.235.84.95 - - [06/Jul/2026:01:22:39 -0700] "POST /wp-cron.php?doing_wp_cron=1783326159.0098919868469238281250 HTTP/1.1" 200 3587 "-" "WordPress/7.0; https://vanessavaladezrealty.com"
115.245.231.170 - - [06/Jul/2026:01:22:37 -0700] "POST /xmlrpc.php HTTP/1.1" 200 4129 "-" "Jetpack/12.0; WordPress/6.4; http://site43506161.com"
115.245.231.170 - - [06/Jul/2026:01:22:47 -0700] "POST /xmlrpc.php HTTP/1.1" 403 4352 "-" "Jetpack by WordPress.com"
115.245.231.170 - - [06/Jul/2026:01:22:58 -0700] "POST /xmlrpc.php HTTP/1.1" 403 4352 "-" "Jetpack by WordPress.com"
35.235.84.95 - - [06/Jul/2026:01:23:10 -0700] "POST /wp-cron.php?doing_wp_cron=1783326190.2693059444427490234375 HTTP/1.1" 200 3587 "-" "WordPress/7.0; https://vanessavaladezrealty.com"
115.245.231.170 - - [06/Jul/2026:01:23:08 -0700] "POST /xmlrpc.php HTTP/1.1" 200 4129 "-" "Jetpack by WordPress.com (Jetpack 13.0; WordPress 6.4)"
115.245.231.170 - - [06/Jul/2026:01:23:19 -0700] "POST /xmlrpc.php HTTP/1.1" 200 4129 "-" "Jetpack by WordPress.com (Jetpack 12.5; WordPress 6.1)"
115.245.231.170 - - [06/Jul/2026:01:23:29 -0700] "POST /xmlrpc.php HTTP/1.1" 200 4129 "-" "Jetpack/12.0; WordPress/6.1; http://site14406494.com"
115.245.231.170 - - [06/Jul/2026:01:23:40 -0700] "POST /xmlrpc.php HTTP/1.1" 403 4352 "-" "Jetpack by WordPress.com"
115.245.231.170 - - [06/Jul/2026:01:23:50 -0700] "POST /xmlrpc.php HTTP/1.1" 403 4352 "-" "Jetpack by WordPress.com"
115.245.231.170 - - [06/Jul/2026:01:24:01 -0700] "POST /xmlrpc.php HTTP/1.1" 403 4352 "-" "Jetpack by WordPress.com"
35.235.84.95 - - [06/Jul/2026:01:24:20 -0700] "POST /wp-cron.php?doing_wp_cron=1783326260.7427210807800292968750 HTTP/1.1" 200 3587 "-" "WordPress/7.0; https://vanessavaladezrealty.com"
115.245.231.170 - - [06/Jul/2026:01:24:11 -0700] "POST /xmlrpc.php HTTP/1.1" 200 4129 "-" "Jetpack by WordPress.com (Jetpack 13.0; WordPress 6.2)"
115.245.231.170 - - [06/Jul/2026:01:24:22 -0700] "POST /xmlrpc.php HTTP/1.1" 200 4129 "-" "Jetpack by WordPress.com (Jetpack 12.0; WordPress 6.1)"
115.245.231.170 - - [06/Jul/2026:01:24:32 -0700] "POST /xmlrpc.php HTTP/1.1" 403 4352 "-" "Jetpack by WordPress.com"
113.160.142.119 - - [06/Jul/2026:01:24:36 -0700] "GET /wp-login.php HTTP/1.1" 200 6365 "-" "Mozilla/5.0 (Windows NT 10.0; Win64; x64) AppleWebKit/537.36 (KHTML, like Gecko) Chrome/120.0.0.0 Safari/537.36"
113.160.142.119 - - [06/Jul/2026:01:24:38 -0700] "POST /wp-login.php HTTP/1.1" 200 6467 "https://vanessavaladezrealty.com/wp-login.php" "Mozilla/5.0 (Windows NT 10.0; Win64; x64) AppleWebKit/537.36 (KHTML, like Gecko) Chrome/120.0.0.0 Safari/537.36"
115.245.231.170 - - [06/Jul/2026:01:24:43 -0700] "POST /xmlrpc.php HTTP/1.1" 403 4352 "-" "Jetpack by WordPress.com"
115.245.231.170 - - [06/Jul/2026:01:24:53 -0700] "POST /xmlrpc.php HTTP/1.1" 403 4352 "-" "Jetpack by WordPress.com"
115.245.231.170 - - [06/Jul/2026:01:25:03 -0700] "POST /xmlrpc.php HTTP/1.1" 403 4352 "-" "WordPress.com; https://wordpress.com"
169.150.224.227 - - [06/Jul/2026:01:25:03 -0700] "POST /wp-comments-post.php HTTP/1.1" 302 4225 "-" "Mozilla/5.0 (Windows NT 10.0; Win64; x64) AppleWebKit/537.36 (KHTML, like Gecko) Chrome/120.0.0.0 Safari/537.36"
115.245.231.170 - - [06/Jul/2026:01:25:14 -0700] "POST /xmlrpc.php HTTP/1.1" 403 4352 "-" "WordPress.com; https://wordpress.com"
115.245.231.170 - - [06/Jul/2026:01:25:24 -0700] "POST /xmlrpc.php HTTP/1.1" 200 4129 "-" "Jetpack/12.1; WordPress/6.4; http://site49355846.com"
115.245.231.170 - - [06/Jul/2026:01:25:35 -0700] "POST /xmlrpc.php HTTP/1.1" 403 4352 "-" "WordPress.com; https://wordpress.com"
115.245.231.170 - - [06/Jul/2026:01:25:45 -0700] "POST /xmlrpc.php HTTP/1.1" 200 4129 "-" "Jetpack/12.0; WordPress/6.2; http://site31254236.com"
35.235.84.95 - - [06/Jul/2026:01:25:57 -0700] "POST /wp-cron.php?doing_wp_cron=1783326357.5536150932312011718750 HTTP/1.1" 200 3587 "-" "WordPress/7.0; https://vanessavaladezrealty.com"
115.245.231.170 - - [06/Jul/2026:01:25:56 -0700] "POST /xmlrpc.php HTTP/1.1" 200 4129 "-" "Jetpack by WordPress.com (Jetpack 12.5; WordPress 6.1)"
115.245.231.170 - - [06/Jul/2026:01:26:06 -0700] "POST /xmlrpc.php HTTP/1.1" 200 4129 "-" "Jetpack/12.1; WordPress/6.1; http://site83058071.com"
115.245.231.170 - - [06/Jul/2026:01:26:17 -0700] "POST /xmlrpc.php HTTP/1.1" 403 4352 "-" "Jetpack by WordPress.com"
35.235.84.95 - - [06/Jul/2026:01:26:29 -0700] "POST /wp-cron.php?doing_wp_cron=1783326389.4250729084014892578125 HTTP/1.1" 200 3587 "-" "WordPress/7.0; https://vanessavaladezrealty.com"
115.245.231.170 - - [06/Jul/2026:01:26:28 -0700] "POST /xmlrpc.php HTTP/1.1" 200 4129 "-" "Jetpack by WordPress.com (Jetpack 12.1; WordPress 6.3)"
115.245.231.170 - - [06/Jul/2026:01:26:38 -0700] "POST /xmlrpc.php HTTP/1.1" 200 4129 "-" "Jetpack by WordPress.com (Jetpack 12.5; WordPress 6.1)"
115.245.231.170 - - [06/Jul/2026:01:27:10 -0700] "POST /xmlrpc.php HTTP/1.1" 403 4352 "-" "Jetpack by WordPress.com"
115.245.231.170 - - [06/Jul/2026:01:26:49 -0700] "POST /xmlrpc.php HTTP/1.1" 200 4129 "-" "Jetpack/12.5; WordPress/6.3; http://site88763392.com"
115.245.231.170 - - [06/Jul/2026:01:26:59 -0700] "POST /xmlrpc.php HTTP/1.1" 200 4129 "-" "Jetpack by WordPress.com (Jetpack 12.5; WordPress 6.2)"
115.245.231.170 - - [06/Jul/2026:01:27:20 -0700] "POST /xmlrpc.php HTTP/1.1" 403 4352 "-" "WordPress.com; https://wordpress.com"
35.235.84.95 - - [06/Jul/2026:01:27:32 -0700] "POST /wp-cron.php?doing_wp_cron=1783326452.8586940765380859375000 HTTP/1.1" 200 3587 "-" "WordPress/7.0; https://vanessavaladezrealty.com"
115.245.231.170 - - [06/Jul/2026:01:27:31 -0700] "POST /xmlrpc.php HTTP/1.1" 200 4129 "-" "Jetpack by WordPress.com (Jetpack 12.5; WordPress 6.2)"
115.245.231.170 - - [06/Jul/2026:01:27:41 -0700] "POST /xmlrpc.php HTTP/1.1" 403 4352 "-" "Jetpack by WordPress.com"
35.235.84.95 - - [06/Jul/2026:01:28:04 -0700] "POST /wp-cron.php?doing_wp_cron=1783326483.9885020256042480468750 HTTP/1.1" 200 3587 "-" "WordPress/7.0; https://vanessavaladezrealty.com"
115.245.231.170 - - [06/Jul/2026:01:28:02 -0700] "POST /xmlrpc.php HTTP/1.1" 200 4129 "-" "Jetpack/13.0; WordPress/6.3; http://site75722825.com"
115.245.231.170 - - [06/Jul/2026:01:28:13 -0700] "POST /xmlrpc.php HTTP/1.1" 403 4352 "-" "WordPress.com; https://wordpress.com"
115.245.231.170 - - [06/Jul/2026:01:27:52 -0700] "POST /xmlrpc.php HTTP/1.1" 403 4352 "-" "WordPress.com; https://wordpress.com"
35.235.84.95 - - [06/Jul/2026:01:31:36 -0700] "POST /wp-cron.php?doing_wp_cron=1783326696.7013609409332275390625 HTTP/1.1" 200 3587 "-" "WordPress/7.0; https://vanessavaladezrealty.com"
113.191.156.139 - - [06/Jul/2026:01:31:35 -0700] "GET /properties/vanessavaladez/tel:7027760711/tel:7027760711/tel:7027760711/tel:7027760711/tel:7027760711/?wplpage=5 HTTP/1.1" 200 30438 "-" "Mozilla/5.0 (Macintosh; Intel Mac OS X 10_15_6) AppleWebKit/537.36 (KHTML, like Gecko) Brave Chrome/86.0.4240.183 Safari/537.36"
113.160.142.119 - - [06/Jul/2026:01:32:08 -0700] "GET /wp-login.php HTTP/1.1" 200 6365 "-" "Mozilla/5.0 (Windows NT 10.0; Win64; x64) AppleWebKit/537.36 (KHTML, like Gecko) Chrome/133.0.0.0 Safari/537.36 Edg/133.0.0.0"
113.160.142.119 - - [06/Jul/2026:01:32:10 -0700] "POST /wp-login.php HTTP/1.1" 200 6451 "https://vanessavaladezrealty.com/wp-login.php" "Mozilla/5.0 (Windows NT 10.0; Win64; x64) AppleWebKit/537.36 (KHTML, like Gecko) Chrome/133.0.0.0 Safari/537.36 Edg/133.0.0.0"
35.235.84.95 - - [06/Jul/2026:01:33:32 -0700] "POST /wp-cron.php?doing_wp_cron=1783326812.5671761035919189453125 HTTP/1.1" 200 3587 "-" "WordPress/7.0; https://vanessavaladezrealty.com"
78.142.18.172 - - [06/Jul/2026:01:33:31 -0700] "GET /wp-login.php HTTP/1.1" 200 6365 "-" "Mozilla/5.0 (Macintosh; Intel Mac OS X 11_7_10) AppleWebKit/537.36 (KHTML, like Gecko) Chrome/133.0.0.0 Safari/537.36"
78.142.18.172 - - [06/Jul/2026:01:33:32 -0700] "POST /wp-login.php HTTP/1.1" 200 6467 "https://vanessavaladezrealty.com/wp-login.php" "Mozilla/5.0 (Macintosh; Intel Mac OS X 11_7_10) AppleWebKit/537.36 (KHTML, like Gecko) Chrome/133.0.0.0 Safari/537.36"
35.235.84.95 - - [06/Jul/2026:01:34:50 -0700] "POST /wp-cron.php?doing_wp_cron=1783326890.0055160522460937500000 HTTP/1.1" 200 3587 "-" "WordPress/7.0; https://vanessavaladezrealty.com"
103.115.24.96 - - [06/Jul/2026:01:34:48 -0700] "GET /properties/107-Residential-6827-Regency-Crest-Avenue-8-Rooms-2-Bedrooms-3-Bathrooms-USD950-000/ HTTP/1.1" 200 38590 "-" "Mozilla/5.0 (Macintosh; Intel Mac OS X 11_2_3) AppleWebKit/537.36 (KHTML, like Gecko) Brave Chrome/88.0.4324.96 Safari/537.36"
35.235.84.95 - - [06/Jul/2026:01:36:37 -0700] "POST /wp-cron.php?doing_wp_cron=1783326997.8991329669952392578125 HTTP/1.1" 200 3587 "-" "WordPress/7.0; https://vanessavaladezrealty.com"
114.119.155.58 - - [06/Jul/2026:01:36:36 -0700] "GET /properties?wplpage=4 HTTP/1.1" 301 4133 "https://vanessavaladezrealty.com/properties?wplpage=1" "Mozilla/5.0 (Linux; Android 7.0;) AppleWebKit/537.36 (HTML, like Gecko) Mobile Safari/537.36 (compatible; PetalBot;+https://webmaster.petalsearch.com/site/petalbot)"
114.119.155.58 - - [06/Jul/2026:01:36:39 -0700] "GET /properties/?wplpage=4 HTTP/1.1" 200 32795 "https://vanessavaladezrealty.com/properties?wplpage=1" "Mozilla/5.0 (Linux; Android 7.0;) AppleWebKit/537.36 (HTML, like Gecko) Mobile Safari/537.36 (compatible; PetalBot;+https://webmaster.petalsearch.com/site/petalbot)"
117.209.73.168 - - [06/Jul/2026:01:36:57 -0700] "POST /xmlrpc.php HTTP/1.1" 200 4129 "-" "Jetpack/12.5; WordPress/6.1; http://site98018973.com"
117.209.73.168 - - [06/Jul/2026:01:37:06 -0700] "POST /xmlrpc.php HTTP/1.1" 200 4129 "-" "Jetpack by WordPress.com"
117.209.73.168 - - [06/Jul/2026:01:37:17 -0700] "POST /xmlrpc.php HTTP/1.1" 200 4129 "-" "Jetpack by WordPress.com (Jetpack 12.1; WordPress 6.2)"
35.235.84.95 - - [06/Jul/2026:01:37:39 -0700] "POST /wp-cron.php?doing_wp_cron=1783327059.1551220417022705078125 HTTP/1.1" 200 3587 "-" "WordPress/7.0; https://vanessavaladezrealty.com"
117.209.73.168 - - [06/Jul/2026:01:37:27 -0700] "POST /xmlrpc.php HTTP/1.1" 200 4129 "-" "Jetpack/12.5; WordPress/6.1; http://site78380373.com"
117.209.73.168 - - [06/Jul/2026:01:37:38 -0700] "POST /xmlrpc.php HTTP/1.1" 200 4129 "-" "WordPress.com; https://wordpress.com"
117.209.73.168 - - [06/Jul/2026:01:37:48 -0700] "POST /xmlrpc.php HTTP/1.1" 200 4129 "-" "Jetpack by WordPress.com"
35.235.84.95 - - [06/Jul/2026:01:38:00 -0700] "POST /wp-cron.php?doing_wp_cron=1783327080.3842968940734863281250 HTTP/1.1" 200 3587 "-" "WordPress/7.0; https://vanessavaladezrealty.com"
117.209.73.168 - - [06/Jul/2026:01:37:59 -0700] "POST /xmlrpc.php HTTP/1.1" 200 4129 "-" "Jetpack/13.0; WordPress/6.3; http://site64326851.com"
114.119.159.8 - - [06/Jul/2026:01:37:59 -0700] "GET /properties/?wplview=property_show&pid=121 HTTP/1.1" 200 31989 "https://vanessavaladezrealty.com/" "Mozilla/5.0 (Linux; Android 7.0;) AppleWebKit/537.36 (HTML, like Gecko) Mobile Safari/537.36 (compatible; PetalBot;+https://webmaster.petalsearch.com/site/petalbot)"
117.209.73.168 - - [06/Jul/2026:01:38:09 -0700] "POST /xmlrpc.php HTTP/1.1" 200 4129 "-" "WordPress.com; https://wordpress.com"
117.209.73.168 - - [06/Jul/2026:01:38:20 -0700] "POST /xmlrpc.php HTTP/1.1" 200 4129 "-" "Jetpack by WordPress.com (Jetpack 13.0; WordPress 6.1)"
117.209.73.168 - - [06/Jul/2026:01:38:30 -0700] "POST /xmlrpc.php HTTP/1.1" 200 4129 "-" "Jetpack/12.0; WordPress/6.1; http://site85528067.com"
117.209.73.168 - - [06/Jul/2026:01:38:41 -0700] "POST /xmlrpc.php HTTP/1.1" 200 4129 "-" "WordPress.com; https://wordpress.com"
35.235.84.95 - - [06/Jul/2026:01:38:52 -0700] "POST /wp-cron.php?doing_wp_cron=1783327132.5869829654693603515625 HTTP/1.1" 200 3587 "-" "WordPress/7.0; https://vanessavaladezrealty.com"
117.209.73.168 - - [06/Jul/2026:01:38:51 -0700] "POST /xmlrpc.php HTTP/1.1" 200 4129 "-" "WordPress.com; https://wordpress.com"
117.209.73.168 - - [06/Jul/2026:01:39:02 -0700] "POST /xmlrpc.php HTTP/1.1" 200 4129 "-" "Jetpack/12.0; WordPress/6.3; http://site95739952.com"
117.209.73.168 - - [06/Jul/2026:01:39:12 -0700] "POST /xmlrpc.php HTTP/1.1" 200 4129 "-" "Jetpack by WordPress.com"
117.209.73.168 - - [06/Jul/2026:01:39:22 -0700] "POST /xmlrpc.php HTTP/1.1" 200 4129 "-" "Jetpack by WordPress.com (Jetpack 12.1; WordPress 6.1)"
114.119.159.8 - - [06/Jul/2026:01:39:22 -0700] "GET /properties/140-Residential-1802-Goldfield-Street-USD125-000/ HTTP/1.1" 200 29650 "https://vanessavaladezrealty.com/properties/140-Residential-1802-Goldfield-Street-USD125-000/" "Mozilla/5.0 (Linux; Android 7.0;) AppleWebKit/537.36 (HTML, like Gecko) Mobile Safari/537.36 (compatible; PetalBot;+https://webmaster.petalsearch.com/site/petalbot)"
117.209.73.168 - - [06/Jul/2026:01:39:44 -0700] "POST /xmlrpc.php HTTP/1.1" 200 4129 "-" "Jetpack by WordPress.com (Jetpack 12.1; WordPress 6.1)"
117.209.73.168 - - [06/Jul/2026:01:39:33 -0700] "POST /xmlrpc.php HTTP/1.1" 200 4129 "-" "WordPress.com; https://wordpress.com"
35.235.84.95 - - [06/Jul/2026:01:39:55 -0700] "POST /wp-cron.php?doing_wp_cron=1783327195.5285420417785644531250 HTTP/1.1" 200 3587 "-" "WordPress/7.0; https://vanessavaladezrealty.com"
117.209.73.168 - - [06/Jul/2026:01:39:54 -0700] "POST /xmlrpc.php HTTP/1.1" 200 4129 "-" "Jetpack/12.0; WordPress/6.4; http://site87300341.com"
117.209.73.168 - - [06/Jul/2026:01:40:04 -0700] "POST /xmlrpc.php HTTP/1.1" 200 4129 "-" "Jetpack by WordPress.com (Jetpack 12.5; WordPress 6.3)"
117.209.73.168 - - [06/Jul/2026:01:40:15 -0700] "POST /xmlrpc.php HTTP/1.1" 200 4129 "-" "Jetpack by WordPress.com (Jetpack 12.0; WordPress 6.3)"
117.209.73.168 - - [06/Jul/2026:01:40:25 -0700] "POST /xmlrpc.php HTTP/1.1" 200 4129 "-" "Jetpack by WordPress.com (Jetpack 12.5; WordPress 6.4)"
117.209.73.168 - - [06/Jul/2026:01:40:36 -0700] "POST /xmlrpc.php HTTP/1.1" 200 4129 "-" "Jetpack by WordPress.com"
117.209.73.168 - - [06/Jul/2026:01:40:46 -0700] "POST /xmlrpc.php HTTP/1.1" 403 4352 "-" "WordPress.com; https://wordpress.com"
117.209.73.168 - - [06/Jul/2026:01:40:57 -0700] "POST /xmlrpc.php HTTP/1.1" 403 4352 "-" "WordPress.com; https://wordpress.com"
35.235.84.95 - - [06/Jul/2026:01:41:09 -0700] "POST /wp-cron.php?doing_wp_cron=1783327269.1217839717864990234375 HTTP/1.1" 200 3587 "-" "WordPress/7.0; https://vanessavaladezrealty.com"
117.209.73.168 - - [06/Jul/2026:01:41:07 -0700] "POST /xmlrpc.php HTTP/1.1" 200 4129 "-" "Jetpack/12.1; WordPress/6.3; http://site78233550.com"
117.209.73.168 - - [06/Jul/2026:01:41:18 -0700] "POST /xmlrpc.php HTTP/1.1" 200 4129 "-" "Jetpack by WordPress.com (Jetpack 12.1; WordPress 6.1)"
35.235.84.95 - - [06/Jul/2026:01:41:25 -0700] "POST /wp-cron.php?doing_wp_cron=1783327285.5169959068298339843750 HTTP/1.1" 200 3587 "-" "WordPress/7.0; https://vanessavaladezrealty.com"
114.119.159.8 - - [06/Jul/2026:01:41:24 -0700] "GET /properties/109-Residential-7213-Tame-Place-6-Rooms-3-Bedrooms-2-Bathrooms-USD325-000 HTTP/1.1" 301 4197 "https://vanessavaladezrealty.com/properties/109-Residential-7213-Tame-Place-6-Rooms-3-Bedrooms-2-Bathrooms-USD325-000" "Mozilla/5.0 (Linux; Android 7.0;) AppleWebKit/537.36 (HTML, like Gecko) Mobile Safari/537.36 (compatible; PetalBot;+https://webmaster.petalsearch.com/site/petalbot)"
114.119.159.8 - - [06/Jul/2026:01:41:26 -0700] "GET /properties/109-Residential-7213-Tame-Place-6-Rooms-3-Bedrooms-2-Bathrooms-USD325-000/ HTTP/1.1" 200 32113 "https://vanessavaladezrealty.com/properties/109-Residential-7213-Tame-Place-6-Rooms-3-Bedrooms-2-Bathrooms-USD325-000" "Mozilla/5.0 (Linux; Android 7.0;) AppleWebKit/537.36 (HTML, like Gecko) Mobile Safari/537.36 (compatible; PetalBot;+https://webmaster.petalsearch.com/site/petalbot)"
117.209.73.168 - - [06/Jul/2026:01:41:28 -0700] "POST /xmlrpc.php HTTP/1.1" 200 4129 "-" "Jetpack/12.1; WordPress/6.1; http://site59753767.com"
117.209.73.168 - - [06/Jul/2026:01:41:39 -0700] "POST /xmlrpc.php HTTP/1.1" 200 4129 "-" "Jetpack by WordPress.com (Jetpack 13.0; WordPress 6.4)"
117.209.73.168 - - [06/Jul/2026:01:41:49 -0700] "POST /xmlrpc.php HTTP/1.1" 200 4129 "-" "Jetpack by WordPress.com"
117.209.73.168 - - [06/Jul/2026:01:42:00 -0700] "POST /xmlrpc.php HTTP/1.1" 403 4352 "-" "WordPress.com; https://wordpress.com"
117.209.73.168 - - [06/Jul/2026:01:42:10 -0700] "POST /xmlrpc.php HTTP/1.1" 403 4352 "-" "Jetpack by WordPress.com"
117.209.73.168 - - [06/Jul/2026:01:42:21 -0700] "POST /xmlrpc.php HTTP/1.1" 200 4129 "-" "Jetpack/12.5; WordPress/6.4; http://site93776529.com"
117.209.73.168 - - [06/Jul/2026:01:42:31 -0700] "POST /xmlrpc.php HTTP/1.1" 403 4352 "-" "Jetpack by WordPress.com"
35.235.84.95 - - [06/Jul/2026:01:42:33 -0700] "POST /wp-cron.php?doing_wp_cron=1783327353.3259119987487792968750 HTTP/1.1" 200 3587 "-" "WordPress/7.0; https://vanessavaladezrealty.com"
177.245.72.40 - - [06/Jul/2026:01:42:31 -0700] "GET /properties/?wplpage=4 HTTP/1.1" 200 32856 "-" "Mozilla/5.0 (Macintosh; Intel Mac OS X 15.4; rv:128.0) Gecko/20100101 Firefox/128.0"
117.209.73.168 - - [06/Jul/2026:01:42:42 -0700] "POST /xmlrpc.php HTTP/1.1" 200 4129 "-" "Jetpack/12.0; WordPress/6.4; http://site70445488.com"
35.235.84.95 - - [06/Jul/2026:01:42:50 -0700] "POST /wp-cron.php?doing_wp_cron=1783327370.4831850528717041015625 HTTP/1.1" 200 3587 "-" "WordPress/7.0; https://vanessavaladezrealty.com"
103.56.161.126 - - [06/Jul/2026:01:42:49 -0700] "GET /wp-login.php HTTP/1.1" 200 6365 "-" "Mozilla/5.0 (Windows NT 10.0; WOW64) AppleWebKit/537.36 (KHTML, like Gecko) Chrome/133.0.0.0 Safari/537.36"
117.209.73.168 - - [06/Jul/2026:01:42:52 -0700] "POST /xmlrpc.php HTTP/1.1" 403 4352 "-" "Jetpack by WordPress.com"
103.56.161.126 - - [06/Jul/2026:01:42:50 -0700] "POST /wp-login.php HTTP/1.1" 200 6451 "https://vanessavaladezrealty.com/wp-login.php" "Mozilla/5.0 (Windows NT 10.0; WOW64) AppleWebKit/537.36 (KHTML, like Gecko) Chrome/133.0.0.0 Safari/537.36"
117.209.73.168 - - [06/Jul/2026:01:43:03 -0700] "POST /xmlrpc.php HTTP/1.1" 403 4352 "-" "Jetpack by WordPress.com"
117.209.73.168 - - [06/Jul/2026:01:43:13 -0700] "POST /xmlrpc.php HTTP/1.1" 403 4352 "-" "WordPress.com; https://wordpress.com"
117.209.73.168 - - [06/Jul/2026:01:43:24 -0700] "POST /xmlrpc.php HTTP/1.1" 403 4352 "-" "WordPress.com; https://wordpress.com"
78.142.18.172 - - [06/Jul/2026:01:43:32 -0700] "GET /wp-json/wp/v2/users/me HTTP/1.1" 403 4352 "-" "Mozilla/5.0 (Windows NT 10.0; Win64; x64; rv:133.0) Gecko/20100101 Firefox/133.0"
117.209.73.168 - - [06/Jul/2026:01:43:34 -0700] "POST /xmlrpc.php HTTP/1.1" 403 4352 "-" "Jetpack by WordPress.com"
117.209.73.168 - - [06/Jul/2026:01:43:45 -0700] "POST /xmlrpc.php HTTP/1.1" 403 4352 "-" "WordPress.com; https://wordpress.com"
35.235.84.95 - - [06/Jul/2026:01:43:57 -0700] "POST /wp-cron.php?doing_wp_cron=1783327437.2443881034851074218750 HTTP/1.1" 200 3587 "-" "WordPress/7.0; https://vanessavaladezrealty.com"
117.209.73.168 - - [06/Jul/2026:01:43:55 -0700] "POST /xmlrpc.php HTTP/1.1" 200 4129 "-" "Jetpack/12.5; WordPress/6.4; http://site82228165.com"
117.209.73.168 - - [06/Jul/2026:01:44:06 -0700] "POST /xmlrpc.php HTTP/1.1" 403 4352 "-" "Jetpack by WordPress.com"
117.209.73.168 - - [06/Jul/2026:01:44:16 -0700] "POST /xmlrpc.php HTTP/1.1" 200 4129 "-" "Jetpack by WordPress.com (Jetpack 12.1; WordPress 6.4)"
117.209.73.168 - - [06/Jul/2026:01:44:27 -0700] "POST /xmlrpc.php HTTP/1.1" 403 4352 "-" "WordPress.com; https://wordpress.com"
117.209.73.168 - - [06/Jul/2026:01:44:37 -0700] "POST /xmlrpc.php HTTP/1.1" 403 4352 "-" "Jetpack by WordPress.com"
14.177.10.27 - - [06/Jul/2026:01:44:45 -0700] "GET /properties/136-Residential-9722-West-Richmar-Avenue-5-Rooms-3-Bedrooms-3-Bathrooms-USD454-950/tel:7027760711 HTTP/1.1" 301 4221 "-" "Mozilla/5.0 (Macintosh; Intel Mac OS X 10_11_0) AppleWebKit/537.36 (KHTML, like Gecko) Chrome/67.0.3396.3 Safari/537.36"
14.177.10.27 - - [06/Jul/2026:01:44:46 -0700] "GET /properties/136-Residential-9722-West-Richmar-Avenue-5-Rooms-3-Bedrooms-3-Bathrooms-USD454-950/tel:7027760711/ HTTP/1.1" 301 4370 "-" "Mozilla/5.0 (Macintosh; Intel Mac OS X 10_11_0) AppleWebKit/537.36 (KHTML, like Gecko) Chrome/67.0.3396.3 Safari/537.36"
35.235.84.95 - - [06/Jul/2026:01:44:50 -0700] "POST /wp-cron.php?doing_wp_cron=1783327490.2972340583801269531250 HTTP/1.1" 200 3587 "-" "WordPress/7.0; https://vanessavaladezrealty.com"
14.177.10.27 - - [06/Jul/2026:01:44:48 -0700] "GET /properties/136-Residential-9722-West-Richmar-Avenue-5-Rooms-3-Bedrooms-3-Bathrooms-USD454-950 HTTP/1.1" 301 4148 "-" "Mozilla/5.0 (Macintosh; Intel Mac OS X 10_11_0) AppleWebKit/537.36 (KHTML, like Gecko) Chrome/67.0.3396.3 Safari/537.36"
14.177.10.27 - - [06/Jul/2026:01:44:50 -0700] "GET /properties/136-Residential-9722-West-Richmar-Avenue-5-Rooms-3-Bedrooms-3-Bathrooms-USD454-950/ HTTP/1.1" 200 35413 "-" "Mozilla/5.0 (Macintosh; Intel Mac OS X 10_11_0) AppleWebKit/537.36 (KHTML, like Gecko) Chrome/67.0.3396.3 Safari/537.36"
117.209.73.168 - - [06/Jul/2026:01:44:58 -0700] "POST /xmlrpc.php HTTP/1.1" 403 4352 "-" "WordPress.com; https://wordpress.com"
117.209.73.168 - - [06/Jul/2026:01:44:48 -0700] "POST /xmlrpc.php HTTP/1.1" 200 4129 "-" "Jetpack by WordPress.com (Jetpack 12.1; WordPress 6.1)"
117.209.73.168 - - [06/Jul/2026:01:45:09 -0700] "POST /xmlrpc.php HTTP/1.1" 403 4352 "-" "Jetpack by WordPress.com"
117.209.73.168 - - [06/Jul/2026:01:45:19 -0700] "POST /xmlrpc.php HTTP/1.1" 403 4352 "-" "Jetpack by WordPress.com"
117.209.73.168 - - [06/Jul/2026:01:45:30 -0700] "POST /xmlrpc.php HTTP/1.1" 403 4352 "-" "WordPress.com; https://wordpress.com"
117.209.73.168 - - [06/Jul/2026:01:45:40 -0700] "POST /xmlrpc.php HTTP/1.1" 403 4352 "-" "Jetpack by WordPress.com"
117.209.73.168 - - [06/Jul/2026:01:45:51 -0700] "POST /xmlrpc.php HTTP/1.1" 403 4352 "-" "Jetpack by WordPress.com"
35.235.84.95 - - [06/Jul/2026:01:46:03 -0700] "POST /wp-cron.php?doing_wp_cron=1783327563.0012609958648681640625 HTTP/1.1" 200 3587 "-" "WordPress/7.0; https://vanessavaladezrealty.com"
117.209.73.168 - - [06/Jul/2026:01:46:01 -0700] "POST /xmlrpc.php HTTP/1.1" 200 4129 "-" "Jetpack by WordPress.com (Jetpack 13.0; WordPress 6.1)"
117.209.73.168 - - [06/Jul/2026:01:46:12 -0700] "POST /xmlrpc.php HTTP/1.1" 403 4352 "-" "WordPress.com; https://wordpress.com"
117.209.73.168 - - [06/Jul/2026:01:46:22 -0700] "POST /xmlrpc.php HTTP/1.1" 200 4129 "-" "Jetpack by WordPress.com (Jetpack 13.0; WordPress 6.3)"
117.209.73.168 - - [06/Jul/2026:01:46:33 -0700] "POST /xmlrpc.php HTTP/1.1" 403 4352 "-" "WordPress.com; https://wordpress.com"
35.235.84.95 - - [06/Jul/2026:01:46:44 -0700] "POST /wp-cron.php?doing_wp_cron=1783327604.7304699420928955078125 HTTP/1.1" 200 3587 "-" "WordPress/7.0; https://vanessavaladezrealty.com"
117.209.73.168 - - [06/Jul/2026:01:46:43 -0700] "POST /xmlrpc.php HTTP/1.1" 200 4129 "-" "Jetpack/13.0; WordPress/6.2; http://site91320963.com"
117.209.73.168 - - [06/Jul/2026:01:46:54 -0700] "POST /xmlrpc.php HTTP/1.1" 200 4129 "-" "Jetpack by WordPress.com (Jetpack 12.5; WordPress 6.2)"
117.209.73.168 - - [06/Jul/2026:01:47:04 -0700] "POST /xmlrpc.php HTTP/1.1" 403 4352 "-" "WordPress.com; https://wordpress.com"
117.209.73.168 - - [06/Jul/2026:01:47:15 -0700] "POST /xmlrpc.php HTTP/1.1" 403 4352 "-" "WordPress.com; https://wordpress.com"
117.209.73.168 - - [06/Jul/2026:01:47:25 -0700] "POST /xmlrpc.php HTTP/1.1" 200 4129 "-" "Jetpack by WordPress.com (Jetpack 12.1; WordPress 6.3)"
117.209.73.168 - - [06/Jul/2026:01:47:36 -0700] "POST /xmlrpc.php HTTP/1.1" 200 4129 "-" "Jetpack/12.1; WordPress/6.3; http://site46100975.com"
177.192.23.118 - - [06/Jul/2026:01:47:41 -0700] "GET / HTTP/1.1" 200 38349 "-" "Mozilla/5.0 (Macintosh; Intel Mac OS X 10_15_4) AppleWebKit/537.36 (KHTML, like Gecko) Brave Chrome/81.0.4044.122 Safari/537.36"
35.235.84.95 - - [06/Jul/2026:01:47:47 -0700] "POST /wp-cron.php?doing_wp_cron=1783327667.6094639301300048828125 HTTP/1.1" 200 3587 "-" "WordPress/7.0; https://vanessavaladezrealty.com"
117.209.73.168 - - [06/Jul/2026:01:47:46 -0700] "POST /xmlrpc.php HTTP/1.1" 200 4129 "-" "Jetpack/13.0; WordPress/6.3; http://site34870036.com"
35.235.84.95 - - [06/Jul/2026:01:47:58 -0700] "POST /wp-cron.php?doing_wp_cron=1783327678.1596910953521728515625 HTTP/1.1" 200 3587 "-" "WordPress/7.0; https://vanessavaladezrealty.com"
117.209.73.168 - - [06/Jul/2026:01:47:57 -0700] "POST /xmlrpc.php HTTP/1.1" 200 4129 "-" "Jetpack/12.5; WordPress/6.3; http://site72267553.com"
117.209.73.168 - - [06/Jul/2026:01:48:07 -0700] "POST /xmlrpc.php HTTP/1.1" 403 4352 "-" "WordPress.com; https://wordpress.com"
113.176.174.29 - - [06/Jul/2026:01:48:06 -0700] "GET /properties/vanessavaladez/tel:7027760711/tel:7027760711/tel:7027760711/tel:7027760711/tel:7027760711/tel:7027760711/tel:7027760711/tel:7027760711/?wplpage=2 HTTP/1.1" 200 33557 "-" "Mozilla/5.0 (Windows NT 10.0; Win64; x64) AppleWebKit/537.36 (KHTML, like Gecko) Chrome/92.0.4515.159 Safari/537.36"
117.209.73.168 - - [06/Jul/2026:01:48:18 -0700] "POST /xmlrpc.php HTTP/1.1" 200 4129 "-" "Jetpack/13.0; WordPress/6.4; http://site20178447.com"
117.209.73.168 - - [06/Jul/2026:01:48:28 -0700] "POST /xmlrpc.php HTTP/1.1" 200 4129 "-" "Jetpack by WordPress.com (Jetpack 12.1; WordPress 6.3)"
117.209.73.168 - - [06/Jul/2026:01:48:39 -0700] "POST /xmlrpc.php HTTP/1.1" 200 4129 "-" "Jetpack by WordPress.com (Jetpack 12.0; WordPress 6.3)"
117.209.73.168 - - [06/Jul/2026:01:48:49 -0700] "POST /xmlrpc.php HTTP/1.1" 403 4352 "-" "Jetpack by WordPress.com"
117.209.73.168 - - [06/Jul/2026:01:49:00 -0700] "POST /xmlrpc.php HTTP/1.1" 403 4352 "-" "WordPress.com; https://wordpress.com"
35.235.84.95 - - [06/Jul/2026:01:49:11 -0700] "POST /wp-cron.php?doing_wp_cron=1783327751.7792239189147949218750 HTTP/1.1" 200 3587 "-" "WordPress/7.0; https://vanessavaladezrealty.com"
117.209.73.168 - - [06/Jul/2026:01:49:10 -0700] "POST /xmlrpc.php HTTP/1.1" 200 4129 "-" "Jetpack by WordPress.com (Jetpack 12.1; WordPress 6.2)"
117.209.73.168 - - [06/Jul/2026:01:49:21 -0700] "POST /xmlrpc.php HTTP/1.1" 403 4352 "-" "WordPress.com; https://wordpress.com"
117.209.73.168 - - [06/Jul/2026:01:49:31 -0700] "POST /xmlrpc.php HTTP/1.1" 200 4129 "-" "Jetpack/12.5; WordPress/6.2; http://site94941263.com"
117.209.73.168 - - [06/Jul/2026:01:49:42 -0700] "POST /xmlrpc.php HTTP/1.1" 403 4352 "-" "WordPress.com; https://wordpress.com"
117.209.73.168 - - [06/Jul/2026:01:49:52 -0700] "POST /xmlrpc.php HTTP/1.1" 403 4352 "-" "WordPress.com; https://wordpress.com"
35.235.84.95 - - [06/Jul/2026:01:50:05 -0700] "POST /wp-cron.php?doing_wp_cron=1783327805.4129829406738281250000 HTTP/1.1" 200 3587 "-" "WordPress/7.0; https://vanessavaladezrealty.com"
117.209.73.168 - - [06/Jul/2026:01:50:03 -0700] "POST /xmlrpc.php HTTP/1.1" 200 4129 "-" "Jetpack by WordPress.com (Jetpack 12.5; WordPress 6.4)"
117.209.73.168 - - [06/Jul/2026:01:50:13 -0700] "POST /xmlrpc.php HTTP/1.1" 403 4352 "-" "Jetpack by WordPress.com"
169.224.65.117 - - [06/Jul/2026:01:50:13 -0700] "GET /properties/149-0-0-0-$0/tel:7027760711 HTTP/1.1" 301 4150 "-" "Mozilla/5.0 (Windows NT 10.0) AppleWebKit/537.36 (KHTML, like Gecko) Chrome/72.0.3626.109 Safari/537.36"
169.224.65.117 - - [06/Jul/2026:01:50:15 -0700] "GET /properties/149-0-0-0-0/tel:7027760711/ HTTP/1.1" 301 4302 "-" "Mozilla/5.0 (Windows NT 10.0) AppleWebKit/537.36 (KHTML, like Gecko) Chrome/72.0.3626.109 Safari/537.36"
169.224.65.117 - - [06/Jul/2026:01:50:17 -0700] "GET /properties/149-0-0-0-%240 HTTP/1.1" 301 4080 "-" "Mozilla/5.0 (Windows NT 10.0) AppleWebKit/537.36 (KHTML, like Gecko) Chrome/72.0.3626.109 Safari/537.36"
169.224.65.117 - - [06/Jul/2026:01:50:19 -0700] "GET /properties/149-0-0-0-%240/ HTTP/1.1" 200 33030 "-" "Mozilla/5.0 (Windows NT 10.0) AppleWebKit/537.36 (KHTML, like Gecko) Chrome/72.0.3626.109 Safari/537.36"
117.209.73.168 - - [06/Jul/2026:01:50:24 -0700] "POST /xmlrpc.php HTTP/1.1" 403 4352 "-" "WordPress.com; https://wordpress.com"
117.209.73.168 - - [06/Jul/2026:01:50:34 -0700] "POST /xmlrpc.php HTTP/1.1" 403 4352 "-" "WordPress.com; https://wordpress.com"
117.209.73.168 - - [06/Jul/2026:01:50:44 -0700] "POST /xmlrpc.php HTTP/1.1" 200 4129 "-" "Jetpack by WordPress.com (Jetpack 12.1; WordPress 6.1)"
117.209.73.168 - - [06/Jul/2026:01:50:55 -0700] "POST /xmlrpc.php HTTP/1.1" 403 4352 "-" "Jetpack by WordPress.com"
35.235.84.95 - - [06/Jul/2026:01:51:01 -0700] "POST /wp-cron.php?doing_wp_cron=1783327861.2640829086303710937500 HTTP/1.1" 200 3587 "-" "WordPress/7.0; https://vanessavaladezrealty.com"
45.178.206.150 - - [06/Jul/2026:01:50:58 -0700] "GET /properties/embed/tel:7027760711/tel:7027760711/tel:7027760711/tel:7027760711/tel:7027760711/ HTTP/1.1" 200 24546 "-" "Mozilla/5.0 (Windows NT 6.1; WOW64) AppleWebKit/537.36 (KHTML, like Gecko) Chrome/69.0.0.3016 Safari/537.36"
117.209.73.168 - - [06/Jul/2026:01:51:05 -0700] "POST /xmlrpc.php HTTP/1.1" 403 4352 "-" "WordPress.com; https://wordpress.com"
117.209.73.168 - - [06/Jul/2026:01:51:16 -0700] "POST /xmlrpc.php HTTP/1.1" 200 4129 "-" "Jetpack/12.1; WordPress/6.4; http://site18871940.com"
35.235.84.95 - - [06/Jul/2026:01:51:27 -0700] "POST /wp-cron.php?doing_wp_cron=1783327887.9172410964965820312500 HTTP/1.1" 200 3587 "-" "WordPress/7.0; https://vanessavaladezrealty.com"
117.209.73.168 - - [06/Jul/2026:01:51:26 -0700] "POST /xmlrpc.php HTTP/1.1" 200 4129 "-" "Jetpack/13.0; WordPress/6.3; http://site90028982.com"
117.209.73.168 - - [06/Jul/2026:01:51:37 -0700] "POST /xmlrpc.php HTTP/1.1" 200 4129 "-" "Jetpack/12.0; WordPress/6.2; http://site74671025.com"
117.209.73.168 - - [06/Jul/2026:01:51:47 -0700] "POST /xmlrpc.php HTTP/1.1" 403 4352 "-" "Jetpack by WordPress.com"
117.209.73.168 - - [06/Jul/2026:01:51:58 -0700] "POST /xmlrpc.php HTTP/1.1" 403 4352 "-" "WordPress.com; https://wordpress.com"
117.209.73.168 - - [06/Jul/2026:01:52:19 -0700] "POST /xmlrpc.php HTTP/1.1" 403 4352 "-" "Jetpack by WordPress.com"
117.209.73.168 - - [06/Jul/2026:01:52:08 -0700] "POST /xmlrpc.php HTTP/1.1" 403 4352 "-" "Jetpack by WordPress.com"
35.235.84.95 - - [06/Jul/2026:01:52:31 -0700] "POST /wp-cron.php?doing_wp_cron=1783327950.9734270572662353515625 HTTP/1.1" 200 3587 "-" "WordPress/7.0; https://vanessavaladezrealty.com"
117.209.73.168 - - [06/Jul/2026:01:52:29 -0700] "POST /xmlrpc.php HTTP/1.1" 200 4129 "-" "Jetpack/12.0; WordPress/6.1; http://site98580340.com"
117.209.73.168 - - [06/Jul/2026:01:52:40 -0700] "POST /xmlrpc.php HTTP/1.1" 403 4352 "-" "Jetpack by WordPress.com"
117.209.73.168 - - [06/Jul/2026:01:52:50 -0700] "POST /xmlrpc.php HTTP/1.1" 403 4352 "-" "WordPress.com; https://wordpress.com"
35.235.84.95 - - [06/Jul/2026:01:53:02 -0700] "POST /wp-cron.php?doing_wp_cron=1783327982.4258959293365478515625 HTTP/1.1" 200 3587 "-" "WordPress/7.0; https://vanessavaladezrealty.com"
117.209.73.168 - - [06/Jul/2026:01:53:01 -0700] "POST /xmlrpc.php HTTP/1.1" 200 4129 "-" "Jetpack/12.1; WordPress/6.2; http://site50729011.com"
117.209.73.168 - - [06/Jul/2026:01:53:11 -0700] "POST /xmlrpc.php HTTP/1.1" 403 4352 "-" "WordPress.com; https://wordpress.com"
117.209.73.168 - - [06/Jul/2026:01:53:22 -0700] "POST /xmlrpc.php HTTP/1.1" 200 4129 "-" "Jetpack/12.0; WordPress/6.2; http://site23661154.com"
117.209.73.168 - - [06/Jul/2026:01:53:32 -0700] "POST /xmlrpc.php HTTP/1.1" 403 4352 "-" "WordPress.com; https://wordpress.com"
117.209.73.168 - - [06/Jul/2026:01:53:53 -0700] "POST /xmlrpc.php HTTP/1.1" 403 4352 "-" "WordPress.com; https://wordpress.com"
35.235.84.95 - - [06/Jul/2026:01:54:00 -0700] "POST /wp-cron.php?doing_wp_cron=1783328040.3496499061584472656250 HTTP/1.1" 200 3587 "-" "WordPress/7.0; https://vanessavaladezrealty.com"
78.142.18.172 - - [06/Jul/2026:01:53:58 -0700] "GET /wp-login.php HTTP/1.1" 200 6365 "-" "Mozilla/5.0 (Windows NT 10.0; Win64; x64) AppleWebKit/537.36 (KHTML, like Gecko) Chrome/133.0.0.0 Safari/537.36"
78.142.18.172 - - [06/Jul/2026:01:54:00 -0700] "POST /wp-login.php HTTP/1.1" 200 6467 "https://vanessavaladezrealty.com/wp-login.php" "Mozilla/5.0 (Windows NT 10.0; Win64; x64) AppleWebKit/537.36 (KHTML, like Gecko) Chrome/133.0.0.0 Safari/537.36"
117.209.73.168 - - [06/Jul/2026:01:54:04 -0700] "POST /xmlrpc.php HTTP/1.1" 403 4352 "-" "Jetpack by WordPress.com"
117.209.73.168 - - [06/Jul/2026:01:53:43 -0700] "POST /xmlrpc.php HTTP/1.1" 403 4352 "-" "WordPress.com; https://wordpress.com"
117.209.73.168 - - [06/Jul/2026:01:54:14 -0700] "POST /xmlrpc.php HTTP/1.1" 403 4352 "-" "WordPress.com; https://wordpress.com"
117.209.73.168 - - [06/Jul/2026:01:54:25 -0700] "POST /xmlrpc.php HTTP/1.1" 200 4129 "-" "Jetpack/12.0; WordPress/6.1; http://site48676710.com"
117.209.73.168 - - [06/Jul/2026:01:54:35 -0700] "POST /xmlrpc.php HTTP/1.1" 403 4352 "-" "WordPress.com; https://wordpress.com"
117.209.73.168 - - [06/Jul/2026:01:54:46 -0700] "POST /xmlrpc.php HTTP/1.1" 200 4129 "-" "Jetpack by WordPress.com (Jetpack 12.5; WordPress 6.4)"
35.235.84.95 - - [06/Jul/2026:01:54:57 -0700] "POST /wp-cron.php?doing_wp_cron=1783328097.6997430324554443359375 HTTP/1.1" 200 3587 "-" "WordPress/7.0; https://vanessavaladezrealty.com"
117.209.73.168 - - [06/Jul/2026:01:54:56 -0700] "POST /xmlrpc.php HTTP/1.1" 200 4129 "-" "Jetpack/12.5; WordPress/6.1; http://site71487887.com"
117.209.73.168 - - [06/Jul/2026:01:55:07 -0700] "POST /xmlrpc.php HTTP/1.1" 200 4129 "-" "Jetpack/12.5; WordPress/6.3; http://site90037513.com"
117.209.73.168 - - [06/Jul/2026:01:55:17 -0700] "POST /xmlrpc.php HTTP/1.1" 200 4129 "-" "Jetpack by WordPress.com (Jetpack 12.0; WordPress 6.2)"
117.209.73.168 - - [06/Jul/2026:01:55:27 -0700] "POST /xmlrpc.php HTTP/1.1" 200 4129 "-" "Jetpack by WordPress.com (Jetpack 12.1; WordPress 6.2)"
117.209.73.168 - - [06/Jul/2026:01:55:38 -0700] "POST /xmlrpc.php HTTP/1.1" 403 4352 "-" "WordPress.com; https://wordpress.com"
117.209.73.168 - - [06/Jul/2026:01:55:48 -0700] "POST /xmlrpc.php HTTP/1.1" 403 4352 "-" "Jetpack by WordPress.com (Jetpack 12.1; WordPress 6.1)"
35.235.84.95 - - [06/Jul/2026:01:56:01 -0700] "POST /wp-cron.php?doing_wp_cron=1783328161.3053929805755615234375 HTTP/1.1" 200 3587 "-" "WordPress/7.0; https://vanessavaladezrealty.com"
117.209.73.168 - - [06/Jul/2026:01:55:59 -0700] "POST /xmlrpc.php HTTP/1.1" 200 4129 "-" "Jetpack by WordPress.com (Jetpack 12.5; WordPress 6.4)"
117.209.73.168 - - [06/Jul/2026:01:56:09 -0700] "POST /xmlrpc.php HTTP/1.1" 403 4352 "-" "Jetpack by WordPress.com"
117.209.73.168 - - [06/Jul/2026:01:56:20 -0700] "POST /xmlrpc.php HTTP/1.1" 403 4352 "-" "Jetpack by WordPress.com"
117.209.73.168 - - [06/Jul/2026:01:56:30 -0700] "POST /xmlrpc.php HTTP/1.1" 403 4352 "-" "WordPress.com; https://wordpress.com"
35.235.84.95 - - [06/Jul/2026:01:56:42 -0700] "POST /wp-cron.php?doing_wp_cron=1783328202.6931641101837158203125 HTTP/1.1" 200 3587 "-" "WordPress/7.0; https://vanessavaladezrealty.com"
117.209.73.168 - - [06/Jul/2026:01:56:41 -0700] "POST /xmlrpc.php HTTP/1.1" 200 4129 "-" "Jetpack by WordPress.com (Jetpack 13.0; WordPress 6.3)"
117.209.73.168 - - [06/Jul/2026:01:56:51 -0700] "POST /xmlrpc.php HTTP/1.1" 403 4352 "-" "Jetpack by WordPress.com"
117.209.73.168 - - [06/Jul/2026:01:57:02 -0700] "POST /xmlrpc.php HTTP/1.1" 403 4352 "-" "WordPress.com; https://wordpress.com"
117.209.73.168 - - [06/Jul/2026:01:57:12 -0700] "POST /xmlrpc.php HTTP/1.1" 403 4352 "-" "Jetpack by WordPress.com (Jetpack 12.1; WordPress 6.1)"
117.209.73.168 - - [06/Jul/2026:01:57:23 -0700] "POST /xmlrpc.php HTTP/1.1" 403 4352 "-" "Jetpack by WordPress.com"
117.209.73.168 - - [06/Jul/2026:01:57:33 -0700] "POST /xmlrpc.php HTTP/1.1" 403 4352 "-" "WordPress.com; https://wordpress.com"
117.209.73.168 - - [06/Jul/2026:01:57:44 -0700] "POST /xmlrpc.php HTTP/1.1" 403 4352 "-" "WordPress.com; https://wordpress.com"
35.235.84.95 - - [06/Jul/2026:01:57:56 -0700] "POST /wp-cron.php?doing_wp_cron=1783328276.2517681121826171875000 HTTP/1.1" 200 3587 "-" "WordPress/7.0; https://vanessavaladezrealty.com"
117.209.73.168 - - [06/Jul/2026:01:57:54 -0700] "POST /xmlrpc.php HTTP/1.1" 200 4129 "-" "Jetpack/13.0; WordPress/6.4; http://site74537272.com"
117.209.73.168 - - [06/Jul/2026:01:58:05 -0700] "POST /xmlrpc.php HTTP/1.1" 403 4352 "-" "WordPress.com; https://wordpress.com"
117.209.73.168 - - [06/Jul/2026:01:58:15 -0700] "POST /xmlrpc.php HTTP/1.1" 403 4352 "-" "Jetpack by WordPress.com (Jetpack 12.1; WordPress 6.1)"
20.204.42.226 - - [06/Jul/2026:01:58:14 -0700] "GET /wp-content/plugins/admin.php HTTP/1.1" 404 98842 "-" "Mozilla/5.0 (Windows NT 10.0; Win64; x64) AppleWebKit/537.36 (KHTML, like Gecko) Chrome/120.0.0.0 Safari/537.36"
20.204.42.226 - - [06/Jul/2026:01:58:16 -0700] "GET /adminfuns.php HTTP/1.1" 404 98749 "-" "Mozilla/5.0 (Windows NT 10.0; Win64; x64) AppleWebKit/537.36 (KHTML, like Gecko) Chrome/120.0.0.0 Safari/537.36"
20.204.42.226 - - [06/Jul/2026:01:58:18 -0700] "GET /admin.php HTTP/1.1" 404 98749 "-" "Mozilla/5.0 (Windows NT 10.0; Win64; x64) AppleWebKit/537.36 (KHTML, like Gecko) Chrome/120.0.0.0 Safari/537.36"
20.204.42.226 - - [06/Jul/2026:01:58:20 -0700] "GET /php8.php HTTP/1.1" 404 98749 "-" "Mozilla/5.0 (Windows NT 10.0; Win64; x64) AppleWebKit/537.36 (KHTML, like Gecko) Chrome/120.0.0.0 Safari/537.36"
20.204.42.226 - - [06/Jul/2026:01:58:22 -0700] "GET /wp-includes/interactivity-api/index.php HTTP/1.1" 301 4162 "-" "Mozilla/5.0 (Windows NT 10.0; Win64; x64) AppleWebKit/537.36 (KHTML, like Gecko) Chrome/120.0.0.0 Safari/537.36"
20.204.42.226 - - [06/Jul/2026:01:58:23 -0700] "GET /wp-content/uploads HTTP/1.1" 301 3929 "-" "Mozilla/5.0 (Windows NT 10.0; Win64; x64) AppleWebKit/537.36 (KHTML, like Gecko) Chrome/120.0.0.0 Safari/537.36"
20.204.42.226 - - [06/Jul/2026:01:58:24 -0700] "GET /wp-mail.php HTTP/1.1" 403 6281 "-" "Mozilla/5.0 (Windows NT 10.0; Win64; x64) AppleWebKit/537.36 (KHTML, like Gecko) Chrome/120.0.0.0 Safari/537.36"
117.209.73.168 - - [06/Jul/2026:01:58:26 -0700] "POST /xmlrpc.php HTTP/1.1" 403 4352 "-" "WordPress.com; https://wordpress.com"
20.204.42.226 - - [06/Jul/2026:01:58:25 -0700] "GET /a7.php HTTP/1.1" 404 98749 "-" "Mozilla/5.0 (Windows NT 10.0; Win64; x64) AppleWebKit/537.36 (KHTML, like Gecko) Chrome/120.0.0.0 Safari/537.36"
20.204.42.226 - - [06/Jul/2026:01:58:27 -0700] "GET /php.php HTTP/1.1" 404 98749 "-" "Mozilla/5.0 (Windows NT 10.0; Win64; x64) AppleWebKit/537.36 (KHTML, like Gecko) Chrome/120.0.0.0 Safari/537.36"
20.204.42.226 - - [06/Jul/2026:01:58:29 -0700] "GET /8.php HTTP/1.1" 404 98727 "-" "Mozilla/5.0 (Windows NT 10.0; Win64; x64) AppleWebKit/537.36 (KHTML, like Gecko) Chrome/120.0.0.0 Safari/537.36"
20.204.42.226 - - [06/Jul/2026:01:58:31 -0700] "GET /wp-includes/rest-api/ HTTP/1.1" 403 4352 "-" "Mozilla/5.0 (Windows NT 10.0; Win64; x64) AppleWebKit/537.36 (KHTML, like Gecko) Chrome/120.0.0.0 Safari/537.36"
220.181.108.169 - - [06/Jul/2026:01:58:30 -0700] "GET /properties/112-Residential-405-Cactus-Bloom-Lane-7-Rooms-3-Bedrooms-2-Bathrooms-USD240-000/ HTTP/1.1" 200 30439 "-" "Mozilla/5.0 (compatible; Baiduspider/2.0; +http://www.baidu.com/search/spider.html)"
20.204.42.226 - - [06/Jul/2026:01:58:31 -0700] "GET /num.php HTTP/1.1" 404 98749 "-" "Mozilla/5.0 (Windows NT 10.0; Win64; x64) AppleWebKit/537.36 (KHTML, like Gecko) Chrome/120.0.0.0 Safari/537.36"
20.204.42.226 - - [06/Jul/2026:01:58:33 -0700] "GET /mini.php HTTP/1.1" 404 98749 "-" "Mozilla/5.0 (Windows NT 10.0; Win64; x64) AppleWebKit/537.36 (KHTML, like Gecko) Chrome/120.0.0.0 Safari/537.36"
117.209.73.168 - - [06/Jul/2026:01:58:36 -0700] "POST /xmlrpc.php HTTP/1.1" 403 4352 "-" "WordPress.com; https://wordpress.com"
