103.208.230.135 - - [06/Jul/2026:02:18:10 -0700] "POST /xmlrpc.php HTTP/1.1" 200 4129 "-" "Jetpack/12.0; WordPress/6.2; http://site81666778.com"
103.208.230.135 - - [06/Jul/2026:02:18:21 -0700] "POST /xmlrpc.php HTTP/1.1" 200 4129 "-" "Jetpack/12.0; WordPress/6.4; http://site34195614.com"
103.208.230.135 - - [06/Jul/2026:02:18:31 -0700] "POST /xmlrpc.php HTTP/1.1" 200 4129 "-" "Jetpack by WordPress.com (Jetpack 12.1; WordPress 6.4)"
103.208.230.135 - - [06/Jul/2026:02:18:42 -0700] "POST /xmlrpc.php HTTP/1.1" 403 4352 "-" "WordPress.com; https://wordpress.com"
35.235.84.95 - - [06/Jul/2026:02:18:54 -0700] "POST /wp-cron.php?doing_wp_cron=1783329534.4481790065765380859375 HTTP/1.1" 200 3587 "-" "WordPress/7.0; https://vanessavaladezrealty.com"
103.208.230.135 - - [06/Jul/2026:02:18:53 -0700] "POST /xmlrpc.php HTTP/1.1" 200 4129 "-" "Jetpack by WordPress.com (Jetpack 12.5; WordPress 6.4)"
103.208.230.135 - - [06/Jul/2026:02:19:03 -0700] "POST /xmlrpc.php HTTP/1.1" 403 4352 "-" "Jetpack by WordPress.com"
103.208.230.135 - - [06/Jul/2026:02:19:14 -0700] "POST /xmlrpc.php HTTP/1.1" 403 4352 "-" "WordPress.com; https://wordpress.com"
177.34.195.121 - - [06/Jul/2026:02:19:13 -0700] "GET /properties/94-Residential-11856-Bella-Luna-Street-8-Rooms-4-Bedrooms-3-Bathrooms-USD395-000/ HTTP/1.1" 200 33674 "-" "Mozilla/5.0 (Windows NT 10.0) AppleWebKit/537.36 (KHTML, like Gecko) Chrome/40.0.2214.93 Safari/537.36"
103.208.230.135 - - [06/Jul/2026:02:19:24 -0700] "POST /xmlrpc.php HTTP/1.1" 200 4129 "-" "Jetpack by WordPress.com (Jetpack 12.5; WordPress 6.3)"
103.208.230.135 - - [06/Jul/2026:02:19:35 -0700] "POST /xmlrpc.php HTTP/1.1" 200 4129 "-" "Jetpack by WordPress.com (Jetpack 13.0; WordPress 6.3)"
103.208.230.135 - - [06/Jul/2026:02:19:46 -0700] "POST /xmlrpc.php HTTP/1.1" 200 4129 "-" "Jetpack by WordPress.com (Jetpack 13.0; WordPress 6.1)"
103.208.230.135 - - [06/Jul/2026:02:19:56 -0700] "POST /xmlrpc.php HTTP/1.1" 403 4352 "-" "WordPress.com; https://wordpress.com"
103.208.230.135 - - [06/Jul/2026:02:20:07 -0700] "POST /xmlrpc.php HTTP/1.1" 403 4352 "-" "Jetpack by WordPress.com"
35.235.84.95 - - [06/Jul/2026:02:20:19 -0700] "POST /wp-cron.php?doing_wp_cron=1783329619.5253849029541015625000 HTTP/1.1" 200 3587 "-" "WordPress/7.0; https://vanessavaladezrealty.com"
103.208.230.135 - - [06/Jul/2026:02:20:18 -0700] "POST /xmlrpc.php HTTP/1.1" 200 4129 "-" "Jetpack/12.5; WordPress/6.4; http://site89896616.com"
103.208.230.135 - - [06/Jul/2026:02:20:49 -0700] "POST /xmlrpc.php HTTP/1.1" 403 4352 "-" "WordPress.com; https://wordpress.com"
103.208.230.135 - - [06/Jul/2026:02:20:39 -0700] "POST /xmlrpc.php HTTP/1.1" 403 4352 "-" "Jetpack by WordPress.com"
35.235.84.95 - - [06/Jul/2026:02:21:03 -0700] "POST /wp-cron.php?doing_wp_cron=1783329663.2696859836578369140625 HTTP/1.1" 200 3587 "-" "WordPress/7.0; https://vanessavaladezrealty.com"
103.208.230.135 - - [06/Jul/2026:02:21:00 -0700] "POST /xmlrpc.php HTTP/1.1" 200 4129 "-" "Jetpack by WordPress.com (Jetpack 12.1; WordPress 6.3)"
103.208.230.135 - - [06/Jul/2026:02:21:11 -0700] "POST /xmlrpc.php HTTP/1.1" 200 4129 "-" "Jetpack by WordPress.com (Jetpack 13.0; WordPress 6.3)"
35.235.84.95 - - [06/Jul/2026:02:21:34 -0700] "POST /wp-cron.php?doing_wp_cron=1783329694.1329391002655029296875 HTTP/1.1" 200 3587 "-" "WordPress/7.0; https://vanessavaladezrealty.com"
186.39.113.12 - - [06/Jul/2026:02:21:40 -0700] "GET /properties/tel:7027760711/tel:7027760711/tel:7027760711/tel:7027760711/tel:7027760711/ HTTP/1.1" 200 27514 "-" "Mozilla/5.0 (Macintosh; Intel Mac OS X 10_16_0) AppleWebKit/537.36 (KHTML, like Gecko) Brave Chrome/80.0.3987.116 Safari/537.36"
103.208.230.135 - - [06/Jul/2026:02:21:21 -0700] "POST /xmlrpc.php HTTP/1.1" 403 4352 "-" "Jetpack by WordPress.com"
103.208.230.135 - - [06/Jul/2026:02:20:28 -0700] "POST /xmlrpc.php HTTP/1.1" 403 4352 "-" "WordPress.com; https://wordpress.com"
103.208.230.135 - - [06/Jul/2026:02:21:32 -0700] "POST /xmlrpc.php HTTP/1.1" 200 4129 "-" "Jetpack by WordPress.com (Jetpack 13.0; WordPress 6.3)"
103.208.230.135 - - [06/Jul/2026:02:21:43 -0700] "POST /xmlrpc.php HTTP/1.1" 200 4129 "-" "Jetpack by WordPress.com (Jetpack 12.0; WordPress 6.3)"
103.208.230.135 - - [06/Jul/2026:02:21:53 -0700] "POST /xmlrpc.php HTTP/1.1" 200 4129 "-" "Jetpack by WordPress.com (Jetpack 12.1; WordPress 6.4)"
103.208.230.135 - - [06/Jul/2026:02:22:04 -0700] "POST /xmlrpc.php HTTP/1.1" 403 4352 "-" "Jetpack by WordPress.com"
103.208.230.135 - - [06/Jul/2026:02:22:14 -0700] "POST /xmlrpc.php HTTP/1.1" 200 4129 "-" "Jetpack by WordPress.com (Jetpack 12.1; WordPress 6.2)"
103.208.230.135 - - [06/Jul/2026:02:22:25 -0700] "POST /xmlrpc.php HTTP/1.1" 403 4352 "-" "Jetpack by WordPress.com"
35.235.84.95 - - [06/Jul/2026:02:22:37 -0700] "POST /wp-cron.php?doing_wp_cron=1783329757.3439850807189941406250 HTTP/1.1" 200 3587 "-" "WordPress/7.0; https://vanessavaladezrealty.com"
103.208.230.135 - - [06/Jul/2026:02:22:36 -0700] "POST /xmlrpc.php HTTP/1.1" 200 4129 "-" "Jetpack/12.5; WordPress/6.2; http://site52671481.com"
103.208.230.135 - - [06/Jul/2026:02:22:46 -0700] "POST /xmlrpc.php HTTP/1.1" 200 4129 "-" "Jetpack by WordPress.com (Jetpack 13.0; WordPress 6.4)"
35.235.84.95 - - [06/Jul/2026:02:22:59 -0700] "POST /wp-cron.php?doing_wp_cron=1783329779.0814309120178222656250 HTTP/1.1" 200 3587 "-" "WordPress/7.0; https://vanessavaladezrealty.com"
103.208.230.135 - - [06/Jul/2026:02:22:57 -0700] "POST /xmlrpc.php HTTP/1.1" 200 4129 "-" "Jetpack/13.0; WordPress/6.1; http://site20300317.com"
103.208.230.135 - - [06/Jul/2026:02:23:08 -0700] "POST /xmlrpc.php HTTP/1.1" 200 4129 "-" "Jetpack/12.1; WordPress/6.4; http://site37030044.com"
103.208.230.135 - - [06/Jul/2026:02:23:18 -0700] "POST /xmlrpc.php HTTP/1.1" 403 4352 "-" "Jetpack by WordPress.com"
103.208.230.135 - - [06/Jul/2026:02:23:29 -0700] "POST /xmlrpc.php HTTP/1.1" 200 4129 "-" "Jetpack/13.0; WordPress/6.2; http://site90518139.com"
103.208.230.135 - - [06/Jul/2026:02:23:39 -0700] "POST /xmlrpc.php HTTP/1.1" 403 4352 "-" "Jetpack by WordPress.com"
103.208.230.135 - - [06/Jul/2026:02:23:50 -0700] "POST /xmlrpc.php HTTP/1.1" 403 4352 "-" "Jetpack by WordPress.com"
35.235.84.95 - - [06/Jul/2026:02:24:02 -0700] "POST /wp-cron.php?doing_wp_cron=1783329842.1884250640869140625000 HTTP/1.1" 200 3587 "-" "WordPress/7.0; https://vanessavaladezrealty.com"
103.208.230.135 - - [06/Jul/2026:02:24:01 -0700] "POST /xmlrpc.php HTTP/1.1" 200 4129 "-" "Jetpack by WordPress.com (Jetpack 12.5; WordPress 6.1)"
103.208.230.135 - - [06/Jul/2026:02:24:11 -0700] "POST /xmlrpc.php HTTP/1.1" 200 4129 "-" "Jetpack by WordPress.com (Jetpack 13.0; WordPress 6.2)"
103.208.230.135 - - [06/Jul/2026:02:24:22 -0700] "POST /xmlrpc.php HTTP/1.1" 200 4129 "-" "Jetpack/12.5; WordPress/6.3; http://site13741262.com"
103.208.230.135 - - [06/Jul/2026:02:24:43 -0700] "POST /xmlrpc.php HTTP/1.1" 200 4129 "-" "Jetpack/12.0; WordPress/6.3; http://site46413558.com"
103.208.230.135 - - [06/Jul/2026:02:24:33 -0700] "POST /xmlrpc.php HTTP/1.1" 200 4129 "-" "Jetpack by WordPress.com (Jetpack 13.0; WordPress 6.2)"
103.208.230.135 - - [06/Jul/2026:02:24:54 -0700] "POST /xmlrpc.php HTTP/1.1" 403 4352 "-" "Jetpack by WordPress.com"
103.208.230.135 - - [06/Jul/2026:02:25:04 -0700] "POST /xmlrpc.php HTTP/1.1" 403 4352 "-" "Jetpack by WordPress.com"
103.208.230.135 - - [06/Jul/2026:02:25:15 -0700] "POST /xmlrpc.php HTTP/1.1" 403 4352 "-" "WordPress.com; https://wordpress.com"
35.235.84.95 - - [06/Jul/2026:02:25:27 -0700] "POST /wp-cron.php?doing_wp_cron=1783329927.2258119583129882812500 HTTP/1.1" 200 3587 "-" "WordPress/7.0; https://vanessavaladezrealty.com"
103.208.230.135 - - [06/Jul/2026:02:25:26 -0700] "POST /xmlrpc.php HTTP/1.1" 200 4129 "-" "Jetpack/12.1; WordPress/6.3; http://site15676066.com"
103.208.230.135 - - [06/Jul/2026:02:25:47 -0700] "POST /xmlrpc.php HTTP/1.1" 403 4352 "-" "Jetpack by WordPress.com"
103.208.230.135 - - [06/Jul/2026:02:25:36 -0700] "POST /xmlrpc.php HTTP/1.1" 200 4129 "-" "Jetpack by WordPress.com (Jetpack 13.0; WordPress 6.3)"
103.208.230.135 - - [06/Jul/2026:02:25:57 -0700] "POST /xmlrpc.php HTTP/1.1" 403 4352 "-" "Jetpack by WordPress.com"
103.208.230.135 - - [06/Jul/2026:02:26:08 -0700] "POST /xmlrpc.php HTTP/1.1" 403 4352 "-" "WordPress.com; https://wordpress.com"
35.235.84.95 - - [06/Jul/2026:02:26:21 -0700] "POST /wp-cron.php?doing_wp_cron=1783329981.0215580463409423828125 HTTP/1.1" 200 3587 "-" "WordPress/7.0; https://vanessavaladezrealty.com"
103.208.230.135 - - [06/Jul/2026:02:26:19 -0700] "POST /xmlrpc.php HTTP/1.1" 200 4129 "-" "Jetpack by WordPress.com (Jetpack 12.0; WordPress 6.2)"
103.208.230.135 - - [06/Jul/2026:02:26:29 -0700] "POST /xmlrpc.php HTTP/1.1" 403 4352 "-" "Jetpack by WordPress.com"
103.208.230.135 - - [06/Jul/2026:02:26:40 -0700] "POST /xmlrpc.php HTTP/1.1" 403 4352 "-" "WordPress.com; https://wordpress.com"
103.208.230.135 - - [06/Jul/2026:02:26:51 -0700] "POST /xmlrpc.php HTTP/1.1" 403 4352 "-" "WordPress.com; https://wordpress.com"
103.208.230.135 - - [06/Jul/2026:02:27:01 -0700] "POST /xmlrpc.php HTTP/1.1" 403 4352 "-" "WordPress.com; https://wordpress.com"
35.235.84.95 - - [06/Jul/2026:02:27:13 -0700] "POST /wp-cron.php?doing_wp_cron=1783330033.6566429138183593750000 HTTP/1.1" 200 3587 "-" "WordPress/7.0; https://vanessavaladezrealty.com"
103.208.230.135 - - [06/Jul/2026:02:27:12 -0700] "POST /xmlrpc.php HTTP/1.1" 200 4129 "-" "Jetpack by WordPress.com (Jetpack 12.5; WordPress 6.4)"
103.208.230.135 - - [06/Jul/2026:02:27:23 -0700] "POST /xmlrpc.php HTTP/1.1" 200 4129 "-" "Jetpack by WordPress.com (Jetpack 12.5; WordPress 6.1)"
103.208.230.135 - - [06/Jul/2026:02:27:33 -0700] "POST /xmlrpc.php HTTP/1.1" 403 4352 "-" "Jetpack by WordPress.com"
103.208.230.135 - - [06/Jul/2026:02:27:44 -0700] "POST /xmlrpc.php HTTP/1.1" 403 4352 "-" "WordPress.com; https://wordpress.com"
103.208.230.135 - - [06/Jul/2026:02:27:54 -0700] "POST /xmlrpc.php HTTP/1.1" 403 4352 "-" "Jetpack by WordPress.com"
103.208.230.135 - - [06/Jul/2026:02:28:05 -0700] "POST /xmlrpc.php HTTP/1.1" 403 4352 "-" "Jetpack by WordPress.com"
35.235.84.95 - - [06/Jul/2026:02:28:17 -0700] "POST /wp-cron.php?doing_wp_cron=1783330097.5520589351654052734375 HTTP/1.1" 200 3587 "-" "WordPress/7.0; https://vanessavaladezrealty.com"
103.208.230.135 - - [06/Jul/2026:02:28:16 -0700] "POST /xmlrpc.php HTTP/1.1" 200 4129 "-" "Jetpack/13.0; WordPress/6.3; http://site65950835.com"
103.208.230.135 - - [06/Jul/2026:02:28:26 -0700] "POST /xmlrpc.php HTTP/1.1" 200 4129 "-" "Jetpack/12.5; WordPress/6.3; http://site52500812.com"
78.142.18.172 - - [06/Jul/2026:02:28:34 -0700] "GET /wp-login.php HTTP/1.1" 200 6365 "-" "Mozilla/5.0 (X11; Fedora; Linux x86_64) AppleWebKit/537.36 (KHTML, like Gecko) Chrome/133.0.0.0 Safari/537.36"
103.208.230.135 - - [06/Jul/2026:02:28:37 -0700] "POST /xmlrpc.php HTTP/1.1" 200 4129 "-" "Jetpack/12.1; WordPress/6.2; http://site39199491.com"
78.142.18.172 - - [06/Jul/2026:02:28:35 -0700] "POST /wp-login.php HTTP/1.1" 200 6467 "https://vanessavaladezrealty.com/wp-login.php" "Mozilla/5.0 (X11; Fedora; Linux x86_64) AppleWebKit/537.36 (KHTML, like Gecko) Chrome/133.0.0.0 Safari/537.36"
103.208.230.135 - - [06/Jul/2026:02:28:48 -0700] "POST /xmlrpc.php HTTP/1.1" 200 4129 "-" "Jetpack/12.0; WordPress/6.3; http://site90202924.com"
103.208.230.135 - - [06/Jul/2026:02:28:58 -0700] "POST /xmlrpc.php HTTP/1.1" 403 4352 "-" "WordPress.com; https://wordpress.com"
35.235.84.95 - - [06/Jul/2026:02:29:17 -0700] "POST /wp-cron.php?doing_wp_cron=1783330157.1796009540557861328125 HTTP/1.1" 200 3587 "-" "WordPress/7.0; https://vanessavaladezrealty.com"
40.77.167.224 - - [06/Jul/2026:02:29:15 -0700] "GET /properties/?wplview=property_show&pid=105 HTTP/1.1" 200 33478 "-" "Mozilla/5.0 AppleWebKit/537.36 (KHTML, like Gecko; compatible; bingbot/2.0; +http://www.bing.com/bingbot.htm) Chrome/116.0.1938.76 Safari/537.36"
35.235.84.95 - - [06/Jul/2026:02:30:58 -0700] "POST /wp-cron.php?doing_wp_cron=1783330258.6948349475860595703125 HTTP/1.1" 200 3587 "-" "WordPress/7.0; https://vanessavaladezrealty.com"
121.200.216.55 - - [06/Jul/2026:02:30:57 -0700] "GET /wp-login.php HTTP/1.1" 200 6365 "-" "Mozilla/5.0 (X11; Fedora; Linux x86_64) AppleWebKit/537.36 (KHTML, like Gecko) Chrome/133.0.0.0 Safari/537.36"
121.200.216.55 - - [06/Jul/2026:02:31:02 -0700] "POST /wp-login.php HTTP/1.1" 200 6467 "https://vanessavaladezrealty.com/wp-login.php" "Mozilla/5.0 (X11; Fedora; Linux x86_64) AppleWebKit/537.36 (KHTML, like Gecko) Chrome/133.0.0.0 Safari/537.36"
35.235.84.95 - - [06/Jul/2026:02:31:38 -0700] "POST /wp-cron.php?doing_wp_cron=1783330298.0592579841613769531250 HTTP/1.1" 200 3587 "-" "WordPress/7.0; https://vanessavaladezrealty.com"
5.192.5.49 - - [06/Jul/2026:02:31:36 -0700] "POST /xmlrpc.php HTTP/1.1" 200 4129 "-" "Jetpack/12.0; WordPress/6.2; http://site54220723.com"
5.192.5.49 - - [06/Jul/2026:02:31:46 -0700] "POST /xmlrpc.php HTTP/1.1" 200 4129 "-" "Jetpack by WordPress.com"
5.192.5.49 - - [06/Jul/2026:02:31:57 -0700] "POST /xmlrpc.php HTTP/1.1" 200 4129 "-" "WordPress.com; https://wordpress.com"
5.192.5.49 - - [06/Jul/2026:02:32:08 -0700] "POST /xmlrpc.php HTTP/1.1" 200 4129 "-" "Jetpack by WordPress.com"
5.192.5.49 - - [06/Jul/2026:02:32:19 -0700] "POST /xmlrpc.php HTTP/1.1" 200 4129 "-" "Jetpack/12.0; WordPress/6.4; http://site12704898.com"
5.192.5.49 - - [06/Jul/2026:02:32:29 -0700] "POST /xmlrpc.php HTTP/1.1" 200 4129 "-" "WordPress.com; https://wordpress.com"
35.235.84.95 - - [06/Jul/2026:02:32:42 -0700] "POST /wp-cron.php?doing_wp_cron=1783330362.0068969726562500000000 HTTP/1.1" 200 3587 "-" "WordPress/7.0; https://vanessavaladezrealty.com"
5.192.5.49 - - [06/Jul/2026:02:32:40 -0700] "POST /xmlrpc.php HTTP/1.1" 200 4129 "-" "Jetpack by WordPress.com (Jetpack 12.5; WordPress 6.4)"
35.235.84.95 - - [06/Jul/2026:02:32:53 -0700] "POST /wp-cron.php?doing_wp_cron=1783330373.7191529273986816406250 HTTP/1.1" 200 3587 "-" "WordPress/7.0; https://vanessavaladezrealty.com"
5.192.5.49 - - [06/Jul/2026:02:32:51 -0700] "POST /xmlrpc.php HTTP/1.1" 200 4129 "-" "WordPress.com; https://wordpress.com"
5.192.5.49 - - [06/Jul/2026:02:33:02 -0700] "POST /xmlrpc.php HTTP/1.1" 200 4129 "-" "WordPress.com; https://wordpress.com"
5.192.5.49 - - [06/Jul/2026:02:33:13 -0700] "POST /xmlrpc.php HTTP/1.1" 200 4129 "-" "WordPress.com; https://wordpress.com"
5.192.5.49 - - [06/Jul/2026:02:33:24 -0700] "POST /xmlrpc.php HTTP/1.1" 403 4352 "-" "WordPress.com; https://wordpress.com"
5.192.5.49 - - [06/Jul/2026:02:33:35 -0700] "POST /xmlrpc.php HTTP/1.1" 200 4129 "-" "Jetpack by WordPress.com"
35.235.84.95 - - [06/Jul/2026:02:33:58 -0700] "POST /wp-cron.php?doing_wp_cron=1783330438.4485340118408203125000 HTTP/1.1" 200 3587 "-" "WordPress/7.0; https://vanessavaladezrealty.com"
5.192.5.49 - - [06/Jul/2026:02:33:46 -0700] "POST /xmlrpc.php HTTP/1.1" 200 4129 "-" "Jetpack by WordPress.com"
5.192.5.49 - - [06/Jul/2026:02:33:57 -0700] "POST /xmlrpc.php HTTP/1.1" 200 4129 "-" "Jetpack by WordPress.com (Jetpack 12.1; WordPress 6.1)"
5.192.5.49 - - [06/Jul/2026:02:34:07 -0700] "POST /xmlrpc.php HTTP/1.1" 200 4129 "-" "Jetpack by WordPress.com"
5.192.5.49 - - [06/Jul/2026:02:34:18 -0700] "POST /xmlrpc.php HTTP/1.1" 403 4352 "-" "WordPress.com; https://wordpress.com"
5.192.5.49 - - [06/Jul/2026:02:34:29 -0700] "POST /xmlrpc.php HTTP/1.1" 200 4129 "-" "Jetpack/12.1; WordPress/6.3; http://site52884139.com"
5.192.5.49 - - [06/Jul/2026:02:34:40 -0700] "POST /xmlrpc.php HTTP/1.1" 403 4352 "-" "Jetpack by WordPress.com"
5.192.5.49 - - [06/Jul/2026:02:34:51 -0700] "POST /xmlrpc.php HTTP/1.1" 403 4352 "-" "Jetpack by WordPress.com"
5.192.5.49 - - [06/Jul/2026:02:35:02 -0700] "POST /xmlrpc.php HTTP/1.1" 403 4352 "-" "WordPress.com; https://wordpress.com"
5.192.5.49 - - [06/Jul/2026:02:35:13 -0700] "POST /xmlrpc.php HTTP/1.1" 403 4352 "-" "WordPress.com; https://wordpress.com"
35.235.84.95 - - [06/Jul/2026:02:35:25 -0700] "POST /wp-cron.php?doing_wp_cron=1783330525.7019519805908203125000 HTTP/1.1" 200 3587 "-" "WordPress/7.0; https://vanessavaladezrealty.com"
5.192.5.49 - - [06/Jul/2026:02:35:23 -0700] "POST /xmlrpc.php HTTP/1.1" 200 4129 "-" "Jetpack by WordPress.com (Jetpack 12.0; WordPress 6.2)"
5.192.5.49 - - [06/Jul/2026:02:35:34 -0700] "POST /xmlrpc.php HTTP/1.1" 200 4129 "-" "Jetpack by WordPress.com (Jetpack 12.5; WordPress 6.4)"
5.192.5.49 - - [06/Jul/2026:02:35:45 -0700] "POST /xmlrpc.php HTTP/1.1" 403 4352 "-" "WordPress.com; https://wordpress.com"
5.192.5.49 - - [06/Jul/2026:02:35:56 -0700] "POST /xmlrpc.php HTTP/1.1" 403 4352 "-" "WordPress.com; https://wordpress.com"
5.192.5.49 - - [06/Jul/2026:02:36:07 -0700] "POST /xmlrpc.php HTTP/1.1" 403 4352 "-" "WordPress.com; https://wordpress.com"
35.235.84.95 - - [06/Jul/2026:02:36:20 -0700] "POST /wp-cron.php?doing_wp_cron=1783330580.2429370880126953125000 HTTP/1.1" 200 3587 "-" "WordPress/7.0; https://vanessavaladezrealty.com"
5.192.5.49 - - [06/Jul/2026:02:36:18 -0700] "POST /xmlrpc.php HTTP/1.1" 200 4129 "-" "Jetpack/12.5; WordPress/6.1; http://site71085880.com"
35.235.84.95 - - [06/Jul/2026:02:36:30 -0700] "POST /wp-cron.php?doing_wp_cron=1783330590.5755109786987304687500 HTTP/1.1" 200 3587 "-" "WordPress/7.0; https://vanessavaladezrealty.com"
5.192.5.49 - - [06/Jul/2026:02:36:29 -0700] "POST /xmlrpc.php HTTP/1.1" 200 4129 "-" "Jetpack by WordPress.com (Jetpack 12.5; WordPress 6.4)"
5.192.5.49 - - [06/Jul/2026:02:36:40 -0700] "POST /xmlrpc.php HTTP/1.1" 200 4129 "-" "Jetpack/12.0; WordPress/6.4; http://site54009020.com"
5.192.5.49 - - [06/Jul/2026:02:36:51 -0700] "POST /xmlrpc.php HTTP/1.1" 403 4352 "-" "Jetpack by WordPress.com"
5.192.5.49 - - [06/Jul/2026:02:37:01 -0700] "POST /xmlrpc.php HTTP/1.1" 200 4129 "-" "Jetpack/13.0; WordPress/6.1; http://site42113057.com"
5.192.5.49 - - [06/Jul/2026:02:37:12 -0700] "POST /xmlrpc.php HTTP/1.1" 403 4352 "-" "Jetpack by WordPress.com"
35.235.84.95 - - [06/Jul/2026:02:37:34 -0700] "POST /wp-cron.php?doing_wp_cron=1783330654.1395668983459472656250 HTTP/1.1" 200 3587 "-" "WordPress/7.0; https://vanessavaladezrealty.com"
14.139.42.196 - - [06/Jul/2026:02:37:22 -0700] "POST /xmlrpc.php HTTP/1.1" 200 4129 "-" "Jetpack/12.1; WordPress/6.3; http://site61929883.com"
5.192.5.49 - - [06/Jul/2026:02:37:23 -0700] "POST /xmlrpc.php HTTP/1.1" 200 4129 "-" "Jetpack/12.5; WordPress/6.3; http://site57722570.com"
14.139.42.196 - - [06/Jul/2026:02:37:32 -0700] "POST /xmlrpc.php HTTP/1.1" 200 4129 "-" "Jetpack by WordPress.com"
5.192.5.49 - - [06/Jul/2026:02:37:34 -0700] "POST /xmlrpc.php HTTP/1.1" 403 4352 "-" "Jetpack by WordPress.com"
35.235.84.95 - - [06/Jul/2026:02:37:55 -0700] "POST /wp-cron.php?doing_wp_cron=1783330675.3512289524078369140625 HTTP/1.1" 200 3587 "-" "WordPress/7.0; https://vanessavaladezrealty.com"
14.139.42.196 - - [06/Jul/2026:02:37:43 -0700] "POST /xmlrpc.php HTTP/1.1" 200 4129 "-" "WordPress.com; https://wordpress.com"
14.139.42.196 - - [06/Jul/2026:02:37:53 -0700] "POST /xmlrpc.php HTTP/1.1" 200 4129 "-" "Jetpack by WordPress.com"
5.192.5.49 - - [06/Jul/2026:02:37:45 -0700] "POST /xmlrpc.php HTTP/1.1" 403 4352 "-" "WordPress.com; https://wordpress.com"
5.192.5.49 - - [06/Jul/2026:02:37:56 -0700] "POST /xmlrpc.php HTTP/1.1" 200 4129 "-" "Jetpack/12.5; WordPress/6.3; http://site27887035.com"
14.139.42.196 - - [06/Jul/2026:02:38:04 -0700] "POST /xmlrpc.php HTTP/1.1" 200 4129 "-" "WordPress.com; https://wordpress.com"
5.192.5.49 - - [06/Jul/2026:02:38:07 -0700] "POST /xmlrpc.php HTTP/1.1" 403 4352 "-" "Jetpack by WordPress.com"
14.139.42.196 - - [06/Jul/2026:02:38:15 -0700] "POST /xmlrpc.php HTTP/1.1" 200 4129 "-" "Jetpack by WordPress.com"
5.192.5.49 - - [06/Jul/2026:02:38:18 -0700] "POST /xmlrpc.php HTTP/1.1" 403 4352 "-" "WordPress.com; https://wordpress.com"
14.139.42.196 - - [06/Jul/2026:02:38:26 -0700] "POST /xmlrpc.php HTTP/1.1" 200 4129 "-" "Jetpack by WordPress.com (Jetpack 12.5; WordPress 6.2)"
5.192.5.49 - - [06/Jul/2026:02:38:28 -0700] "POST /xmlrpc.php HTTP/1.1" 403 4352 "-" "WordPress.com; https://wordpress.com"
14.139.42.196 - - [06/Jul/2026:02:38:36 -0700] "POST /xmlrpc.php HTTP/1.1" 200 4129 "-" "Jetpack/12.0; WordPress/6.4; http://site34345704.com"
5.192.5.49 - - [06/Jul/2026:02:38:39 -0700] "POST /xmlrpc.php HTTP/1.1" 200 4129 "-" "Jetpack/13.0; WordPress/6.3; http://site18397321.com"
14.139.42.196 - - [06/Jul/2026:02:38:47 -0700] "POST /xmlrpc.php HTTP/1.1" 200 4129 "-" "Jetpack by WordPress.com (Jetpack 12.5; WordPress 6.4)"
35.235.84.95 - - [06/Jul/2026:02:38:52 -0700] "POST /wp-cron.php?doing_wp_cron=1783330731.9575939178466796875000 HTTP/1.1" 200 3587 "-" "WordPress/7.0; https://vanessavaladezrealty.com"
5.192.5.49 - - [06/Jul/2026:02:38:50 -0700] "POST /xmlrpc.php HTTP/1.1" 200 4129 "-" "Jetpack by WordPress.com (Jetpack 13.0; WordPress 6.4)"
14.139.42.196 - - [06/Jul/2026:02:38:58 -0700] "POST /xmlrpc.php HTTP/1.1" 200 4129 "-" "WordPress.com; https://wordpress.com"
5.192.5.49 - - [06/Jul/2026:02:39:01 -0700] "POST /xmlrpc.php HTTP/1.1" 200 4129 "-" "Jetpack/13.0; WordPress/6.3; http://site54811452.com"
14.139.42.196 - - [06/Jul/2026:02:39:09 -0700] "POST /xmlrpc.php HTTP/1.1" 200 4129 "-" "Jetpack by WordPress.com (Jetpack 12.0; WordPress 6.4)"
5.192.5.49 - - [06/Jul/2026:02:39:11 -0700] "POST /xmlrpc.php HTTP/1.1" 200 4129 "-" "Jetpack by WordPress.com (Jetpack 12.1; WordPress 6.3)"
14.139.42.196 - - [06/Jul/2026:02:39:19 -0700] "POST /xmlrpc.php HTTP/1.1" 200 4129 "-" "Jetpack by WordPress.com (Jetpack 12.0; WordPress 6.1)"
5.192.5.49 - - [06/Jul/2026:02:39:23 -0700] "POST /xmlrpc.php HTTP/1.1" 200 4129 "-" "Jetpack/13.0; WordPress/6.2; http://site13588998.com"
14.139.42.196 - - [06/Jul/2026:02:39:30 -0700] "POST /xmlrpc.php HTTP/1.1" 200 4129 "-" "WordPress.com; https://wordpress.com"
5.192.5.49 - - [06/Jul/2026:02:39:33 -0700] "POST /xmlrpc.php HTTP/1.1" 403 4352 "-" "WordPress.com; https://wordpress.com"
14.139.42.196 - - [06/Jul/2026:02:39:41 -0700] "POST /xmlrpc.php HTTP/1.1" 200 4129 "-" "Jetpack by WordPress.com"
5.192.5.49 - - [06/Jul/2026:02:39:44 -0700] "POST /xmlrpc.php HTTP/1.1" 200 4129 "-" "Jetpack/12.1; WordPress/6.1; http://site65561906.com"
35.235.84.95 - - [06/Jul/2026:02:39:54 -0700] "POST /wp-cron.php?doing_wp_cron=1783330794.2050869464874267578125 HTTP/1.1" 200 3587 "-" "WordPress/7.0; https://vanessavaladezrealty.com"
14.139.42.196 - - [06/Jul/2026:02:39:52 -0700] "POST /xmlrpc.php HTTP/1.1" 200 4129 "-" "Jetpack/13.0; WordPress/6.2; http://site37921141.com"
5.192.5.49 - - [06/Jul/2026:02:39:55 -0700] "POST /xmlrpc.php HTTP/1.1" 403 4352 "-" "WordPress.com; https://wordpress.com"
37.205.117.241 - - [06/Jul/2026:02:40:16 -0700] "GET /properties/108-Residential-6422-Point-Isabel-Way-8-Rooms-3-Bedrooms-3-Bathrooms-USD375-000/tel:7027760711 HTTP/1.1" 301 4218 "-" "Mozilla/5.0 (Windows NT 6.1; Win64; x64) AppleWebKit/537.36 (KHTML, like Gecko) Chrome/80.0.3987.132 Safari/537.36"
37.205.117.241 - - [06/Jul/2026:02:40:19 -0700] "GET /properties/108-Residential-6422-Point-Isabel-Way-8-Rooms-3-Bedrooms-3-Bathrooms-USD375-000/tel:7027760711/ HTTP/1.1" 301 4367 "-" "Mozilla/5.0 (Windows NT 6.1; Win64; x64) AppleWebKit/537.36 (KHTML, like Gecko) Chrome/80.0.3987.132 Safari/537.36"
37.205.117.241 - - [06/Jul/2026:02:40:21 -0700] "GET /properties/108-Residential-6422-Point-Isabel-Way-8-Rooms-3-Bedrooms-3-Bathrooms-USD375-000 HTTP/1.1" 301 4145 "-" "Mozilla/5.0 (Windows NT 6.1; Win64; x64) AppleWebKit/537.36 (KHTML, like Gecko) Chrome/80.0.3987.132 Safari/537.36"
14.139.42.196 - - [06/Jul/2026:02:40:03 -0700] "POST /xmlrpc.php HTTP/1.1" 200 4129 "-" "Jetpack by WordPress.com (Jetpack 12.1; WordPress 6.1)"
14.139.42.196 - - [06/Jul/2026:02:40:14 -0700] "POST /xmlrpc.php HTTP/1.1" 200 4129 "-" "Jetpack by WordPress.com (Jetpack 13.0; WordPress 6.4)"
37.205.117.241 - - [06/Jul/2026:02:40:23 -0700] "GET /properties/108-Residential-6422-Point-Isabel-Way-8-Rooms-3-Bedrooms-3-Bathrooms-USD375-000/ HTTP/1.1" 200 38251 "-" "Mozilla/5.0 (Windows NT 6.1; Win64; x64) AppleWebKit/537.36 (KHTML, like Gecko) Chrome/80.0.3987.132 Safari/537.36"
14.139.42.196 - - [06/Jul/2026:02:40:24 -0700] "POST /xmlrpc.php HTTP/1.1" 200 4129 "-" "Jetpack by WordPress.com (Jetpack 12.0; WordPress 6.2)"
5.192.5.49 - - [06/Jul/2026:02:40:28 -0700] "POST /xmlrpc.php HTTP/1.1" 403 4352 "-" "Jetpack by WordPress.com"
5.192.5.49 - - [06/Jul/2026:02:40:17 -0700] "POST /xmlrpc.php HTTP/1.1" 200 4129 "-" "Jetpack/12.1; WordPress/6.3; http://site71688372.com"
35.235.84.95 - - [06/Jul/2026:02:40:47 -0700] "POST /wp-cron.php?doing_wp_cron=1783330847.5048780441284179687500 HTTP/1.1" 200 3587 "-" "WordPress/7.0; https://vanessavaladezrealty.com"
14.139.42.196 - - [06/Jul/2026:02:40:35 -0700] "POST /xmlrpc.php HTTP/1.1" 200 4129 "-" "Jetpack by WordPress.com (Jetpack 13.0; WordPress 6.1)"
5.192.5.49 - - [06/Jul/2026:02:40:06 -0700] "POST /xmlrpc.php HTTP/1.1" 200 4129 "-" "Jetpack by WordPress.com (Jetpack 13.0; WordPress 6.1)"
5.192.5.49 - - [06/Jul/2026:02:40:38 -0700] "POST /xmlrpc.php HTTP/1.1" 403 4352 "-" "WordPress.com; https://wordpress.com"
14.139.42.196 - - [06/Jul/2026:02:40:46 -0700] "POST /xmlrpc.php HTTP/1.1" 200 4129 "-" "Jetpack by WordPress.com"
5.192.5.49 - - [06/Jul/2026:02:40:49 -0700] "POST /xmlrpc.php HTTP/1.1" 403 4352 "-" "Jetpack by WordPress.com"
35.235.84.95 - - [06/Jul/2026:02:40:58 -0700] "POST /wp-cron.php?doing_wp_cron=1783330858.7901821136474609375000 HTTP/1.1" 200 3587 "-" "WordPress/7.0; https://vanessavaladezrealty.com"
14.139.42.196 - - [06/Jul/2026:02:40:57 -0700] "POST /xmlrpc.php HTTP/1.1" 200 4129 "-" "Jetpack/12.1; WordPress/6.1; http://site67914280.com"
5.192.5.49 - - [06/Jul/2026:02:41:00 -0700] "POST /xmlrpc.php HTTP/1.1" 200 4129 "-" "Jetpack/12.1; WordPress/6.4; http://site16410419.com"
14.139.42.196 - - [06/Jul/2026:02:41:08 -0700] "POST /xmlrpc.php HTTP/1.1" 403 4352 "-" "Jetpack by WordPress.com"
5.192.5.49 - - [06/Jul/2026:02:41:11 -0700] "POST /xmlrpc.php HTTP/1.1" 200 4129 "-" "Jetpack by WordPress.com (Jetpack 12.1; WordPress 6.3)"
14.139.42.196 - - [06/Jul/2026:02:41:18 -0700] "POST /xmlrpc.php HTTP/1.1" 403 4352 "-" "Jetpack by WordPress.com"
5.192.5.49 - - [06/Jul/2026:02:41:22 -0700] "POST /xmlrpc.php HTTP/1.1" 403 4352 "-" "WordPress.com; https://wordpress.com"
35.235.84.95 - - [06/Jul/2026:02:41:29 -0700] "POST /wp-cron.php?doing_wp_cron=1783330889.1904830932617187500000 HTTP/1.1" 200 3587 "-" "WordPress/7.0; https://vanessavaladezrealty.com"
78.142.18.172 - - [06/Jul/2026:02:41:27 -0700] "GET /wp-login.php HTTP/1.1" 200 6365 "-" "Mozilla/5.0 (Macintosh; Intel Mac OS X 10_15_7) AppleWebKit/605.1.15 (KHTML, like Gecko) Version/18.3 Safari/605.1.15"
78.142.18.172 - - [06/Jul/2026:02:41:29 -0700] "POST /wp-login.php HTTP/1.1" 200 6467 "https://vanessavaladezrealty.com/wp-login.php" "Mozilla/5.0 (Macintosh; Intel Mac OS X 10_15_7) AppleWebKit/605.1.15 (KHTML, like Gecko) Version/18.3 Safari/605.1.15"
14.139.42.196 - - [06/Jul/2026:02:41:29 -0700] "POST /xmlrpc.php HTTP/1.1" 200 4129 "-" "Jetpack/13.0; WordPress/6.4; http://site46292711.com"
5.192.5.49 - - [06/Jul/2026:02:41:33 -0700] "POST /xmlrpc.php HTTP/1.1" 200 4129 "-" "Jetpack by WordPress.com (Jetpack 12.5; WordPress 6.3)"
14.139.42.196 - - [06/Jul/2026:02:41:40 -0700] "POST /xmlrpc.php HTTP/1.1" 200 4129 "-" "Jetpack/12.1; WordPress/6.1; http://site54652906.com"
5.192.5.49 - - [06/Jul/2026:02:41:44 -0700] "POST /xmlrpc.php HTTP/1.1" 403 4352 "-" "Jetpack by WordPress.com"
14.139.42.196 - - [06/Jul/2026:02:41:51 -0700] "POST /xmlrpc.php HTTP/1.1" 200 4129 "-" "Jetpack/12.0; WordPress/6.2; http://site51071597.com"
5.192.5.49 - - [06/Jul/2026:02:41:55 -0700] "POST /xmlrpc.php HTTP/1.1" 403 4352 "-" "Jetpack by WordPress.com"
14.139.42.196 - - [06/Jul/2026:02:42:02 -0700] "POST /xmlrpc.php HTTP/1.1" 200 4129 "-" "WordPress.com; https://wordpress.com"
5.192.5.49 - - [06/Jul/2026:02:42:05 -0700] "POST /xmlrpc.php HTTP/1.1" 403 4352 "-" "Jetpack by WordPress.com"
14.139.42.196 - - [06/Jul/2026:02:42:12 -0700] "POST /xmlrpc.php HTTP/1.1" 403 4352 "-" "Jetpack by WordPress.com"
5.192.5.49 - - [06/Jul/2026:02:42:16 -0700] "POST /xmlrpc.php HTTP/1.1" 200 4129 "-" "Jetpack by WordPress.com (Jetpack 12.1; WordPress 6.3)"
14.139.42.196 - - [06/Jul/2026:02:42:23 -0700] "POST /xmlrpc.php HTTP/1.1" 403 4352 "-" "WordPress.com; https://wordpress.com"
5.192.5.49 - - [06/Jul/2026:02:42:27 -0700] "POST /xmlrpc.php HTTP/1.1" 200 4129 "-" "Jetpack by WordPress.com (Jetpack 12.1; WordPress 6.3)"
35.235.84.95 - - [06/Jul/2026:02:42:35 -0700] "POST /wp-cron.php?doing_wp_cron=1783330955.6172640323638916015625 HTTP/1.1" 200 3587 "-" "WordPress/7.0; https://vanessavaladezrealty.com"
14.139.42.196 - - [06/Jul/2026:02:42:34 -0700] "POST /xmlrpc.php HTTP/1.1" 200 4129 "-" "Jetpack by WordPress.com (Jetpack 12.1; WordPress 6.1)"
5.192.5.49 - - [06/Jul/2026:02:42:38 -0700] "POST /xmlrpc.php HTTP/1.1" 200 4129 "-" "Jetpack/13.0; WordPress/6.3; http://site16268341.com"
14.139.42.196 - - [06/Jul/2026:02:42:45 -0700] "POST /xmlrpc.php HTTP/1.1" 403 4352 "-" "WordPress.com; https://wordpress.com"
35.235.84.95 - - [06/Jul/2026:02:42:51 -0700] "POST /wp-cron.php?doing_wp_cron=1783330971.6949999332427978515625 HTTP/1.1" 200 3587 "-" "WordPress/7.0; https://vanessavaladezrealty.com"
5.192.5.49 - - [06/Jul/2026:02:42:49 -0700] "POST /xmlrpc.php HTTP/1.1" 200 4129 "-" "Jetpack/12.0; WordPress/6.3; http://site53929242.com"
14.139.42.196 - - [06/Jul/2026:02:42:56 -0700] "POST /xmlrpc.php HTTP/1.1" 403 4352 "-" "WordPress.com; https://wordpress.com"
14.139.42.196 - - [06/Jul/2026:02:43:06 -0700] "POST /xmlrpc.php HTTP/1.1" 403 4352 "-" "Jetpack by WordPress.com"
5.192.5.49 - - [06/Jul/2026:02:43:00 -0700] "POST /xmlrpc.php HTTP/1.1" 403 4352 "-" "WordPress.com; https://wordpress.com"
5.192.5.49 - - [06/Jul/2026:02:43:22 -0700] "POST /xmlrpc.php HTTP/1.1" 403 4352 "-" "WordPress.com; https://wordpress.com"
5.192.5.49 - - [06/Jul/2026:02:43:11 -0700] "POST /xmlrpc.php HTTP/1.1" 200 4129 "-" "Jetpack by WordPress.com (Jetpack 12.1; WordPress 6.4)"
14.139.42.196 - - [06/Jul/2026:02:43:17 -0700] "POST /xmlrpc.php HTTP/1.1" 403 4352 "-" "Jetpack by WordPress.com"
14.139.42.196 - - [06/Jul/2026:02:43:28 -0700] "POST /xmlrpc.php HTTP/1.1" 403 4352 "-" "Jetpack by WordPress.com"
5.192.5.49 - - [06/Jul/2026:02:43:33 -0700] "POST /xmlrpc.php HTTP/1.1" 403 4352 "-" "WordPress.com; https://wordpress.com"
14.139.42.196 - - [06/Jul/2026:02:43:39 -0700] "POST /xmlrpc.php HTTP/1.1" 200 4129 "-" "Jetpack by WordPress.com (Jetpack 12.5; WordPress 6.3)"
5.192.5.49 - - [06/Jul/2026:02:43:44 -0700] "POST /xmlrpc.php HTTP/1.1" 200 4129 "-" "Jetpack/12.5; WordPress/6.2; http://site98430961.com"
35.235.84.95 - - [06/Jul/2026:02:44:07 -0700] "POST /wp-cron.php?doing_wp_cron=1783331047.1007499694824218750000 HTTP/1.1" 200 3587 "-" "WordPress/7.0; https://vanessavaladezrealty.com"
14.139.42.196 - - [06/Jul/2026:02:43:50 -0700] "POST /xmlrpc.php HTTP/1.1" 403 4352 "-" "Jetpack by WordPress.com"
5.192.5.49 - - [06/Jul/2026:02:44:05 -0700] "POST /xmlrpc.php HTTP/1.1" 200 4129 "-" "Jetpack/13.0; WordPress/6.2; http://site31839745.com"
5.192.5.49 - - [06/Jul/2026:02:43:54 -0700] "POST /xmlrpc.php HTTP/1.1" 403 4352 "-" "WordPress.com; https://wordpress.com"
14.139.42.196 - - [06/Jul/2026:02:44:00 -0700] "POST /xmlrpc.php HTTP/1.1" 403 4352 "-" "Jetpack by WordPress.com"
14.139.42.196 - - [06/Jul/2026:02:44:11 -0700] "POST /xmlrpc.php HTTP/1.1" 403 4352 "-" "WordPress.com; https://wordpress.com"
14.139.42.196 - - [06/Jul/2026:02:44:22 -0700] "POST /xmlrpc.php HTTP/1.1" 403 4352 "-" "WordPress.com; https://wordpress.com"
14.139.42.196 - - [06/Jul/2026:02:44:33 -0700] "POST /xmlrpc.php HTTP/1.1" 200 4129 "-" "Jetpack/12.5; WordPress/6.4; http://site81123099.com"
5.192.5.49 - - [06/Jul/2026:02:44:16 -0700] "POST /xmlrpc.php HTTP/1.1" 403 4352 "-" "Jetpack by WordPress.com"
5.192.5.49 - - [06/Jul/2026:02:44:38 -0700] "POST /xmlrpc.php HTTP/1.1" 200 4129 "-" "Jetpack/12.0; WordPress/6.4; http://site11214078.com"
14.139.42.196 - - [06/Jul/2026:02:44:44 -0700] "POST /xmlrpc.php HTTP/1.1" 200 4129 "-" "Jetpack by WordPress.com (Jetpack 12.0; WordPress 6.4)"
5.192.5.49 - - [06/Jul/2026:02:44:27 -0700] "POST /xmlrpc.php HTTP/1.1" 403 4352 "-" "Jetpack by WordPress.com"
5.192.5.49 - - [06/Jul/2026:02:44:49 -0700] "POST /xmlrpc.php HTTP/1.1" 403 4352 "-" "Jetpack by WordPress.com"
35.235.84.95 - - [06/Jul/2026:02:44:56 -0700] "POST /wp-cron.php?doing_wp_cron=1783331096.7567069530487060546875 HTTP/1.1" 200 3587 "-" "WordPress/7.0; https://vanessavaladezrealty.com"
14.139.42.196 - - [06/Jul/2026:02:44:55 -0700] "POST /xmlrpc.php HTTP/1.1" 200 4129 "-" "Jetpack by WordPress.com (Jetpack 12.0; WordPress 6.2)"
5.192.5.49 - - [06/Jul/2026:02:45:00 -0700] "POST /xmlrpc.php HTTP/1.1" 403 4352 "-" "Jetpack by WordPress.com"
5.192.5.49 - - [06/Jul/2026:02:45:11 -0700] "POST /xmlrpc.php HTTP/1.1" 200 4129 "-" "Jetpack by WordPress.com (Jetpack 12.5; WordPress 6.1)"
14.139.42.196 - - [06/Jul/2026:02:45:06 -0700] "POST /xmlrpc.php HTTP/1.1" 200 4129 "-" "Jetpack by WordPress.com (Jetpack 12.5; WordPress 6.1)"
14.139.42.196 - - [06/Jul/2026:02:45:16 -0700] "POST /xmlrpc.php HTTP/1.1" 403 4352 "-" "WordPress.com; https://wordpress.com"
5.192.5.49 - - [06/Jul/2026:02:45:22 -0700] "POST /xmlrpc.php HTTP/1.1" 200 4129 "-" "Jetpack by WordPress.com (Jetpack 12.1; WordPress 6.1)"
14.139.42.196 - - [06/Jul/2026:02:45:27 -0700] "POST /xmlrpc.php HTTP/1.1" 403 4352 "-" "WordPress.com; https://wordpress.com"
5.192.5.49 - - [06/Jul/2026:02:45:33 -0700] "POST /xmlrpc.php HTTP/1.1" 403 4352 "-" "WordPress.com; https://wordpress.com"
14.139.42.196 - - [06/Jul/2026:02:45:38 -0700] "POST /xmlrpc.php HTTP/1.1" 403 4352 "-" "WordPress.com; https://wordpress.com"
5.192.5.49 - - [06/Jul/2026:02:45:43 -0700] "POST /xmlrpc.php HTTP/1.1" 403 4352 "-" "Jetpack by WordPress.com"
35.235.84.95 - - [06/Jul/2026:02:45:50 -0700] "POST /wp-cron.php?doing_wp_cron=1783331150.8968510627746582031250 HTTP/1.1" 200 3587 "-" "WordPress/7.0; https://vanessavaladezrealty.com"
14.139.42.196 - - [06/Jul/2026:02:45:49 -0700] "POST /xmlrpc.php HTTP/1.1" 200 4129 "-" "Jetpack by WordPress.com (Jetpack 12.5; WordPress 6.2)"
5.192.5.49 - - [06/Jul/2026:02:45:54 -0700] "POST /xmlrpc.php HTTP/1.1" 403 4352 "-" "WordPress.com; https://wordpress.com"
14.139.42.196 - - [06/Jul/2026:02:46:00 -0700] "POST /xmlrpc.php HTTP/1.1" 200 4129 "-" "Jetpack by WordPress.com (Jetpack 12.1; WordPress 6.1)"
5.192.5.49 - - [06/Jul/2026:02:46:05 -0700] "POST /xmlrpc.php HTTP/1.1" 403 4352 "-" "WordPress.com; https://wordpress.com"
14.139.42.196 - - [06/Jul/2026:02:46:11 -0700] "POST /xmlrpc.php HTTP/1.1" 200 4129 "-" "Jetpack/13.0; WordPress/6.4; http://site73967910.com"
5.192.5.49 - - [06/Jul/2026:02:46:16 -0700] "POST /xmlrpc.php HTTP/1.1" 200 4129 "-" "Jetpack/12.1; WordPress/6.2; http://site58282876.com"
14.139.42.196 - - [06/Jul/2026:02:46:21 -0700] "POST /xmlrpc.php HTTP/1.1" 403 4352 "-" "WordPress.com; https://wordpress.com"
35.235.84.95 - - [06/Jul/2026:02:46:28 -0700] "POST /wp-cron.php?doing_wp_cron=1783331187.9971768856048583984375 HTTP/1.1" 200 3587 "-" "WordPress/7.0; https://vanessavaladezrealty.com"
5.192.5.49 - - [06/Jul/2026:02:46:26 -0700] "POST /xmlrpc.php HTTP/1.1" 200 4129 "-" "Jetpack by WordPress.com (Jetpack 12.5; WordPress 6.4)"
14.139.42.196 - - [06/Jul/2026:02:46:32 -0700] "POST /xmlrpc.php HTTP/1.1" 200 4129 "-" "Jetpack by WordPress.com (Jetpack 12.0; WordPress 6.2)"
14.139.42.196 - - [06/Jul/2026:02:46:43 -0700] "POST /xmlrpc.php HTTP/1.1" 403 4352 "-" "Jetpack by WordPress.com"
5.192.5.49 - - [06/Jul/2026:02:46:37 -0700] "POST /xmlrpc.php HTTP/1.1" 200 4129 "-" "Jetpack by WordPress.com (Jetpack 12.1; WordPress 6.2)"
5.192.5.49 - - [06/Jul/2026:02:46:47 -0700] "POST /xmlrpc.php HTTP/1.1" 403 4352 "-" "Jetpack by WordPress.com"
14.139.42.196 - - [06/Jul/2026:02:46:54 -0700] "POST /xmlrpc.php HTTP/1.1" 200 4129 "-" "Jetpack/12.5; WordPress/6.3; http://site83159970.com"
5.192.5.49 - - [06/Jul/2026:02:46:58 -0700] "POST /xmlrpc.php HTTP/1.1" 200 4129 "-" "Jetpack by WordPress.com (Jetpack 13.0; WordPress 6.2)"
14.139.42.196 - - [06/Jul/2026:02:47:04 -0700] "POST /xmlrpc.php HTTP/1.1" 403 4352 "-" "WordPress.com; https://wordpress.com"
213.171.208.62 - - [06/Jul/2026:02:47:08 -0700] "GET /wp-login.php HTTP/1.1" 200 6365 "-" "Mozilla/5.0 (Windows NT 10.0; Win64; x64; rv:133.0) Gecko/20100101 Firefox/133.0"
14.139.42.196 - - [06/Jul/2026:02:47:15 -0700] "POST /xmlrpc.php HTTP/1.1" 403 4352 "-" "Jetpack by WordPress.com"
213.171.208.62 - - [06/Jul/2026:02:47:10 -0700] "POST /wp-login.php HTTP/1.1" 200 6451 "https://vanessavaladezrealty.com/wp-login.php" "Mozilla/5.0 (Windows NT 10.0; Win64; x64; rv:133.0) Gecko/20100101 Firefox/133.0"
5.192.5.49 - - [06/Jul/2026:02:47:09 -0700] "POST /xmlrpc.php HTTP/1.1" 200 4129 "-" "Jetpack by WordPress.com (Jetpack 12.5; WordPress 6.4)"
5.192.5.49 - - [06/Jul/2026:02:47:19 -0700] "POST /xmlrpc.php HTTP/1.1" 403 4352 "-" "WordPress.com; https://wordpress.com"
14.139.42.196 - - [06/Jul/2026:02:47:26 -0700] "POST /xmlrpc.php HTTP/1.1" 200 4129 "-" "Jetpack by WordPress.com (Jetpack 13.0; WordPress 6.4)"
5.192.5.49 - - [06/Jul/2026:02:47:30 -0700] "POST /xmlrpc.php HTTP/1.1" 403 4352 "-" "Jetpack by WordPress.com"
14.139.42.196 - - [06/Jul/2026:02:47:37 -0700] "POST /xmlrpc.php HTTP/1.1" 403 4352 "-" "Jetpack by WordPress.com"
35.235.84.95 - - [06/Jul/2026:02:47:43 -0700] "POST /wp-cron.php?doing_wp_cron=1783331263.1777980327606201171875 HTTP/1.1" 200 3587 "-" "WordPress/7.0; https://vanessavaladezrealty.com"
14.139.42.196 - - [06/Jul/2026:02:47:48 -0700] "POST /xmlrpc.php HTTP/1.1" 200 4129 "-" "Jetpack/12.1; WordPress/6.3; http://site94189039.com"
5.192.5.49 - - [06/Jul/2026:02:47:41 -0700] "POST /xmlrpc.php HTTP/1.1" 200 4129 "-" "Jetpack/12.1; WordPress/6.1; http://site46123903.com"
35.235.84.95 - - [06/Jul/2026:02:47:53 -0700] "POST /wp-cron.php?doing_wp_cron=1783331273.6720380783081054687500 HTTP/1.1" 200 3587 "-" "WordPress/7.0; https://vanessavaladezrealty.com"
5.192.5.49 - - [06/Jul/2026:02:48:02 -0700] "POST /xmlrpc.php HTTP/1.1" 403 4352 "-" "WordPress.com; https://wordpress.com"
5.192.5.49 - - [06/Jul/2026:02:47:51 -0700] "POST /xmlrpc.php HTTP/1.1" 200 4129 "-" "Jetpack/12.5; WordPress/6.3; http://site96478229.com"
14.139.42.196 - - [06/Jul/2026:02:47:59 -0700] "POST /xmlrpc.php HTTP/1.1" 403 4352 "-" "Jetpack by WordPress.com"
14.139.42.196 - - [06/Jul/2026:02:48:09 -0700] "POST /xmlrpc.php HTTP/1.1" 200 4129 "-" "Jetpack/12.0; WordPress/6.1; http://site16387004.com"
5.192.5.49 - - [06/Jul/2026:02:48:13 -0700] "POST /xmlrpc.php HTTP/1.1" 200 4129 "-" "Jetpack/12.5; WordPress/6.3; http://site98413645.com"
14.139.42.196 - - [06/Jul/2026:02:48:20 -0700] "POST /xmlrpc.php HTTP/1.1" 200 4129 "-" "Jetpack/12.5; WordPress/6.4; http://site57543721.com"
5.192.5.49 - - [06/Jul/2026:02:48:23 -0700] "POST /xmlrpc.php HTTP/1.1" 200 4129 "-" "Jetpack by WordPress.com (Jetpack 13.0; WordPress 6.2)"
14.139.42.196 - - [06/Jul/2026:02:48:31 -0700] "POST /xmlrpc.php HTTP/1.1" 403 4352 "-" "Jetpack by WordPress.com"
14.139.42.196 - - [06/Jul/2026:02:48:42 -0700] "POST /xmlrpc.php HTTP/1.1" 200 4129 "-" "Jetpack by WordPress.com (Jetpack 12.1; WordPress 6.2)"
5.192.5.49 - - [06/Jul/2026:02:48:34 -0700] "POST /xmlrpc.php HTTP/1.1" 200 4129 "-" "Jetpack by WordPress.com (Jetpack 12.0; WordPress 6.2)"
5.192.5.49 - - [06/Jul/2026:02:48:45 -0700] "POST /xmlrpc.php HTTP/1.1" 200 4129 "-" "Jetpack by WordPress.com (Jetpack 12.1; WordPress 6.4)"
35.235.84.95 - - [06/Jul/2026:02:48:54 -0700] "POST /wp-cron.php?doing_wp_cron=1783331334.2070450782775878906250 HTTP/1.1" 200 3587 "-" "WordPress/7.0; https://vanessavaladezrealty.com"
14.139.42.196 - - [06/Jul/2026:02:48:53 -0700] "POST /xmlrpc.php HTTP/1.1" 200 4129 "-" "Jetpack by WordPress.com (Jetpack 12.1; WordPress 6.4)"
5.192.5.49 - - [06/Jul/2026:02:48:55 -0700] "POST /xmlrpc.php HTTP/1.1" 403 4352 "-" "WordPress.com; https://wordpress.com"
14.139.42.196 - - [06/Jul/2026:02:49:04 -0700] "POST /xmlrpc.php HTTP/1.1" 200 4129 "-" "Jetpack by WordPress.com (Jetpack 13.0; WordPress 6.4)"
5.192.5.49 - - [06/Jul/2026:02:49:06 -0700] "POST /xmlrpc.php HTTP/1.1" 403 4352 "-" "Jetpack by WordPress.com"
14.139.42.196 - - [06/Jul/2026:02:49:14 -0700] "POST /xmlrpc.php HTTP/1.1" 200 4129 "-" "Jetpack/13.0; WordPress/6.4; http://site99721684.com"
189.28.94.170 - - [06/Jul/2026:02:49:16 -0700] "GET /properties/105-Residential-Lease-10910-Calm-Desert-Court-3-Rooms-3-Bedrooms-3-Bathrooms-USD3-750/tel:7027760711 HTTP/1.1" 301 4224 "-" "Mozilla/5.0 (Macintosh; Intel Mac OS X 10_13_3) AppleWebKit/537.36 (KHTML, like Gecko) Chrome/66.0.3359.1 Safari/537.36"
189.28.94.170 - - [06/Jul/2026:02:49:18 -0700] "GET /properties/105-Residential-Lease-10910-Calm-Desert-Court-3-Rooms-3-Bedrooms-3-Bathrooms-USD3-750/tel:7027760711/ HTTP/1.1" 301 4373 "-" "Mozilla/5.0 (Macintosh; Intel Mac OS X 10_13_3) AppleWebKit/537.36 (KHTML, like Gecko) Chrome/66.0.3359.1 Safari/537.36"
189.28.94.170 - - [06/Jul/2026:02:49:20 -0700] "GET /properties/105-Residential-Lease-10910-Calm-Desert-Court-3-Rooms-3-Bedrooms-3-Bathrooms-USD3-750 HTTP/1.1" 301 4151 "-" "Mozilla/5.0 (Macintosh; Intel Mac OS X 10_13_3) AppleWebKit/537.36 (KHTML, like Gecko) Chrome/66.0.3359.1 Safari/537.36"
189.28.94.170 - - [06/Jul/2026:02:49:22 -0700] "GET /properties/105-Residential-Lease-10910-Calm-Desert-Court-3-Rooms-3-Bedrooms-3-Bathrooms-USD3-750/ HTTP/1.1" 200 37265 "-" "Mozilla/5.0 (Macintosh; Intel Mac OS X 10_13_3) AppleWebKit/537.36 (KHTML, like Gecko) Chrome/66.0.3359.1 Safari/537.36"
5.192.5.49 - - [06/Jul/2026:02:49:16 -0700] "POST /xmlrpc.php HTTP/1.1" 200 4129 "-" "Jetpack/12.0; WordPress/6.3; http://site78885614.com"
5.192.5.49 - - [06/Jul/2026:02:49:38 -0700] "POST /xmlrpc.php HTTP/1.1" 200 4129 "-" "Jetpack/13.0; WordPress/6.3; http://site12429464.com"
14.139.42.196 - - [06/Jul/2026:02:49:36 -0700] "POST /xmlrpc.php HTTP/1.1" 403 4352 "-" "Jetpack by WordPress.com"
5.192.5.49 - - [06/Jul/2026:02:49:27 -0700] "POST /xmlrpc.php HTTP/1.1" 403 4352 "-" "WordPress.com; https://wordpress.com"
14.139.42.196 - - [06/Jul/2026:02:49:25 -0700] "POST /xmlrpc.php HTTP/1.1" 200 4129 "-" "Jetpack/12.1; WordPress/6.1; http://site22302657.com"
5.192.5.49 - - [06/Jul/2026:02:49:49 -0700] "POST /xmlrpc.php HTTP/1.1" 403 4352 "-" "WordPress.com; https://wordpress.com"
14.139.42.196 - - [06/Jul/2026:02:49:47 -0700] "POST /xmlrpc.php HTTP/1.1" 200 4129 "-" "Jetpack by WordPress.com (Jetpack 12.0; WordPress 6.1)"
35.235.84.95 - - [06/Jul/2026:02:49:59 -0700] "POST /wp-cron.php?doing_wp_cron=1783331399.8098809719085693359375 HTTP/1.1" 200 3587 "-" "WordPress/7.0; https://vanessavaladezrealty.com"
14.139.42.196 - - [06/Jul/2026:02:49:58 -0700] "POST /xmlrpc.php HTTP/1.1" 200 4129 "-" "Jetpack by WordPress.com (Jetpack 12.5; WordPress 6.2)"
5.192.5.49 - - [06/Jul/2026:02:49:59 -0700] "POST /xmlrpc.php HTTP/1.1" 200 4129 "-" "Jetpack/12.5; WordPress/6.4; http://site39399300.com"
14.139.42.196 - - [06/Jul/2026:02:50:09 -0700] "POST /xmlrpc.php HTTP/1.1" 403 4352 "-" "Jetpack by WordPress.com"
5.192.5.49 - - [06/Jul/2026:02:50:10 -0700] "POST /xmlrpc.php HTTP/1.1" 403 4352 "-" "WordPress.com; https://wordpress.com"
5.192.5.49 - - [06/Jul/2026:02:50:21 -0700] "POST /xmlrpc.php HTTP/1.1" 403 4352 "-" "Jetpack by WordPress.com"
14.139.42.196 - - [06/Jul/2026:02:50:19 -0700] "POST /xmlrpc.php HTTP/1.1" 403 4352 "-" "Jetpack by WordPress.com"
14.139.42.196 - - [06/Jul/2026:02:50:41 -0700] "POST /xmlrpc.php HTTP/1.1" 200 4129 "-" "Jetpack by WordPress.com (Jetpack 12.5; WordPress 6.1)"
35.235.84.95 - - [06/Jul/2026:02:50:53 -0700] "POST /wp-cron.php?doing_wp_cron=1783331453.8205668926239013671875 HTTP/1.1" 200 3587 "-" "WordPress/7.0; https://vanessavaladezrealty.com"
5.192.5.49 - - [06/Jul/2026:02:50:42 -0700] "POST /xmlrpc.php HTTP/1.1" 200 4129 "-" "Jetpack/12.1; WordPress/6.4; http://site44404178.com"
14.139.42.196 - - [06/Jul/2026:02:50:30 -0700] "POST /xmlrpc.php HTTP/1.1" 403 4352 "-" "Jetpack by WordPress.com"
5.192.5.49 - - [06/Jul/2026:02:50:31 -0700] "POST /xmlrpc.php HTTP/1.1" 200 4129 "-" "Jetpack/12.1; WordPress/6.1; http://site15632925.com"
14.139.42.196 - - [06/Jul/2026:02:51:03 -0700] "POST /xmlrpc.php HTTP/1.1" 403 4352 "-" "WordPress.com; https://wordpress.com"
35.235.84.95 - - [06/Jul/2026:02:51:26 -0700] "POST /wp-cron.php?doing_wp_cron=1783331486.0107710361480712890625 HTTP/1.1" 200 3587 "-" "WordPress/7.0; https://vanessavaladezrealty.com"
5.192.5.49 - - [06/Jul/2026:02:50:53 -0700] "POST /xmlrpc.php HTTP/1.1" 200 4129 "-" "Jetpack/12.1; WordPress/6.2; http://site90525174.com"
14.139.42.196 - - [06/Jul/2026:02:51:14 -0700] "POST /xmlrpc.php HTTP/1.1" 200 4129 "-" "Jetpack/13.0; WordPress/6.4; http://site71583571.com"
14.139.42.196 - - [06/Jul/2026:02:50:52 -0700] "POST /xmlrpc.php HTTP/1.1" 200 4129 "-" "Jetpack/13.0; WordPress/6.1; http://site68979279.com"
14.139.42.196 - - [06/Jul/2026:02:51:24 -0700] "POST /xmlrpc.php HTTP/1.1" 200 4129 "-" "Jetpack/13.0; WordPress/6.4; http://site76432010.com"
5.192.5.49 - - [06/Jul/2026:02:51:24 -0700] "POST /xmlrpc.php HTTP/1.1" 403 4352 "-" "Jetpack by WordPress.com (Jetpack 12.5; WordPress 6.4)"
5.192.5.49 - - [06/Jul/2026:02:51:03 -0700] "POST /xmlrpc.php HTTP/1.1" 403 4352 "-" "Jetpack by WordPress.com"
5.192.5.49 - - [06/Jul/2026:02:51:35 -0700] "POST /xmlrpc.php HTTP/1.1" 403 4352 "-" "Jetpack by WordPress.com"
14.139.42.196 - - [06/Jul/2026:02:51:35 -0700] "POST /xmlrpc.php HTTP/1.1" 403 4352 "-" "Jetpack by WordPress.com"
5.192.5.49 - - [06/Jul/2026:02:51:14 -0700] "POST /xmlrpc.php HTTP/1.1" 403 4352 "-" "Jetpack by WordPress.com"
5.192.5.49 - - [06/Jul/2026:02:51:46 -0700] "POST /xmlrpc.php HTTP/1.1" 403 4352 "-" "WordPress.com; https://wordpress.com"
14.139.42.196 - - [06/Jul/2026:02:51:46 -0700] "POST /xmlrpc.php HTTP/1.1" 200 4129 "-" "Jetpack by WordPress.com (Jetpack 13.0; WordPress 6.3)"
5.192.5.49 - - [06/Jul/2026:02:51:57 -0700] "POST /xmlrpc.php HTTP/1.1" 200 4129 "-" "Jetpack by WordPress.com (Jetpack 12.1; WordPress 6.3)"
14.139.42.196 - - [06/Jul/2026:02:51:57 -0700] "POST /xmlrpc.php HTTP/1.1" 200 4129 "-" "Jetpack/13.0; WordPress/6.3; http://site43265105.com"
5.192.5.49 - - [06/Jul/2026:02:52:07 -0700] "POST /xmlrpc.php HTTP/1.1" 403 4352 "-" "WordPress.com; https://wordpress.com"
14.139.42.196 - - [06/Jul/2026:02:52:08 -0700] "POST /xmlrpc.php HTTP/1.1" 200 4129 "-" "Jetpack/12.5; WordPress/6.3; http://site47464882.com"
14.139.42.196 - - [06/Jul/2026:02:52:18 -0700] "POST /xmlrpc.php HTTP/1.1" 403 4352 "-" "Jetpack by WordPress.com"
5.192.5.49 - - [06/Jul/2026:02:52:29 -0700] "POST /xmlrpc.php HTTP/1.1" 403 4352 "-" "Jetpack by WordPress.com"
14.139.42.196 - - [06/Jul/2026:02:52:29 -0700] "POST /xmlrpc.php HTTP/1.1" 403 4352 "-" "Jetpack by WordPress.com"
5.192.5.49 - - [06/Jul/2026:02:52:39 -0700] "POST /xmlrpc.php HTTP/1.1" 403 4352 "-" "WordPress.com; https://wordpress.com"
5.192.5.49 - - [06/Jul/2026:02:52:18 -0700] "POST /xmlrpc.php HTTP/1.1" 200 4129 "-" "Jetpack/13.0; WordPress/6.1; http://site54368142.com"
35.235.84.95 - - [06/Jul/2026:02:52:42 -0700] "POST /wp-cron.php?doing_wp_cron=1783331562.1206650733947753906250 HTTP/1.1" 200 3587 "-" "WordPress/7.0; https://vanessavaladezrealty.com"
14.139.42.196 - - [06/Jul/2026:02:52:40 -0700] "POST /xmlrpc.php HTTP/1.1" 200 4129 "-" "Jetpack/13.0; WordPress/6.1; http://site20092887.com"
14.139.42.196 - - [06/Jul/2026:02:52:51 -0700] "POST /xmlrpc.php HTTP/1.1" 403 4352 "-" "WordPress.com; https://wordpress.com"
5.192.5.49 - - [06/Jul/2026:02:52:50 -0700] "POST /xmlrpc.php HTTP/1.1" 403 4352 "-" "WordPress.com; https://wordpress.com"
35.235.84.95 - - [06/Jul/2026:02:53:02 -0700] "POST /wp-cron.php?doing_wp_cron=1783331582.3585491180419921875000 HTTP/1.1" 200 3587 "-" "WordPress/7.0; https://vanessavaladezrealty.com"
216.73.216.170 - - [06/Jul/2026:02:53:10 -0700] "GET /robots.txt HTTP/1.1" 200 4273 "-" "Mozilla/5.0 AppleWebKit/537.36 (KHTML, like Gecko; compatible; ClaudeBot/1.0; +claudebot@anthropic.com)"
14.139.42.196 - - [06/Jul/2026:02:53:02 -0700] "POST /xmlrpc.php HTTP/1.1" 403 4352 "-" "WordPress.com; https://wordpress.com"
5.192.5.49 - - [06/Jul/2026:02:53:01 -0700] "POST /xmlrpc.php HTTP/1.1" 200 4129 "-" "Jetpack/12.5; WordPress/6.2; http://site42718613.com"
5.192.5.49 - - [06/Jul/2026:02:53:11 -0700] "POST /xmlrpc.php HTTP/1.1" 403 4352 "-" "Jetpack by WordPress.com (Jetpack 12.1; WordPress 6.3)"
14.139.42.196 - - [06/Jul/2026:02:53:13 -0700] "POST /xmlrpc.php HTTP/1.1" 200 4129 "-" "Jetpack/12.5; WordPress/6.1; http://site68192295.com"
216.73.216.170 - - [06/Jul/2026:02:53:13 -0700] "GET /wp-sitemap.xml HTTP/1.1" 200 4257 "-" "Mozilla/5.0 AppleWebKit/537.36 (KHTML, like Gecko; compatible; ClaudeBot/1.0; +claudebot@anthropic.com)"
5.192.5.49 - - [06/Jul/2026:02:53:22 -0700] "POST /xmlrpc.php HTTP/1.1" 200 4129 "-" "Jetpack by WordPress.com (Jetpack 12.5; WordPress 6.1)"
14.139.42.196 - - [06/Jul/2026:02:53:23 -0700] "POST /xmlrpc.php HTTP/1.1" 403 4352 "-" "WordPress.com; https://wordpress.com"
161.97.129.228 - - [06/Jul/2026:02:53:22 -0700] "GET /wp-login.php HTTP/1.1" 200 6365 "-" "Mozilla/5.0 (Macintosh; Intel Mac OS X 10_15_7) AppleWebKit/537.36 (KHTML, like Gecko) Chrome/133.0.0.0 Safari/537.36"
161.97.129.228 - - [06/Jul/2026:02:53:24 -0700] "POST /wp-login.php HTTP/1.1" 200 6467 "https://vanessavaladezrealty.com/wp-login.php" "Mozilla/5.0 (Macintosh; Intel Mac OS X 10_15_7) AppleWebKit/537.36 (KHTML, like Gecko) Chrome/133.0.0.0 Safari/537.36"
14.139.42.196 - - [06/Jul/2026:02:53:34 -0700] "POST /xmlrpc.php HTTP/1.1" 403 4352 "-" "Jetpack by WordPress.com"
5.192.5.49 - - [06/Jul/2026:02:53:33 -0700] "POST /xmlrpc.php HTTP/1.1" 403 4352 "-" "Jetpack by WordPress.com"
5.192.5.49 - - [06/Jul/2026:02:53:44 -0700] "POST /xmlrpc.php HTTP/1.1" 403 4352 "-" "Jetpack by WordPress.com (Jetpack 12.5; WordPress 6.4)"
14.139.42.196 - - [06/Jul/2026:02:53:45 -0700] "POST /xmlrpc.php HTTP/1.1" 403 4352 "-" "Jetpack by WordPress.com"
