116.179.37.124 - - [05/Jul/2026:08:41:13 -0700] "GET /wp-content/plugins/elementor/assets/js/section-frontend-handlers.d85ab872da118940910d.bundle.min.js HTTP/1.1" 200 3900 "https://vanessavaladezrealty.com/properties/150-0-0-0-%240/" "Mozilla/5.0 (compatible; Baiduspider-render/2.0; +http://www.baidu.com/search/spider.html)"
116.179.37.59 - - [05/Jul/2026:08:41:14 -0700] "GET /wp-includes/js/wp-emoji-release.min.js?ver=7.0 HTTP/1.1" 200 3572 "https://vanessavaladezrealty.com/properties/150-0-0-0-%240/" "Mozilla/5.0 (compatible; Baiduspider-render/2.0; +http://www.baidu.com/search/spider.html)"
116.179.37.147 - - [05/Jul/2026:08:41:14 -0700] "GET /wp-content/plugins/real-estate-listing-realtyna-wpl/assets/js/js_inline.html HTTP/1.1" 200 3604 "https://vanessavaladezrealty.com/properties/150-0-0-0-%240/" "Mozilla/5.0 (compatible; Baiduspider-render/2.0; +http://www.baidu.com/search/spider.html)"
116.179.37.71 - - [05/Jul/2026:08:41:15 -0700] "GET /wp-content/plugins/elementor/assets/js/shared-frontend-handlers.03caa53373b56d3bab67.bundle.min.js HTTP/1.1" 200 3632 "https://vanessavaladezrealty.com/properties/150-0-0-0-%240/" "Mozilla/5.0 (compatible; Baiduspider-render/2.0; +http://www.baidu.com/search/spider.html)"
116.179.37.39 - - [05/Jul/2026:08:41:15 -0700] "POST /properties/150-0-0-0-%240/ HTTP/1.1" 200 4035 "https://vanessavaladezrealty.com/properties/150-0-0-0-%240/" "Mozilla/5.0 (compatible; Baiduspider-render/2.0; +http://www.baidu.com/search/spider.html)"
42.106.141.89 - - [05/Jul/2026:08:41:16 -0700] "POST /xmlrpc.php HTTP/1.1" 200 4129 "-" "Jetpack by WordPress.com (Jetpack 13.0; WordPress 6.2)"
35.235.84.95 - - [05/Jul/2026:08:41:29 -0700] "POST /wp-cron.php?doing_wp_cron=1783266089.0967049598693847656250 HTTP/1.1" 200 3587 "-" "WordPress/7.0; https://vanessavaladezrealty.com"
42.106.141.89 - - [05/Jul/2026:08:41:27 -0700] "POST /xmlrpc.php HTTP/1.1" 200 4129 "-" "Jetpack/12.5; WordPress/6.4; http://site36192595.com"
42.106.141.89 - - [05/Jul/2026:08:41:38 -0700] "POST /xmlrpc.php HTTP/1.1" 200 4129 "-" "Jetpack/12.0; WordPress/6.3; http://site97423419.com"
42.106.141.89 - - [05/Jul/2026:08:41:49 -0700] "POST /xmlrpc.php HTTP/1.1" 403 4352 "-" "WordPress.com; https://wordpress.com"
42.106.141.89 - - [05/Jul/2026:08:42:00 -0700] "POST /xmlrpc.php HTTP/1.1" 200 4129 "-" "Jetpack by WordPress.com"
42.106.141.89 - - [05/Jul/2026:08:42:11 -0700] "POST /xmlrpc.php HTTP/1.1" 403 4352 "-" "Jetpack by WordPress.com"
42.106.141.89 - - [05/Jul/2026:08:42:22 -0700] "POST /xmlrpc.php HTTP/1.1" 403 4352 "-" "Jetpack by WordPress.com"
42.106.141.89 - - [05/Jul/2026:08:42:33 -0700] "POST /xmlrpc.php HTTP/1.1" 403 4352 "-" "Jetpack by WordPress.com"
42.106.141.89 - - [05/Jul/2026:08:42:44 -0700] "POST /xmlrpc.php HTTP/1.1" 403 4352 "-" "WordPress.com; https://wordpress.com"
42.106.141.89 - - [05/Jul/2026:08:42:55 -0700] "POST /xmlrpc.php HTTP/1.1" 403 4352 "-" "WordPress.com; https://wordpress.com"
35.235.84.95 - - [05/Jul/2026:08:43:07 -0700] "POST /wp-cron.php?doing_wp_cron=1783266187.9243819713592529296875 HTTP/1.1" 200 3587 "-" "WordPress/7.0; https://vanessavaladezrealty.com"
42.106.141.89 - - [05/Jul/2026:08:43:06 -0700] "POST /xmlrpc.php HTTP/1.1" 200 4129 "-" "Jetpack/12.5; WordPress/6.4; http://site13490252.com"
42.106.141.89 - - [05/Jul/2026:08:43:17 -0700] "POST /xmlrpc.php HTTP/1.1" 403 4352 "-" "WordPress.com; https://wordpress.com"
42.106.141.89 - - [05/Jul/2026:08:43:28 -0700] "POST /xmlrpc.php HTTP/1.1" 403 4352 "-" "WordPress.com; https://wordpress.com"
42.106.141.89 - - [05/Jul/2026:08:43:39 -0700] "POST /xmlrpc.php HTTP/1.1" 403 4352 "-" "Jetpack by WordPress.com"
42.106.141.89 - - [05/Jul/2026:08:44:01 -0700] "POST /xmlrpc.php HTTP/1.1" 403 4352 "-" "WordPress.com; https://wordpress.com"
42.106.141.89 - - [05/Jul/2026:08:43:50 -0700] "POST /xmlrpc.php HTTP/1.1" 403 4352 "-" "WordPress.com; https://wordpress.com"
35.235.84.95 - - [05/Jul/2026:08:46:34 -0700] "POST /wp-cron.php?doing_wp_cron=1783266394.6120080947875976562500 HTTP/1.1" 200 3587 "-" "WordPress/7.0; https://vanessavaladezrealty.com"
138.252.125.121 - - [05/Jul/2026:08:46:33 -0700] "GET /wp-login.php HTTP/1.1" 200 6366 "-" "Mozilla/5.0 (Windows NT 10.0; Win64; x64) AppleWebKit/537.36 (KHTML, like Gecko) Chrome/120.0.0.0 Safari/537.36"
138.252.125.121 - - [05/Jul/2026:08:46:34 -0700] "POST /wp-login.php HTTP/1.1" 200 6452 "https://vanessavaladezrealty.com/wp-login.php" "Mozilla/5.0 (Windows NT 10.0; Win64; x64) AppleWebKit/537.36 (KHTML, like Gecko) Chrome/120.0.0.0 Safari/537.36"
35.235.84.95 - - [05/Jul/2026:08:47:35 -0700] "POST /wp-cron.php?doing_wp_cron=1783266455.8209469318389892578125 HTTP/1.1" 200 3587 "-" "WordPress/7.0; https://vanessavaladezrealty.com"
35.235.84.95 - - [05/Jul/2026:08:47:35 -0700] "POST /wp-cron.php?doing_wp_cron=1783266455.8900229930877685546875 HTTP/1.1" 200 3587 "-" "WordPress/7.0; https://vanessavaladezrealty.com"
216.73.216.170 - - [05/Jul/2026:08:47:34 -0700] "GET /robots.txt HTTP/1.1" 200 4273 "-" "Mozilla/5.0 AppleWebKit/537.36 (KHTML, like Gecko; compatible; ClaudeBot/1.0; +claudebot@anthropic.com)"
216.73.216.170 - - [05/Jul/2026:08:47:36 -0700] "GET /wp-sitemap.xml HTTP/1.1" 200 4257 "-" "Mozilla/5.0 AppleWebKit/537.36 (KHTML, like Gecko; compatible; ClaudeBot/1.0; +claudebot@anthropic.com)"
35.235.84.95 - - [05/Jul/2026:08:48:28 -0700] "POST /wp-cron.php?doing_wp_cron=1783266508.2550289630889892578125 HTTP/1.1" 200 3587 "-" "WordPress/7.0; https://vanessavaladezrealty.com"
23.23.103.31 - - [05/Jul/2026:08:48:27 -0700] "GET /properties/147-0-0-0- HTTP/1.1" 301 4134 "-" "Mozilla/5.0 AppleWebKit/537.36 (KHTML, like Gecko; compatible; Amazonbot/0.1; +https://developer.amazon.com/support/amazonbot) Chrome/119.0.6045.214 Safari/537.36"
100.29.34.97 - - [05/Jul/2026:08:48:28 -0700] "GET /properties/147-0-0-0-/ HTTP/1.1" 301 4360 "-" "Mozilla/5.0 AppleWebKit/537.36 (KHTML, like Gecko; compatible; Amazonbot/0.1; +https://developer.amazon.com/support/amazonbot) Chrome/119.0.6045.214 Safari/537.36"
54.166.104.83 - - [05/Jul/2026:08:48:30 -0700] "GET /properties/147-0-0-0-$0 HTTP/1.1" 301 4135 "-" "Mozilla/5.0 AppleWebKit/537.36 (KHTML, like Gecko; compatible; Amazonbot/0.1; +https://developer.amazon.com/support/amazonbot) Chrome/119.0.6045.214 Safari/537.36"
3.225.9.97 - - [05/Jul/2026:08:48:32 -0700] "GET /properties/147-0-0-0-0/ HTTP/1.1" 301 4360 "-" "Mozilla/5.0 AppleWebKit/537.36 (KHTML, like Gecko; compatible; Amazonbot/0.1; +https://developer.amazon.com/support/amazonbot) Chrome/119.0.6045.214 Safari/537.36"
35.235.84.95 - - [05/Jul/2026:08:50:22 -0700] "POST /wp-cron.php?doing_wp_cron=1783266621.9762248992919921875000 HTTP/1.1" 200 3587 "-" "WordPress/7.0; https://vanessavaladezrealty.com"
216.73.216.170 - - [05/Jul/2026:08:50:20 -0700] "GET /properties/?pid=137&wplview=property_show HTTP/1.1" 200 32716 "-" "Mozilla/5.0 AppleWebKit/537.36 (KHTML, like Gecko; compatible; ClaudeBot/1.0; +claudebot@anthropic.com)"
35.235.84.95 - - [05/Jul/2026:08:52:08 -0700] "POST /wp-cron.php?doing_wp_cron=1783266728.4886651039123535156250 HTTP/1.1" 200 3587 "-" "WordPress/7.0; https://vanessavaladezrealty.com"
138.252.125.121 - - [05/Jul/2026:08:52:07 -0700] "GET /wp-login.php HTTP/1.1" 200 6366 "-" "Mozilla/5.0 (Macintosh; Intel Mac OS X 14_7_4) AppleWebKit/537.36 (KHTML, like Gecko) Chrome/133.0.0.0 Safari/537.36"
138.252.125.121 - - [05/Jul/2026:08:52:09 -0700] "POST /wp-login.php HTTP/1.1" 200 6452 "https://vanessavaladezrealty.com/wp-login.php" "Mozilla/5.0 (Macintosh; Intel Mac OS X 14_7_4) AppleWebKit/537.36 (KHTML, like Gecko) Chrome/133.0.0.0 Safari/537.36"
35.235.84.95 - - [05/Jul/2026:08:54:32 -0700] "POST /wp-cron.php?doing_wp_cron=1783266872.0401649475097656250000 HTTP/1.1" 200 3587 "-" "WordPress/7.0; https://vanessavaladezrealty.com"
104.210.140.129 - - [05/Jul/2026:08:54:30 -0700] "GET /robots.txt HTTP/1.1" 200 4273 "-" "Mozilla/5.0 (Macintosh; Intel Mac OS X 10_15_7) AppleWebKit/537.36 (KHTML, like Gecko) Chrome/131.0.0.0 Safari/537.36; compatible; OAI-SearchBot/1.0; +https://openai.com/searchbot"
35.235.84.95 - - [05/Jul/2026:08:55:23 -0700] "POST /wp-cron.php?doing_wp_cron=1783266923.3020980358123779296875 HTTP/1.1" 200 3587 "-" "WordPress/7.0; https://vanessavaladezrealty.com"
57.141.18.118 - - [05/Jul/2026:08:55:22 -0700] "GET /wp-sitemap-posts-page-1.xml HTTP/1.1" 200 4813 "-" "Mozilla/5.0 (Windows NT 10.0; Win64; x64) AppleWebKit/537.36 (KHTML, like Gecko) Chrome/145.0.0.0 Safari/537.36 (compatible; meta-externalagent/1.1 (+https://developers.facebook.com/docs/sharing/webmasters/crawler))"
35.235.84.95 - - [05/Jul/2026:09:00:43 -0700] "HEAD / HTTP/1.1" 200 4272 "-" "Mozilla/5.0 (Windows NT 10.0; Win64; x64) AppleWebKit/537.36 (KHTML, like Gecko) Chrome/117.0.0.0 Safari/537.36"
35.235.84.95 - - [05/Jul/2026:09:02:12 -0700] "POST /wp-cron.php?doing_wp_cron=1783267332.5280580520629882812500 HTTP/1.1" 200 3587 "-" "WordPress/7.0; https://vanessavaladezrealty.com"
190.69.50.238 - - [05/Jul/2026:09:02:10 -0700] "GET /properties/vanessavaladez/tel:7027760711/?wplpage=1 HTTP/1.1" 200 32783 "-" "Mozilla/5.0 (Macintosh; Intel Mac OS X 10_11_6) AppleWebKit/537.36 (KHTML, like Gecko) Chrome/93.0.4577.82 Safari/537.36"
35.235.84.95 - - [05/Jul/2026:09:11:20 -0700] "POST /wp-cron.php?doing_wp_cron=1783267880.5667409896850585937500 HTTP/1.1" 200 3587 "-" "WordPress/7.0; https://vanessavaladezrealty.com"
161.153.33.122 - - [05/Jul/2026:09:11:18 -0700] "GET /properties/88-Residential-2539-Tuskegee-Street-6-Rooms-5-Bedrooms-2-Bathrooms-USD299-995 HTTP/1.1" 301 4201 "-" "Scrapy/2.16.0 (+https://scrapy.org)"
161.153.33.122 - - [05/Jul/2026:09:11:45 -0700] "GET /properties/88-Residential-2539-Tuskegee-Street-6-Rooms-5-Bedrooms-2-Bathrooms-USD299-995/ HTTP/1.1" 200 11529 "https://vanessavaladezrealty.com/properties/88-Residential-2539-Tuskegee-Street-6-Rooms-5-Bedrooms-2-Bathrooms-USD299-995" "Scrapy/2.16.0 (+https://scrapy.org)"
35.235.84.95 - - [05/Jul/2026:09:19:07 -0700] "POST /wp-cron.php?doing_wp_cron=1783268347.5904018878936767578125 HTTP/1.1" 200 3587 "-" "WordPress/7.0; https://vanessavaladezrealty.com"
135.125.45.146 - - [05/Jul/2026:09:19:05 -0700] "GET /wp-login.php HTTP/1.1" 200 6366 "-" "Mozilla/5.0 (Windows NT 10.0; Win64; x64) AppleWebKit/537.36 (KHTML, like Gecko) Chrome/120.0.0.0 Safari/537.36"
135.125.45.146 - - [05/Jul/2026:09:19:07 -0700] "POST /wp-login.php HTTP/1.1" 200 6467 "https://vanessavaladezrealty.com/wp-login.php" "Mozilla/5.0 (Windows NT 10.0; Win64; x64) AppleWebKit/537.36 (KHTML, like Gecko) Chrome/120.0.0.0 Safari/537.36"
35.235.84.95 - - [05/Jul/2026:09:22:49 -0700] "POST /wp-cron.php?doing_wp_cron=1783268569.6003460884094238281250 HTTP/1.1" 200 3587 "-" "WordPress/7.0; https://vanessavaladezrealty.com"
51.75.120.67 - - [05/Jul/2026:09:22:48 -0700] "GET /wp-login.php HTTP/1.1" 200 6366 "-" "Mozilla/5.0 (X11; CrOS x86_64 14541.0.0) AppleWebKit/537.36 (KHTML, like Gecko) Chrome/133.0.0.0 Safari/537.36"
51.75.120.67 - - [05/Jul/2026:09:22:49 -0700] "POST /wp-login.php HTTP/1.1" 200 6467 "https://vanessavaladezrealty.com/wp-login.php" "Mozilla/5.0 (X11; CrOS x86_64 14541.0.0) AppleWebKit/537.36 (KHTML, like Gecko) Chrome/133.0.0.0 Safari/537.36"
35.235.84.95 - - [05/Jul/2026:09:27:06 -0700] "POST /wp-cron.php?doing_wp_cron=1783268826.2954499721527099609375 HTTP/1.1" 200 3587 "-" "WordPress/7.0; https://vanessavaladezrealty.com"
114.119.137.232 - - [05/Jul/2026:09:27:04 -0700] "GET /robots.txt HTTP/1.1" 200 4273 "https://vanessavaladezrealty.com/robots.txt" "Mozilla/5.0 (Windows NT 10.0; Win64; x64) AppleWebKit/537.36 (KHTML, like Gecko) Chrome/148.0.0.0 Safari/537.36"
35.235.84.95 - - [05/Jul/2026:09:34:01 -0700] "POST /wp-cron.php?doing_wp_cron=1783269241.1014680862426757812500 HTTP/1.1" 200 3587 "-" "WordPress/7.0; https://vanessavaladezrealty.com"
161.97.129.228 - - [05/Jul/2026:09:33:58 -0700] "GET /wp-login.php HTTP/1.1" 200 6366 "-" "Mozilla/5.0 (X11; Linux x86_64) AppleWebKit/537.36 (KHTML, like Gecko) Chrome/133.0.0.0 Safari/537.36 Edg/133.0.0.0"
161.97.129.228 - - [05/Jul/2026:09:34:01 -0700] "POST /wp-login.php HTTP/1.1" 200 6467 "https://vanessavaladezrealty.com/wp-login.php" "Mozilla/5.0 (X11; Linux x86_64) AppleWebKit/537.36 (KHTML, like Gecko) Chrome/133.0.0.0 Safari/537.36 Edg/133.0.0.0"
35.235.84.95 - - [05/Jul/2026:09:36:53 -0700] "POST /wp-cron.php?doing_wp_cron=1783269413.5781600475311279296875 HTTP/1.1" 200 3587 "-" "WordPress/7.0; https://vanessavaladezrealty.com"
37.235.39.197 - - [05/Jul/2026:09:36:51 -0700] "GET /wp-login.php HTTP/1.1" 200 6366 "-" "Mozilla/5.0 (X11; Linux x86_64) AppleWebKit/537.36 (KHTML, like Gecko) Chrome/133.0.0.0 Safari/537.36 Edg/133.0.0.0"
37.235.39.197 - - [05/Jul/2026:09:36:53 -0700] "POST /wp-login.php HTTP/1.1" 200 6467 "https://vanessavaladezrealty.com/wp-login.php" "Mozilla/5.0 (X11; Linux x86_64) AppleWebKit/537.36 (KHTML, like Gecko) Chrome/133.0.0.0 Safari/537.36 Edg/133.0.0.0"
35.235.84.95 - - [05/Jul/2026:09:44:25 -0700] "POST /wp-cron.php?doing_wp_cron=1783269865.3022210597991943359375 HTTP/1.1" 200 3587 "-" "WordPress/7.0; https://vanessavaladezrealty.com"
84.247.172.23 - - [05/Jul/2026:09:44:23 -0700] "GET /wp-login.php HTTP/1.1" 200 6366 "-" "Mozilla/5.0 (Macintosh; Intel Mac OS X 10_15_7) AppleWebKit/537.36 (KHTML, like Gecko) Chrome/133.0.0.0 Safari/537.36 Edg/133.0.0.0"
84.247.172.23 - - [05/Jul/2026:09:44:25 -0700] "POST /wp-login.php HTTP/1.1" 200 6467 "https://vanessavaladezrealty.com/wp-login.php" "Mozilla/5.0 (Macintosh; Intel Mac OS X 10_15_7) AppleWebKit/537.36 (KHTML, like Gecko) Chrome/133.0.0.0 Safari/537.36 Edg/133.0.0.0"
35.235.84.95 - - [05/Jul/2026:09:46:21 -0700] "POST /wp-cron.php?doing_wp_cron=1783269981.9256510734558105468750 HTTP/1.1" 200 3587 "-" "WordPress/7.0; https://vanessavaladezrealty.com"
181.17.73.180 - - [05/Jul/2026:09:46:20 -0700] "GET /properties/106-Residential-2768-Wild-Cactus-Court-8-Rooms-3-Bedrooms-3-Bathrooms-USD330-000/tel:7027760711 HTTP/1.1" 301 4219 "-" "Mozilla/5.0 (Macintosh; Intel Mac OS X 10_11_6) AppleWebKit/537.36 (KHTML, like Gecko) Chrome/101.0.4951.64 Safari/537.36"
181.17.73.180 - - [05/Jul/2026:09:46:22 -0700] "GET /properties/106-Residential-2768-Wild-Cactus-Court-8-Rooms-3-Bedrooms-3-Bathrooms-USD330-000/tel:7027760711/ HTTP/1.1" 301 4368 "-" "Mozilla/5.0 (Macintosh; Intel Mac OS X 10_11_6) AppleWebKit/537.36 (KHTML, like Gecko) Chrome/101.0.4951.64 Safari/537.36"
35.235.84.95 - - [05/Jul/2026:09:46:26 -0700] "POST /wp-cron.php?doing_wp_cron=1783269986.1157839298248291015625 HTTP/1.1" 200 3587 "-" "WordPress/7.0; https://vanessavaladezrealty.com"
181.17.73.180 - - [05/Jul/2026:09:46:25 -0700] "GET /properties/106-Residential-2768-Wild-Cactus-Court-8-Rooms-3-Bedrooms-3-Bathrooms-USD330-000 HTTP/1.1" 301 4146 "-" "Mozilla/5.0 (Macintosh; Intel Mac OS X 10_11_6) AppleWebKit/537.36 (KHTML, like Gecko) Chrome/101.0.4951.64 Safari/537.36"
181.17.73.180 - - [05/Jul/2026:09:46:26 -0700] "GET /properties/106-Residential-2768-Wild-Cactus-Court-8-Rooms-3-Bedrooms-3-Bathrooms-USD330-000/ HTTP/1.1" 200 37440 "-" "Mozilla/5.0 (Macintosh; Intel Mac OS X 10_11_6) AppleWebKit/537.36 (KHTML, like Gecko) Chrome/101.0.4951.64 Safari/537.36"
35.235.84.95 - - [05/Jul/2026:09:47:40 -0700] "POST /wp-cron.php?doing_wp_cron=1783270060.5174889564514160156250 HTTP/1.1" 200 3587 "-" "WordPress/7.0; https://vanessavaladezrealty.com"
143.110.183.208 - - [05/Jul/2026:09:47:41 -0700] "POST /wp-login.php HTTP/1.1" 200 6452 "https://vanessavaladezrealty.com/wp-login.php" "Mozilla/5.0 (Macintosh; Intel Mac OS X 10_15_7) AppleWebKit/537.36 (KHTML, like Gecko) Chrome/133.0.0.0 Safari/537.36"
143.110.183.208 - - [05/Jul/2026:09:47:39 -0700] "GET /wp-login.php HTTP/1.1" 200 6366 "-" "Mozilla/5.0 (Macintosh; Intel Mac OS X 10_15_7) AppleWebKit/537.36 (KHTML, like Gecko) Chrome/133.0.0.0 Safari/537.36"
35.235.84.95 - - [05/Jul/2026:09:59:19 -0700] "POST /wp-cron.php?doing_wp_cron=1783270759.3120789527893066406250 HTTP/1.1" 200 3587 "-" "WordPress/7.0; https://vanessavaladezrealty.com"
179.6.101.102 - - [05/Jul/2026:09:59:18 -0700] "POST /xmlrpc.php HTTP/1.1" 200 4129 "-" "Mozilla/5.0 (Windows NT 6.2; x86) AppleWebKit/537.36 (KHTML, like Gecko) Opera/79.0.0.0 Safari/537.36"
35.235.84.95 - - [05/Jul/2026:10:00:39 -0700] "HEAD / HTTP/1.1" 200 4253 "-" "Mozilla/5.0 (Windows NT 10.0; Win64; x64) AppleWebKit/537.36 (KHTML, like Gecko) Chrome/117.0.0.0 Safari/537.36"
179.6.101.102 - - [05/Jul/2026:10:01:44 -0700] "GET /wp-json/wp/v2/users HTTP/1.1" 403 4352 "-" "Mozilla/4.0 (compatible; Win32; WinHttp.WinHttpRequest.5)"
179.6.101.102 - - [05/Jul/2026:10:02:23 -0700] "POST /xmlrpc.php HTTP/1.1" 200 4129 "-" "Mozilla/5.0 (Windows NT 6.3; x64) AppleWebKit/537.36 (KHTML, like Gecko) Safari/12.0.0.0 Safari/537.36"
35.235.84.95 - - [05/Jul/2026:10:02:47 -0700] "POST /wp-cron.php?doing_wp_cron=1783270967.7020230293273925781250 HTTP/1.1" 200 3587 "-" "WordPress/7.0; https://vanessavaladezrealty.com"
179.6.101.102 - - [05/Jul/2026:10:02:46 -0700] "POST /xmlrpc.php HTTP/1.1" 200 4129 "-" "Mozilla/5.0 (Windows NT 10.0; x64) AppleWebKit/537.36 (KHTML, like Gecko) Opera/76.0.0.0 Safari/537.36"
35.235.84.95 - - [05/Jul/2026:10:03:13 -0700] "POST /wp-cron.php?doing_wp_cron=1783270993.0658619403839111328125 HTTP/1.1" 200 3587 "-" "WordPress/7.0; https://vanessavaladezrealty.com"
179.6.101.102 - - [05/Jul/2026:10:03:11 -0700] "POST /xmlrpc.php HTTP/1.1" 200 4129 "-" "Mozilla/5.0 (Windows NT 6.3; x64) AppleWebKit/537.36 (KHTML, like Gecko) Opera/77.0.0.0 Safari/537.36"
179.6.101.102 - - [05/Jul/2026:10:03:34 -0700] "POST /xmlrpc.php HTTP/1.1" 200 4129 "-" "Mozilla/5.0 (Windows NT 6.3; x86) AppleWebKit/537.36 (KHTML, like Gecko) Edge/99.0.0.0 Safari/537.36"
35.235.84.95 - - [05/Jul/2026:10:04:02 -0700] "POST /wp-cron.php?doing_wp_cron=1783271042.2337970733642578125000 HTTP/1.1" 200 3587 "-" "WordPress/7.0; https://vanessavaladezrealty.com"
179.6.101.102 - - [05/Jul/2026:10:04:29 -0700] "POST /xmlrpc.php HTTP/1.1" 200 4129 "-" "Mozilla/5.0 (Macintosh; Intel Mac OS X 10_15_7; arm64) AppleWebKit/537.36 (KHTML, like Gecko) Firefox/98.0.0.0 Safari/537.36"
179.6.101.102 - - [05/Jul/2026:10:04:00 -0700] "POST /xmlrpc.php HTTP/1.1" 200 4129 "-" "Mozilla/5.0 (Windows NT 10.0; x86) AppleWebKit/537.36 (KHTML, like Gecko) Edge/80.0.0.0 Safari/537.36"
35.235.84.95 - - [05/Jul/2026:10:05:08 -0700] "POST /wp-cron.php?doing_wp_cron=1783271108.1144928932189941406250 HTTP/1.1" 200 3587 "-" "WordPress/7.0; https://vanessavaladezrealty.com"
179.6.101.102 - - [05/Jul/2026:10:05:06 -0700] "POST /xmlrpc.php HTTP/1.1" 200 4129 "-" "Mozilla/5.0 (Windows NT 6.2; x64) AppleWebKit/537.36 (KHTML, like Gecko) Safari/14.0.0.0 Safari/537.36"
179.6.101.102 - - [05/Jul/2026:10:05:42 -0700] "POST /xmlrpc.php HTTP/1.1" 200 4129 "-" "Mozilla/5.0 (Linux; Android 10; arm64) AppleWebKit/537.36 (KHTML, like Gecko) Firefox/71.0.0.0 Safari/537.36"
35.235.84.95 - - [05/Jul/2026:10:06:16 -0700] "POST /wp-cron.php?doing_wp_cron=1783271176.5486481189727783203125 HTTP/1.1" 200 3587 "-" "WordPress/7.0; https://vanessavaladezrealty.com"
179.6.101.102 - - [05/Jul/2026:10:06:15 -0700] "POST /xmlrpc.php HTTP/1.1" 200 4129 "-" "Mozilla/5.0 (Windows NT 10.0; arm64) AppleWebKit/537.36 (KHTML, like Gecko) Opera/79.0.0.0 Safari/537.36"
78.142.18.172 - - [05/Jul/2026:10:06:16 -0700] "GET /wp-login.php HTTP/1.1" 200 6366 "-" "Mozilla/5.0 (Macintosh; Intel Mac OS X 14_7_4) AppleWebKit/537.36 (KHTML, like Gecko) Chrome/133.0.0.0 Safari/537.36"
78.142.18.172 - - [05/Jul/2026:10:06:18 -0700] "POST /wp-login.php HTTP/1.1" 200 6452 "https://vanessavaladezrealty.com/wp-login.php" "Mozilla/5.0 (Macintosh; Intel Mac OS X 14_7_4) AppleWebKit/537.36 (KHTML, like Gecko) Chrome/133.0.0.0 Safari/537.36"
35.235.84.95 - - [05/Jul/2026:10:06:32 -0700] "POST /wp-cron.php?doing_wp_cron=1783271192.6800560951232910156250 HTTP/1.1" 200 3587 "-" "WordPress/7.0; https://vanessavaladezrealty.com"
177.158.179.166 - - [05/Jul/2026:10:06:31 -0700] "GET /properties/119-Residential-5589-West-Teco-Avenue-9-Rooms-4-Bedrooms-4-Bathrooms-USD824-900/tel:7027760711 HTTP/1.1" 301 4218 "-" "Mozilla/5.0 (Macintosh; Intel Mac OS X 10_13_6) AppleWebKit/537.36 (KHTML, like Gecko) Chrome/95.0.4638.54 Safari/537.36"
177.158.179.166 - - [05/Jul/2026:10:06:33 -0700] "GET /properties/119-Residential-5589-West-Teco-Avenue-9-Rooms-4-Bedrooms-4-Bathrooms-USD824-900/tel:7027760711/ HTTP/1.1" 301 4367 "-" "Mozilla/5.0 (Macintosh; Intel Mac OS X 10_13_6) AppleWebKit/537.36 (KHTML, like Gecko) Chrome/95.0.4638.54 Safari/537.36"
177.158.179.166 - - [05/Jul/2026:10:06:37 -0700] "GET /properties/119-Residential-5589-West-Teco-Avenue-9-Rooms-4-Bedrooms-4-Bathrooms-USD824-900 HTTP/1.1" 301 4145 "-" "Mozilla/5.0 (Macintosh; Intel Mac OS X 10_13_6) AppleWebKit/537.36 (KHTML, like Gecko) Chrome/95.0.4638.54 Safari/537.36"
177.158.179.166 - - [05/Jul/2026:10:06:40 -0700] "GET /properties/119-Residential-5589-West-Teco-Avenue-9-Rooms-4-Bedrooms-4-Bathrooms-USD824-900/ HTTP/1.1" 200 38110 "-" "Mozilla/5.0 (Macintosh; Intel Mac OS X 10_13_6) AppleWebKit/537.36 (KHTML, like Gecko) Chrome/95.0.4638.54 Safari/537.36"
179.6.101.102 - - [05/Jul/2026:10:06:48 -0700] "POST /xmlrpc.php HTTP/1.1" 200 4129 "-" "Mozilla/5.0 (Windows NT 10.0; x64) AppleWebKit/537.36 (KHTML, like Gecko) Opera/74.0.0.0 Safari/537.36"
179.6.101.102 - - [05/Jul/2026:10:07:22 -0700] "POST /xmlrpc.php HTTP/1.1" 200 4129 "-" "Mozilla/5.0 (Linux; Android 10; arm64) AppleWebKit/537.36 (KHTML, like Gecko) Safari/10.0.0.0 Safari/537.36"
35.235.84.95 - - [05/Jul/2026:10:07:59 -0700] "POST /wp-cron.php?doing_wp_cron=1783271279.5490388870239257812500 HTTP/1.1" 200 3587 "-" "WordPress/7.0; https://vanessavaladezrealty.com"
179.6.101.102 - - [05/Jul/2026:10:07:57 -0700] "POST /xmlrpc.php HTTP/1.1" 200 4129 "-" "Mozilla/5.0 (Windows NT 10.0; arm64) AppleWebKit/537.36 (KHTML, like Gecko) Opera/78.0.0.0 Safari/537.36"
179.6.101.102 - - [05/Jul/2026:10:08:28 -0700] "POST /xmlrpc.php HTTP/1.1" 200 4129 "-" "Mozilla/5.0 (Windows NT 6.2; arm64) AppleWebKit/537.36 (KHTML, like Gecko) Firefox/85.0.0.0 Safari/537.36"
35.235.84.95 - - [05/Jul/2026:10:09:05 -0700] "POST /wp-cron.php?doing_wp_cron=1783271345.3476901054382324218750 HTTP/1.1" 200 3587 "-" "WordPress/7.0; https://vanessavaladezrealty.com"
179.6.101.102 - - [05/Jul/2026:10:09:03 -0700] "POST /xmlrpc.php HTTP/1.1" 200 4129 "-" "Mozilla/5.0 (Macintosh; Intel Mac OS X 10_15_7; x86) AppleWebKit/537.36 (KHTML, like Gecko) Edge/91.0.0.0 Safari/537.36"
179.6.101.102 - - [05/Jul/2026:10:09:40 -0700] "POST /xmlrpc.php HTTP/1.1" 200 4129 "-" "Mozilla/5.0 (Linux; Android 10; x64) AppleWebKit/537.36 (KHTML, like Gecko) Safari/10.0.0.0 Safari/537.36"
35.235.84.95 - - [05/Jul/2026:10:10:15 -0700] "POST /wp-cron.php?doing_wp_cron=1783271415.6251668930053710937500 HTTP/1.1" 200 3587 "-" "WordPress/7.0; https://vanessavaladezrealty.com"
179.6.101.102 - - [05/Jul/2026:10:10:14 -0700] "POST /xmlrpc.php HTTP/1.1" 200 4129 "-" "Mozilla/5.0 (Linux; Android 10; arm64) AppleWebKit/537.36 (KHTML, like Gecko) Safari/12.0.0.0 Safari/537.36"
179.6.101.102 - - [05/Jul/2026:10:10:38 -0700] "POST /xmlrpc.php HTTP/1.1" 200 4129 "-" "Mozilla/5.0 (Macintosh; Intel Mac OS X 10_15_7; x64) AppleWebKit/537.36 (KHTML, like Gecko) Firefox/87.0.0.0 Safari/537.36"
35.235.84.95 - - [05/Jul/2026:10:11:03 -0700] "POST /wp-cron.php?doing_wp_cron=1783271463.1508059501647949218750 HTTP/1.1" 200 3587 "-" "WordPress/7.0; https://vanessavaladezrealty.com"
179.6.101.102 - - [05/Jul/2026:10:11:01 -0700] "POST /xmlrpc.php HTTP/1.1" 200 4129 "-" "Mozilla/5.0 (Windows NT 6.2; x86) AppleWebKit/537.36 (KHTML, like Gecko) Safari/12.0.0.0 Safari/537.36"
179.6.101.102 - - [05/Jul/2026:10:11:22 -0700] "POST /xmlrpc.php HTTP/1.1" 200 4129 "-" "Mozilla/5.0 (Windows NT 6.3; arm64) AppleWebKit/537.36 (KHTML, like Gecko) Firefox/78.0.0.0 Safari/537.36"
35.235.84.95 - - [05/Jul/2026:10:11:44 -0700] "POST /wp-cron.php?doing_wp_cron=1783271504.2503418922424316406250 HTTP/1.1" 200 3587 "-" "WordPress/7.0; https://vanessavaladezrealty.com"
179.6.101.102 - - [05/Jul/2026:10:11:42 -0700] "POST /xmlrpc.php HTTP/1.1" 200 4129 "-" "Mozilla/5.0 (X11; Ubuntu; Linux x86_64; arm64) AppleWebKit/537.36 (KHTML, like Gecko) Edge/85.0.0.0 Safari/537.36"
179.6.101.102 - - [05/Jul/2026:10:12:03 -0700] "POST /xmlrpc.php HTTP/1.1" 200 4129 "-" "Mozilla/5.0 (X11; Ubuntu; Linux x86_64; x86) AppleWebKit/537.36 (KHTML, like Gecko) Chrome/91.0.0.0 Safari/537.36"
179.6.101.102 - - [05/Jul/2026:10:12:24 -0700] "POST /xmlrpc.php HTTP/1.1" 200 4129 "-" "Mozilla/5.0 (Windows NT 6.2; x64) AppleWebKit/537.36 (KHTML, like Gecko) Firefox/70.0.0.0 Safari/537.36"
35.235.84.95 - - [05/Jul/2026:10:12:47 -0700] "POST /wp-cron.php?doing_wp_cron=1783271567.1450970172882080078125 HTTP/1.1" 200 3587 "-" "WordPress/7.0; https://vanessavaladezrealty.com"
179.6.101.102 - - [05/Jul/2026:10:12:45 -0700] "POST /xmlrpc.php HTTP/1.1" 200 4129 "-" "Mozilla/5.0 (Macintosh; Intel Mac OS X 10_15_7; arm64) AppleWebKit/537.36 (KHTML, like Gecko) Edge/90.0.0.0 Safari/537.36"
69.49.112.70 - - [05/Jul/2026:10:13:11 -0700] "GET /wp-login.php HTTP/1.1" 200 6366 "-" "Mozilla/5.0 (Windows NT 10.0; Win64; x64) AppleWebKit/537.36 (KHTML, like Gecko) Chrome/120.0.0.0 Safari/537.36"
69.49.112.70 - - [05/Jul/2026:10:13:13 -0700] "POST /wp-login.php HTTP/1.1" 200 6452 "https://vanessavaladezrealty.com/wp-login.php" "Mozilla/5.0 (Windows NT 10.0; Win64; x64) AppleWebKit/537.36 (KHTML, like Gecko) Chrome/120.0.0.0 Safari/537.36"
179.6.101.102 - - [05/Jul/2026:10:13:04 -0700] "POST /xmlrpc.php HTTP/1.1" 200 4129 "-" "Mozilla/5.0 (Windows NT 6.3; x86) AppleWebKit/537.36 (KHTML, like Gecko) Firefox/87.0.0.0 Safari/537.36"
179.6.101.102 - - [05/Jul/2026:10:13:25 -0700] "POST /xmlrpc.php HTTP/1.1" 200 4129 "-" "Mozilla/5.0 (Windows NT 6.3; x86) AppleWebKit/537.36 (KHTML, like Gecko) Firefox/77.0.0.0 Safari/537.36"
35.235.84.95 - - [05/Jul/2026:10:13:07 -0700] "POST /wp-cron.php?doing_wp_cron=1783271587.3732099533081054687500 HTTP/1.1" 200 3587 "-" "WordPress/7.0; https://vanessavaladezrealty.com"
179.6.101.102 - - [05/Jul/2026:10:13:44 -0700] "POST /xmlrpc.php HTTP/1.1" 200 4129 "-" "Mozilla/5.0 (Windows NT 10.0; x64) AppleWebKit/537.36 (KHTML, like Gecko) Firefox/86.0.0.0 Safari/537.36"
35.235.84.95 - - [05/Jul/2026:10:14:03 -0700] "POST /wp-cron.php?doing_wp_cron=1783271643.0391790866851806640625 HTTP/1.1" 200 3587 "-" "WordPress/7.0; https://vanessavaladezrealty.com"
202.40.180.60 - - [05/Jul/2026:10:14:01 -0700] "GET /properties/vanessavaladez/tel:7027760711/tel:7027760711/tel:7027760711/tel:7027760711/tel:7027760711/tel:7027760711/tel:7027760711/?wplpage=3 HTTP/1.1" 200 32820 "-" "Mozilla/5.0 (Windows NT 10.0; Win64; x64) AppleWebKit/537.36 (KHTML, like Gecko) Chrome/99.0.4844.84 Safari/537.36"
179.6.101.102 - - [05/Jul/2026:10:14:25 -0700] "POST /xmlrpc.php HTTP/1.1" 200 4129 "-" "Mozilla/5.0 (Macintosh; Intel Mac OS X 10_15_7; x64) AppleWebKit/537.36 (KHTML, like Gecko) Safari/14.0.0.0 Safari/537.36"
179.6.101.102 - - [05/Jul/2026:10:14:04 -0700] "POST /xmlrpc.php HTTP/1.1" 200 4129 "-" "Mozilla/5.0 (Windows NT 6.3; x86) AppleWebKit/537.36 (KHTML, like Gecko) Chrome/114.0.0.0 Safari/537.36"
35.235.84.95 - - [05/Jul/2026:10:15:04 -0700] "POST /wp-cron.php?doing_wp_cron=1783271704.8160669803619384765625 HTTP/1.1" 200 3587 "-" "WordPress/7.0; https://vanessavaladezrealty.com"
179.6.101.102 - - [05/Jul/2026:10:14:44 -0700] "POST /xmlrpc.php HTTP/1.1" 200 4129 "-" "Mozilla/5.0 (Linux; Android 10; arm64) AppleWebKit/537.36 (KHTML, like Gecko) Safari/14.0.0.0 Safari/537.36"
179.6.101.102 - - [05/Jul/2026:10:15:03 -0700] "POST /xmlrpc.php HTTP/1.1" 200 4129 "-" "Mozilla/5.0 (X11; Ubuntu; Linux x86_64; x86) AppleWebKit/537.36 (KHTML, like Gecko) Chrome/90.0.0.0 Safari/537.36"
179.6.101.102 - - [05/Jul/2026:10:15:28 -0700] "POST /xmlrpc.php HTTP/1.1" 200 4129 "-" "Mozilla/5.0 (Windows NT 10.0; x64) AppleWebKit/537.36 (KHTML, like Gecko) Edge/96.0.0.0 Safari/537.36"
190.109.96.188 - - [05/Jul/2026:10:15:37 -0700] "GET /properties/113-Residential-1470-Rancho-View-Drive-5-Rooms-3-Bedrooms-4-Bathrooms-USD230-000/tel:7027760711 HTTP/1.1" 301 4219 "-" "Mozilla/5.0 (Windows NT 10.0; Win64; x64) AppleWebKit/537.36 (KHTML, like Gecko) Chrome/91.0.4472.124 Safari/537.36"
190.109.96.188 - - [05/Jul/2026:10:15:38 -0700] "GET /properties/113-Residential-1470-Rancho-View-Drive-5-Rooms-3-Bedrooms-4-Bathrooms-USD230-000/tel:7027760711/ HTTP/1.1" 301 4368 "-" "Mozilla/5.0 (Windows NT 10.0; Win64; x64) AppleWebKit/537.36 (KHTML, like Gecko) Chrome/91.0.4472.124 Safari/537.36"
190.109.96.188 - - [05/Jul/2026:10:15:40 -0700] "GET /properties/113-Residential-1470-Rancho-View-Drive-5-Rooms-3-Bedrooms-4-Bathrooms-USD230-000 HTTP/1.1" 301 4146 "-" "Mozilla/5.0 (Windows NT 10.0; Win64; x64) AppleWebKit/537.36 (KHTML, like Gecko) Chrome/91.0.4472.124 Safari/537.36"
190.109.96.188 - - [05/Jul/2026:10:15:42 -0700] "GET /properties/113-Residential-1470-Rancho-View-Drive-5-Rooms-3-Bedrooms-4-Bathrooms-USD230-000/ HTTP/1.1" 200 36508 "-" "Mozilla/5.0 (Windows NT 10.0; Win64; x64) AppleWebKit/537.36 (KHTML, like Gecko) Chrome/91.0.4472.124 Safari/537.36"
35.235.84.95 - - [05/Jul/2026:10:15:58 -0700] "POST /wp-cron.php?doing_wp_cron=1783271758.0800099372863769531250 HTTP/1.1" 200 3587 "-" "WordPress/7.0; https://vanessavaladezrealty.com"
179.6.101.102 - - [05/Jul/2026:10:15:56 -0700] "POST /xmlrpc.php HTTP/1.1" 200 4129 "-" "Mozilla/5.0 (Windows NT 6.3; x86) AppleWebKit/537.36 (KHTML, like Gecko) Safari/13.0.0.0 Safari/537.36"
35.235.84.95 - - [05/Jul/2026:10:16:25 -0700] "POST /wp-cron.php?doing_wp_cron=1783271785.6986329555511474609375 HTTP/1.1" 200 3587 "-" "WordPress/7.0; https://vanessavaladezrealty.com"
179.6.101.102 - - [05/Jul/2026:10:16:24 -0700] "POST /xmlrpc.php HTTP/1.1" 200 4129 "-" "Mozilla/5.0 (X11; Ubuntu; Linux x86_64; x64) AppleWebKit/537.36 (KHTML, like Gecko) Opera/71.0.0.0 Safari/537.36"
179.6.101.102 - - [05/Jul/2026:10:16:52 -0700] "POST /xmlrpc.php HTTP/1.1" 200 4129 "-" "Mozilla/5.0 (Windows NT 6.3; arm64) AppleWebKit/537.36 (KHTML, like Gecko) Opera/76.0.0.0 Safari/537.36"
216.73.216.170 - - [05/Jul/2026:10:17:13 -0700] "GET /robots.txt HTTP/1.1" 200 4273 "-" "Mozilla/5.0 AppleWebKit/537.36 (KHTML, like Gecko; compatible; ClaudeBot/1.0; +claudebot@anthropic.com)"
216.73.216.170 - - [05/Jul/2026:10:17:14 -0700] "GET / HTTP/1.1" 200 38291 "-" "Mozilla/5.0 AppleWebKit/537.36 (KHTML, like Gecko; compatible; ClaudeBot/1.0; +claudebot@anthropic.com)"
179.6.101.102 - - [05/Jul/2026:10:17:20 -0700] "POST /xmlrpc.php HTTP/1.1" 200 4129 "-" "Mozilla/5.0 (Windows NT 6.3; x64) AppleWebKit/537.36 (KHTML, like Gecko) Safari/10.0.0.0 Safari/537.36"
35.235.84.95 - - [05/Jul/2026:10:17:50 -0700] "POST /wp-cron.php?doing_wp_cron=1783271870.3614869117736816406250 HTTP/1.1" 200 3587 "-" "WordPress/7.0; https://vanessavaladezrealty.com"
179.6.101.102 - - [05/Jul/2026:10:17:49 -0700] "POST /xmlrpc.php HTTP/1.1" 200 4129 "-" "Mozilla/5.0 (Macintosh; Intel Mac OS X 10_15_7; x86) AppleWebKit/537.36 (KHTML, like Gecko) Firefox/94.0.0.0 Safari/537.36"
179.6.101.102 - - [05/Jul/2026:10:18:16 -0700] "POST /xmlrpc.php HTTP/1.1" 200 4129 "-" "Mozilla/5.0 (Windows NT 6.3; x86) AppleWebKit/537.36 (KHTML, like Gecko) Chrome/103.0.0.0 Safari/537.36"
190.90.221.78 - - [05/Jul/2026:10:18:41 -0700] "GET /properties/135-Residential-1809-Shadow-Mountain-Place-4-Rooms-3-Bedrooms-2-Bathrooms-USD314-998/tel:7027760711 HTTP/1.1" 301 4223 "-" "Mozilla/5.0 (Windows NT 10.0; Win64; x64) AppleWebKit/537.36 (KHTML, like Gecko) Chrome/98.0.4758.81 Safari/537.36"
190.90.221.78 - - [05/Jul/2026:10:18:43 -0700] "GET /properties/135-Residential-1809-Shadow-Mountain-Place-4-Rooms-3-Bedrooms-2-Bathrooms-USD314-998/tel:7027760711/ HTTP/1.1" 301 4372 "-" "Mozilla/5.0 (Windows NT 10.0; Win64; x64) AppleWebKit/537.36 (KHTML, like Gecko) Chrome/98.0.4758.81 Safari/537.36"
179.6.101.102 - - [05/Jul/2026:10:18:44 -0700] "POST /xmlrpc.php HTTP/1.1" 200 4129 "-" "Mozilla/5.0 (X11; Ubuntu; Linux x86_64; arm64) AppleWebKit/537.36 (KHTML, like Gecko) Safari/11.0.0.0 Safari/537.36"
190.90.221.78 - - [05/Jul/2026:10:18:45 -0700] "GET /properties/135-Residential-1809-Shadow-Mountain-Place-4-Rooms-3-Bedrooms-2-Bathrooms-USD314-998 HTTP/1.1" 301 4150 "-" "Mozilla/5.0 (Windows NT 10.0; Win64; x64) AppleWebKit/537.36 (KHTML, like Gecko) Chrome/98.0.4758.81 Safari/537.36"
190.90.221.78 - - [05/Jul/2026:10:18:47 -0700] "GET /properties/135-Residential-1809-Shadow-Mountain-Place-4-Rooms-3-Bedrooms-2-Bathrooms-USD314-998/ HTTP/1.1" 200 35945 "-" "Mozilla/5.0 (Windows NT 10.0; Win64; x64) AppleWebKit/537.36 (KHTML, like Gecko) Chrome/98.0.4758.81 Safari/537.36"
35.235.84.95 - - [05/Jul/2026:10:19:04 -0700] "POST /wp-cron.php?doing_wp_cron=1783271944.5841128826141357421875 HTTP/1.1" 200 3587 "-" "WordPress/7.0; https://vanessavaladezrealty.com"
179.6.101.102 - - [05/Jul/2026:10:19:03 -0700] "POST /xmlrpc.php HTTP/1.1" 200 4129 "-" "Mozilla/5.0 (Windows NT 6.3; arm64) AppleWebKit/537.36 (KHTML, like Gecko) Opera/75.0.0.0 Safari/537.36"
179.6.101.102 - - [05/Jul/2026:10:19:19 -0700] "POST /xmlrpc.php HTTP/1.1" 200 4129 "-" "Mozilla/5.0 (Windows NT 10.0; arm64) AppleWebKit/537.36 (KHTML, like Gecko) Edge/97.0.0.0 Safari/537.36"
179.6.101.102 - - [05/Jul/2026:10:19:38 -0700] "POST /xmlrpc.php HTTP/1.1" 200 4129 "-" "Mozilla/5.0 (Linux; Android 10; arm64) AppleWebKit/537.36 (KHTML, like Gecko) Chrome/90.0.0.0 Safari/537.36"
35.235.84.95 - - [05/Jul/2026:10:19:54 -0700] "POST /wp-cron.php?doing_wp_cron=1783271994.6680951118469238281250 HTTP/1.1" 200 3587 "-" "WordPress/7.0; https://vanessavaladezrealty.com"
179.6.101.102 - - [05/Jul/2026:10:19:53 -0700] "POST /xmlrpc.php HTTP/1.1" 200 4129 "-" "Mozilla/5.0 (Linux; Android 10; arm64) AppleWebKit/537.36 (KHTML, like Gecko) Firefox/74.0.0.0 Safari/537.36"
179.6.101.102 - - [05/Jul/2026:10:20:10 -0700] "POST /xmlrpc.php HTTP/1.1" 200 4129 "-" "Mozilla/5.0 (Windows NT 10.0; x64) AppleWebKit/537.36 (KHTML, like Gecko) Safari/13.0.0.0 Safari/537.36"
179.6.101.102 - - [05/Jul/2026:10:20:28 -0700] "POST /xmlrpc.php HTTP/1.1" 200 4129 "-" "Mozilla/5.0 (Windows NT 6.3; arm64) AppleWebKit/537.36 (KHTML, like Gecko) Chrome/99.0.0.0 Safari/537.36"
179.6.101.102 - - [05/Jul/2026:10:20:46 -0700] "POST /xmlrpc.php HTTP/1.1" 200 4129 "-" "Mozilla/5.0 (Macintosh; Intel Mac OS X 10_15_7; arm64) AppleWebKit/537.36 (KHTML, like Gecko) Opera/77.0.0.0 Safari/537.36"
35.235.84.95 - - [05/Jul/2026:10:21:01 -0700] "POST /wp-cron.php?doing_wp_cron=1783272061.0531680583953857421875 HTTP/1.1" 200 3587 "-" "WordPress/7.0; https://vanessavaladezrealty.com"
103.124.95.32 - - [05/Jul/2026:10:20:59 -0700] "GET /wp-login.php HTTP/1.1" 200 6366 "-" "Mozilla/5.0 (Windows NT 10.0; Win64; x64) AppleWebKit/537.36 (KHTML, like Gecko) Chrome/120.0.0.0 Safari/537.36"
103.124.95.32 - - [05/Jul/2026:10:21:01 -0700] "POST /wp-login.php HTTP/1.1" 200 6452 "https://vanessavaladezrealty.com/wp-login.php" "Mozilla/5.0 (Windows NT 10.0; Win64; x64) AppleWebKit/537.36 (KHTML, like Gecko) Chrome/120.0.0.0 Safari/537.36"
179.6.101.102 - - [05/Jul/2026:10:21:03 -0700] "POST /xmlrpc.php HTTP/1.1" 200 4129 "-" "Mozilla/5.0 (Macintosh; Intel Mac OS X 10_15_7; x86) AppleWebKit/537.36 (KHTML, like Gecko) Chrome/113.0.0.0 Safari/537.36"
179.6.101.102 - - [05/Jul/2026:10:21:18 -0700] "POST /xmlrpc.php HTTP/1.1" 200 4129 "-" "Mozilla/5.0 (Windows NT 6.3; x64) AppleWebKit/537.36 (KHTML, like Gecko) Edge/96.0.0.0 Safari/537.36"
35.235.84.95 - - [05/Jul/2026:10:21:36 -0700] "POST /wp-cron.php?doing_wp_cron=1783272096.3851559162139892578125 HTTP/1.1" 200 3587 "-" "WordPress/7.0; https://vanessavaladezrealty.com"
179.6.101.102 - - [05/Jul/2026:10:21:34 -0700] "POST /xmlrpc.php HTTP/1.1" 200 4129 "-" "Mozilla/5.0 (Windows NT 6.3; x86) AppleWebKit/537.36 (KHTML, like Gecko) Safari/13.0.0.0 Safari/537.36"
179.6.101.102 - - [05/Jul/2026:10:21:51 -0700] "POST /xmlrpc.php HTTP/1.1" 200 4129 "-" "Mozilla/5.0 (Windows NT 6.2; x64) AppleWebKit/537.36 (KHTML, like Gecko) Safari/12.0.0.0 Safari/537.36"
179.6.101.102 - - [05/Jul/2026:10:22:06 -0700] "POST /xmlrpc.php HTTP/1.1" 200 4129 "-" "Mozilla/5.0 (Windows NT 10.0; x64) AppleWebKit/537.36 (KHTML, like Gecko) Firefox/87.0.0.0 Safari/537.36"
35.235.84.95 - - [05/Jul/2026:10:22:40 -0700] "POST /wp-cron.php?doing_wp_cron=1783272160.7815470695495605468750 HTTP/1.1" 200 3587 "-" "WordPress/7.0; https://vanessavaladezrealty.com"
179.6.101.102 - - [05/Jul/2026:10:22:22 -0700] "POST /xmlrpc.php HTTP/1.1" 200 4129 "-" "Mozilla/5.0 (X11; Ubuntu; Linux x86_64; x64) AppleWebKit/537.36 (KHTML, like Gecko) Opera/78.0.0.0 Safari/537.36"
179.6.101.102 - - [05/Jul/2026:10:22:39 -0700] "POST /xmlrpc.php HTTP/1.1" 200 4129 "-" "Mozilla/5.0 (X11; Ubuntu; Linux x86_64; x86) AppleWebKit/537.36 (KHTML, like Gecko) Firefox/97.0.0.0 Safari/537.36"
35.235.84.95 - - [05/Jul/2026:10:22:56 -0700] "POST /wp-cron.php?doing_wp_cron=1783272176.1453270912170410156250 HTTP/1.1" 200 3587 "-" "WordPress/7.0; https://vanessavaladezrealty.com"
185.70.185.130 - - [05/Jul/2026:10:22:59 -0700] "GET /wp-login.php HTTP/1.1" 200 6366 "-" "Mozilla/5.0 (Macintosh; Intel Mac OS X 11_7_10) AppleWebKit/537.36 (KHTML, like Gecko) Chrome/133.0.0.0 Safari/537.36"
179.6.101.102 - - [05/Jul/2026:10:22:53 -0700] "POST /xmlrpc.php HTTP/1.1" 200 4129 "-" "Mozilla/5.0 (Windows NT 10.0; arm64) AppleWebKit/537.36 (KHTML, like Gecko) Firefox/87.0.0.0 Safari/537.36"
185.70.185.130 - - [05/Jul/2026:10:23:03 -0700] "POST /wp-login.php HTTP/1.1" 200 6467 "https://vanessavaladezrealty.com/wp-login.php" "Mozilla/5.0 (Macintosh; Intel Mac OS X 11_7_10) AppleWebKit/537.36 (KHTML, like Gecko) Chrome/133.0.0.0 Safari/537.36"
179.6.101.102 - - [05/Jul/2026:10:23:09 -0700] "POST /xmlrpc.php HTTP/1.1" 200 4129 "-" "Mozilla/5.0 (Windows NT 10.0; arm64) AppleWebKit/537.36 (KHTML, like Gecko) Opera/66.0.0.0 Safari/537.36"
179.6.101.102 - - [05/Jul/2026:10:23:25 -0700] "POST /xmlrpc.php HTTP/1.1" 200 4129 "-" "Mozilla/5.0 (Windows NT 6.2; arm64) AppleWebKit/537.36 (KHTML, like Gecko) Opera/70.0.0.0 Safari/537.36"
35.235.84.95 - - [05/Jul/2026:10:24:02 -0700] "POST /wp-cron.php?doing_wp_cron=1783272241.9359219074249267578125 HTTP/1.1" 200 3587 "-" "WordPress/7.0; https://vanessavaladezrealty.com"
179.6.101.102 - - [05/Jul/2026:10:23:43 -0700] "POST /xmlrpc.php HTTP/1.1" 200 4129 "-" "Mozilla/5.0 (Macintosh; Intel Mac OS X 10_15_7; x86) AppleWebKit/537.36 (KHTML, like Gecko) Firefox/77.0.0.0 Safari/537.36"
179.6.101.102 - - [05/Jul/2026:10:23:58 -0700] "POST /xmlrpc.php HTTP/1.1" 200 4129 "-" "Mozilla/5.0 (Linux; Android 10; x64) AppleWebKit/537.36 (KHTML, like Gecko) Edge/96.0.0.0 Safari/537.36"
35.235.84.95 - - [05/Jul/2026:10:24:53 -0700] "POST /wp-cron.php?doing_wp_cron=1783272293.6410670280456542968750 HTTP/1.1" 200 3587 "-" "WordPress/7.0; https://vanessavaladezrealty.com"
179.6.101.102 - - [05/Jul/2026:10:24:14 -0700] "POST /xmlrpc.php HTTP/1.1" 200 4129 "-" "Mozilla/5.0 (Windows NT 6.2; x86) AppleWebKit/537.36 (KHTML, like Gecko) Safari/15.0.0.0 Safari/537.36"
179.6.101.102 - - [05/Jul/2026:10:24:49 -0700] "POST /xmlrpc.php HTTP/1.1" 200 4129 "-" "Mozilla/5.0 (X11; Ubuntu; Linux x86_64; x64) AppleWebKit/537.36 (KHTML, like Gecko) Chrome/90.0.0.0 Safari/537.36"
179.6.101.102 - - [05/Jul/2026:10:24:31 -0700] "POST /xmlrpc.php HTTP/1.1" 200 4129 "-" "Mozilla/5.0 (Macintosh; Intel Mac OS X 10_15_7; arm64) AppleWebKit/537.36 (KHTML, like Gecko) Opera/71.0.0.0 Safari/537.36"
179.6.101.102 - - [05/Jul/2026:10:25:06 -0700] "POST /xmlrpc.php HTTP/1.1" 200 4129 "-" "Mozilla/5.0 (X11; Ubuntu; Linux x86_64; arm64) AppleWebKit/537.36 (KHTML, like Gecko) Opera/77.0.0.0 Safari/537.36"
179.6.101.102 - - [05/Jul/2026:10:25:21 -0700] "POST /xmlrpc.php HTTP/1.1" 200 4129 "-" "Mozilla/5.0 (X11; Ubuntu; Linux x86_64; x86) AppleWebKit/537.36 (KHTML, like Gecko) Opera/79.0.0.0 Safari/537.36"
179.6.101.102 - - [05/Jul/2026:10:25:36 -0700] "POST /xmlrpc.php HTTP/1.1" 200 4129 "-" "Mozilla/5.0 (Windows NT 10.0; x86) AppleWebKit/537.36 (KHTML, like Gecko) Safari/14.0.0.0 Safari/537.36"
35.235.84.95 - - [05/Jul/2026:10:25:52 -0700] "POST /wp-cron.php?doing_wp_cron=1783272352.0628979206085205078125 HTTP/1.1" 200 3587 "-" "WordPress/7.0; https://vanessavaladezrealty.com"
179.6.101.102 - - [05/Jul/2026:10:25:50 -0700] "POST /xmlrpc.php HTTP/1.1" 200 4129 "-" "Mozilla/5.0 (Macintosh; Intel Mac OS X 10_15_7; x64) AppleWebKit/537.36 (KHTML, like Gecko) Safari/13.0.0.0 Safari/537.36"
179.6.101.102 - - [05/Jul/2026:10:26:22 -0700] "POST /xmlrpc.php HTTP/1.1" 200 4129 "-" "Mozilla/5.0 (Macintosh; Intel Mac OS X 10_15_7; x64) AppleWebKit/537.36 (KHTML, like Gecko) Safari/13.0.0.0 Safari/537.36"
179.6.101.102 - - [05/Jul/2026:10:26:04 -0700] "POST /xmlrpc.php HTTP/1.1" 200 4129 "-" "Mozilla/5.0 (Windows NT 10.0; x64) AppleWebKit/537.36 (KHTML, like Gecko) Edge/92.0.0.0 Safari/537.36"
35.235.84.95 - - [05/Jul/2026:10:26:38 -0700] "POST /wp-cron.php?doing_wp_cron=1783272398.4849998950958251953125 HTTP/1.1" 200 3587 "-" "WordPress/7.0; https://vanessavaladezrealty.com"
179.6.101.102 - - [05/Jul/2026:10:26:36 -0700] "POST /xmlrpc.php HTTP/1.1" 200 4129 "-" "Mozilla/5.0 (Windows NT 6.3; x86) AppleWebKit/537.36 (KHTML, like Gecko) Edge/99.0.0.0 Safari/537.36"
179.6.101.102 - - [05/Jul/2026:10:26:51 -0700] "POST /xmlrpc.php HTTP/1.1" 200 4129 "-" "Mozilla/5.0 (X11; Ubuntu; Linux x86_64; arm64) AppleWebKit/537.36 (KHTML, like Gecko) Chrome/115.0.0.0 Safari/537.36"
179.6.101.102 - - [05/Jul/2026:10:27:07 -0700] "POST /xmlrpc.php HTTP/1.1" 200 4129 "-" "Mozilla/5.0 (Linux; Android 10; arm64) AppleWebKit/537.36 (KHTML, like Gecko) Firefox/79.0.0.0 Safari/537.36"
179.6.101.102 - - [05/Jul/2026:10:27:20 -0700] "POST /xmlrpc.php HTTP/1.1" 200 4129 "-" "Mozilla/5.0 (Windows NT 6.2; arm64) AppleWebKit/537.36 (KHTML, like Gecko) Edge/86.0.0.0 Safari/537.36"
179.6.101.102 - - [05/Jul/2026:10:27:35 -0700] "POST /xmlrpc.php HTTP/1.1" 200 4129 "-" "Mozilla/5.0 (Windows NT 6.2; arm64) AppleWebKit/537.36 (KHTML, like Gecko) Edge/81.0.0.0 Safari/537.36"
35.235.84.95 - - [05/Jul/2026:10:27:49 -0700] "POST /wp-cron.php?doing_wp_cron=1783272469.8990399837493896484375 HTTP/1.1" 200 3587 "-" "WordPress/7.0; https://vanessavaladezrealty.com"
179.6.101.102 - - [05/Jul/2026:10:27:48 -0700] "POST /xmlrpc.php HTTP/1.1" 200 4129 "-" "Mozilla/5.0 (Windows NT 6.3; x86) AppleWebKit/537.36 (KHTML, like Gecko) Opera/61.0.0.0 Safari/537.36"
160.177.45.171 - - [05/Jul/2026:10:27:57 -0700] "GET /properties/?pid=96&wplview=property_show HTTP/1.1" 200 36302 "-" "Mozilla/5.0 (Windows NT 6.1; Win64; x64) AppleWebKit/537.36 (KHTML, like Gecko) Chrome/98.0.4758.102 Safari/537.36"
179.6.101.102 - - [05/Jul/2026:10:28:02 -0700] "POST /xmlrpc.php HTTP/1.1" 200 4129 "-" "Mozilla/5.0 (Linux; Android 10; x86) AppleWebKit/537.36 (KHTML, like Gecko) Chrome/108.0.0.0 Safari/537.36"
162.254.36.150 - - [05/Jul/2026:10:28:11 -0700] "GET /wp-login.php HTTP/1.1" 200 6366 "-" "Mozilla/5.0 (Windows NT 10.0) AppleWebKit/537.36 (KHTML, like Gecko) Chrome/133.0.0.0 Safari/537.36"
162.254.36.150 - - [05/Jul/2026:10:28:12 -0700] "POST /wp-login.php HTTP/1.1" 200 6452 "https://vanessavaladezrealty.com/wp-login.php" "Mozilla/5.0 (Windows NT 10.0) AppleWebKit/537.36 (KHTML, like Gecko) Chrome/133.0.0.0 Safari/537.36"
179.6.101.102 - - [05/Jul/2026:10:28:15 -0700] "POST /xmlrpc.php HTTP/1.1" 200 4129 "-" "Mozilla/5.0 (X11; Ubuntu; Linux x86_64; arm64) AppleWebKit/537.36 (KHTML, like Gecko) Opera/66.0.0.0 Safari/537.36"
179.6.101.102 - - [05/Jul/2026:10:28:28 -0700] "POST /xmlrpc.php HTTP/1.1" 200 4129 "-" "Mozilla/5.0 (Windows NT 6.3; arm64) AppleWebKit/537.36 (KHTML, like Gecko) Safari/11.0.0.0 Safari/537.36"
18.215.219.36 - - [05/Jul/2026:10:28:40 -0700] "GET /robots.txt HTTP/1.1" 200 4273 "-" "Mozilla/5.0 (Macintosh; Intel Mac OS X 10_10_1) AppleWebKit/600.2.5 (KHTML, like Gecko) Version/8.0.2 Safari/600.2.5 (Gort)"
179.6.101.102 - - [05/Jul/2026:10:28:41 -0700] "POST /xmlrpc.php HTTP/1.1" 200 4129 "-" "Mozilla/5.0 (X11; Ubuntu; Linux x86_64; arm64) AppleWebKit/537.36 (KHTML, like Gecko) Opera/63.0.0.0 Safari/537.36"
35.235.84.95 - - [05/Jul/2026:10:28:55 -0700] "POST /wp-cron.php?doing_wp_cron=1783272535.9131588935852050781250 HTTP/1.1" 200 3587 "-" "WordPress/7.0; https://vanessavaladezrealty.com"
179.6.101.102 - - [05/Jul/2026:10:28:54 -0700] "POST /xmlrpc.php HTTP/1.1" 200 4129 "-" "Mozilla/5.0 (Macintosh; Intel Mac OS X 10_15_7; x86) AppleWebKit/537.36 (KHTML, like Gecko) Opera/79.0.0.0 Safari/537.36"
179.6.101.102 - - [05/Jul/2026:10:29:08 -0700] "POST /xmlrpc.php HTTP/1.1" 200 4129 "-" "Mozilla/5.0 (Windows NT 6.3; x86) AppleWebKit/537.36 (KHTML, like Gecko) Firefox/83.0.0.0 Safari/537.36"
179.6.101.102 - - [05/Jul/2026:10:29:22 -0700] "POST /xmlrpc.php HTTP/1.1" 200 4129 "-" "Mozilla/5.0 (X11; Ubuntu; Linux x86_64; arm64) AppleWebKit/537.36 (KHTML, like Gecko) Firefox/84.0.0.0 Safari/537.36"
179.6.101.102 - - [05/Jul/2026:10:29:36 -0700] "POST /xmlrpc.php HTTP/1.1" 200 4129 "-" "Mozilla/5.0 (Linux; Android 10; arm64) AppleWebKit/537.36 (KHTML, like Gecko) Firefox/96.0.0.0 Safari/537.36"
179.6.101.102 - - [05/Jul/2026:10:29:54 -0700] "POST /xmlrpc.php HTTP/1.1" 200 4129 "-" "Mozilla/5.0 (Macintosh; Intel Mac OS X 10_15_7; arm64) AppleWebKit/537.36 (KHTML, like Gecko) Safari/11.0.0.0 Safari/537.36"
179.6.101.102 - - [05/Jul/2026:10:30:14 -0700] "POST /xmlrpc.php HTTP/1.1" 200 4129 "-" "Mozilla/5.0 (Windows NT 6.3; arm64) AppleWebKit/537.36 (KHTML, like Gecko) Firefox/71.0.0.0 Safari/537.36"
179.6.101.102 - - [05/Jul/2026:10:30:28 -0700] "POST /xmlrpc.php HTTP/1.1" 200 4129 "-" "Mozilla/5.0 (Linux; Android 10; arm64) AppleWebKit/537.36 (KHTML, like Gecko) Opera/60.0.0.0 Safari/537.36"
179.6.101.102 - - [05/Jul/2026:10:30:45 -0700] "POST /xmlrpc.php HTTP/1.1" 200 4129 "-" "Mozilla/5.0 (Windows NT 6.3; arm64) AppleWebKit/537.36 (KHTML, like Gecko) Chrome/107.0.0.0 Safari/537.36"
35.235.84.95 - - [05/Jul/2026:10:31:01 -0700] "POST /wp-cron.php?doing_wp_cron=1783272660.9513580799102783203125 HTTP/1.1" 200 3587 "-" "WordPress/7.0; https://vanessavaladezrealty.com"
179.6.101.102 - - [05/Jul/2026:10:30:59 -0700] "POST /xmlrpc.php HTTP/1.1" 200 4129 "-" "Mozilla/5.0 (Windows NT 10.0; x86) AppleWebKit/537.36 (KHTML, like Gecko) Safari/11.0.0.0 Safari/537.36"
179.6.101.102 - - [05/Jul/2026:10:31:13 -0700] "POST /xmlrpc.php HTTP/1.1" 200 4129 "-" "Mozilla/5.0 (X11; Ubuntu; Linux x86_64; arm64) AppleWebKit/537.36 (KHTML, like Gecko) Chrome/114.0.0.0 Safari/537.36"
135.125.45.146 - - [05/Jul/2026:10:31:23 -0700] "GET /wp-login.php HTTP/1.1" 200 6366 "-" "Mozilla/5.0 (Windows NT 10.0; Win64; x64) AppleWebKit/537.36 (KHTML, like Gecko) Chrome/120.0.0.0 Safari/537.36"
35.235.84.95 - - [05/Jul/2026:10:31:26 -0700] "POST /wp-cron.php?doing_wp_cron=1783272686.0575249195098876953125 HTTP/1.1" 200 3587 "-" "WordPress/7.0; https://vanessavaladezrealty.com"
135.125.45.146 - - [05/Jul/2026:10:31:25 -0700] "POST /wp-login.php HTTP/1.1" 200 6467 "https://vanessavaladezrealty.com/wp-login.php" "Mozilla/5.0 (Windows NT 10.0; Win64; x64) AppleWebKit/537.36 (KHTML, like Gecko) Chrome/120.0.0.0 Safari/537.36"
179.6.101.102 - - [05/Jul/2026:10:31:31 -0700] "POST /xmlrpc.php HTTP/1.1" 200 4129 "-" "Mozilla/5.0 (Macintosh; Intel Mac OS X 10_15_7; x64) AppleWebKit/537.36 (KHTML, like Gecko) Opera/74.0.0.0 Safari/537.36"
179.6.101.102 - - [05/Jul/2026:10:31:49 -0700] "POST /xmlrpc.php HTTP/1.1" 200 4129 "-" "Mozilla/5.0 (Macintosh; Intel Mac OS X 10_15_7; x86) AppleWebKit/537.36 (KHTML, like Gecko) Safari/15.0.0.0 Safari/537.36"
179.6.101.102 - - [05/Jul/2026:10:32:18 -0700] "POST /xmlrpc.php HTTP/1.1" 200 4129 "-" "Mozilla/5.0 (Windows NT 6.2; x64) AppleWebKit/537.36 (KHTML, like Gecko) Edge/87.0.0.0 Safari/537.36"
179.6.101.102 - - [05/Jul/2026:10:32:04 -0700] "POST /xmlrpc.php HTTP/1.1" 200 4129 "-" "Mozilla/5.0 (Windows NT 6.3; x64) AppleWebKit/537.36 (KHTML, like Gecko) Edge/92.0.0.0 Safari/537.36"
35.235.84.95 - - [05/Jul/2026:10:32:33 -0700] "POST /wp-cron.php?doing_wp_cron=1783272753.3948640823364257812500 HTTP/1.1" 200 3587 "-" "WordPress/7.0; https://vanessavaladezrealty.com"
179.6.101.102 - - [05/Jul/2026:10:32:32 -0700] "POST /xmlrpc.php HTTP/1.1" 200 4129 "-" "Mozilla/5.0 (Windows NT 6.2; x86) AppleWebKit/537.36 (KHTML, like Gecko) Chrome/84.0.0.0 Safari/537.36"
179.6.101.102 - - [05/Jul/2026:10:32:46 -0700] "POST /xmlrpc.php HTTP/1.1" 200 4129 "-" "Mozilla/5.0 (Windows NT 10.0; x86) AppleWebKit/537.36 (KHTML, like Gecko) Edge/94.0.0.0 Safari/537.36"
35.235.84.95 - - [05/Jul/2026:10:33:00 -0700] "POST /wp-cron.php?doing_wp_cron=1783272780.8429629802703857421875 HTTP/1.1" 200 3587 "-" "WordPress/7.0; https://vanessavaladezrealty.com"
179.6.101.102 - - [05/Jul/2026:10:32:59 -0700] "POST /xmlrpc.php HTTP/1.1" 200 4129 "-" "Mozilla/5.0 (Windows NT 10.0; arm64) AppleWebKit/537.36 (KHTML, like Gecko) Safari/11.0.0.0 Safari/537.36"
179.6.101.102 - - [05/Jul/2026:10:33:14 -0700] "POST /xmlrpc.php HTTP/1.1" 200 4129 "-" "Mozilla/5.0 (Windows NT 6.2; arm64) AppleWebKit/537.36 (KHTML, like Gecko) Firefox/84.0.0.0 Safari/537.36"
179.6.101.102 - - [05/Jul/2026:10:33:27 -0700] "POST /xmlrpc.php HTTP/1.1" 200 4129 "-" "Mozilla/5.0 (Windows NT 6.2; x86) AppleWebKit/537.36 (KHTML, like Gecko) Opera/76.0.0.0 Safari/537.36"
35.235.84.95 - - [05/Jul/2026:10:33:56 -0700] "POST /wp-cron.php?doing_wp_cron=1783272835.9793989658355712890625 HTTP/1.1" 200 3587 "-" "WordPress/7.0; https://vanessavaladezrealty.com"
179.6.101.102 - - [05/Jul/2026:10:33:40 -0700] "POST /xmlrpc.php HTTP/1.1" 200 4129 "-" "Mozilla/5.0 (Macintosh; Intel Mac OS X 10_15_7; x86) AppleWebKit/537.36 (KHTML, like Gecko) Firefox/82.0.0.0 Safari/537.36"
179.6.101.102 - - [05/Jul/2026:10:33:54 -0700] "POST /xmlrpc.php HTTP/1.1" 200 4129 "-" "Mozilla/5.0 (Windows NT 6.3; x64) AppleWebKit/537.36 (KHTML, like Gecko) Safari/15.0.0.0 Safari/537.36"
