179.53.90.30 - - [06/Jul/2026:08:14:56 -0700] "POST /xmlrpc.php HTTP/1.1" 403 4352 "-" "Jetpack by WordPress.com"
179.53.90.30 - - [06/Jul/2026:08:15:06 -0700] "POST /xmlrpc.php HTTP/1.1" 200 4129 "-" "Jetpack/12.0; WordPress/6.4; http://site39873754.com"
152.58.189.39 - - [06/Jul/2026:08:15:29 -0700] "POST /xmlrpc.php HTTP/1.1" 403 4352 "-" "Jetpack by WordPress.com"
152.58.189.39 - - [06/Jul/2026:08:15:40 -0700] "POST /xmlrpc.php HTTP/1.1" 403 4352 "-" "WordPress.com; https://wordpress.com"
35.235.84.95 - - [06/Jul/2026:08:15:51 -0700] "POST /wp-cron.php?doing_wp_cron=1783350951.7270779609680175781250 HTTP/1.1" 200 3587 "-" "WordPress/7.0; https://vanessavaladezrealty.com"
152.58.189.39 - - [06/Jul/2026:08:15:50 -0700] "POST /xmlrpc.php HTTP/1.1" 200 4129 "-" "Jetpack/13.0; WordPress/6.4; http://site93038378.com"
152.58.189.39 - - [06/Jul/2026:08:16:01 -0700] "POST /xmlrpc.php HTTP/1.1" 200 4129 "-" "Jetpack/12.5; WordPress/6.4; http://site83032952.com"
152.58.189.39 - - [06/Jul/2026:08:16:11 -0700] "POST /xmlrpc.php HTTP/1.1" 200 4129 "-" "Jetpack/12.0; WordPress/6.1; http://site77368547.com"
152.58.189.39 - - [06/Jul/2026:08:16:22 -0700] "POST /xmlrpc.php HTTP/1.1" 403 4352 "-" "Jetpack by WordPress.com"
35.235.84.95 - - [06/Jul/2026:08:16:34 -0700] "POST /wp-cron.php?doing_wp_cron=1783350994.3067519664764404296875 HTTP/1.1" 200 3587 "-" "WordPress/7.0; https://vanessavaladezrealty.com"
152.58.189.39 - - [06/Jul/2026:08:16:33 -0700] "POST /xmlrpc.php HTTP/1.1" 200 4129 "-" "Jetpack/12.1; WordPress/6.4; http://site57218421.com"
152.58.189.39 - - [06/Jul/2026:08:16:43 -0700] "POST /xmlrpc.php HTTP/1.1" 403 4352 "-" "Jetpack by WordPress.com"
152.58.189.39 - - [06/Jul/2026:08:16:54 -0700] "POST /xmlrpc.php HTTP/1.1" 403 4352 "-" "Jetpack by WordPress.com"
152.58.189.39 - - [06/Jul/2026:08:17:05 -0700] "POST /xmlrpc.php HTTP/1.1" 403 4352 "-" "WordPress.com; https://wordpress.com"
152.58.189.39 - - [06/Jul/2026:08:17:15 -0700] "POST /xmlrpc.php HTTP/1.1" 403 4352 "-" "Jetpack by WordPress.com"
152.58.189.39 - - [06/Jul/2026:08:17:26 -0700] "POST /xmlrpc.php HTTP/1.1" 200 4129 "-" "Jetpack/12.0; WordPress/6.4; http://site77715496.com"
35.235.84.95 - - [06/Jul/2026:08:17:38 -0700] "POST /wp-cron.php?doing_wp_cron=1783351058.3623270988464355468750 HTTP/1.1" 200 3587 "-" "WordPress/7.0; https://vanessavaladezrealty.com"
152.58.189.39 - - [06/Jul/2026:08:17:37 -0700] "POST /xmlrpc.php HTTP/1.1" 200 4129 "-" "Jetpack by WordPress.com (Jetpack 12.1; WordPress 6.4)"
152.58.189.39 - - [06/Jul/2026:08:17:48 -0700] "POST /xmlrpc.php HTTP/1.1" 200 4129 "-" "Jetpack/12.5; WordPress/6.1; http://site25076550.com"
152.58.189.39 - - [06/Jul/2026:08:17:58 -0700] "POST /xmlrpc.php HTTP/1.1" 403 4352 "-" "Jetpack by WordPress.com"
152.58.189.39 - - [06/Jul/2026:08:18:09 -0700] "POST /xmlrpc.php HTTP/1.1" 403 4352 "-" "WordPress.com; https://wordpress.com"
35.235.84.95 - - [06/Jul/2026:08:18:21 -0700] "POST /wp-cron.php?doing_wp_cron=1783351101.2814559936523437500000 HTTP/1.1" 200 3587 "-" "WordPress/7.0; https://vanessavaladezrealty.com"
152.58.189.39 - - [06/Jul/2026:08:18:20 -0700] "POST /xmlrpc.php HTTP/1.1" 200 4129 "-" "Jetpack/12.0; WordPress/6.3; http://site94265914.com"
152.58.189.39 - - [06/Jul/2026:08:18:30 -0700] "POST /xmlrpc.php HTTP/1.1" 200 4129 "-" "Jetpack/12.5; WordPress/6.1; http://site30205682.com"
152.58.189.39 - - [06/Jul/2026:08:18:41 -0700] "POST /xmlrpc.php HTTP/1.1" 403 4352 "-" "Jetpack by WordPress.com"
35.235.84.95 - - [06/Jul/2026:08:18:53 -0700] "POST /wp-cron.php?doing_wp_cron=1783351133.6061561107635498046875 HTTP/1.1" 200 3587 "-" "WordPress/7.0; https://vanessavaladezrealty.com"
86.125.92.35 - - [06/Jul/2026:08:19:06 -0700] "GET /properties/146-0-0-0-$0/ HTTP/1.1" 200 33080 "-" "Mozilla/5.0 (Macintosh; Intel Mac OS X 10_9_3) AppleWebKit/537.36 (KHTML, like Gecko) Chrome/35.0.1916.47 Safari/537.36"
152.58.189.39 - - [06/Jul/2026:08:19:02 -0700] "POST /xmlrpc.php HTTP/1.1" 403 4352 "-" "Jetpack by WordPress.com"
152.58.189.39 - - [06/Jul/2026:08:18:52 -0700] "POST /xmlrpc.php HTTP/1.1" 200 4129 "-" "Jetpack/12.0; WordPress/6.3; http://site85058396.com"
152.58.189.39 - - [06/Jul/2026:08:19:13 -0700] "POST /xmlrpc.php HTTP/1.1" 200 4129 "-" "Jetpack/12.0; WordPress/6.1; http://site41948026.com"
152.58.189.39 - - [06/Jul/2026:08:19:24 -0700] "POST /xmlrpc.php HTTP/1.1" 200 4129 "-" "Jetpack by WordPress.com (Jetpack 13.0; WordPress 6.4)"
152.58.189.39 - - [06/Jul/2026:08:19:35 -0700] "POST /xmlrpc.php HTTP/1.1" 403 4352 "-" "Jetpack by WordPress.com"
152.58.189.39 - - [06/Jul/2026:08:19:46 -0700] "POST /xmlrpc.php HTTP/1.1" 403 4352 "-" "WordPress.com; https://wordpress.com"
35.235.84.95 - - [06/Jul/2026:08:19:58 -0700] "POST /wp-cron.php?doing_wp_cron=1783351198.8172380924224853515625 HTTP/1.1" 200 3587 "-" "WordPress/7.0; https://vanessavaladezrealty.com"
152.58.189.39 - - [06/Jul/2026:08:20:07 -0700] "POST /xmlrpc.php HTTP/1.1" 403 4352 "-" "Jetpack by WordPress.com"
152.58.189.39 - - [06/Jul/2026:08:19:56 -0700] "POST /xmlrpc.php HTTP/1.1" 200 4129 "-" "Jetpack by WordPress.com (Jetpack 12.0; WordPress 6.2)"
152.58.189.39 - - [06/Jul/2026:08:20:17 -0700] "POST /xmlrpc.php HTTP/1.1" 200 4129 "-" "Jetpack by WordPress.com (Jetpack 12.0; WordPress 6.1)"
152.58.189.39 - - [06/Jul/2026:08:20:28 -0700] "POST /xmlrpc.php HTTP/1.1" 200 4129 "-" "Jetpack by WordPress.com (Jetpack 13.0; WordPress 6.1)"
152.58.189.39 - - [06/Jul/2026:08:20:45 -0700] "POST /xmlrpc.php HTTP/1.1" 200 4129 "-" "Jetpack by WordPress.com (Jetpack 12.1; WordPress 6.2)"
152.58.189.39 - - [06/Jul/2026:08:21:25 -0700] "POST /xmlrpc.php HTTP/1.1" 403 4352 "-" "WordPress.com; https://wordpress.com"
152.58.189.39 - - [06/Jul/2026:08:21:32 -0700] "POST /xmlrpc.php HTTP/1.1" 403 4352 "-" "WordPress.com; https://wordpress.com"
35.235.84.95 - - [06/Jul/2026:08:21:44 -0700] "POST /wp-cron.php?doing_wp_cron=1783351304.3223619461059570312500 HTTP/1.1" 200 3587 "-" "WordPress/7.0; https://vanessavaladezrealty.com"
152.58.189.39 - - [06/Jul/2026:08:21:43 -0700] "POST /xmlrpc.php HTTP/1.1" 200 4129 "-" "Jetpack/12.5; WordPress/6.1; http://site73175766.com"
152.58.189.39 - - [06/Jul/2026:08:21:53 -0700] "POST /xmlrpc.php HTTP/1.1" 200 4129 "-" "Jetpack/12.0; WordPress/6.1; http://site58362685.com"
152.58.189.39 - - [06/Jul/2026:08:22:04 -0700] "POST /xmlrpc.php HTTP/1.1" 403 4352 "-" "Jetpack by WordPress.com"
152.58.189.39 - - [06/Jul/2026:08:22:15 -0700] "POST /xmlrpc.php HTTP/1.1" 403 4352 "-" "Jetpack by WordPress.com"
152.58.189.39 - - [06/Jul/2026:08:22:25 -0700] "POST /xmlrpc.php HTTP/1.1" 200 4129 "-" "Jetpack by WordPress.com (Jetpack 13.0; WordPress 6.4)"
152.58.189.39 - - [06/Jul/2026:08:22:36 -0700] "POST /xmlrpc.php HTTP/1.1" 200 4129 "-" "Jetpack by WordPress.com (Jetpack 12.1; WordPress 6.3)"
35.235.84.95 - - [06/Jul/2026:08:22:48 -0700] "POST /wp-cron.php?doing_wp_cron=1783351368.6682050228118896484375 HTTP/1.1" 200 3587 "-" "WordPress/7.0; https://vanessavaladezrealty.com"
35.235.84.95 - - [06/Jul/2026:08:22:58 -0700] "POST /wp-cron.php?doing_wp_cron=1783351378.5531439781188964843750 HTTP/1.1" 200 3587 "-" "WordPress/7.0; https://vanessavaladezrealty.com"
152.58.189.39 - - [06/Jul/2026:08:22:47 -0700] "POST /xmlrpc.php HTTP/1.1" 200 4129 "-" "Jetpack by WordPress.com (Jetpack 12.5; WordPress 6.1)"
140.245.235.77 - - [06/Jul/2026:08:22:57 -0700] "POST /wp-login.php HTTP/1.1" 200 6498 "-" "Mozilla/5.0 (Macintosh; Intel Mac OS X 10_15_7) AppleWebKit/605.1.15 (KHTML, like Gecko) Version/17.0 Safari/605.1.15"
140.245.235.77 - - [06/Jul/2026:08:22:57 -0700] "POST /wp-login.php HTTP/1.1" 200 6518 "-" "Mozilla/5.0 (Windows NT 10.0; Win64; rv:143.0) Gecko/20100101 Firefox/143.0"
152.58.189.39 - - [06/Jul/2026:08:22:57 -0700] "POST /xmlrpc.php HTTP/1.1" 403 4352 "-" "WordPress.com; https://wordpress.com"
140.245.235.77 - - [06/Jul/2026:08:22:57 -0700] "POST /wp-login.php HTTP/1.1" 200 6522 "-" "Mozilla/5.0 (Linux; Android 12; SM-G991B) AppleWebKit/537.36 (KHTML, like Gecko) Chrome/129.0.0.0 Mobile Safari/537.36"
152.58.189.39 - - [06/Jul/2026:08:23:08 -0700] "POST /xmlrpc.php HTTP/1.1" 403 4352 "-" "WordPress.com; https://wordpress.com"
152.58.189.39 - - [06/Jul/2026:08:23:19 -0700] "POST /xmlrpc.php HTTP/1.1" 403 4352 "-" "WordPress.com; https://wordpress.com"
152.58.189.39 - - [06/Jul/2026:08:23:29 -0700] "POST /xmlrpc.php HTTP/1.1" 403 4352 "-" "WordPress.com; https://wordpress.com"
152.58.189.39 - - [06/Jul/2026:08:23:40 -0700] "POST /xmlrpc.php HTTP/1.1" 403 4352 "-" "Jetpack by WordPress.com"
152.58.189.39 - - [06/Jul/2026:08:23:51 -0700] "POST /xmlrpc.php HTTP/1.1" 403 4352 "-" "WordPress.com; https://wordpress.com"
35.235.84.95 - - [06/Jul/2026:08:24:03 -0700] "POST /wp-cron.php?doing_wp_cron=1783351443.3906819820404052734375 HTTP/1.1" 200 3587 "-" "WordPress/7.0; https://vanessavaladezrealty.com"
152.58.189.39 - - [06/Jul/2026:08:24:02 -0700] "POST /xmlrpc.php HTTP/1.1" 200 4129 "-" "Jetpack/12.0; WordPress/6.4; http://site77060743.com"
152.58.189.39 - - [06/Jul/2026:08:24:12 -0700] "POST /xmlrpc.php HTTP/1.1" 403 4352 "-" "WordPress.com; https://wordpress.com"
152.58.189.39 - - [06/Jul/2026:08:24:23 -0700] "POST /xmlrpc.php HTTP/1.1" 200 4129 "-" "Jetpack by WordPress.com (Jetpack 12.1; WordPress 6.2)"
152.58.189.39 - - [06/Jul/2026:08:24:33 -0700] "POST /xmlrpc.php HTTP/1.1" 200 4129 "-" "Jetpack by WordPress.com (Jetpack 12.5; WordPress 6.3)"
152.58.189.39 - - [06/Jul/2026:08:24:44 -0700] "POST /xmlrpc.php HTTP/1.1" 403 4352 "-" "Jetpack by WordPress.com"
121.200.216.55 - - [06/Jul/2026:08:24:48 -0700] "GET /wp-login.php HTTP/1.1" 200 6366 "-" "Mozilla/5.0 (Windows NT 10.0; Win64; x64; rv:133.0) Gecko/20100101 Firefox/133.0"
35.235.84.95 - - [06/Jul/2026:08:24:51 -0700] "POST /wp-cron.php?doing_wp_cron=1783351491.3016939163208007812500 HTTP/1.1" 200 3587 "-" "WordPress/7.0; https://vanessavaladezrealty.com"
121.200.216.55 - - [06/Jul/2026:08:24:50 -0700] "POST /wp-login.php HTTP/1.1" 200 6452 "https://vanessavaladezrealty.com/wp-login.php" "Mozilla/5.0 (Windows NT 10.0; Win64; x64; rv:133.0) Gecko/20100101 Firefox/133.0"
152.58.189.39 - - [06/Jul/2026:08:24:55 -0700] "POST /xmlrpc.php HTTP/1.1" 200 4129 "-" "Jetpack/12.0; WordPress/6.4; http://site89674155.com"
152.58.189.39 - - [06/Jul/2026:08:25:06 -0700] "POST /xmlrpc.php HTTP/1.1" 403 4352 "-" "WordPress.com; https://wordpress.com"
114.119.155.58 - - [06/Jul/2026:08:25:07 -0700] "GET /properties?wplview=property_show&pid=118 HTTP/1.1" 301 4153 "https://vanessavaladezrealty.com/home-previuos" "Mozilla/5.0 (Linux; Android 7.0;) AppleWebKit/537.36 (HTML, like Gecko) Mobile Safari/537.36 (compatible; PetalBot;+https://webmaster.petalsearch.com/site/petalbot)"
114.119.155.58 - - [06/Jul/2026:08:25:10 -0700] "GET /properties/?wplview=property_show&pid=118 HTTP/1.1" 200 31762 "https://vanessavaladezrealty.com/home-previuos" "Mozilla/5.0 (Linux; Android 7.0;) AppleWebKit/537.36 (HTML, like Gecko) Mobile Safari/537.36 (compatible; PetalBot;+https://webmaster.petalsearch.com/site/petalbot)"
152.58.189.39 - - [06/Jul/2026:08:25:16 -0700] "POST /xmlrpc.php HTTP/1.1" 200 4129 "-" "Jetpack/13.0; WordPress/6.3; http://site37064241.com"
152.58.189.39 - - [06/Jul/2026:08:25:27 -0700] "POST /xmlrpc.php HTTP/1.1" 200 4129 "-" "Jetpack by WordPress.com (Jetpack 12.1; WordPress 6.1)"
35.235.84.95 - - [06/Jul/2026:08:26:32 -0700] "POST /wp-cron.php?doing_wp_cron=1783351592.7510609626770019531250 HTTP/1.1" 200 3587 "-" "WordPress/7.0; https://vanessavaladezrealty.com"
114.119.155.210 - - [06/Jul/2026:08:26:29 -0700] "GET /properties/111-Residential-5618-Vision-Quest-Court-6-Rooms-3-Bedrooms-3-Bathrooms-USD410-000/ HTTP/1.1" 200 32839 "https://vanessavaladezrealty.com/properties/111-Residential-5618-Vision-Quest-Court-6-Rooms-3-Bedrooms-3-Bathrooms-USD410-000" "Mozilla/5.0 (Linux; Android 7.0;) AppleWebKit/537.36 (HTML, like Gecko) Mobile Safari/537.36 (compatible; PetalBot;+https://webmaster.petalsearch.com/site/petalbot)"
35.235.84.95 - - [06/Jul/2026:08:27:54 -0700] "POST /wp-cron.php?doing_wp_cron=1783351674.1192870140075683593750 HTTP/1.1" 200 3587 "-" "WordPress/7.0; https://vanessavaladezrealty.com"
114.119.155.210 - - [06/Jul/2026:08:27:52 -0700] "GET /properties/104-Residential-10001-Peace-Way-1186-7-Rooms-3-Bedrooms-2-Bathrooms-USD349-999/ HTTP/1.1" 200 32330 "https://vanessavaladezrealty.com/properties/vanessavaladez?wplpage=2" "Mozilla/5.0 (Linux; Android 7.0;) AppleWebKit/537.36 (HTML, like Gecko) Mobile Safari/537.36 (compatible; PetalBot;+https://webmaster.petalsearch.com/site/petalbot)"
35.235.84.95 - - [06/Jul/2026:08:30:56 -0700] "POST /wp-cron.php?doing_wp_cron=1783351856.7435910701751708984375 HTTP/1.1" 200 3587 "-" "WordPress/7.0; https://vanessavaladezrealty.com"
140.245.235.77 - - [06/Jul/2026:08:30:55 -0700] "POST /wp-login.php HTTP/1.1" 200 6498 "-" "Mozilla/5.0 (Linux; Android 12; SM-G991B) AppleWebKit/537.36 (KHTML, like Gecko) Chrome/129.0.0.0 Mobile Safari/537.36"
140.245.235.77 - - [06/Jul/2026:08:30:55 -0700] "POST /wp-login.php HTTP/1.1" 200 6522 "-" "Mozilla/5.0 (Macintosh; Intel Mac OS X 10_15_7) AppleWebKit/605.1.15 (KHTML, like Gecko) Version/17.0 Safari/605.1.15"
140.245.235.77 - - [06/Jul/2026:08:30:55 -0700] "POST /wp-login.php HTTP/1.1" 200 6518 "-" "Mozilla/5.0 (iPhone; CPU iPhone OS 17_0 like Mac OS X) AppleWebKit/605.1.15 (KHTML, like Gecko) Version/17.0 Mobile/15E148 Safari/604.1"
35.235.84.95 - - [06/Jul/2026:08:31:28 -0700] "POST /wp-cron.php?doing_wp_cron=1783351888.2630929946899414062500 HTTP/1.1" 200 3587 "-" "WordPress/7.0; https://vanessavaladezrealty.com"
119.195.102.159 - - [06/Jul/2026:08:31:27 -0700] "GET /wp-login.php HTTP/1.1" 200 6366 "-" "Mozilla/5.0 (X11; Ubuntu; Linux x86_64) AppleWebKit/537.36 (KHTML, like Gecko) Chrome/133.0.0.0 Safari/537.36"
119.195.102.159 - - [06/Jul/2026:08:31:28 -0700] "POST /wp-login.php HTTP/1.1" 200 6468 "https://vanessavaladezrealty.com/wp-login.php" "Mozilla/5.0 (X11; Ubuntu; Linux x86_64) AppleWebKit/537.36 (KHTML, like Gecko) Chrome/133.0.0.0 Safari/537.36"
35.235.84.95 - - [06/Jul/2026:08:33:12 -0700] "POST /wp-cron.php?doing_wp_cron=1783351992.6834061145782470703125 HTTP/1.1" 200 3587 "-" "WordPress/7.0; https://vanessavaladezrealty.com"
35.235.84.95 - - [06/Jul/2026:08:33:14 -0700] "POST /wp-cron.php?doing_wp_cron=1783351993.9814739227294921875000 HTTP/1.1" 200 3587 "-" "WordPress/7.0; https://vanessavaladezrealty.com"
41.225.136.59 - - [06/Jul/2026:08:33:10 -0700] "GET /properties/102-Residential-Lease-7289-Mer-Soliel-Court-7-Rooms-4-Bedrooms-3-Bathrooms-USD2-100/ HTTP/1.1" 200 36536 "-" "Mozilla/5.0 (Windows NT 6.1) AppleWebKit/537.36 (KHTML, like Gecko) Chrome/106.0.0.0 Safari/537.36"
35.235.84.95 - - [06/Jul/2026:08:36:39 -0700] "POST /wp-cron.php?doing_wp_cron=1783352199.0022161006927490234375 HTTP/1.1" 200 3587 "-" "WordPress/7.0; https://vanessavaladezrealty.com"
136.110.2.63 - - [06/Jul/2026:08:36:37 -0700] "GET /components/com_sppagebuilder/assets/css/sppagebuilder.css HTTP/1.1" 404 98842 "-" "Mozilla/5.0 (X11; Linux x86_64) Firefox/117.0"
185.242.3.25 - - [06/Jul/2026:08:36:54 -0700] "GET / HTTP/1.1" 200 361423 "-" "-"
35.235.84.95 - - [06/Jul/2026:08:36:57 -0700] "POST /wp-cron.php?doing_wp_cron=1783352217.3019070625305175781250 HTTP/1.1" 200 3587 "-" "WordPress/7.0; https://vanessavaladezrealty.com"
185.242.3.25 - - [06/Jul/2026:08:36:56 -0700] "GET /wp-admin/install.php HTTP/1.1" 200 5083 "-" "-"
201.92.85.78 - - [06/Jul/2026:08:37:11 -0700] "GET /properties/vanessavaladez/tel:7027760711/tel:7027760711/tel:7027760711/tel:7027760711/tel:7027760711/tel:7027760711/tel:7027760711/ HTTP/1.1" 200 32800 "-" "Mozilla/5.0 (Macintosh; Intel Mac OS X 10_7_5) AppleWebKit/537.36 (KHTML, like Gecko) Chrome/27.0.1453.93 Safari/537.36"
78.142.18.172 - - [06/Jul/2026:08:37:36 -0700] "GET /wp-login.php HTTP/1.1" 200 6366 "-" "Mozilla/5.0 (Macintosh; Intel Mac OS X 10_15_7) AppleWebKit/537.36 (KHTML, like Gecko) Chrome/133.0.0.0 Safari/537.36"
78.142.18.172 - - [06/Jul/2026:08:37:37 -0700] "POST /wp-login.php HTTP/1.1" 200 6452 "https://vanessavaladezrealty.com/wp-login.php" "Mozilla/5.0 (Macintosh; Intel Mac OS X 10_15_7) AppleWebKit/537.36 (KHTML, like Gecko) Chrome/133.0.0.0 Safari/537.36"
35.235.84.95 - - [06/Jul/2026:08:39:02 -0700] "POST /wp-cron.php?doing_wp_cron=1783352342.4940099716186523437500 HTTP/1.1" 200 3587 "-" "WordPress/7.0; https://vanessavaladezrealty.com"
140.245.235.77 - - [06/Jul/2026:08:39:00 -0700] "POST /wp-login.php HTTP/1.1" 200 6518 "-" "Mozilla/5.0 (Windows NT 10.0; Win64; rv:143.0) Gecko/20100101 Firefox/143.0"
35.235.84.95 - - [06/Jul/2026:08:39:02 -0700] "POST /wp-cron.php?doing_wp_cron=1783352342.7812399864196777343750 HTTP/1.1" 200 3587 "-" "WordPress/7.0; https://vanessavaladezrealty.com"
140.245.235.77 - - [06/Jul/2026:08:39:00 -0700] "POST /wp-login.php HTTP/1.1" 200 6522 "-" "Mozilla/5.0 (Windows NT 10.0; Win64; x64) AppleWebKit/537.36 (KHTML, like Gecko) Chrome/129.0.0.0 Safari/537.36"
140.245.235.77 - - [06/Jul/2026:08:39:00 -0700] "POST /wp-login.php HTTP/1.1" 200 6498 "-" "Mozilla/5.0 (X11; Linux x86_64) AppleWebKit/537.36 (KHTML, like Gecko) Chrome/129.0.0.0 Safari/537.36"
35.235.84.95 - - [06/Jul/2026:08:42:21 -0700] "POST /wp-cron.php?doing_wp_cron=1783352541.4986090660095214843750 HTTP/1.1" 200 3587 "-" "WordPress/7.0; https://vanessavaladezrealty.com"
216.73.216.170 - - [06/Jul/2026:08:42:19 -0700] "GET /robots.txt HTTP/1.1" 200 4273 "-" "Mozilla/5.0 AppleWebKit/537.36 (KHTML, like Gecko; compatible; ClaudeBot/1.0; +claudebot@anthropic.com)"
189.172.228.75 - - [06/Jul/2026:08:42:20 -0700] "GET /properties/131-Residential-3651-Arville-Street-325-7-Rooms-2-Bedrooms-2-Bathrooms-USD139-000/tel:7027760711 HTTP/1.1" 301 4220 "-" "Mozilla/5.0 (Windows NT 10.0; Win64; x64) AppleWebKit/537.36 (KHTML, like Gecko) Chrome/91.0.4472.123 Safari/537.36"
216.73.216.170 - - [06/Jul/2026:08:42:21 -0700] "GET /wp-sitemap.xml HTTP/1.1" 200 4257 "-" "Mozilla/5.0 AppleWebKit/537.36 (KHTML, like Gecko; compatible; ClaudeBot/1.0; +claudebot@anthropic.com)"
189.172.228.75 - - [06/Jul/2026:08:42:23 -0700] "GET /properties/131-Residential-3651-Arville-Street-325-7-Rooms-2-Bedrooms-2-Bathrooms-USD139-000/tel:7027760711/ HTTP/1.1" 301 4369 "-" "Mozilla/5.0 (Windows NT 10.0; Win64; x64) AppleWebKit/537.36 (KHTML, like Gecko) Chrome/91.0.4472.123 Safari/537.36"
189.172.228.75 - - [06/Jul/2026:08:42:25 -0700] "GET /properties/131-Residential-3651-Arville-Street-325-7-Rooms-2-Bedrooms-2-Bathrooms-USD139-000 HTTP/1.1" 301 4147 "-" "Mozilla/5.0 (Windows NT 10.0; Win64; x64) AppleWebKit/537.36 (KHTML, like Gecko) Chrome/91.0.4472.123 Safari/537.36"
189.172.228.75 - - [06/Jul/2026:08:42:27 -0700] "GET /properties/131-Residential-3651-Arville-Street-325-7-Rooms-2-Bedrooms-2-Bathrooms-USD139-000/ HTTP/1.1" 200 35193 "-" "Mozilla/5.0 (Windows NT 10.0; Win64; x64) AppleWebKit/537.36 (KHTML, like Gecko) Chrome/91.0.4472.123 Safari/537.36"
38.84.24.90 - - [06/Jul/2026:08:42:39 -0700] "GET /wp-login.php HTTP/1.1" 200 6366 "-" "Mozilla/5.0 (Macintosh; Intel Mac OS X 10_15_7) AppleWebKit/605.1.15 (KHTML, like Gecko) Version/18.3 Safari/605.1.15"
38.84.24.90 - - [06/Jul/2026:08:42:41 -0700] "POST /wp-login.php HTTP/1.1" 200 6468 "https://vanessavaladezrealty.com/wp-login.php" "Mozilla/5.0 (Macintosh; Intel Mac OS X 10_15_7) AppleWebKit/605.1.15 (KHTML, like Gecko) Version/18.3 Safari/605.1.15"
35.235.84.95 - - [06/Jul/2026:08:43:34 -0700] "POST /wp-cron.php?doing_wp_cron=1783352614.8106288909912109375000 HTTP/1.1" 200 3587 "-" "WordPress/7.0; https://vanessavaladezrealty.com"
110.76.128.66 - - [06/Jul/2026:08:43:33 -0700] "GET /properties/?pid=127&wplview=property_show HTTP/1.1" 200 35811 "-" "Mozilla/5.0 (Windows NT 6.3; Win64; x64) AppleWebKit/537.36 (KHTML, like Gecko) Chrome/37.0.2049.0 Safari/537.36"
140.245.235.77 - - [06/Jul/2026:08:47:08 -0700] "POST /wp-login.php HTTP/1.1" 200 6518 "-" "Mozilla/5.0 (X11; Linux x86_64) AppleWebKit/537.36 (KHTML, like Gecko) Chrome/129.0.0.0 Safari/537.36"
140.245.235.77 - - [06/Jul/2026:08:47:08 -0700] "POST /wp-login.php HTTP/1.1" 200 6522 "-" "Mozilla/5.0 (iPhone; CPU iPhone OS 17_0 like Mac OS X) AppleWebKit/605.1.15 (KHTML, like Gecko) Version/17.0 Mobile/15E148 Safari/604.1"
140.245.235.77 - - [06/Jul/2026:08:47:08 -0700] "POST /wp-login.php HTTP/1.1" 200 6498 "-" "Mozilla/5.0 (Linux; Android 12; SM-G991B) AppleWebKit/537.36 (KHTML, like Gecko) Chrome/129.0.0.0 Mobile Safari/537.36"
35.235.84.95 - - [06/Jul/2026:08:48:18 -0700] "POST /wp-cron.php?doing_wp_cron=1783352898.3790879249572753906250 HTTP/1.1" 200 3587 "-" "WordPress/7.0; https://vanessavaladezrealty.com"
109.228.59.224 - - [06/Jul/2026:08:48:17 -0700] "GET /wp-login.php HTTP/1.1" 200 6366 "-" "Mozilla/5.0 (X11; Linux x86_64) AppleWebKit/537.36 (KHTML, like Gecko) Chrome/133.0.0.0 Safari/537.36"
109.228.59.224 - - [06/Jul/2026:08:48:18 -0700] "POST /wp-login.php HTTP/1.1" 200 6452 "https://vanessavaladezrealty.com/wp-login.php" "Mozilla/5.0 (X11; Linux x86_64) AppleWebKit/537.36 (KHTML, like Gecko) Chrome/133.0.0.0 Safari/537.36"
35.235.84.95 - - [06/Jul/2026:08:49:05 -0700] "POST /wp-cron.php?doing_wp_cron=1783352945.5142900943756103515625 HTTP/1.1" 200 3587 "-" "WordPress/7.0; https://vanessavaladezrealty.com"
170.82.90.48 - - [06/Jul/2026:08:49:03 -0700] "GET /properties/?pid=135&wplview=property_show HTTP/1.1" 200 36005 "-" "Mozilla/5.0 (Macintosh; Intel Mac OS X 10_10_5) AppleWebKit/537.36 (KHTML, like Gecko) Chrome/87.0.4280.88 Safari/537.36"
35.235.84.95 - - [06/Jul/2026:08:55:01 -0700] "POST /wp-cron.php?doing_wp_cron=1783353301.7095150947570800781250 HTTP/1.1" 200 3587 "-" "WordPress/7.0; https://vanessavaladezrealty.com"
140.245.235.77 - - [06/Jul/2026:08:54:59 -0700] "POST /wp-login.php HTTP/1.1" 200 6518 "-" "Mozilla/5.0 (Linux; Android 12; SM-G991B) AppleWebKit/537.36 (KHTML, like Gecko) Chrome/129.0.0.0 Mobile Safari/537.36"
140.245.235.77 - - [06/Jul/2026:08:54:59 -0700] "POST /wp-login.php HTTP/1.1" 200 6522 "-" "Mozilla/5.0 (Macintosh; Intel Mac OS X 10_15_7) AppleWebKit/605.1.15 (KHTML, like Gecko) Version/17.0 Safari/605.1.15"
140.245.235.77 - - [06/Jul/2026:08:54:59 -0700] "POST /wp-login.php HTTP/1.1" 200 6498 "-" "Mozilla/5.0 (Windows NT 10.0; Win64; rv:143.0) Gecko/20100101 Firefox/143.0"
35.235.84.95 - - [06/Jul/2026:08:58:30 -0700] "POST /wp-cron.php?doing_wp_cron=1783353510.2008309364318847656250 HTTP/1.1" 200 3587 "-" "WordPress/7.0; https://vanessavaladezrealty.com"
64.236.192.144 - - [06/Jul/2026:08:58:28 -0700] "GET /wp/wp-login.php HTTP/1.1" 404 98749 "-" "Mozilla/5.0 (Windows NT 10.0; Win64; x64) AppleWebKit/537.36 (KHTML, like Gecko) Chrome/120.0.0.0 Safari/537.36 Edg/120.0.0.0"
64.236.192.144 - - [06/Jul/2026:08:58:30 -0700] "POST /wp/wp-login.php HTTP/1.1" 404 98669 "https://vanessavaladezrealty.com/wp/wp-login.php" "Mozilla/5.0 (Macintosh; Intel Mac OS X 10_15_7) AppleWebKit/605.1.15 (KHTML, like Gecko) Version/17.1 Safari/605.1.15"
54.166.104.83 - - [06/Jul/2026:08:59:12 -0700] "GET /properties/148-0-0-0-/ HTTP/1.1" 301 4360 "-" "Mozilla/5.0 AppleWebKit/537.36 (KHTML, like Gecko; compatible; Amazonbot/0.1; +https://developer.amazon.com/support/amazonbot) Chrome/119.0.6045.214 Safari/537.36"
3.225.9.97 - - [06/Jul/2026:08:59:14 -0700] "GET /properties/148-0-0-0-$0 HTTP/1.1" 301 4135 "-" "Mozilla/5.0 AppleWebKit/537.36 (KHTML, like Gecko; compatible; Amazonbot/0.1; +https://developer.amazon.com/support/amazonbot) Chrome/119.0.6045.214 Safari/537.36"
3.81.253.213 - - [06/Jul/2026:08:59:15 -0700] "GET /properties/148-0-0-0-0/ HTTP/1.1" 301 4360 "-" "Mozilla/5.0 AppleWebKit/537.36 (KHTML, like Gecko; compatible; Amazonbot/0.1; +https://developer.amazon.com/support/amazonbot) Chrome/119.0.6045.214 Safari/537.36"
116.179.32.208 - - [06/Jul/2026:08:59:27 -0700] "GET /properties/111-Residential-5618-Vision-Quest-Court-6-Rooms-3-Bedrooms-3-Bathrooms-USD410-000/ HTTP/1.1" 200 32841 "-" "Mozilla/5.0 (compatible; Baiduspider/2.0; +http://www.baidu.com/search/spider.html)"
100.29.34.97 - - [06/Jul/2026:08:59:11 -0700] "GET /properties/148-0-0-0- HTTP/1.1" 301 4134 "-" "Mozilla/5.0 AppleWebKit/537.36 (KHTML, like Gecko; compatible; Amazonbot/0.1; +https://developer.amazon.com/support/amazonbot) Chrome/119.0.6045.214 Safari/537.36"
35.235.84.95 - - [06/Jul/2026:09:00:05 -0700] "POST /wp-cron.php?doing_wp_cron=1783353605.8024499416351318359375 HTTP/1.1" 200 3587 "-" "WordPress/7.0; https://vanessavaladezrealty.com"
185.53.58.204 - - [06/Jul/2026:09:00:04 -0700] "GET /wp-login.php HTTP/1.1" 200 6366 "-" "Mozilla/5.0 (Windows NT 10.0; Win64; x64) AppleWebKit/537.36 (KHTML, like Gecko) Chrome/120.0.0.0 Safari/537.36"
78.142.18.172 - - [06/Jul/2026:09:00:14 -0700] "GET /wp-login.php HTTP/1.1" 200 6366 "-" "Mozilla/5.0 (X11; Linux x86_64) AppleWebKit/537.36 (KHTML, like Gecko) Chrome/133.0.0.0 Safari/537.36 Edg/133.0.0.0"
185.53.58.204 - - [06/Jul/2026:09:00:06 -0700] "POST /wp-login.php HTTP/1.1" 200 6452 "https://vanessavaladezrealty.com/wp-login.php" "Mozilla/5.0 (Windows NT 10.0; Win64; x64) AppleWebKit/537.36 (KHTML, like Gecko) Chrome/120.0.0.0 Safari/537.36"
78.142.18.172 - - [06/Jul/2026:09:00:18 -0700] "POST /wp-login.php HTTP/1.1" 200 6452 "https://vanessavaladezrealty.com/wp-login.php" "Mozilla/5.0 (X11; Linux x86_64) AppleWebKit/537.36 (KHTML, like Gecko) Chrome/133.0.0.0 Safari/537.36 Edg/133.0.0.0"
35.235.84.95 - - [06/Jul/2026:09:00:53 -0700] "HEAD / HTTP/1.1" 200 4253 "-" "Mozilla/5.0 (Windows NT 10.0; Win64; x64) AppleWebKit/537.36 (KHTML, like Gecko) Chrome/117.0.0.0 Safari/537.36"
116.179.37.73 - - [06/Jul/2026:09:00:56 -0700] "GET /wp-content/plugins/elementor/assets/css/frontend.min.css?ver=3.35.7 HTTP/1.1" 200 3583 "https://vanessavaladezrealty.com/properties/111-Residential-5618-Vision-Quest-Court-6-Rooms-3-Bedrooms-3-Bathrooms-USD410-000/" "Mozilla/5.0 (compatible; Baiduspider-render/2.0; +http://www.baidu.com/search/spider.html)"
116.179.37.194 - - [06/Jul/2026:09:01:01 -0700] "GET /wp-content/plugins/real-estate-listing-realtyna-wpl/assets/js/js_inline.html HTTP/1.1" 200 3604 "https://vanessavaladezrealty.com/properties/111-Residential-5618-Vision-Quest-Court-6-Rooms-3-Bedrooms-3-Bathrooms-USD410-000/" "Mozilla/5.0 (compatible; Baiduspider-render/2.0; +http://www.baidu.com/search/spider.html)"
116.179.37.34 - - [06/Jul/2026:09:01:00 -0700] "POST /properties/111-Residential-5618-Vision-Quest-Court-6-Rooms-3-Bedrooms-3-Bathrooms-USD410-000/ HTTP/1.1" 200 4035 "https://vanessavaladezrealty.com/properties/111-Residential-5618-Vision-Quest-Court-6-Rooms-3-Bedrooms-3-Bathrooms-USD410-000/" "Mozilla/5.0 (compatible; Baiduspider-render/2.0; +http://www.baidu.com/search/spider.html)"
35.235.84.95 - - [06/Jul/2026:09:03:04 -0700] "POST /wp-cron.php?doing_wp_cron=1783353784.3080399036407470703125 HTTP/1.1" 200 3587 "-" "WordPress/7.0; https://vanessavaladezrealty.com"
140.245.235.77 - - [06/Jul/2026:09:03:00 -0700] "POST /wp-login.php HTTP/1.1" 200 6518 "-" "Mozilla/5.0 (Windows NT 10.0; Win64; x64) AppleWebKit/537.36 (KHTML, like Gecko) Chrome/129.0.0.0 Safari/537.36"
140.245.235.77 - - [06/Jul/2026:09:03:01 -0700] "POST /wp-login.php HTTP/1.1" 200 6498 "-" "Mozilla/5.0 (X11; Linux x86_64) AppleWebKit/537.36 (KHTML, like Gecko) Chrome/129.0.0.0 Safari/537.36"
140.245.235.77 - - [06/Jul/2026:09:03:01 -0700] "POST /wp-login.php HTTP/1.1" 200 6522 "-" "Mozilla/5.0 (Macintosh; Intel Mac OS X 10_15_7) AppleWebKit/605.1.15 (KHTML, like Gecko) Version/17.0 Safari/605.1.15"
35.235.84.95 - - [06/Jul/2026:09:11:05 -0700] "POST /wp-cron.php?doing_wp_cron=1783354265.4403979778289794921875 HTTP/1.1" 200 3587 "-" "WordPress/7.0; https://vanessavaladezrealty.com"
35.235.84.95 - - [06/Jul/2026:09:11:05 -0700] "POST /wp-cron.php?doing_wp_cron=1783354265.4402439594268798828125 HTTP/1.1" 200 3587 "-" "WordPress/7.0; https://vanessavaladezrealty.com"
140.245.235.77 - - [06/Jul/2026:09:11:03 -0700] "POST /wp-login.php HTTP/1.1" 200 6522 "-" "Mozilla/5.0 (Linux; Android 12; SM-G991B) AppleWebKit/537.36 (KHTML, like Gecko) Chrome/129.0.0.0 Mobile Safari/537.36"
140.245.235.77 - - [06/Jul/2026:09:11:03 -0700] "POST /wp-login.php HTTP/1.1" 200 6498 "-" "Mozilla/5.0 (iPhone; CPU iPhone OS 17_0 like Mac OS X) AppleWebKit/605.1.15 (KHTML, like Gecko) Version/17.0 Mobile/15E148 Safari/604.1"
140.245.235.77 - - [06/Jul/2026:09:11:03 -0700] "POST /wp-login.php HTTP/1.1" 200 6518 "-" "Mozilla/5.0 (Windows NT 10.0; Win64; rv:143.0) Gecko/20100101 Firefox/143.0"
35.235.84.95 - - [06/Jul/2026:09:14:48 -0700] "POST /wp-cron.php?doing_wp_cron=1783354488.0180199146270751953125 HTTP/1.1" 200 3587 "-" "WordPress/7.0; https://vanessavaladezrealty.com"
98.142.103.98 - - [06/Jul/2026:09:14:41 -0700] "GET /wp-login.php HTTP/1.1" 200 6366 "-" "Mozilla/5.0 (Windows NT 10.0; Win64; x64; rv:133.0) Gecko/20100101 Firefox/133.0"
98.142.103.98 - - [06/Jul/2026:09:14:48 -0700] "POST /wp-login.php HTTP/1.1" 200 6468 "https://vanessavaladezrealty.com/wp-login.php" "Mozilla/5.0 (Windows NT 10.0; Win64; x64; rv:133.0) Gecko/20100101 Firefox/133.0"
35.235.84.95 - - [06/Jul/2026:09:18:52 -0700] "POST /wp-cron.php?doing_wp_cron=1783354732.3108680248260498046875 HTTP/1.1" 200 3587 "-" "WordPress/7.0; https://vanessavaladezrealty.com"
140.245.235.77 - - [06/Jul/2026:09:18:50 -0700] "POST /wp-login.php HTTP/1.1" 200 6522 "-" "Mozilla/5.0 (Windows NT 10.0; Win64; x64) AppleWebKit/537.36 (KHTML, like Gecko) Chrome/129.0.0.0 Safari/537.36"
35.235.84.95 - - [06/Jul/2026:09:18:52 -0700] "POST /wp-cron.php?doing_wp_cron=1783354732.4972250461578369140625 HTTP/1.1" 200 3587 "-" "WordPress/7.0; https://vanessavaladezrealty.com"
140.245.235.77 - - [06/Jul/2026:09:18:50 -0700] "POST /wp-login.php HTTP/1.1" 200 6498 "-" "Mozilla/5.0 (iPhone; CPU iPhone OS 17_0 like Mac OS X) AppleWebKit/605.1.15 (KHTML, like Gecko) Version/17.0 Mobile/15E148 Safari/604.1"
140.245.235.77 - - [06/Jul/2026:09:18:50 -0700] "POST /wp-login.php HTTP/1.1" 200 6518 "-" "Mozilla/5.0 (Windows NT 10.0; Win64; x64) AppleWebKit/537.36 (KHTML, like Gecko) Chrome/129.0.0.0 Safari/537.36"
35.235.84.95 - - [06/Jul/2026:09:20:34 -0700] "POST /wp-cron.php?doing_wp_cron=1783354834.7562770843505859375000 HTTP/1.1" 200 3587 "-" "WordPress/7.0; https://vanessavaladezrealty.com"
173.239.214.142 - - [06/Jul/2026:09:20:33 -0700] "GET /wp-login.php HTTP/1.1" 200 6366 "-" "Mozilla/5.0"
173.239.214.142 - - [06/Jul/2026:09:20:45 -0700] "GET /?author=1 HTTP/1.1" 301 4134 "-" "Mozilla/5.0"
173.239.214.142 - - [06/Jul/2026:09:20:46 -0700] "GET /?author=2 HTTP/1.1" 200 21698 "-" "Mozilla/5.0"
35.235.84.95 - - [06/Jul/2026:09:20:51 -0700] "POST /wp-cron.php?doing_wp_cron=1783354851.5654239654541015625000 HTTP/1.1" 200 3587 "-" "WordPress/7.0; https://vanessavaladezrealty.com"
173.239.214.142 - - [06/Jul/2026:09:20:49 -0700] "GET /?author=3 HTTP/1.1" 200 21683 "-" "Mozilla/5.0"
173.239.214.142 - - [06/Jul/2026:09:20:52 -0700] "GET /?author=4 HTTP/1.1" 301 4127 "-" "Mozilla/5.0"
173.239.214.142 - - [06/Jul/2026:09:20:54 -0700] "GET /?author=5 HTTP/1.1" 404 98146 "-" "Mozilla/5.0"
35.235.84.95 - - [06/Jul/2026:09:21:52 -0700] "POST /wp-cron.php?doing_wp_cron=1783354912.3278369903564453125000 HTTP/1.1" 200 3587 "-" "WordPress/7.0; https://vanessavaladezrealty.com"
114.119.152.69 - - [06/Jul/2026:09:21:50 -0700] "GET /properties/?wplview=property_show&pid=130 HTTP/1.1" 200 31080 "https://vanessavaladezrealty.com/properties?wplview=property_show&pid=130" "Mozilla/5.0 (Linux; Android 7.0;) AppleWebKit/537.36 (HTML, like Gecko) Mobile Safari/537.36 (compatible; PetalBot;+https://webmaster.petalsearch.com/site/petalbot)"
35.235.84.95 - - [06/Jul/2026:09:23:13 -0700] "POST /wp-cron.php?doing_wp_cron=1783354993.4404640197753906250000 HTTP/1.1" 200 3587 "-" "WordPress/7.0; https://vanessavaladezrealty.com"
114.119.137.232 - - [06/Jul/2026:09:23:12 -0700] "GET /properties/122-Residential-1130-Silver-Stone-Way-10-Rooms-5-Bedrooms-3-Bathrooms-USD430-000 HTTP/1.1" 301 4204 "https://vanessavaladezrealty.com/properties/vanessavaladez?wplpage=4" "Mozilla/5.0 (Linux; Android 7.0;) AppleWebKit/537.36 (HTML, like Gecko) Mobile Safari/537.36 (compatible; PetalBot;+https://webmaster.petalsearch.com/site/petalbot)"
114.119.137.232 - - [06/Jul/2026:09:23:14 -0700] "GET /properties/122-Residential-1130-Silver-Stone-Way-10-Rooms-5-Bedrooms-3-Bathrooms-USD430-000/ HTTP/1.1" 200 33131 "https://vanessavaladezrealty.com/properties/vanessavaladez?wplpage=4" "Mozilla/5.0 (Linux; Android 7.0;) AppleWebKit/537.36 (HTML, like Gecko) Mobile Safari/537.36 (compatible; PetalBot;+https://webmaster.petalsearch.com/site/petalbot)"
35.235.84.95 - - [06/Jul/2026:09:24:37 -0700] "POST /wp-cron.php?doing_wp_cron=1783355076.9876880645751953125000 HTTP/1.1" 200 3587 "-" "WordPress/7.0; https://vanessavaladezrealty.com"
50.31.197.119 - - [06/Jul/2026:09:24:35 -0700] "GET / HTTP/1.1" 200 38349 "-" "Mozilla/5.0 (Macintosh; Intel Mac OS X 10.15; rv:127.0) Gecko/20100101 Firefox/127.0"
114.119.137.232 - - [06/Jul/2026:09:24:36 -0700] "GET /about-us HTTP/1.1" 301 4121 "https://vanessavaladezrealty.com/properties/100-Residential-Lease-3077-Camino-Sereno-Avenue-5-Rooms-3-Bedrooms-3-Bathrooms-USD2-500" "Mozilla/5.0 (Linux; Android 7.0;) AppleWebKit/537.36 (HTML, like Gecko) Mobile Safari/537.36 (compatible; PetalBot;+https://webmaster.petalsearch.com/site/petalbot)"
114.119.137.232 - - [06/Jul/2026:09:24:40 -0700] "GET /about-us/ HTTP/1.1" 200 26455 "https://vanessavaladezrealty.com/properties/100-Residential-Lease-3077-Camino-Sereno-Avenue-5-Rooms-3-Bedrooms-3-Bathrooms-USD2-500" "Mozilla/5.0 (Linux; Android 7.0;) AppleWebKit/537.36 (HTML, like Gecko) Mobile Safari/537.36 (compatible; PetalBot;+https://webmaster.petalsearch.com/site/petalbot)"
35.235.84.95 - - [06/Jul/2026:09:26:08 -0700] "POST /wp-cron.php?doing_wp_cron=1783355168.3476450443267822265625 HTTP/1.1" 200 3587 "-" "WordPress/7.0; https://vanessavaladezrealty.com"
213.171.208.62 - - [06/Jul/2026:09:26:07 -0700] "GET /wp-login.php HTTP/1.1" 200 6366 "-" "Mozilla/5.0 (Windows NT 10.0; Win64; x64) AppleWebKit/537.36 (KHTML, like Gecko) Chrome/133.0.0.0 Safari/537.36"
213.171.208.62 - - [06/Jul/2026:09:26:27 -0700] "GET /wp-json/wp/v2/users/me HTTP/1.1" 403 4352 "-" "Mozilla/5.0 (Windows NT 10.0; Win64; x64) AppleWebKit/537.36 (KHTML, like Gecko) Chrome/133.0.0.0 Safari/537.36"
35.235.84.95 - - [06/Jul/2026:09:26:33 -0700] "POST /wp-cron.php?doing_wp_cron=1783355193.4583079814910888671875 HTTP/1.1" 200 3587 "-" "WordPress/7.0; https://vanessavaladezrealty.com"
79.24.201.186 - - [06/Jul/2026:09:26:32 -0700] "GET /wp-sitemap-posts-page-1.xml HTTP/1.1" 200 4388 "-" "Mozilla/5.0 (Macintosh; Intel Mac OS X 12_2_1) AppleWebKit/537.36 (KHTML, like Gecko) Chrome/126.0.6478.55 Safari/537.36"
140.245.235.77 - - [06/Jul/2026:09:26:57 -0700] "POST /wp-login.php HTTP/1.1" 200 6518 "-" "Mozilla/5.0 (Windows NT 10.0; Win64; x64) AppleWebKit/537.36 (KHTML, like Gecko) Chrome/129.0.0.0 Safari/537.36"
140.245.235.77 - - [06/Jul/2026:09:26:57 -0700] "POST /wp-login.php HTTP/1.1" 200 6498 "-" "Mozilla/5.0 (Macintosh; Intel Mac OS X 10_15_7) AppleWebKit/605.1.15 (KHTML, like Gecko) Version/17.0 Safari/605.1.15"
140.245.235.77 - - [06/Jul/2026:09:26:57 -0700] "POST /wp-login.php HTTP/1.1" 200 6522 "-" "Mozilla/5.0 (Windows NT 10.0; Win64; x64) AppleWebKit/537.36 (KHTML, like Gecko) Chrome/129.0.0.0 Safari/537.36"
35.235.84.95 - - [06/Jul/2026:09:28:35 -0700] "POST /wp-cron.php?doing_wp_cron=1783355315.7073690891265869140625 HTTP/1.1" 200 3587 "-" "WordPress/7.0; https://vanessavaladezrealty.com"
161.97.129.228 - - [06/Jul/2026:09:28:34 -0700] "GET /wp-login.php HTTP/1.1" 200 6366 "-" "Mozilla/5.0 (Windows NT 10.0; Win64; x64) AppleWebKit/537.36 (KHTML, like Gecko) Chrome/133.0.0.0 Safari/537.36"
161.97.129.228 - - [06/Jul/2026:09:28:35 -0700] "POST /wp-login.php HTTP/1.1" 200 6468 "https://vanessavaladezrealty.com/wp-login.php" "Mozilla/5.0 (Windows NT 10.0; Win64; x64) AppleWebKit/537.36 (KHTML, like Gecko) Chrome/133.0.0.0 Safari/537.36"
35.235.84.95 - - [06/Jul/2026:09:32:45 -0700] "POST /wp-cron.php?doing_wp_cron=1783355565.6383090019226074218750 HTTP/1.1" 200 3587 "-" "WordPress/7.0; https://vanessavaladezrealty.com"
200.118.80.85 - - [06/Jul/2026:09:32:44 -0700] "GET /properties/94-Residential-11856-Bella-Luna-Street-8-Rooms-4-Bedrooms-3-Bathrooms-USD395-000/tel:7027760711 HTTP/1.1" 301 4219 "-" "Mozilla/5.0 (Windows NT 10.0) AppleWebKit/537.36 (KHTML, like Gecko) Chrome/106.0.0.0 Safari/537.36"
200.118.80.85 - - [06/Jul/2026:09:32:46 -0700] "GET /properties/94-Residential-11856-Bella-Luna-Street-8-Rooms-4-Bedrooms-3-Bathrooms-USD395-000/tel:7027760711/ HTTP/1.1" 301 4368 "-" "Mozilla/5.0 (Windows NT 10.0) AppleWebKit/537.36 (KHTML, like Gecko) Chrome/106.0.0.0 Safari/537.36"
200.118.80.85 - - [06/Jul/2026:09:32:47 -0700] "GET /properties/94-Residential-11856-Bella-Luna-Street-8-Rooms-4-Bedrooms-3-Bathrooms-USD395-000 HTTP/1.1" 301 4146 "-" "Mozilla/5.0 (Windows NT 10.0) AppleWebKit/537.36 (KHTML, like Gecko) Chrome/106.0.0.0 Safari/537.36"
200.118.80.85 - - [06/Jul/2026:09:32:49 -0700] "GET /properties/94-Residential-11856-Bella-Luna-Street-8-Rooms-4-Bedrooms-3-Bathrooms-USD395-000/ HTTP/1.1" 200 33616 "-" "Mozilla/5.0 (Windows NT 10.0) AppleWebKit/537.36 (KHTML, like Gecko) Chrome/106.0.0.0 Safari/537.36"
209.42.21.221 - - [06/Jul/2026:09:33:14 -0700] "GET /wp-login.php HTTP/1.1" 200 6366 "-" "Mozilla/5.0 (Windows NT 10.0; Win64; x64) AppleWebKit/537.36 (KHTML, like Gecko) Chrome/120.0.0.0 Safari/537.36"
209.42.21.221 - - [06/Jul/2026:09:33:16 -0700] "POST /wp-login.php HTTP/1.1" 200 6468 "https://vanessavaladezrealty.com/wp-login.php" "Mozilla/5.0 (Windows NT 10.0; Win64; x64) AppleWebKit/537.36 (KHTML, like Gecko) Chrome/120.0.0.0 Safari/537.36"
35.235.84.95 - - [06/Jul/2026:09:33:40 -0700] "POST /wp-cron.php?doing_wp_cron=1783355620.5996229648590087890625 HTTP/1.1" 200 3587 "-" "WordPress/7.0; https://vanessavaladezrealty.com"
93.185.35.3 - - [06/Jul/2026:09:33:37 -0700] "GET /properties/102-Residential-Lease-7289-Mer-Soliel-Court-7-Rooms-4-Bedrooms-3-Bathrooms-USD2-100/tel:7027760711 HTTP/1.1" 301 4222 "-" "Mozilla/5.0 (Windows NT 6.3; Win64; x64) AppleWebKit/537.36 (KHTML, like Gecko) Chrome/74.0.3729.169 Safari/537.36"
93.185.35.3 - - [06/Jul/2026:09:33:41 -0700] "GET /properties/102-Residential-Lease-7289-Mer-Soliel-Court-7-Rooms-4-Bedrooms-3-Bathrooms-USD2-100/tel:7027760711/ HTTP/1.1" 301 4371 "-" "Mozilla/5.0 (Windows NT 6.3; Win64; x64) AppleWebKit/537.36 (KHTML, like Gecko) Chrome/74.0.3729.169 Safari/537.36"
93.185.35.3 - - [06/Jul/2026:09:33:43 -0700] "GET /properties/102-Residential-Lease-7289-Mer-Soliel-Court-7-Rooms-4-Bedrooms-3-Bathrooms-USD2-100 HTTP/1.1" 301 4149 "-" "Mozilla/5.0 (Windows NT 6.3; Win64; x64) AppleWebKit/537.36 (KHTML, like Gecko) Chrome/74.0.3729.169 Safari/537.36"
35.235.84.95 - - [06/Jul/2026:09:33:48 -0700] "POST /wp-cron.php?doing_wp_cron=1783355628.0315461158752441406250 HTTP/1.1" 200 3587 "-" "WordPress/7.0; https://vanessavaladezrealty.com"
93.185.35.3 - - [06/Jul/2026:09:33:46 -0700] "GET /properties/102-Residential-Lease-7289-Mer-Soliel-Court-7-Rooms-4-Bedrooms-3-Bathrooms-USD2-100/ HTTP/1.1" 200 36478 "-" "Mozilla/5.0 (Windows NT 6.3; Win64; x64) AppleWebKit/537.36 (KHTML, like Gecko) Chrome/74.0.3729.169 Safari/537.36"
45.168.246.128 - - [06/Jul/2026:09:34:07 -0700] "POST /wp-comments-post.php HTTP/1.1" 302 4225 "-" "Mozilla/5.0 (Windows NT 10.0; Win64; x64) AppleWebKit/537.36 (KHTML, like Gecko) Chrome/120.0.0.0 Safari/537.36"
140.245.235.77 - - [06/Jul/2026:09:40:19 -0700] "POST /wp-login.php HTTP/1.1" 200 6518 "-" "Mozilla/5.0 (Windows NT 10.0; Win64; rv:143.0) Gecko/20100101 Firefox/143.0"
140.245.235.77 - - [06/Jul/2026:09:40:19 -0700] "POST /wp-login.php HTTP/1.1" 200 6498 "-" "Mozilla/5.0 (Linux; Android 12; SM-G991B) AppleWebKit/537.36 (KHTML, like Gecko) Chrome/129.0.0.0 Mobile Safari/537.36"
35.235.84.95 - - [06/Jul/2026:09:40:20 -0700] "POST /wp-cron.php?doing_wp_cron=1783356020.8909060955047607421875 HTTP/1.1" 200 3587 "-" "WordPress/7.0; https://vanessavaladezrealty.com"
140.245.235.77 - - [06/Jul/2026:09:40:19 -0700] "POST /wp-login.php HTTP/1.1" 200 6522 "-" "Mozilla/5.0 (Linux; Android 12; SM-G991B) AppleWebKit/537.36 (KHTML, like Gecko) Chrome/129.0.0.0 Mobile Safari/537.36"
35.235.84.95 - - [06/Jul/2026:09:44:17 -0700] "POST /wp-cron.php?doing_wp_cron=1783356257.7743411064147949218750 HTTP/1.1" 200 3587 "-" "WordPress/7.0; https://vanessavaladezrealty.com"
177.185.251.58 - - [06/Jul/2026:09:44:16 -0700] "POST /xmlrpc.php HTTP/1.1" 200 4129 "-" "Jetpack by WordPress.com (Jetpack 12.1; WordPress 6.3)"
177.185.251.58 - - [06/Jul/2026:09:44:47 -0700] "POST /xmlrpc.php HTTP/1.1" 200 4129 "-" "WordPress.com; https://wordpress.com"
177.185.251.58 - - [06/Jul/2026:09:44:26 -0700] "POST /xmlrpc.php HTTP/1.1" 200 4129 "-" "WordPress.com; https://wordpress.com"
177.185.251.58 - - [06/Jul/2026:09:44:37 -0700] "POST /xmlrpc.php HTTP/1.1" 200 4129 "-" "Jetpack/12.5; WordPress/6.3; http://site54410152.com"
177.185.251.58 - - [06/Jul/2026:09:44:58 -0700] "POST /xmlrpc.php HTTP/1.1" 200 4129 "-" "Jetpack by WordPress.com (Jetpack 12.1; WordPress 6.1)"
177.185.251.58 - - [06/Jul/2026:09:45:09 -0700] "POST /xmlrpc.php HTTP/1.1" 200 4129 "-" "Jetpack by WordPress.com (Jetpack 12.5; WordPress 6.2)"
35.235.84.95 - - [06/Jul/2026:09:45:20 -0700] "POST /wp-cron.php?doing_wp_cron=1783356320.7267780303955078125000 HTTP/1.1" 200 3587 "-" "WordPress/7.0; https://vanessavaladezrealty.com"
177.185.251.58 - - [06/Jul/2026:09:45:19 -0700] "POST /xmlrpc.php HTTP/1.1" 200 4129 "-" "Jetpack by WordPress.com (Jetpack 12.5; WordPress 6.3)"
177.185.251.58 - - [06/Jul/2026:09:45:30 -0700] "POST /xmlrpc.php HTTP/1.1" 200 4129 "-" "Jetpack by WordPress.com (Jetpack 13.0; WordPress 6.3)"
177.185.251.58 - - [06/Jul/2026:09:45:40 -0700] "POST /xmlrpc.php HTTP/1.1" 200 4129 "-" "Jetpack/12.0; WordPress/6.2; http://site68261889.com"
35.235.84.95 - - [06/Jul/2026:09:45:53 -0700] "POST /wp-cron.php?doing_wp_cron=1783356353.4255690574645996093750 HTTP/1.1" 200 3587 "-" "WordPress/7.0; https://vanessavaladezrealty.com"
177.185.251.58 - - [06/Jul/2026:09:45:51 -0700] "POST /xmlrpc.php HTTP/1.1" 200 4129 "-" "Jetpack by WordPress.com"
177.185.251.58 - - [06/Jul/2026:09:46:02 -0700] "POST /xmlrpc.php HTTP/1.1" 200 4129 "-" "Jetpack by WordPress.com (Jetpack 13.0; WordPress 6.4)"
35.235.84.95 - - [06/Jul/2026:09:46:25 -0700] "POST /wp-cron.php?doing_wp_cron=1783356385.1788220405578613281250 HTTP/1.1" 200 3587 "-" "WordPress/7.0; https://vanessavaladezrealty.com"
177.185.251.58 - - [06/Jul/2026:09:46:12 -0700] "POST /xmlrpc.php HTTP/1.1" 200 4129 "-" "Jetpack by WordPress.com"
177.185.251.58 - - [06/Jul/2026:09:46:23 -0700] "POST /xmlrpc.php HTTP/1.1" 200 4129 "-" "Jetpack by WordPress.com (Jetpack 12.1; WordPress 6.1)"
177.185.251.58 - - [06/Jul/2026:09:46:44 -0700] "POST /xmlrpc.php HTTP/1.1" 200 4129 "-" "WordPress.com; https://wordpress.com"
177.185.251.58 - - [06/Jul/2026:09:46:34 -0700] "POST /xmlrpc.php HTTP/1.1" 200 4129 "-" "Jetpack by WordPress.com"
177.185.251.58 - - [06/Jul/2026:09:46:55 -0700] "POST /xmlrpc.php HTTP/1.1" 200 4129 "-" "Jetpack by WordPress.com (Jetpack 12.1; WordPress 6.2)"
177.185.251.58 - - [06/Jul/2026:09:47:06 -0700] "POST /xmlrpc.php HTTP/1.1" 200 4129 "-" "WordPress.com; https://wordpress.com"
177.185.251.58 - - [06/Jul/2026:09:47:16 -0700] "POST /xmlrpc.php HTTP/1.1" 200 4129 "-" "Jetpack/12.1; WordPress/6.2; http://site92759008.com"
35.235.84.95 - - [06/Jul/2026:09:47:28 -0700] "POST /wp-cron.php?doing_wp_cron=1783356448.9635059833526611328125 HTTP/1.1" 200 3587 "-" "WordPress/7.0; https://vanessavaladezrealty.com"
177.185.251.58 - - [06/Jul/2026:09:47:27 -0700] "POST /xmlrpc.php HTTP/1.1" 200 4129 "-" "WordPress.com; https://wordpress.com"
177.185.251.58 - - [06/Jul/2026:09:47:38 -0700] "POST /xmlrpc.php HTTP/1.1" 200 4129 "-" "Jetpack by WordPress.com (Jetpack 12.1; WordPress 6.1)"
177.185.251.58 - - [06/Jul/2026:09:47:48 -0700] "POST /xmlrpc.php HTTP/1.1" 200 4129 "-" "Jetpack by WordPress.com"
197.185.139.153 - - [06/Jul/2026:09:47:49 -0700] "GET /properties/vanessavaladez/tel:7027760711/tel:7027760711/tel:7027760711/?wplpage=3 HTTP/1.1" 200 32783 "-" "Mozilla/5.0 (Windows NT 10.0; Win64; x64) AppleWebKit/537.36 (KHTML, like Gecko) Chrome/84.0.4147.135 Safari/537.36"
35.235.84.95 - - [06/Jul/2026:09:47:52 -0700] "POST /wp-cron.php?doing_wp_cron=1783356472.0082819461822509765625 HTTP/1.1" 200 3587 "-" "WordPress/7.0; https://vanessavaladezrealty.com"
177.185.251.58 - - [06/Jul/2026:09:47:59 -0700] "POST /xmlrpc.php HTTP/1.1" 200 4129 "-" "Jetpack/12.0; WordPress/6.4; http://site23827554.com"
177.185.251.58 - - [06/Jul/2026:09:48:09 -0700] "POST /xmlrpc.php HTTP/1.1" 200 4129 "-" "Jetpack/13.0; WordPress/6.3; http://site89476246.com"
177.185.251.58 - - [06/Jul/2026:09:48:20 -0700] "POST /xmlrpc.php HTTP/1.1" 200 4129 "-" "Jetpack/12.1; WordPress/6.1; http://site86924709.com"
177.185.251.58 - - [06/Jul/2026:09:48:31 -0700] "POST /xmlrpc.php HTTP/1.1" 200 4129 "-" "Jetpack/12.5; WordPress/6.1; http://site83175561.com"
177.185.251.58 - - [06/Jul/2026:09:48:41 -0700] "POST /xmlrpc.php HTTP/1.1" 403 4352 "-" "WordPress.com; https://wordpress.com"
35.235.84.95 - - [06/Jul/2026:09:48:53 -0700] "POST /wp-cron.php?doing_wp_cron=1783356533.7306389808654785156250 HTTP/1.1" 200 3587 "-" "WordPress/7.0; https://vanessavaladezrealty.com"
177.185.251.58 - - [06/Jul/2026:09:48:52 -0700] "POST /xmlrpc.php HTTP/1.1" 200 4129 "-" "Jetpack by WordPress.com"
177.185.251.58 - - [06/Jul/2026:09:49:03 -0700] "POST /xmlrpc.php HTTP/1.1" 403 4352 "-" "Jetpack by WordPress.com"
177.185.251.58 - - [06/Jul/2026:09:49:13 -0700] "POST /xmlrpc.php HTTP/1.1" 200 4129 "-" "Jetpack/12.0; WordPress/6.4; http://site53672280.com"
177.185.251.58 - - [06/Jul/2026:09:49:24 -0700] "POST /xmlrpc.php HTTP/1.1" 200 4129 "-" "Jetpack/12.5; WordPress/6.2; http://site50856846.com"
177.185.251.58 - - [06/Jul/2026:09:49:35 -0700] "POST /xmlrpc.php HTTP/1.1" 403 4352 "-" "WordPress.com; https://wordpress.com"
177.185.251.58 - - [06/Jul/2026:09:49:45 -0700] "POST /xmlrpc.php HTTP/1.1" 200 4129 "-" "Jetpack/12.0; WordPress/6.2; http://site75334951.com"
35.235.84.95 - - [06/Jul/2026:09:49:59 -0700] "POST /wp-cron.php?doing_wp_cron=1783356599.2512888908386230468750 HTTP/1.1" 200 3587 "-" "WordPress/7.0; https://vanessavaladezrealty.com"
213.171.208.62 - - [06/Jul/2026:09:49:58 -0700] "GET /wp-login.php HTTP/1.1" 200 6366 "-" "Mozilla/5.0 (X11; Ubuntu; Linux x86_64) AppleWebKit/537.36 (KHTML, like Gecko) Chrome/133.0.0.0 Safari/537.36"
177.185.251.58 - - [06/Jul/2026:09:49:56 -0700] "POST /xmlrpc.php HTTP/1.1" 200 4129 "-" "Jetpack/12.5; WordPress/6.4; http://site25508482.com"
213.171.208.62 - - [06/Jul/2026:09:50:00 -0700] "POST /wp-login.php HTTP/1.1" 200 6452 "https://vanessavaladezrealty.com/wp-login.php" "Mozilla/5.0 (X11; Ubuntu; Linux x86_64) AppleWebKit/537.36 (KHTML, like Gecko) Chrome/133.0.0.0 Safari/537.36"
177.185.251.58 - - [06/Jul/2026:09:50:06 -0700] "POST /xmlrpc.php HTTP/1.1" 200 4129 "-" "Jetpack by WordPress.com (Jetpack 12.0; WordPress 6.2)"
177.185.251.58 - - [06/Jul/2026:09:50:17 -0700] "POST /xmlrpc.php HTTP/1.1" 403 4352 "-" "WordPress.com; https://wordpress.com"
177.185.251.58 - - [06/Jul/2026:09:50:28 -0700] "POST /xmlrpc.php HTTP/1.1" 403 4352 "-" "WordPress.com; https://wordpress.com"
177.185.251.58 - - [06/Jul/2026:09:50:38 -0700] "POST /xmlrpc.php HTTP/1.1" 200 4129 "-" "Jetpack/12.5; WordPress/6.2; http://site59615361.com"
140.245.235.77 - - [06/Jul/2026:09:50:43 -0700] "POST /wp-login.php HTTP/1.1" 200 6518 "-" "Mozilla/5.0 (Windows NT 10.0; Win64; rv:143.0) Gecko/20100101 Firefox/143.0"
140.245.235.77 - - [06/Jul/2026:09:50:43 -0700] "POST /wp-login.php HTTP/1.1" 200 6522 "-" "Mozilla/5.0 (Windows NT 10.0; Win64; rv:143.0) Gecko/20100101 Firefox/143.0"
140.245.235.77 - - [06/Jul/2026:09:50:43 -0700] "POST /wp-login.php HTTP/1.1" 200 6498 "-" "Mozilla/5.0 (iPhone; CPU iPhone OS 17_0 like Mac OS X) AppleWebKit/605.1.15 (KHTML, like Gecko) Version/17.0 Mobile/15E148 Safari/604.1"
35.235.84.95 - - [06/Jul/2026:09:50:51 -0700] "POST /wp-cron.php?doing_wp_cron=1783356651.3150539398193359375000 HTTP/1.1" 200 3587 "-" "WordPress/7.0; https://vanessavaladezrealty.com"
177.185.251.58 - - [06/Jul/2026:09:50:49 -0700] "POST /xmlrpc.php HTTP/1.1" 200 4129 "-" "Jetpack/12.5; WordPress/6.1; http://site24451058.com"
177.185.251.58 - - [06/Jul/2026:09:50:59 -0700] "POST /xmlrpc.php HTTP/1.1" 403 4352 "-" "Jetpack by WordPress.com"
177.185.251.58 - - [06/Jul/2026:09:51:10 -0700] "POST /xmlrpc.php HTTP/1.1" 200 4129 "-" "Jetpack by WordPress.com (Jetpack 12.1; WordPress 6.2)"
177.185.251.58 - - [06/Jul/2026:09:51:21 -0700] "POST /xmlrpc.php HTTP/1.1" 403 4352 "-" "Jetpack by WordPress.com"
177.185.251.58 - - [06/Jul/2026:09:51:31 -0700] "POST /xmlrpc.php HTTP/1.1" 403 4352 "-" "Jetpack by WordPress.com"
177.185.251.58 - - [06/Jul/2026:09:51:42 -0700] "POST /xmlrpc.php HTTP/1.1" 403 4352 "-" "Jetpack by WordPress.com"
177.185.251.58 - - [06/Jul/2026:09:51:53 -0700] "POST /xmlrpc.php HTTP/1.1" 403 4352 "-" "WordPress.com; https://wordpress.com"
35.235.84.95 - - [06/Jul/2026:09:52:04 -0700] "POST /wp-cron.php?doing_wp_cron=1783356724.8633019924163818359375 HTTP/1.1" 200 3587 "-" "WordPress/7.0; https://vanessavaladezrealty.com"
177.185.251.58 - - [06/Jul/2026:09:52:03 -0700] "POST /xmlrpc.php HTTP/1.1" 200 4129 "-" "Jetpack by WordPress.com (Jetpack 12.1; WordPress 6.2)"
177.185.251.58 - - [06/Jul/2026:09:52:14 -0700] "POST /xmlrpc.php HTTP/1.1" 403 4352 "-" "Jetpack by WordPress.com"
177.185.251.58 - - [06/Jul/2026:09:52:24 -0700] "POST /xmlrpc.php HTTP/1.1" 200 4129 "-" "Jetpack by WordPress.com (Jetpack 13.0; WordPress 6.3)"
177.185.251.58 - - [06/Jul/2026:09:52:35 -0700] "POST /xmlrpc.php HTTP/1.1" 403 4352 "-" "WordPress.com; https://wordpress.com"
177.185.251.58 - - [06/Jul/2026:09:52:46 -0700] "POST /xmlrpc.php HTTP/1.1" 403 4352 "-" "WordPress.com; https://wordpress.com"
