20.204.42.226 - - [05/Jul/2026:13:03:54 -0700] "GET /wp-admin/includes/ HTTP/1.1" 403 4352 "-" "Mozilla/5.0 (Windows NT 10.0; Win64; x64) AppleWebKit/537.36 (KHTML, like Gecko) Chrome/120.0.0.0 Safari/537.36"
20.204.42.226 - - [05/Jul/2026:13:03:54 -0700] "GET /wp-admin/index.php HTTP/1.1" 302 3851 "-" "Mozilla/5.0 (Windows NT 10.0; Win64; x64) AppleWebKit/537.36 (KHTML, like Gecko) Chrome/120.0.0.0 Safari/537.36"
20.204.42.226 - - [05/Jul/2026:13:03:56 -0700] "GET /wp-content/plugins/core-plugin/include.php HTTP/1.1" 404 98842 "-" "Mozilla/5.0 (Windows NT 10.0; Win64; x64) AppleWebKit/537.36 (KHTML, like Gecko) Chrome/120.0.0.0 Safari/537.36"
20.204.42.226 - - [05/Jul/2026:13:03:58 -0700] "GET /wp-content/themes/pridmag/b.php HTTP/1.1" 404 98842 "-" "Mozilla/5.0 (Windows NT 10.0; Win64; x64) AppleWebKit/537.36 (KHTML, like Gecko) Chrome/120.0.0.0 Safari/537.36"
20.204.42.226 - - [05/Jul/2026:13:04:00 -0700] "GET /wp-includes/ HTTP/1.1" 403 4352 "-" "Mozilla/5.0 (Windows NT 10.0; Win64; x64) AppleWebKit/537.36 (KHTML, like Gecko) Chrome/120.0.0.0 Safari/537.36"
20.204.42.226 - - [05/Jul/2026:13:04:00 -0700] "GET /wp-trackback.php HTTP/1.1" 404 4207 "-" "Mozilla/5.0 (Windows NT 10.0; Win64; x64) AppleWebKit/537.36 (KHTML, like Gecko) Chrome/120.0.0.0 Safari/537.36"
20.204.42.226 - - [05/Jul/2026:13:04:01 -0700] "GET /ws.php HTTP/1.1" 404 98749 "-" "Mozilla/5.0 (Windows NT 10.0; Win64; x64) AppleWebKit/537.36 (KHTML, like Gecko) Chrome/120.0.0.0 Safari/537.36"
20.204.42.226 - - [05/Jul/2026:13:04:03 -0700] "GET /.bod/.ll/ HTTP/1.1" 404 98749 "-" "Mozilla/5.0 (Windows NT 10.0; Win64; x64) AppleWebKit/537.36 (KHTML, like Gecko) Chrome/120.0.0.0 Safari/537.36"
20.204.42.226 - - [05/Jul/2026:13:04:06 -0700] "GET /0.php HTTP/1.1" 404 98749 "-" "Mozilla/5.0 (Windows NT 10.0; Win64; x64) AppleWebKit/537.36 (KHTML, like Gecko) Chrome/120.0.0.0 Safari/537.36"
20.204.42.226 - - [05/Jul/2026:13:04:08 -0700] "GET /1index.php HTTP/1.1" 404 98727 "-" "Mozilla/5.0 (Windows NT 10.0; Win64; x64) AppleWebKit/537.36 (KHTML, like Gecko) Chrome/120.0.0.0 Safari/537.36"
20.204.42.226 - - [05/Jul/2026:13:04:10 -0700] "GET /autoload_classmap/function.php HTTP/1.1" 404 98727 "-" "Mozilla/5.0 (Windows NT 10.0; Win64; x64) AppleWebKit/537.36 (KHTML, like Gecko) Chrome/120.0.0.0 Safari/537.36"
20.204.42.226 - - [05/Jul/2026:13:04:12 -0700] "GET /dvve.php HTTP/1.1" 404 98749 "-" "Mozilla/5.0 (Windows NT 10.0; Win64; x64) AppleWebKit/537.36 (KHTML, like Gecko) Chrome/120.0.0.0 Safari/537.36"
20.204.42.226 - - [05/Jul/2026:13:04:14 -0700] "GET /wp-includes/PHPMailer/ HTTP/1.1" 403 4352 "-" "Mozilla/5.0 (Windows NT 10.0; Win64; x64) AppleWebKit/537.36 (KHTML, like Gecko) Chrome/120.0.0.0 Safari/537.36"
20.204.42.226 - - [05/Jul/2026:13:04:14 -0700] "GET /ws77.php HTTP/1.1" 404 98749 "-" "Mozilla/5.0 (Windows NT 10.0; Win64; x64) AppleWebKit/537.36 (KHTML, like Gecko) Chrome/120.0.0.0 Safari/537.36"
20.204.42.226 - - [05/Jul/2026:13:04:16 -0700] "GET /.well-known/acme-challenge/index.php HTTP/1.1" 301 4159 "-" "Mozilla/5.0 (Windows NT 10.0; Win64; x64) AppleWebKit/537.36 (KHTML, like Gecko) Chrome/120.0.0.0 Safari/537.36"
20.204.42.226 - - [05/Jul/2026:13:04:17 -0700] "GET /admin/function.php HTTP/1.1" 404 98749 "-" "Mozilla/5.0 (Windows NT 10.0; Win64; x64) AppleWebKit/537.36 (KHTML, like Gecko) Chrome/120.0.0.0 Safari/537.36"
20.204.42.226 - - [05/Jul/2026:13:04:19 -0700] "GET /wp-admin/css/index.php HTTP/1.1" 301 4145 "-" "Mozilla/5.0 (Windows NT 10.0; Win64; x64) AppleWebKit/537.36 (KHTML, like Gecko) Chrome/120.0.0.0 Safari/537.36"
20.204.42.226 - - [05/Jul/2026:13:04:21 -0700] "GET /wp-includes/css/ HTTP/1.1" 403 4352 "-" "Mozilla/5.0 (Windows NT 10.0; Win64; x64) AppleWebKit/537.36 (KHTML, like Gecko) Chrome/120.0.0.0 Safari/537.36"
20.204.42.226 - - [05/Jul/2026:13:04:21 -0700] "GET /xx.php HTTP/1.1" 404 98749 "-" "Mozilla/5.0 (Windows NT 10.0; Win64; x64) AppleWebKit/537.36 (KHTML, like Gecko) Chrome/120.0.0.0 Safari/537.36"
20.204.42.226 - - [05/Jul/2026:13:04:23 -0700] "GET /wp-content/about.php HTTP/1.1" 404 98727 "-" "Mozilla/5.0 (Windows NT 10.0; Win64; x64) AppleWebKit/537.36 (KHTML, like Gecko) Chrome/120.0.0.0 Safari/537.36"
20.204.42.226 - - [05/Jul/2026:13:04:25 -0700] "GET /wp-includes/assets/index.php HTTP/1.1" 301 4151 "-" "Mozilla/5.0 (Windows NT 10.0; Win64; x64) AppleWebKit/537.36 (KHTML, like Gecko) Chrome/120.0.0.0 Safari/537.36"
20.204.42.226 - - [05/Jul/2026:13:04:27 -0700] "GET /wp-the.php HTTP/1.1" 404 98749 "-" "Mozilla/5.0 (Windows NT 10.0; Win64; x64) AppleWebKit/537.36 (KHTML, like Gecko) Chrome/120.0.0.0 Safari/537.36"
20.204.42.226 - - [05/Jul/2026:13:04:29 -0700] "GET /ws81.php HTTP/1.1" 404 98727 "-" "Mozilla/5.0 (Windows NT 10.0; Win64; x64) AppleWebKit/537.36 (KHTML, like Gecko) Chrome/120.0.0.0 Safari/537.36"
20.204.42.226 - - [05/Jul/2026:13:04:31 -0700] "GET /3.php HTTP/1.1" 404 98727 "-" "Mozilla/5.0 (Windows NT 10.0; Win64; x64) AppleWebKit/537.36 (KHTML, like Gecko) Chrome/120.0.0.0 Safari/537.36"
20.204.42.226 - - [05/Jul/2026:13:04:33 -0700] "GET /a1.php HTTP/1.1" 404 98749 "-" "Mozilla/5.0 (Windows NT 10.0; Win64; x64) AppleWebKit/537.36 (KHTML, like Gecko) Chrome/120.0.0.0 Safari/537.36"
20.204.42.226 - - [05/Jul/2026:13:04:35 -0700] "GET /ca5.php HTTP/1.1" 404 98727 "-" "Mozilla/5.0 (Windows NT 10.0; Win64; x64) AppleWebKit/537.36 (KHTML, like Gecko) Chrome/120.0.0.0 Safari/537.36"
20.204.42.226 - - [05/Jul/2026:13:04:40 -0700] "GET /radio.php HTTP/1.1" 404 98749 "-" "Mozilla/5.0 (Windows NT 10.0; Win64; x64) AppleWebKit/537.36 (KHTML, like Gecko) Chrome/120.0.0.0 Safari/537.36"
20.204.42.226 - - [05/Jul/2026:13:04:42 -0700] "GET /wp-admin/css/colors/modern/ HTTP/1.1" 403 4352 "-" "Mozilla/5.0 (Windows NT 10.0; Win64; x64) AppleWebKit/537.36 (KHTML, like Gecko) Chrome/120.0.0.0 Safari/537.36"
20.204.42.226 - - [05/Jul/2026:13:04:42 -0700] "GET /wp-signin.php HTTP/1.1" 404 98727 "-" "Mozilla/5.0 (Windows NT 10.0; Win64; x64) AppleWebKit/537.36 (KHTML, like Gecko) Chrome/120.0.0.0 Safari/537.36"
20.204.42.226 - - [05/Jul/2026:13:04:45 -0700] "GET /Ov-Simple1.php HTTP/1.1" 404 98727 "-" "Mozilla/5.0 (Windows NT 10.0; Win64; x64) AppleWebKit/537.36 (KHTML, like Gecko) Chrome/120.0.0.0 Safari/537.36"
35.235.84.95 - - [05/Jul/2026:13:04:50 -0700] "POST /wp-cron.php?doing_wp_cron=1783281890.5222940444946289062500 HTTP/1.1" 200 3587 "-" "WordPress/7.0; https://vanessavaladezrealty.com"
20.204.42.226 - - [05/Jul/2026:13:04:48 -0700] "GET /fm.php HTTP/1.1" 404 98727 "-" "Mozilla/5.0 (Windows NT 10.0; Win64; x64) AppleWebKit/537.36 (KHTML, like Gecko) Chrome/120.0.0.0 Safari/537.36"
20.204.42.226 - - [05/Jul/2026:13:04:37 -0700] "GET /install.php HTTP/1.1" 404 98727 "-" "Mozilla/5.0 (Windows NT 10.0; Win64; x64) AppleWebKit/537.36 (KHTML, like Gecko) Chrome/120.0.0.0 Safari/537.36"
20.204.42.226 - - [05/Jul/2026:13:04:51 -0700] "GET /ftde.php HTTP/1.1" 404 98749 "-" "Mozilla/5.0 (Windows NT 10.0; Win64; x64) AppleWebKit/537.36 (KHTML, like Gecko) Chrome/120.0.0.0 Safari/537.36"
20.204.42.226 - - [05/Jul/2026:13:04:53 -0700] "GET /hplfuns.php HTTP/1.1" 404 98749 "-" "Mozilla/5.0 (Windows NT 10.0; Win64; x64) AppleWebKit/537.36 (KHTML, like Gecko) Chrome/120.0.0.0 Safari/537.36"
20.204.42.226 - - [05/Jul/2026:13:04:55 -0700] "GET /log.php HTTP/1.1" 404 98749 "-" "Mozilla/5.0 (Windows NT 10.0; Win64; x64) AppleWebKit/537.36 (KHTML, like Gecko) Chrome/120.0.0.0 Safari/537.36"
20.204.42.226 - - [05/Jul/2026:13:04:56 -0700] "GET /test.php HTTP/1.1" 404 98749 "-" "Mozilla/5.0 (Windows NT 10.0; Win64; x64) AppleWebKit/537.36 (KHTML, like Gecko) Chrome/120.0.0.0 Safari/537.36"
20.204.42.226 - - [05/Jul/2026:13:04:58 -0700] "GET /txets.php HTTP/1.1" 404 98749 "-" "Mozilla/5.0 (Windows NT 10.0; Win64; x64) AppleWebKit/537.36 (KHTML, like Gecko) Chrome/120.0.0.0 Safari/537.36"
20.204.42.226 - - [05/Jul/2026:13:05:00 -0700] "GET /wp-admin.php HTTP/1.1" 404 98749 "-" "Mozilla/5.0 (Windows NT 10.0; Win64; x64) AppleWebKit/537.36 (KHTML, like Gecko) Chrome/120.0.0.0 Safari/537.36"
20.204.42.226 - - [05/Jul/2026:13:05:02 -0700] "GET /wp-admin/images/ HTTP/1.1" 403 4352 "-" "Mozilla/5.0 (Windows NT 10.0; Win64; x64) AppleWebKit/537.36 (KHTML, like Gecko) Chrome/120.0.0.0 Safari/537.36"
20.204.42.226 - - [05/Jul/2026:13:05:02 -0700] "GET /wp-admin/network/ HTTP/1.1" 302 3852 "-" "Mozilla/5.0 (Windows NT 10.0; Win64; x64) AppleWebKit/537.36 (KHTML, like Gecko) Chrome/120.0.0.0 Safari/537.36"
20.204.42.226 - - [05/Jul/2026:13:05:04 -0700] "GET /wp-content/packed.php HTTP/1.1" 404 98749 "-" "Mozilla/5.0 (Windows NT 10.0; Win64; x64) AppleWebKit/537.36 (KHTML, like Gecko) Chrome/120.0.0.0 Safari/537.36"
20.204.42.226 - - [05/Jul/2026:13:05:05 -0700] "GET /wp-includes/IXR/ HTTP/1.1" 403 4352 "-" "Mozilla/5.0 (Windows NT 10.0; Win64; x64) AppleWebKit/537.36 (KHTML, like Gecko) Chrome/120.0.0.0 Safari/537.36"
35.235.84.95 - - [05/Jul/2026:13:05:56 -0700] "POST /wp-cron.php?doing_wp_cron=1783281956.3327751159667968750000 HTTP/1.1" 200 3587 "-" "WordPress/7.0; https://vanessavaladezrealty.com"
37.235.39.197 - - [05/Jul/2026:13:05:55 -0700] "GET /wp-login.php HTTP/1.1" 200 6366 "-" "Mozilla/5.0 (Windows NT 10.0; Win64; x64) AppleWebKit/537.36 (KHTML, like Gecko) Chrome/120.0.0.0 Safari/537.36"
37.235.39.197 - - [05/Jul/2026:13:05:56 -0700] "POST /wp-login.php HTTP/1.1" 200 6467 "https://vanessavaladezrealty.com/wp-login.php" "Mozilla/5.0 (Windows NT 10.0; Win64; x64) AppleWebKit/537.36 (KHTML, like Gecko) Chrome/120.0.0.0 Safari/537.36"
35.235.84.95 - - [05/Jul/2026:13:10:18 -0700] "POST /wp-cron.php?doing_wp_cron=1783282218.4202229976654052734375 HTTP/1.1" 200 3587 "-" "WordPress/7.0; https://vanessavaladezrealty.com"
72.167.132.114 - - [05/Jul/2026:13:10:17 -0700] "GET /wp-login.php HTTP/1.1" 200 6366 "-" "Mozilla/5.0 (X11; Ubuntu; Linux x86_64) AppleWebKit/537.36 (KHTML, like Gecko) Chrome/133.0.0.0 Safari/537.36"
72.167.132.114 - - [05/Jul/2026:13:10:18 -0700] "POST /wp-login.php HTTP/1.1" 200 6467 "https://vanessavaladezrealty.com/wp-login.php" "Mozilla/5.0 (X11; Ubuntu; Linux x86_64) AppleWebKit/537.36 (KHTML, like Gecko) Chrome/133.0.0.0 Safari/537.36"
35.235.84.95 - - [05/Jul/2026:13:20:08 -0700] "POST /wp-cron.php?doing_wp_cron=1783282808.4110980033874511718750 HTTP/1.1" 200 3587 "-" "WordPress/7.0; https://vanessavaladezrealty.com"
35.235.84.95 - - [05/Jul/2026:13:20:09 -0700] "POST /wp-cron.php?doing_wp_cron=1783282809.0227489471435546875000 HTTP/1.1" 200 3587 "-" "WordPress/7.0; https://vanessavaladezrealty.com"
181.126.50.90 - - [05/Jul/2026:13:20:07 -0700] "GET /properties/97-Residential-5249-Auborn-Avenue-6-Rooms-5-Bedrooms-5-Bathrooms-USD638-000/ HTTP/1.1" 200 36966 "-" "Mozilla/5.0 (Windows NT 10.0; Win64; x64) AppleWebKit/537.36 (KHTML, like Gecko) Chrome/90.0.4430.41 Safari/537.36"
38.166.89.199 - - [05/Jul/2026:13:20:20 -0700] "GET /properties/111-Residential-5618-Vision-Quest-Court-6-Rooms-3-Bedrooms-3-Bathrooms-USD410-000/ HTTP/1.1" 200 36670 "-" "Mozilla/5.0 (Macintosh; Intel Mac OS X 10_10_5) AppleWebKit/537.36 (KHTML, like Gecko) Chrome/87.0.4280.88 Safari/537.36"
35.235.84.95 - - [05/Jul/2026:13:22:56 -0700] "POST /wp-cron.php?doing_wp_cron=1783282976.0091979503631591796875 HTTP/1.1" 200 3587 "-" "WordPress/7.0; https://vanessavaladezrealty.com"
139.59.184.99 - - [05/Jul/2026:13:22:54 -0700] "GET /wp-login.php HTTP/1.1" 200 6366 "-" "Mozilla/5.0 (X11; CrOS x86_64 14541.0.0) AppleWebKit/537.36 (KHTML, like Gecko) Chrome/133.0.0.0 Safari/537.36"
139.59.184.99 - - [05/Jul/2026:13:22:56 -0700] "POST /wp-login.php HTTP/1.1" 200 6452 "https://vanessavaladezrealty.com/wp-login.php" "Mozilla/5.0 (X11; CrOS x86_64 14541.0.0) AppleWebKit/537.36 (KHTML, like Gecko) Chrome/133.0.0.0 Safari/537.36"
35.235.84.95 - - [05/Jul/2026:13:24:32 -0700] "POST /wp-cron.php?doing_wp_cron=1783283072.8231918811798095703125 HTTP/1.1" 200 3587 "-" "WordPress/7.0; https://vanessavaladezrealty.com"
222.254.200.212 - - [05/Jul/2026:13:24:30 -0700] "GET /contact/ HTTP/1.1" 200 27980 "-" "Mozilla/5.0 (Macintosh; Intel Mac OS X 10_14_6) AppleWebKit/537.36 (KHTML, like Gecko) Chrome/82.0.4083.0 Safari/537.36"
35.235.84.95 - - [05/Jul/2026:13:28:35 -0700] "POST /wp-cron.php?doing_wp_cron=1783283315.7935900688171386718750 HTTP/1.1" 200 3587 "-" "WordPress/7.0; https://vanessavaladezrealty.com"
182.77.62.24 - - [05/Jul/2026:13:28:34 -0700] "GET /wp-login.php HTTP/1.1" 200 6366 "-" "Mozilla/5.0 (Windows NT 10.0; Win64; x64) AppleWebKit/537.36 (KHTML, like Gecko) Chrome/120.0.0.0 Safari/537.36"
182.77.62.24 - - [05/Jul/2026:13:28:36 -0700] "POST /wp-login.php HTTP/1.1" 200 6467 "https://vanessavaladezrealty.com/wp-login.php" "Mozilla/5.0 (Windows NT 10.0; Win64; x64) AppleWebKit/537.36 (KHTML, like Gecko) Chrome/120.0.0.0 Safari/537.36"
35.235.84.95 - - [05/Jul/2026:13:31:13 -0700] "POST /wp-cron.php?doing_wp_cron=1783283473.2466540336608886718750 HTTP/1.1" 200 3587 "-" "WordPress/7.0; https://vanessavaladezrealty.com"
189.219.113.107 - - [05/Jul/2026:13:31:11 -0700] "GET /contact/tel:7027760711 HTTP/1.1" 404 98749 "-" "Mozilla/5.0 (Windows NT 6.4; WOW64) AppleWebKit/537.36 (KHTML, like Gecko) Chrome/41.0.2225.0 Safari/537.36"
35.235.84.95 - - [05/Jul/2026:13:32:16 -0700] "POST /wp-cron.php?doing_wp_cron=1783283536.2633450031280517578125 HTTP/1.1" 200 3587 "-" "WordPress/7.0; https://vanessavaladezrealty.com"
103.28.36.122 - - [05/Jul/2026:13:32:14 -0700] "GET /wp-login.php HTTP/1.1" 200 6366 "-" "Mozilla/5.0 (Macintosh; Intel Mac OS X 10_15_7) AppleWebKit/537.36 (KHTML, like Gecko) Chrome/133.0.0.0 Safari/537.36"
103.28.36.122 - - [05/Jul/2026:13:32:16 -0700] "POST /wp-login.php HTTP/1.1" 200 6467 "https://vanessavaladezrealty.com/wp-login.php" "Mozilla/5.0 (Macintosh; Intel Mac OS X 10_15_7) AppleWebKit/537.36 (KHTML, like Gecko) Chrome/133.0.0.0 Safari/537.36"
35.235.84.95 - - [05/Jul/2026:13:33:59 -0700] "POST /wp-cron.php?doing_wp_cron=1783283639.1783499717712402343750 HTTP/1.1" 200 3587 "-" "WordPress/7.0; https://vanessavaladezrealty.com"
182.77.62.24 - - [05/Jul/2026:13:33:57 -0700] "GET /wp-login.php HTTP/1.1" 200 6366 "-" "Mozilla/5.0 (X11; Linux x86_64; rv:133.0) Gecko/20100101 Firefox/133.0"
182.77.62.24 - - [05/Jul/2026:13:33:59 -0700] "POST /wp-login.php HTTP/1.1" 200 6452 "https://vanessavaladezrealty.com/wp-login.php" "Mozilla/5.0 (X11; Linux x86_64; rv:133.0) Gecko/20100101 Firefox/133.0"
18.219.17.46 - - [05/Jul/2026:13:35:07 -0700] "GET / HTTP/1.1" 200 361365 "-" "Mozilla/5.0 (Windows NT 10.0; Win64; x64) AppleWebKit/537.36 (KHTML, like Gecko) Chrome/80.0.3987.149 Safari/537.36"
18.219.17.46 - - [05/Jul/2026:13:35:10 -0700] "GET //wp-includes/wlwmanifest.xml HTTP/1.1" 301 4101 "-" "Mozilla/5.0 (Windows NT 10.0; Win64; x64) AppleWebKit/537.36 (KHTML, like Gecko) Chrome/80.0.3987.149 Safari/537.36"
18.219.17.46 - - [05/Jul/2026:13:35:11 -0700] "GET //xmlrpc.php?rsd HTTP/1.1" 200 4563 "-" "Mozilla/5.0 (Windows NT 10.0; Win64; x64) AppleWebKit/537.36 (KHTML, like Gecko) Chrome/80.0.3987.149 Safari/537.36"
18.219.17.46 - - [05/Jul/2026:13:35:13 -0700] "GET //?author=1 HTTP/1.1" 301 4076 "-" "Mozilla/5.0 (Windows NT 10.0; Win64; x64) AppleWebKit/537.36 (KHTML, like Gecko) Chrome/80.0.3987.149 Safari/537.36"
18.219.17.46 - - [05/Jul/2026:13:35:14 -0700] "GET //?author=2 HTTP/1.1" 301 4063 "-" "Mozilla/5.0 (Windows NT 10.0; Win64; x64) AppleWebKit/537.36 (KHTML, like Gecko) Chrome/80.0.3987.149 Safari/537.36"
18.219.17.46 - - [05/Jul/2026:13:35:15 -0700] "GET //wp-json/wp/v2/users/ HTTP/1.1" 403 4352 "-" "Mozilla/5.0 (Windows NT 10.0; Win64; x64) AppleWebKit/537.36 (KHTML, like Gecko) Chrome/80.0.3987.149 Safari/537.36"
18.219.17.46 - - [05/Jul/2026:13:35:15 -0700] "POST //xmlrpc.php HTTP/1.1" 200 4129 "-" "Mozilla/5.0 (Windows NT 10.0; Win64; x64) AppleWebKit/537.36 (KHTML, like Gecko) Chrome/80.0.3987.149 Safari/537.36"
18.219.17.46 - - [05/Jul/2026:13:35:16 -0700] "POST //xmlrpc.php HTTP/1.1" 200 4127 "-" "Mozilla/5.0 (Windows NT 10.0; Win64; x64) AppleWebKit/537.36 (KHTML, like Gecko) Chrome/80.0.3987.149 Safari/537.36"
18.219.17.46 - - [05/Jul/2026:13:35:18 -0700] "POST //xmlrpc.php HTTP/1.1" 200 4129 "-" "Mozilla/5.0 (Windows NT 10.0; Win64; x64) AppleWebKit/537.36 (KHTML, like Gecko) Chrome/80.0.3987.149 Safari/537.36"
18.219.17.46 - - [05/Jul/2026:13:35:19 -0700] "POST //xmlrpc.php HTTP/1.1" 200 4127 "-" "Mozilla/5.0 (Windows NT 10.0; Win64; x64) AppleWebKit/537.36 (KHTML, like Gecko) Chrome/80.0.3987.149 Safari/537.36"
18.219.17.46 - - [05/Jul/2026:13:35:20 -0700] "POST //xmlrpc.php HTTP/1.1" 200 4127 "-" "Mozilla/5.0 (Windows NT 10.0; Win64; x64) AppleWebKit/537.36 (KHTML, like Gecko) Chrome/80.0.3987.149 Safari/537.36"
18.219.17.46 - - [05/Jul/2026:13:35:21 -0700] "POST //xmlrpc.php HTTP/1.1" 403 4352 "-" "Mozilla/5.0 (Windows NT 10.0; Win64; x64) AppleWebKit/537.36 (KHTML, like Gecko) Chrome/80.0.3987.149 Safari/537.36"
45.7.215.154 - - [05/Jul/2026:13:37:24 -0700] "GET /properties/vanessavaladez/tel:7027760711/tel:7027760711/tel:7027760711/tel:7027760711/?wplpage=5 HTTP/1.1" 200 30436 "-" "Mozilla/5.0 (Macintosh; Intel Mac OS X 10_10_3) AppleWebKit/537.36 (KHTML, like Gecko) Chrome/65.0.3325.44 Safari/537.36"
35.235.84.95 - - [05/Jul/2026:13:37:26 -0700] "POST /wp-cron.php?doing_wp_cron=1783283846.8407170772552490234375 HTTP/1.1" 200 3587 "-" "WordPress/7.0; https://vanessavaladezrealty.com"
35.235.84.95 - - [05/Jul/2026:13:39:47 -0700] "POST /wp-cron.php?doing_wp_cron=1783283987.3841800689697265625000 HTTP/1.1" 200 3587 "-" "WordPress/7.0; https://vanessavaladezrealty.com"
200.36.203.174 - - [05/Jul/2026:13:39:45 -0700] "GET /properties/106-Residential-2768-Wild-Cactus-Court-8-Rooms-3-Bedrooms-3-Bathrooms-USD330-000/ HTTP/1.1" 200 37498 "-" "Mozilla/5.0 (Macintosh; Intel Mac OS X 10_13_6) AppleWebKit/537.36 (KHTML, like Gecko) Chrome/72.0.3626.121 Safari/537.36"
47.86.33.52 - - [05/Jul/2026:13:42:03 -0700] "GET /wp-json/wp/v2/users/me HTTP/1.1" 403 4352 "-" "Mozilla/5.0 (Windows NT 10.0; Win64; x64) AppleWebKit/537.36 (KHTML, like Gecko) Chrome/133.0.0.0 Safari/537.36 Edg/133.0.0.0"
8.234.59.29 - - [05/Jul/2026:13:42:46 -0700] "HEAD / HTTP/1.1" 200 4253 "http://vanessavaladezrealty.com/" "Mozilla/5.0 (Linux; Android 13; Nokia G42 5G) AppleWebKit/537.36 (KHTML, like Gecko) Chrome/126.0.6478.41 Mobile Safari/537.36"
35.235.84.95 - - [05/Jul/2026:13:44:07 -0700] "POST /wp-cron.php?doing_wp_cron=1783284247.3381369113922119140625 HTTP/1.1" 200 3587 "-" "WordPress/7.0; https://vanessavaladezrealty.com"
103.255.134.61 - - [05/Jul/2026:13:44:06 -0700] "GET /wp-login.php HTTP/1.1" 200 6366 "-" "Mozilla/5.0 (Windows NT 10.0; Win64; x64; rv:133.0) Gecko/20100101 Firefox/133.0"
103.255.134.61 - - [05/Jul/2026:13:44:07 -0700] "POST /wp-login.php HTTP/1.1" 200 6452 "https://vanessavaladezrealty.com/wp-login.php" "Mozilla/5.0 (Windows NT 10.0; Win64; x64; rv:133.0) Gecko/20100101 Firefox/133.0"
35.235.84.95 - - [05/Jul/2026:13:53:12 -0700] "POST /wp-cron.php?doing_wp_cron=1783284792.5906291007995605468750 HTTP/1.1" 200 3587 "-" "WordPress/7.0; https://vanessavaladezrealty.com"
152.53.111.131 - - [05/Jul/2026:13:53:11 -0700] "GET /wp-login.php HTTP/1.1" 200 6366 "-" "Mozilla/5.0 (Macintosh; Intel Mac OS X 14_7_4) AppleWebKit/537.36 (KHTML, like Gecko) Chrome/133.0.0.0 Safari/537.36"
152.53.111.131 - - [05/Jul/2026:13:53:13 -0700] "POST /wp-login.php HTTP/1.1" 200 6467 "https://vanessavaladezrealty.com/wp-login.php" "Mozilla/5.0 (Macintosh; Intel Mac OS X 14_7_4) AppleWebKit/537.36 (KHTML, like Gecko) Chrome/133.0.0.0 Safari/537.36"
35.235.84.95 - - [05/Jul/2026:13:56:44 -0700] "POST /wp-cron.php?doing_wp_cron=1783285004.7132120132446289062500 HTTP/1.1" 200 3587 "-" "WordPress/7.0; https://vanessavaladezrealty.com"
162.43.94.71 - - [05/Jul/2026:13:56:43 -0700] "GET /wp-login.php HTTP/1.1" 200 6366 "-" "Mozilla/5.0 (Macintosh; Intel Mac OS X 10_15_7) AppleWebKit/537.36 (KHTML, like Gecko) Chrome/133.0.0.0 Safari/537.36"
162.43.94.71 - - [05/Jul/2026:13:56:45 -0700] "POST /wp-login.php HTTP/1.1" 200 6452 "https://vanessavaladezrealty.com/wp-login.php" "Mozilla/5.0 (Macintosh; Intel Mac OS X 10_15_7) AppleWebKit/537.36 (KHTML, like Gecko) Chrome/133.0.0.0 Safari/537.36"
35.235.84.95 - - [05/Jul/2026:14:00:42 -0700] "HEAD / HTTP/1.1" 200 4253 "-" "Mozilla/5.0 (Windows NT 10.0; Win64; x64) AppleWebKit/537.36 (KHTML, like Gecko) Chrome/117.0.0.0 Safari/537.36"
35.235.84.95 - - [05/Jul/2026:14:04:09 -0700] "POST /wp-cron.php?doing_wp_cron=1783285449.6238920688629150390625 HTTP/1.1" 200 3587 "-" "WordPress/7.0; https://vanessavaladezrealty.com"
198.46.211.159 - - [05/Jul/2026:14:04:07 -0700] "GET /wp-login.php HTTP/1.1" 200 6366 "-" "Mozilla/5.0 (Windows NT 10.0) AppleWebKit/537.36 (KHTML, like Gecko) Chrome/133.0.0.0 Safari/537.36"
198.46.211.159 - - [05/Jul/2026:14:04:09 -0700] "POST /wp-login.php HTTP/1.1" 200 6467 "https://vanessavaladezrealty.com/wp-login.php" "Mozilla/5.0 (Windows NT 10.0) AppleWebKit/537.36 (KHTML, like Gecko) Chrome/133.0.0.0 Safari/537.36"
35.235.84.95 - - [05/Jul/2026:14:05:54 -0700] "POST /wp-cron.php?doing_wp_cron=1783285554.7568640708923339843750 HTTP/1.1" 200 3587 "-" "WordPress/7.0; https://vanessavaladezrealty.com"
103.245.133.39 - - [05/Jul/2026:14:05:53 -0700] "GET /properties/115-Residential-4913-Blanton-Drive-4-Rooms-3-Bedrooms-2-Bathrooms-USD329-900/tel:7027760711 HTTP/1.1" 301 4215 "-" "Mozilla/5.0 (Windows NT 10.0; Win64; x64) AppleWebKit/537.36 (KHTML, like Gecko) Chrome/80.0.3987.132 Safari/537.36"
103.245.133.39 - - [05/Jul/2026:14:05:55 -0700] "GET /properties/115-Residential-4913-Blanton-Drive-4-Rooms-3-Bedrooms-2-Bathrooms-USD329-900/tel:7027760711/ HTTP/1.1" 301 4364 "-" "Mozilla/5.0 (Windows NT 10.0; Win64; x64) AppleWebKit/537.36 (KHTML, like Gecko) Chrome/80.0.3987.132 Safari/537.36"
103.245.133.39 - - [05/Jul/2026:14:05:57 -0700] "GET /properties/115-Residential-4913-Blanton-Drive-4-Rooms-3-Bedrooms-2-Bathrooms-USD329-900 HTTP/1.1" 301 4142 "-" "Mozilla/5.0 (Windows NT 10.0; Win64; x64) AppleWebKit/537.36 (KHTML, like Gecko) Chrome/80.0.3987.132 Safari/537.36"
103.245.133.39 - - [05/Jul/2026:14:05:59 -0700] "GET /properties/115-Residential-4913-Blanton-Drive-4-Rooms-3-Bedrooms-2-Bathrooms-USD329-900/ HTTP/1.1" 200 36069 "-" "Mozilla/5.0 (Windows NT 10.0; Win64; x64) AppleWebKit/537.36 (KHTML, like Gecko) Chrome/80.0.3987.132 Safari/537.36"
35.235.84.95 - - [05/Jul/2026:14:10:54 -0700] "POST /wp-cron.php?doing_wp_cron=1783285854.4823870658874511718750 HTTP/1.1" 200 3587 "-" "WordPress/7.0; https://vanessavaladezrealty.com"
161.97.129.228 - - [05/Jul/2026:14:10:53 -0700] "GET /wp-login.php HTTP/1.1" 200 6366 "-" "Mozilla/5.0 (X11; Ubuntu; Linux x86_64; rv:133.0) Gecko/20100101 Firefox/133.0"
161.97.129.228 - - [05/Jul/2026:14:10:54 -0700] "POST /wp-login.php HTTP/1.1" 200 6452 "https://vanessavaladezrealty.com/wp-login.php" "Mozilla/5.0 (X11; Ubuntu; Linux x86_64; rv:133.0) Gecko/20100101 Firefox/133.0"
74.7.230.63 - - [05/Jul/2026:14:11:16 -0700] "GET /robots.txt HTTP/1.1" 200 4273 "-" "Mozilla/5.0 (Macintosh; Intel Mac OS X 10_15_7) AppleWebKit/537.36 (KHTML, like Gecko) Chrome/131.0.0.0 Safari/537.36; compatible; OAI-SearchBot/1.4; robots.txt; +https://openai.com/searchbot"
74.7.227.33 - - [05/Jul/2026:14:11:18 -0700] "GET /wp-sitemap.xml HTTP/1.1" 200 4315 "-" "Mozilla/5.0 AppleWebKit/537.36 (KHTML, like Gecko; compatible; GPTBot/1.4; +https://openai.com/gptbot)"
35.235.84.95 - - [05/Jul/2026:14:14:03 -0700] "POST /wp-cron.php?doing_wp_cron=1783286043.1425828933715820312500 HTTP/1.1" 200 3587 "-" "WordPress/7.0; https://vanessavaladezrealty.com"
114.119.155.210 - - [05/Jul/2026:14:14:01 -0700] "GET /properties?wplpage=5 HTTP/1.1" 301 4133 "https://vanessavaladezrealty.com/properties?wplpage=1" "Mozilla/5.0 (Linux; Android 7.0;) AppleWebKit/537.36 (HTML, like Gecko) Mobile Safari/537.36 (compatible; PetalBot;+https://webmaster.petalsearch.com/site/petalbot)"
114.119.155.210 - - [05/Jul/2026:14:14:04 -0700] "GET /properties/?wplpage=5 HTTP/1.1" 200 32128 "https://vanessavaladezrealty.com/properties?wplpage=1" "Mozilla/5.0 (Linux; Android 7.0;) AppleWebKit/537.36 (HTML, like Gecko) Mobile Safari/537.36 (compatible; PetalBot;+https://webmaster.petalsearch.com/site/petalbot)"
35.235.84.95 - - [05/Jul/2026:14:16:06 -0700] "POST /wp-cron.php?doing_wp_cron=1783286166.0372929573059082031250 HTTP/1.1" 200 3587 "-" "WordPress/7.0; https://vanessavaladezrealty.com"
213.180.203.127 - - [05/Jul/2026:14:16:04 -0700] "GET /robots.txt HTTP/1.1" 200 4272 "-" "Mozilla/5.0 (compatible; YandexBot/3.0; +http://yandex.com/bots)"
95.108.213.215 - - [05/Jul/2026:14:16:06 -0700] "GET /wp-content/uploads/2021/12/cropped-cropped-Vanessa_Valadez_Logo-removebg-preview-5-32x32.png HTTP/1.1" 200 3620 "-" "Mozilla/5.0 (compatible; YandexFavicons/1.0; +http://yandex.com/bots)"
35.235.84.95 - - [05/Jul/2026:14:17:05 -0700] "POST /wp-cron.php?doing_wp_cron=1783286225.3506259918212890625000 HTTP/1.1" 200 3587 "-" "WordPress/7.0; https://vanessavaladezrealty.com"
41.193.224.186 - - [05/Jul/2026:14:17:03 -0700] "GET /properties/126-Residential-Lease-7524-Hope-Valley-Street-10-Rooms-4-Bedrooms-3-Bathrooms-USD2-200/ HTTP/1.1" 200 36792 "-" "Mozilla/5.0 (Macintosh; Intel Mac OS X 10_12_6) AppleWebKit/537.36 (KHTML, like Gecko) Brave Chrome/87.0.4280.67 Safari/537.36"
58.186.150.51 - - [05/Jul/2026:14:17:05 -0700] "GET /wp-login.php HTTP/1.1" 200 6366 "-" "Mozilla/5.0 (Windows NT 10.0) AppleWebKit/537.36 (KHTML, like Gecko) Chrome/133.0.0.0 Safari/537.36"
58.186.150.51 - - [05/Jul/2026:14:17:07 -0700] "POST /wp-login.php HTTP/1.1" 200 6467 "https://vanessavaladezrealty.com/wp-login.php" "Mozilla/5.0 (Windows NT 10.0) AppleWebKit/537.36 (KHTML, like Gecko) Chrome/133.0.0.0 Safari/537.36"
57.141.18.93 - - [05/Jul/2026:14:17:47 -0700] "GET /wp-sitemap-posts-post-1.xml HTTP/1.1" 200 4387 "-" "meta-externalagent/1.1 (+https://developers.facebook.com/docs/sharing/webmasters/crawler)"
35.235.84.95 - - [05/Jul/2026:14:21:10 -0700] "POST /wp-cron.php?doing_wp_cron=1783286470.1454670429229736328125 HTTP/1.1" 200 3587 "-" "WordPress/7.0; https://vanessavaladezrealty.com"
185.70.185.130 - - [05/Jul/2026:14:21:09 -0700] "GET /wp-login.php HTTP/1.1" 200 6366 "-" "Mozilla/5.0 (X11; Linux i686) AppleWebKit/537.36 (KHTML, like Gecko) Chrome/133.0.0.0 Safari/537.36"
185.70.185.130 - - [05/Jul/2026:14:21:10 -0700] "POST /wp-login.php HTTP/1.1" 200 6452 "https://vanessavaladezrealty.com/wp-login.php" "Mozilla/5.0 (X11; Linux i686) AppleWebKit/537.36 (KHTML, like Gecko) Chrome/133.0.0.0 Safari/537.36"
35.235.84.95 - - [05/Jul/2026:14:23:45 -0700] "POST /wp-cron.php?doing_wp_cron=1783286625.2817978858947753906250 HTTP/1.1" 200 3587 "-" "WordPress/7.0; https://vanessavaladezrealty.com"
113.173.150.227 - - [05/Jul/2026:14:23:44 -0700] "GET /properties/?wplpage=3 HTTP/1.1" 200 32430 "-" "Mozilla/5.0 (Macintosh; Intel Mac OS X 12_7_2) AppleWebKit/537.36 (KHTML, like Gecko) Chrome/130.0.6723.191 Safari/537.36"
35.235.84.95 - - [05/Jul/2026:14:23:46 -0700] "POST /wp-cron.php?doing_wp_cron=1783286626.0569279193878173828125 HTTP/1.1" 200 3587 "-" "WordPress/7.0; https://vanessavaladezrealty.com"
35.235.84.95 - - [05/Jul/2026:14:29:23 -0700] "POST /wp-cron.php?doing_wp_cron=1783286963.3532190322875976562500 HTTP/1.1" 200 3587 "-" "WordPress/7.0; https://vanessavaladezrealty.com"
78.142.18.172 - - [05/Jul/2026:14:29:22 -0700] "GET /wp-login.php HTTP/1.1" 200 6366 "-" "Mozilla/5.0 (X11; Linux x86_64; rv:133.0) Gecko/20100101 Firefox/133.0"
78.142.18.172 - - [05/Jul/2026:14:29:23 -0700] "POST /wp-login.php HTTP/1.1" 200 6467 "https://vanessavaladezrealty.com/wp-login.php" "Mozilla/5.0 (X11; Linux x86_64; rv:133.0) Gecko/20100101 Firefox/133.0"
20.194.6.249 - - [05/Jul/2026:14:31:21 -0700] "GET /wp-content/plugins/fix/up.php HTTP/1.1" 404 98842 "-" "Mozilla/5.0"
35.235.84.95 - - [05/Jul/2026:14:34:48 -0700] "POST /wp-cron.php?doing_wp_cron=1783287288.5047690868377685546875 HTTP/1.1" 200 3587 "-" "WordPress/7.0; https://vanessavaladezrealty.com"
105.127.11.59 - - [05/Jul/2026:14:34:46 -0700] "GET /properties/?pid=100&wplview=property_show HTTP/1.1" 200 35952 "-" "Mozilla/5.0 (Macintosh; Intel Mac OS X 10_13_6) AppleWebKit/537.36 (KHTML, like Gecko) Brave Chrome/83.0.4103.116 Safari/537.36"
35.235.84.95 - - [05/Jul/2026:14:40:27 -0700] "POST /wp-cron.php?doing_wp_cron=1783287627.3452360630035400390625 HTTP/1.1" 200 3587 "-" "WordPress/7.0; https://vanessavaladezrealty.com"
102.220.209.197 - - [05/Jul/2026:14:40:25 -0700] "GET /properties/133-Residential-6603-Brick-House-Avenue-5-Rooms-3-Bedrooms-2-Bathrooms-USD329-500/ HTTP/1.1" 200 37027 "-" "Mozilla/5.0 (Macintosh; Intel Mac OS X 10_15_6) AppleWebKit/537.36 (KHTML, like Gecko) Brave Chrome/84.0.4147.125 Safari/537.36"
51.195.235.22 - - [05/Jul/2026:14:40:31 -0700] "GET /wp-login.php HTTP/1.1" 200 6366 "-" "Mozilla/5.0 (Windows NT 10.0; Win64; x64) AppleWebKit/537.36 (KHTML, like Gecko) Chrome/120.0.0.0 Safari/537.36"
51.195.235.22 - - [05/Jul/2026:14:40:33 -0700] "POST /wp-login.php HTTP/1.1" 200 6452 "https://vanessavaladezrealty.com/wp-login.php" "Mozilla/5.0 (Windows NT 10.0; Win64; x64) AppleWebKit/537.36 (KHTML, like Gecko) Chrome/120.0.0.0 Safari/537.36"
114.119.155.210 - - [05/Jul/2026:14:41:01 -0700] "GET /properties/92-Residential-Las-Vegas-NV-89121-6-Rooms-2-Bedrooms-2-Bathrooms-USD265-000 HTTP/1.1" 301 4199 "https://vanessavaladezrealty.com/properties?wplpage=1" "Mozilla/5.0 (Linux; Android 7.0;) AppleWebKit/537.36 (HTML, like Gecko) Mobile Safari/537.36 (compatible; PetalBot;+https://webmaster.petalsearch.com/site/petalbot)"
114.119.155.210 - - [05/Jul/2026:14:41:03 -0700] "GET /properties/92-Residential-Las-Vegas-NV-89121-6-Rooms-2-Bedrooms-2-Bathrooms-USD265-000/ HTTP/1.1" 200 32127 "https://vanessavaladezrealty.com/properties?wplpage=1" "Mozilla/5.0 (Linux; Android 7.0;) AppleWebKit/537.36 (HTML, like Gecko) Mobile Safari/537.36 (compatible; PetalBot;+https://webmaster.petalsearch.com/site/petalbot)"
152.228.135.83 - - [05/Jul/2026:14:41:26 -0700] "GET /wp-login.php HTTP/1.1" 200 6366 "-" "Mozilla/5.0 (Macintosh; Intel Mac OS X 14_7_4) AppleWebKit/537.36 (KHTML, like Gecko) Chrome/133.0.0.0 Safari/537.36"
152.228.135.83 - - [05/Jul/2026:14:41:28 -0700] "POST /wp-login.php HTTP/1.1" 200 6467 "https://vanessavaladezrealty.com/wp-login.php" "Mozilla/5.0 (Macintosh; Intel Mac OS X 14_7_4) AppleWebKit/537.36 (KHTML, like Gecko) Chrome/133.0.0.0 Safari/537.36"
35.235.84.95 - - [05/Jul/2026:14:41:28 -0700] "POST /wp-cron.php?doing_wp_cron=1783287688.0650489330291748046875 HTTP/1.1" 200 3587 "-" "WordPress/7.0; https://vanessavaladezrealty.com"
35.235.84.95 - - [05/Jul/2026:14:43:24 -0700] "POST /wp-cron.php?doing_wp_cron=1783287804.1186919212341308593750 HTTP/1.1" 200 3587 "-" "WordPress/7.0; https://vanessavaladezrealty.com"
216.73.216.170 - - [05/Jul/2026:14:43:22 -0700] "GET /robots.txt HTTP/1.1" 200 4273 "-" "Mozilla/5.0 AppleWebKit/537.36 (KHTML, like Gecko; compatible; ClaudeBot/1.0; +claudebot@anthropic.com)"
216.73.216.170 - - [05/Jul/2026:14:43:24 -0700] "GET /wp-sitemap.xml HTTP/1.1" 200 4257 "-" "Mozilla/5.0 AppleWebKit/537.36 (KHTML, like Gecko; compatible; ClaudeBot/1.0; +claudebot@anthropic.com)"
20.204.42.226 - - [05/Jul/2026:14:44:18 -0700] "GET /wp-includes/Text/Diff/ HTTP/1.1" 403 4352 "-" "Mozilla/5.0 (Windows NT 10.0; Win64; x64) AppleWebKit/537.36 (KHTML, like Gecko) Chrome/120.0.0.0 Safari/537.36"
35.235.84.95 - - [05/Jul/2026:14:44:20 -0700] "POST /wp-cron.php?doing_wp_cron=1783287860.2806179523468017578125 HTTP/1.1" 200 3587 "-" "WordPress/7.0; https://vanessavaladezrealty.com"
20.204.42.226 - - [05/Jul/2026:14:44:18 -0700] "GET /adminfuns.php/.well-known/acme-challenge/file.php HTTP/1.1" 404 98842 "-" "Mozilla/5.0 (Windows NT 10.0; Win64; x64) AppleWebKit/537.36 (KHTML, like Gecko) Chrome/120.0.0.0 Safari/537.36"
20.204.42.226 - - [05/Jul/2026:14:44:20 -0700] "GET /ahax.php HTTP/1.1" 404 98749 "-" "Mozilla/5.0 (Windows NT 10.0; Win64; x64) AppleWebKit/537.36 (KHTML, like Gecko) Chrome/120.0.0.0 Safari/537.36"
20.204.42.226 - - [05/Jul/2026:14:44:22 -0700] "GET /breads1.php HTTP/1.1" 404 98749 "-" "Mozilla/5.0 (Windows NT 10.0; Win64; x64) AppleWebKit/537.36 (KHTML, like Gecko) Chrome/120.0.0.0 Safari/537.36"
20.204.42.226 - - [05/Jul/2026:14:44:24 -0700] "GET /must.php HTTP/1.1" 404 98749 "-" "Mozilla/5.0 (Windows NT 10.0; Win64; x64) AppleWebKit/537.36 (KHTML, like Gecko) Chrome/120.0.0.0 Safari/537.36"
20.204.42.226 - - [05/Jul/2026:14:44:25 -0700] "GET /up.php HTTP/1.1" 404 98749 "-" "Mozilla/5.0 (Windows NT 10.0; Win64; x64) AppleWebKit/537.36 (KHTML, like Gecko) Chrome/120.0.0.0 Safari/537.36"
20.204.42.226 - - [05/Jul/2026:14:44:27 -0700] "GET /upload.php HTTP/1.1" 404 98749 "-" "Mozilla/5.0 (Windows NT 10.0; Win64; x64) AppleWebKit/537.36 (KHTML, like Gecko) Chrome/120.0.0.0 Safari/537.36"
20.204.42.226 - - [05/Jul/2026:14:44:28 -0700] "GET /wp-admin/css/colors/midnight/ HTTP/1.1" 403 4352 "-" "Mozilla/5.0 (Windows NT 10.0; Win64; x64) AppleWebKit/537.36 (KHTML, like Gecko) Chrome/120.0.0.0 Safari/537.36"
20.204.42.226 - - [05/Jul/2026:14:44:29 -0700] "GET /wp-content/155.php HTTP/1.1" 404 98749 "-" "Mozilla/5.0 (Windows NT 10.0; Win64; x64) AppleWebKit/537.36 (KHTML, like Gecko) Chrome/120.0.0.0 Safari/537.36"
20.204.42.226 - - [05/Jul/2026:14:44:30 -0700] "GET /wp-content/themes/about.php HTTP/1.1" 404 98842 "-" "Mozilla/5.0 (Windows NT 10.0; Win64; x64) AppleWebKit/537.36 (KHTML, like Gecko) Chrome/120.0.0.0 Safari/537.36"
20.204.42.226 - - [05/Jul/2026:14:44:32 -0700] "GET /wp-update.php HTTP/1.1" 404 98749 "-" "Mozilla/5.0 (Windows NT 10.0; Win64; x64) AppleWebKit/537.36 (KHTML, like Gecko) Chrome/120.0.0.0 Safari/537.36"
20.204.42.226 - - [05/Jul/2026:14:44:34 -0700] "GET /xmrlpc.php HTTP/1.1" 404 98749 "-" "Mozilla/5.0 (Windows NT 10.0; Win64; x64) AppleWebKit/537.36 (KHTML, like Gecko) Chrome/120.0.0.0 Safari/537.36"
20.204.42.226 - - [05/Jul/2026:14:44:35 -0700] "GET /about/function.php HTTP/1.1" 404 98749 "-" "Mozilla/5.0 (Windows NT 10.0; Win64; x64) AppleWebKit/537.36 (KHTML, like Gecko) Chrome/120.0.0.0 Safari/537.36"
20.204.42.226 - - [05/Jul/2026:14:44:37 -0700] "GET /an.php HTTP/1.1" 404 98749 "-" "Mozilla/5.0 (Windows NT 10.0; Win64; x64) AppleWebKit/537.36 (KHTML, like Gecko) Chrome/120.0.0.0 Safari/537.36"
20.204.42.226 - - [05/Jul/2026:14:44:39 -0700] "GET /asw.php HTTP/1.1" 404 98749 "-" "Mozilla/5.0 (Windows NT 10.0; Win64; x64) AppleWebKit/537.36 (KHTML, like Gecko) Chrome/120.0.0.0 Safari/537.36"
20.204.42.226 - - [05/Jul/2026:14:44:41 -0700] "GET /item.php HTTP/1.1" 404 98749 "-" "Mozilla/5.0 (Windows NT 10.0; Win64; x64) AppleWebKit/537.36 (KHTML, like Gecko) Chrome/120.0.0.0 Safari/537.36"
20.204.42.226 - - [05/Jul/2026:14:44:42 -0700] "GET /jga.php HTTP/1.1" 404 98749 "-" "Mozilla/5.0 (Windows NT 10.0; Win64; x64) AppleWebKit/537.36 (KHTML, like Gecko) Chrome/120.0.0.0 Safari/537.36"
20.204.42.226 - - [05/Jul/2026:14:44:44 -0700] "GET /mac.php HTTP/1.1" 404 98749 "-" "Mozilla/5.0 (Windows NT 10.0; Win64; x64) AppleWebKit/537.36 (KHTML, like Gecko) Chrome/120.0.0.0 Safari/537.36"
20.204.42.226 - - [05/Jul/2026:14:44:45 -0700] "GET /system.php HTTP/1.1" 404 98749 "-" "Mozilla/5.0 (Windows NT 10.0; Win64; x64) AppleWebKit/537.36 (KHTML, like Gecko) Chrome/120.0.0.0 Safari/537.36"
20.204.42.226 - - [05/Jul/2026:14:44:47 -0700] "GET /wp-access.php HTTP/1.1" 404 98727 "-" "Mozilla/5.0 (Windows NT 10.0; Win64; x64) AppleWebKit/537.36 (KHTML, like Gecko) Chrome/120.0.0.0 Safari/537.36"
35.235.84.95 - - [05/Jul/2026:14:44:51 -0700] "POST /wp-cron.php?doing_wp_cron=1783287891.0990951061248779296875 HTTP/1.1" 200 3587 "-" "WordPress/7.0; https://vanessavaladezrealty.com"
20.204.42.226 - - [05/Jul/2026:14:44:49 -0700] "GET /wp-admin/images/index.php HTTP/1.1" 301 4148 "-" "Mozilla/5.0 (Windows NT 10.0; Win64; x64) AppleWebKit/537.36 (KHTML, like Gecko) Chrome/120.0.0.0 Safari/537.36"
20.204.42.226 - - [05/Jul/2026:14:44:51 -0700] "GET /wp-admin/includes/index.php HTTP/1.1" 301 4150 "-" "Mozilla/5.0 (Windows NT 10.0; Win64; x64) AppleWebKit/537.36 (KHTML, like Gecko) Chrome/120.0.0.0 Safari/537.36"
20.204.42.226 - - [05/Jul/2026:14:44:52 -0700] "GET /wp-load.php HTTP/1.1" 200 3662 "-" "Mozilla/5.0 (Windows NT 10.0; Win64; x64) AppleWebKit/537.36 (KHTML, like Gecko) Chrome/120.0.0.0 Safari/537.36"
20.204.42.226 - - [05/Jul/2026:14:44:54 -0700] "GET /zafir1.php HTTP/1.1" 404 98749 "-" "Mozilla/5.0 (Windows NT 10.0; Win64; x64) AppleWebKit/537.36 (KHTML, like Gecko) Chrome/120.0.0.0 Safari/537.36"
20.204.42.226 - - [05/Jul/2026:14:44:55 -0700] "GET /abc.php HTTP/1.1" 404 98749 "-" "Mozilla/5.0 (Windows NT 10.0; Win64; x64) AppleWebKit/537.36 (KHTML, like Gecko) Chrome/120.0.0.0 Safari/537.36"
20.204.42.226 - - [05/Jul/2026:14:44:57 -0700] "GET /c1.php HTTP/1.1" 404 98749 "-" "Mozilla/5.0 (Windows NT 10.0; Win64; x64) AppleWebKit/537.36 (KHTML, like Gecko) Chrome/120.0.0.0 Safari/537.36"
20.204.42.226 - - [05/Jul/2026:14:44:59 -0700] "GET /index.php/feed/atom/ HTTP/1.1" 301 4221 "-" "Mozilla/5.0 (Windows NT 10.0; Win64; x64) AppleWebKit/537.36 (KHTML, like Gecko) Chrome/120.0.0.0 Safari/537.36"
20.204.42.226 - - [05/Jul/2026:14:45:00 -0700] "GET /root.php HTTP/1.1" 404 98727 "-" "Mozilla/5.0 (Windows NT 10.0; Win64; x64) AppleWebKit/537.36 (KHTML, like Gecko) Chrome/120.0.0.0 Safari/537.36"
20.204.42.226 - - [05/Jul/2026:14:45:02 -0700] "GET /shell.php HTTP/1.1" 404 98749 "-" "Mozilla/5.0 (Windows NT 10.0; Win64; x64) AppleWebKit/537.36 (KHTML, like Gecko) Chrome/120.0.0.0 Safari/537.36"
20.204.42.226 - - [05/Jul/2026:14:45:04 -0700] "GET /wp-admin/user/index.php HTTP/1.1" 302 3858 "-" "Mozilla/5.0 (Windows NT 10.0; Win64; x64) AppleWebKit/537.36 (KHTML, like Gecko) Chrome/120.0.0.0 Safari/537.36"
20.204.42.226 - - [05/Jul/2026:14:45:05 -0700] "GET /wp-block.php HTTP/1.1" 404 98749 "-" "Mozilla/5.0 (Windows NT 10.0; Win64; x64) AppleWebKit/537.36 (KHTML, like Gecko) Chrome/120.0.0.0 Safari/537.36"
20.204.42.226 - - [05/Jul/2026:14:45:07 -0700] "GET /wp-content/plugins/linkpreview/il.php HTTP/1.1" 404 98842 "-" "Mozilla/5.0 (Windows NT 10.0; Win64; x64) AppleWebKit/537.36 (KHTML, like Gecko) Chrome/120.0.0.0 Safari/537.36"
20.204.42.226 - - [05/Jul/2026:14:45:09 -0700] "GET /wp-header-json.php HTTP/1.1" 404 98749 "-" "Mozilla/5.0 (Windows NT 10.0; Win64; x64) AppleWebKit/537.36 (KHTML, like Gecko) Chrome/120.0.0.0 Safari/537.36"
20.204.42.226 - - [05/Jul/2026:14:45:10 -0700] "GET /wp-includes/index.php HTTP/1.1" 301 4144 "-" "Mozilla/5.0 (Windows NT 10.0; Win64; x64) AppleWebKit/537.36 (KHTML, like Gecko) Chrome/120.0.0.0 Safari/537.36"
20.204.42.226 - - [05/Jul/2026:14:45:11 -0700] "GET /zup.php HTTP/1.1" 404 98749 "-" "Mozilla/5.0 (Windows NT 10.0; Win64; x64) AppleWebKit/537.36 (KHTML, like Gecko) Chrome/120.0.0.0 Safari/537.36"
20.204.42.226 - - [05/Jul/2026:14:45:13 -0700] "GET /a9.php HTTP/1.1" 404 98749 "-" "Mozilla/5.0 (Windows NT 10.0; Win64; x64) AppleWebKit/537.36 (KHTML, like Gecko) Chrome/120.0.0.0 Safari/537.36"
20.204.42.226 - - [05/Jul/2026:14:45:15 -0700] "GET /admin/index.php HTTP/1.1" 301 4138 "-" "Mozilla/5.0 (Windows NT 10.0; Win64; x64) AppleWebKit/537.36 (KHTML, like Gecko) Chrome/120.0.0.0 Safari/537.36"
20.204.42.226 - - [05/Jul/2026:14:45:16 -0700] "GET /content.php HTTP/1.1" 404 98749 "-" "Mozilla/5.0 (Windows NT 10.0; Win64; x64) AppleWebKit/537.36 (KHTML, like Gecko) Chrome/120.0.0.0 Safari/537.36"
20.204.42.226 - - [05/Jul/2026:14:45:18 -0700] "GET /gg.php HTTP/1.1" 404 98749 "-" "Mozilla/5.0 (Windows NT 10.0; Win64; x64) AppleWebKit/537.36 (KHTML, like Gecko) Chrome/120.0.0.0 Safari/537.36"
20.204.42.226 - - [05/Jul/2026:14:45:19 -0700] "GET /makeasmtp.php HTTP/1.1" 404 98749 "-" "Mozilla/5.0 (Windows NT 10.0; Win64; x64) AppleWebKit/537.36 (KHTML, like Gecko) Chrome/120.0.0.0 Safari/537.36"
20.204.42.226 - - [05/Jul/2026:14:45:21 -0700] "GET /paku.php HTTP/1.1" 404 98749 "-" "Mozilla/5.0 (Windows NT 10.0; Win64; x64) AppleWebKit/537.36 (KHTML, like Gecko) Chrome/120.0.0.0 Safari/537.36"
20.204.42.226 - - [05/Jul/2026:14:45:23 -0700] "GET /rtx.php HTTP/1.1" 404 98749 "-" "Mozilla/5.0 (Windows NT 10.0; Win64; x64) AppleWebKit/537.36 (KHTML, like Gecko) Chrome/120.0.0.0 Safari/537.36"
20.204.42.226 - - [05/Jul/2026:14:45:24 -0700] "GET /update/da222.php HTTP/1.1" 404 98749 "-" "Mozilla/5.0 (Windows NT 10.0; Win64; x64) AppleWebKit/537.36 (KHTML, like Gecko) Chrome/120.0.0.0 Safari/537.36"
20.204.42.226 - - [05/Jul/2026:14:45:26 -0700] "GET /wp-admin/maint/ HTTP/1.1" 403 4352 "-" "Mozilla/5.0 (Windows NT 10.0; Win64; x64) AppleWebKit/537.36 (KHTML, like Gecko) Chrome/120.0.0.0 Safari/537.36"
20.204.42.226 - - [05/Jul/2026:14:45:26 -0700] "GET /wp-admin/min.php HTTP/1.1" 404 98749 "-" "Mozilla/5.0 (Windows NT 10.0; Win64; x64) AppleWebKit/537.36 (KHTML, like Gecko) Chrome/120.0.0.0 Safari/537.36"
20.204.42.226 - - [05/Jul/2026:14:45:29 -0700] "GET /wp-content/themes/min.php HTTP/1.1" 404 98842 "-" "Mozilla/5.0 (Windows NT 10.0; Win64; x64) AppleWebKit/537.36 (KHTML, like Gecko) Chrome/120.0.0.0 Safari/537.36"
20.204.42.226 - - [05/Jul/2026:14:45:31 -0700] "GET /wp-content/themes/x/bypass.php HTTP/1.1" 404 98842 "-" "Mozilla/5.0 (Windows NT 10.0; Win64; x64) AppleWebKit/537.36 (KHTML, like Gecko) Chrome/120.0.0.0 Safari/537.36"
20.204.42.226 - - [05/Jul/2026:14:45:33 -0700] "GET /wp-includes/images/media/ HTTP/1.1" 403 4352 "-" "Mozilla/5.0 (Windows NT 10.0; Win64; x64) AppleWebKit/537.36 (KHTML, like Gecko) Chrome/120.0.0.0 Safari/537.36"
20.204.42.226 - - [05/Jul/2026:14:45:33 -0700] "GET /wp-includes/interactivity-api/index.php HTTP/1.1" 301 4162 "-" "Mozilla/5.0 (Windows NT 10.0; Win64; x64) AppleWebKit/537.36 (KHTML, like Gecko) Chrome/120.0.0.0 Safari/537.36"
20.204.42.226 - - [05/Jul/2026:14:45:34 -0700] "GET /wp-info.php HTTP/1.1" 404 98749 "-" "Mozilla/5.0 (Windows NT 10.0; Win64; x64) AppleWebKit/537.36 (KHTML, like Gecko) Chrome/120.0.0.0 Safari/537.36"
20.204.42.226 - - [05/Jul/2026:14:45:36 -0700] "GET /wp-wordfence-waf.php HTTP/1.1" 404 98749 "-" "Mozilla/5.0 (Windows NT 10.0; Win64; x64) AppleWebKit/537.36 (KHTML, like Gecko) Chrome/120.0.0.0 Safari/537.36"
20.204.42.226 - - [05/Jul/2026:14:45:37 -0700] "GET /ws49.php HTTP/1.1" 404 98749 "-" "Mozilla/5.0 (Windows NT 10.0; Win64; x64) AppleWebKit/537.36 (KHTML, like Gecko) Chrome/120.0.0.0 Safari/537.36"
20.204.42.226 - - [05/Jul/2026:14:45:39 -0700] "GET /xxx.php HTTP/1.1" 404 98749 "-" "Mozilla/5.0 (Windows NT 10.0; Win64; x64) AppleWebKit/537.36 (KHTML, like Gecko) Chrome/120.0.0.0 Safari/537.36"
20.204.42.226 - - [05/Jul/2026:14:45:41 -0700] "GET /0x.php HTTP/1.1" 404 98749 "-" "Mozilla/5.0 (Windows NT 10.0; Win64; x64) AppleWebKit/537.36 (KHTML, like Gecko) Chrome/120.0.0.0 Safari/537.36"
20.204.42.226 - - [05/Jul/2026:14:45:42 -0700] "GET /CDX1.php HTTP/1.1" 404 98749 "-" "Mozilla/5.0 (Windows NT 10.0; Win64; x64) AppleWebKit/537.36 (KHTML, like Gecko) Chrome/120.0.0.0 Safari/537.36"
20.204.42.226 - - [05/Jul/2026:14:45:44 -0700] "GET /akcc.php HTTP/1.1" 404 98749 "-" "Mozilla/5.0 (Windows NT 10.0; Win64; x64) AppleWebKit/537.36 (KHTML, like Gecko) Chrome/120.0.0.0 Safari/537.36"
20.204.42.226 - - [05/Jul/2026:14:45:46 -0700] "GET /control.php HTTP/1.1" 404 98749 "-" "Mozilla/5.0 (Windows NT 10.0; Win64; x64) AppleWebKit/537.36 (KHTML, like Gecko) Chrome/120.0.0.0 Safari/537.36"
20.204.42.226 - - [05/Jul/2026:14:45:47 -0700] "GET /images/ HTTP/1.1" 404 98749 "-" "Mozilla/5.0 (Windows NT 10.0; Win64; x64) AppleWebKit/537.36 (KHTML, like Gecko) Chrome/120.0.0.0 Safari/537.36"
20.204.42.226 - - [05/Jul/2026:14:45:28 -0700] "GET /wp-admin/wp-fileesx-449.php HTTP/1.1" 404 98749 "-" "Mozilla/5.0 (Windows NT 10.0; Win64; x64) AppleWebKit/537.36 (KHTML, like Gecko) Chrome/120.0.0.0 Safari/537.36"
35.235.84.95 - - [05/Jul/2026:14:45:50 -0700] "POST /wp-cron.php?doing_wp_cron=1783287950.2604138851165771484375 HTTP/1.1" 200 3587 "-" "WordPress/7.0; https://vanessavaladezrealty.com"
20.204.42.226 - - [05/Jul/2026:14:45:49 -0700] "GET /modules/mod_footer/tmpl/index.php HTTP/1.1" 301 4156 "-" "Mozilla/5.0 (Windows NT 10.0; Win64; x64) AppleWebKit/537.36 (KHTML, like Gecko) Chrome/120.0.0.0 Safari/537.36"
20.204.42.226 - - [05/Jul/2026:14:45:50 -0700] "GET /s.php HTTP/1.1" 404 98749 "-" "Mozilla/5.0 (Windows NT 10.0; Win64; x64) AppleWebKit/537.36 (KHTML, like Gecko) Chrome/120.0.0.0 Safari/537.36"
20.204.42.226 - - [05/Jul/2026:14:45:52 -0700] "GET /sagax.php HTTP/1.1" 404 98749 "-" "Mozilla/5.0 (Windows NT 10.0; Win64; x64) AppleWebKit/537.36 (KHTML, like Gecko) Chrome/120.0.0.0 Safari/537.36"
20.204.42.226 - - [05/Jul/2026:14:45:53 -0700] "GET /vendor/ HTTP/1.1" 404 98749 "-" "Mozilla/5.0 (Windows NT 10.0; Win64; x64) AppleWebKit/537.36 (KHTML, like Gecko) Chrome/120.0.0.0 Safari/537.36"
20.204.42.226 - - [05/Jul/2026:14:45:55 -0700] "GET /wp-admin/wp-teest.php HTTP/1.1" 404 98749 "-" "Mozilla/5.0 (Windows NT 10.0; Win64; x64) AppleWebKit/537.36 (KHTML, like Gecko) Chrome/120.0.0.0 Safari/537.36"
20.204.42.226 - - [05/Jul/2026:14:45:57 -0700] "GET /wp-content/plugins/ftde.php HTTP/1.1" 404 98842 "-" "Mozilla/5.0 (Windows NT 10.0; Win64; x64) AppleWebKit/537.36 (KHTML, like Gecko) Chrome/120.0.0.0 Safari/537.36"
20.204.42.226 - - [05/Jul/2026:14:45:58 -0700] "GET /wp-content/uploads/admin.php HTTP/1.1" 404 98842 "-" "Mozilla/5.0 (Windows NT 10.0; Win64; x64) AppleWebKit/537.36 (KHTML, like Gecko) Chrome/120.0.0.0 Safari/537.36"
20.204.42.226 - - [05/Jul/2026:14:46:00 -0700] "GET /wp-includes/Text/Diff/Engine/ HTTP/1.1" 403 4352 "-" "Mozilla/5.0 (Windows NT 10.0; Win64; x64) AppleWebKit/537.36 (KHTML, like Gecko) Chrome/120.0.0.0 Safari/537.36"
20.204.42.226 - - [05/Jul/2026:14:46:00 -0700] "GET /z.php HTTP/1.1" 404 98749 "-" "Mozilla/5.0 (Windows NT 10.0; Win64; x64) AppleWebKit/537.36 (KHTML, like Gecko) Chrome/120.0.0.0 Safari/537.36"
20.204.42.226 - - [05/Jul/2026:14:46:02 -0700] "GET /f35.php HTTP/1.1" 404 98749 "-" "Mozilla/5.0 (Windows NT 10.0; Win64; x64) AppleWebKit/537.36 (KHTML, like Gecko) Chrome/120.0.0.0 Safari/537.36"
20.204.42.226 - - [05/Jul/2026:14:46:03 -0700] "GET /file61.php HTTP/1.1" 404 98749 "-" "Mozilla/5.0 (Windows NT 10.0; Win64; x64) AppleWebKit/537.36 (KHTML, like Gecko) Chrome/120.0.0.0 Safari/537.36"
20.204.42.226 - - [05/Jul/2026:14:46:05 -0700] "GET /mah.php HTTP/1.1" 404 98749 "-" "Mozilla/5.0 (Windows NT 10.0; Win64; x64) AppleWebKit/537.36 (KHTML, like Gecko) Chrome/120.0.0.0 Safari/537.36"
20.204.42.226 - - [05/Jul/2026:14:46:07 -0700] "GET /mini.php HTTP/1.1" 404 98749 "-" "Mozilla/5.0 (Windows NT 10.0; Win64; x64) AppleWebKit/537.36 (KHTML, like Gecko) Chrome/120.0.0.0 Safari/537.36"
20.204.42.226 - - [05/Jul/2026:14:46:08 -0700] "GET /system_log.php HTTP/1.1" 404 98749 "-" "Mozilla/5.0 (Windows NT 10.0; Win64; x64) AppleWebKit/537.36 (KHTML, like Gecko) Chrome/120.0.0.0 Safari/537.36"
20.204.42.226 - - [05/Jul/2026:14:46:10 -0700] "GET /v.php HTTP/1.1" 404 98749 "-" "Mozilla/5.0 (Windows NT 10.0; Win64; x64) AppleWebKit/537.36 (KHTML, like Gecko) Chrome/120.0.0.0 Safari/537.36"
20.204.42.226 - - [05/Jul/2026:14:46:12 -0700] "GET /wp-admin/images/admin.php HTTP/1.1" 404 98842 "-" "Mozilla/5.0 (Windows NT 10.0; Win64; x64) AppleWebKit/537.36 (KHTML, like Gecko) Chrome/120.0.0.0 Safari/537.36"
20.204.42.226 - - [05/Jul/2026:14:46:13 -0700] "GET /wp-content/themes/seotheme/mar.php HTTP/1.1" 404 98842 "-" "Mozilla/5.0 (Windows NT 10.0; Win64; x64) AppleWebKit/537.36 (KHTML, like Gecko) Chrome/120.0.0.0 Safari/537.36"
20.204.42.226 - - [05/Jul/2026:14:46:15 -0700] "GET /wp-includes/Text/index.php HTTP/1.1" 301 4149 "-" "Mozilla/5.0 (Windows NT 10.0; Win64; x64) AppleWebKit/537.36 (KHTML, like Gecko) Chrome/120.0.0.0 Safari/537.36"
20.204.42.226 - - [05/Jul/2026:14:46:16 -0700] "GET /wp-includes/rest-api/fields/ HTTP/1.1" 403 4352 "-" "Mozilla/5.0 (Windows NT 10.0; Win64; x64) AppleWebKit/537.36 (KHTML, like Gecko) Chrome/120.0.0.0 Safari/537.36"
20.204.42.226 - - [05/Jul/2026:14:46:17 -0700] "GET /wp-index.php HTTP/1.1" 404 98749 "-" "Mozilla/5.0 (Windows NT 10.0; Win64; x64) AppleWebKit/537.36 (KHTML, like Gecko) Chrome/120.0.0.0 Safari/537.36"
20.204.42.226 - - [05/Jul/2026:14:46:18 -0700] "GET /wp/wp-admin/includes/ HTTP/1.1" 404 98842 "-" "Mozilla/5.0 (Windows NT 10.0; Win64; x64) AppleWebKit/537.36 (KHTML, like Gecko) Chrome/120.0.0.0 Safari/537.36"
20.204.42.226 - - [05/Jul/2026:14:46:20 -0700] "GET /ws80.php HTTP/1.1" 404 98749 "-" "Mozilla/5.0 (Windows NT 10.0; Win64; x64) AppleWebKit/537.36 (KHTML, like Gecko) Chrome/120.0.0.0 Safari/537.36"
20.204.42.226 - - [05/Jul/2026:14:46:12 -0700] "GET /wp-admin/css/colors/ HTTP/1.1" 403 4352 "-" "Mozilla/5.0 (Windows NT 10.0; Win64; x64) AppleWebKit/537.36 (KHTML, like Gecko) Chrome/120.0.0.0 Safari/537.36"
20.204.42.226 - - [05/Jul/2026:14:46:22 -0700] "GET /ww2.php HTTP/1.1" 404 98749 "-" "Mozilla/5.0 (Windows NT 10.0; Win64; x64) AppleWebKit/537.36 (KHTML, like Gecko) Chrome/120.0.0.0 Safari/537.36"
20.204.42.226 - - [05/Jul/2026:14:46:23 -0700] "GET /7logs.php HTTP/1.1" 404 98749 "-" "Mozilla/5.0 (Windows NT 10.0; Win64; x64) AppleWebKit/537.36 (KHTML, like Gecko) Chrome/120.0.0.0 Safari/537.36"
35.235.84.95 - - [05/Jul/2026:14:46:26 -0700] "POST /wp-cron.php?doing_wp_cron=1783287986.6756389141082763671875 HTTP/1.1" 200 3587 "-" "WordPress/7.0; https://vanessavaladezrealty.com"
20.204.42.226 - - [05/Jul/2026:14:46:25 -0700] "GET /ac.php HTTP/1.1" 404 98749 "-" "Mozilla/5.0 (Windows NT 10.0; Win64; x64) AppleWebKit/537.36 (KHTML, like Gecko) Chrome/120.0.0.0 Safari/537.36"
20.204.42.226 - - [05/Jul/2026:14:46:27 -0700] "GET /assets/images/doc.php HTTP/1.1" 404 98842 "-" "Mozilla/5.0 (Windows NT 10.0; Win64; x64) AppleWebKit/537.36 (KHTML, like Gecko) Chrome/120.0.0.0 Safari/537.36"
20.204.42.226 - - [05/Jul/2026:14:46:29 -0700] "GET /ctex1.php HTTP/1.1" 404 98749 "-" "Mozilla/5.0 (Windows NT 10.0; Win64; x64) AppleWebKit/537.36 (KHTML, like Gecko) Chrome/120.0.0.0 Safari/537.36"
