177.185.251.58 - - [06/Jul/2026:09:52:56 -0700] "POST /xmlrpc.php HTTP/1.1" 403 4352 "-" "Jetpack by WordPress.com"
35.235.84.95 - - [06/Jul/2026:09:53:05 -0700] "POST /wp-cron.php?doing_wp_cron=1783356785.7067840099334716796875 HTTP/1.1" 200 3587 "-" "WordPress/7.0; https://vanessavaladezrealty.com"
107.174.39.48 - - [06/Jul/2026:09:53:04 -0700] "HEAD / HTTP/1.1" 200 4253 "-" "Mozilla/5.0 (X11; Linux i686; rv:1.9.7.20) Gecko/ Firefox/9.0"
177.185.251.58 - - [06/Jul/2026:09:53:07 -0700] "POST /xmlrpc.php HTTP/1.1" 200 4129 "-" "Jetpack by WordPress.com (Jetpack 13.0; WordPress 6.1)"
177.185.251.58 - - [06/Jul/2026:09:53:18 -0700] "POST /xmlrpc.php HTTP/1.1" 403 4352 "-" "WordPress.com; https://wordpress.com"
177.185.251.58 - - [06/Jul/2026:09:53:28 -0700] "POST /xmlrpc.php HTTP/1.1" 200 4129 "-" "Jetpack/13.0; WordPress/6.4; http://site54324666.com"
177.185.251.58 - - [06/Jul/2026:09:53:39 -0700] "POST /xmlrpc.php HTTP/1.1" 403 4352 "-" "Jetpack by WordPress.com"
177.185.251.58 - - [06/Jul/2026:09:53:50 -0700] "POST /xmlrpc.php HTTP/1.1" 403 4352 "-" "Jetpack by WordPress.com"
177.185.251.58 - - [06/Jul/2026:09:54:00 -0700] "POST /xmlrpc.php HTTP/1.1" 403 4352 "-" "Jetpack by WordPress.com"
177.185.251.58 - - [06/Jul/2026:09:54:11 -0700] "POST /xmlrpc.php HTTP/1.1" 403 4352 "-" "Jetpack by WordPress.com"
35.235.84.95 - - [06/Jul/2026:09:54:23 -0700] "POST /wp-cron.php?doing_wp_cron=1783356863.5472331047058105468750 HTTP/1.1" 200 3587 "-" "WordPress/7.0; https://vanessavaladezrealty.com"
177.185.251.58 - - [06/Jul/2026:09:54:22 -0700] "POST /xmlrpc.php HTTP/1.1" 200 4129 "-" "Jetpack/12.5; WordPress/6.3; http://site25331507.com"
177.185.251.58 - - [06/Jul/2026:09:54:32 -0700] "POST /xmlrpc.php HTTP/1.1" 200 4129 "-" "Jetpack/12.5; WordPress/6.1; http://site93930935.com"
177.185.251.58 - - [06/Jul/2026:09:54:43 -0700] "POST /xmlrpc.php HTTP/1.1" 200 4129 "-" "Jetpack/12.0; WordPress/6.3; http://site92320467.com"
35.235.84.95 - - [06/Jul/2026:09:54:55 -0700] "POST /wp-cron.php?doing_wp_cron=1783356895.7763769626617431640625 HTTP/1.1" 200 3587 "-" "WordPress/7.0; https://vanessavaladezrealty.com"
177.185.251.58 - - [06/Jul/2026:09:54:54 -0700] "POST /xmlrpc.php HTTP/1.1" 200 4129 "-" "Jetpack by WordPress.com (Jetpack 12.0; WordPress 6.3)"
177.185.251.58 - - [06/Jul/2026:09:55:04 -0700] "POST /xmlrpc.php HTTP/1.1" 200 4129 "-" "Jetpack by WordPress.com (Jetpack 12.5; WordPress 6.1)"
177.185.251.58 - - [06/Jul/2026:09:55:15 -0700] "POST /xmlrpc.php HTTP/1.1" 200 4129 "-" "Jetpack/12.0; WordPress/6.4; http://site80674439.com"
177.185.251.58 - - [06/Jul/2026:09:55:26 -0700] "POST /xmlrpc.php HTTP/1.1" 200 4129 "-" "Jetpack by WordPress.com (Jetpack 13.0; WordPress 6.2)"
177.185.251.58 - - [06/Jul/2026:09:55:36 -0700] "POST /xmlrpc.php HTTP/1.1" 200 4129 "-" "Jetpack/12.5; WordPress/6.2; http://site36532463.com"
52.167.144.192 - - [06/Jul/2026:09:55:37 -0700] "GET /properties/?wplview=property_show&pid=111 HTTP/1.1" 200 32859 "-" "Mozilla/5.0 AppleWebKit/537.36 (KHTML, like Gecko; compatible; bingbot/2.0; +http://www.bing.com/bingbot.htm) Chrome/116.0.1938.76 Safari/537.36"
177.185.251.58 - - [06/Jul/2026:09:55:47 -0700] "POST /xmlrpc.php HTTP/1.1" 200 4129 "-" "Jetpack/13.0; WordPress/6.1; http://site85166544.com"
35.235.84.95 - - [06/Jul/2026:09:55:59 -0700] "POST /wp-cron.php?doing_wp_cron=1783356959.4936120510101318359375 HTTP/1.1" 200 3587 "-" "WordPress/7.0; https://vanessavaladezrealty.com"
177.185.251.58 - - [06/Jul/2026:09:55:57 -0700] "POST /xmlrpc.php HTTP/1.1" 200 4129 "-" "Jetpack/13.0; WordPress/6.4; http://site94892865.com"
177.185.251.58 - - [06/Jul/2026:09:56:08 -0700] "POST /xmlrpc.php HTTP/1.1" 403 4352 "-" "Jetpack by WordPress.com"
177.185.251.58 - - [06/Jul/2026:09:56:19 -0700] "POST /xmlrpc.php HTTP/1.1" 200 4129 "-" "Jetpack by WordPress.com (Jetpack 12.5; WordPress 6.1)"
35.235.84.95 - - [06/Jul/2026:09:56:30 -0700] "POST /wp-cron.php?doing_wp_cron=1783356990.7457110881805419921875 HTTP/1.1" 200 3587 "-" "WordPress/7.0; https://vanessavaladezrealty.com"
177.185.251.58 - - [06/Jul/2026:09:56:29 -0700] "POST /xmlrpc.php HTTP/1.1" 200 4129 "-" "Jetpack by WordPress.com (Jetpack 12.0; WordPress 6.1)"
177.185.251.58 - - [06/Jul/2026:09:56:40 -0700] "POST /xmlrpc.php HTTP/1.1" 200 4129 "-" "Jetpack by WordPress.com (Jetpack 12.5; WordPress 6.1)"
177.185.251.58 - - [06/Jul/2026:09:56:50 -0700] "POST /xmlrpc.php HTTP/1.1" 200 4129 "-" "Jetpack/12.0; WordPress/6.4; http://site41392105.com"
177.185.251.58 - - [06/Jul/2026:09:57:01 -0700] "POST /xmlrpc.php HTTP/1.1" 403 4352 "-" "WordPress.com; https://wordpress.com"
177.185.251.58 - - [06/Jul/2026:09:57:12 -0700] "POST /xmlrpc.php HTTP/1.1" 403 4352 "-" "Jetpack by WordPress.com"
177.185.251.58 - - [06/Jul/2026:09:57:22 -0700] "POST /xmlrpc.php HTTP/1.1" 200 4129 "-" "Jetpack/12.0; WordPress/6.1; http://site29822719.com"
177.185.251.58 - - [06/Jul/2026:09:57:33 -0700] "POST /xmlrpc.php HTTP/1.1" 403 4352 "-" "WordPress.com; https://wordpress.com"
35.235.84.95 - - [06/Jul/2026:09:57:45 -0700] "POST /wp-cron.php?doing_wp_cron=1783357065.3554620742797851562500 HTTP/1.1" 200 3587 "-" "WordPress/7.0; https://vanessavaladezrealty.com"
177.185.251.58 - - [06/Jul/2026:09:57:44 -0700] "POST /xmlrpc.php HTTP/1.1" 200 4129 "-" "Jetpack/13.0; WordPress/6.4; http://site67102189.com"
35.235.84.95 - - [06/Jul/2026:09:57:55 -0700] "POST /wp-cron.php?doing_wp_cron=1783357075.8274409770965576171875 HTTP/1.1" 200 3587 "-" "WordPress/7.0; https://vanessavaladezrealty.com"
177.185.251.58 - - [06/Jul/2026:09:57:54 -0700] "POST /xmlrpc.php HTTP/1.1" 200 4129 "-" "Jetpack by WordPress.com (Jetpack 12.5; WordPress 6.1)"
177.185.251.58 - - [06/Jul/2026:09:58:05 -0700] "POST /xmlrpc.php HTTP/1.1" 200 4129 "-" "Jetpack/12.0; WordPress/6.1; http://site56550358.com"
177.185.251.58 - - [06/Jul/2026:09:58:16 -0700] "POST /xmlrpc.php HTTP/1.1" 200 4129 "-" "Jetpack/12.5; WordPress/6.2; http://site78352579.com"
216.73.216.170 - - [06/Jul/2026:09:58:17 -0700] "GET /robots.txt HTTP/1.1" 200 4273 "-" "Mozilla/5.0 AppleWebKit/537.36 (KHTML, like Gecko; compatible; ClaudeBot/1.0; +claudebot@anthropic.com)"
216.73.216.170 - - [06/Jul/2026:09:58:18 -0700] "GET / HTTP/1.1" 200 38295 "-" "Mozilla/5.0 AppleWebKit/537.36 (KHTML, like Gecko; compatible; ClaudeBot/1.0; +claudebot@anthropic.com)"
177.185.251.58 - - [06/Jul/2026:09:58:26 -0700] "POST /xmlrpc.php HTTP/1.1" 403 4352 "-" "Jetpack by WordPress.com"
177.185.251.58 - - [06/Jul/2026:09:58:37 -0700] "POST /xmlrpc.php HTTP/1.1" 403 4352 "-" "Jetpack by WordPress.com"
177.185.251.58 - - [06/Jul/2026:09:58:48 -0700] "POST /xmlrpc.php HTTP/1.1" 200 4129 "-" "Jetpack/12.0; WordPress/6.2; http://site67226775.com"
35.235.84.95 - - [06/Jul/2026:09:58:59 -0700] "POST /wp-cron.php?doing_wp_cron=1783357139.7149770259857177734375 HTTP/1.1" 200 3587 "-" "WordPress/7.0; https://vanessavaladezrealty.com"
177.185.251.58 - - [06/Jul/2026:09:58:58 -0700] "POST /xmlrpc.php HTTP/1.1" 200 4129 "-" "Jetpack/12.1; WordPress/6.4; http://site78590287.com"
114.119.153.188 - - [06/Jul/2026:09:59:16 -0700] "GET /properties/?wplview=property_show&pid=110 HTTP/1.1" 200 33175 "https://vanessavaladezrealty.com/properties?wplview=property_show&pid=110" "Mozilla/5.0 (Linux; Android 7.0;) AppleWebKit/537.36 (HTML, like Gecko) Mobile Safari/537.36 (compatible; PetalBot;+https://webmaster.petalsearch.com/site/petalbot)"
177.185.251.58 - - [06/Jul/2026:09:59:09 -0700] "POST /xmlrpc.php HTTP/1.1" 403 4352 "-" "WordPress.com; https://wordpress.com"
177.185.251.58 - - [06/Jul/2026:09:59:19 -0700] "POST /xmlrpc.php HTTP/1.1" 200 4129 "-" "Jetpack by WordPress.com (Jetpack 13.0; WordPress 6.3)"
177.185.251.58 - - [06/Jul/2026:09:59:30 -0700] "POST /xmlrpc.php HTTP/1.1" 200 4129 "-" "Jetpack/12.1; WordPress/6.2; http://site47924561.com"
177.185.251.58 - - [06/Jul/2026:09:59:41 -0700] "POST /xmlrpc.php HTTP/1.1" 200 4129 "-" "Jetpack by WordPress.com (Jetpack 12.0; WordPress 6.2)"
35.235.84.95 - - [06/Jul/2026:09:59:52 -0700] "POST /wp-cron.php?doing_wp_cron=1783357192.8315060138702392578125 HTTP/1.1" 200 3587 "-" "WordPress/7.0; https://vanessavaladezrealty.com"
177.185.251.58 - - [06/Jul/2026:09:59:51 -0700] "POST /xmlrpc.php HTTP/1.1" 200 4129 "-" "Jetpack by WordPress.com (Jetpack 12.1; WordPress 6.2)"
177.185.251.58 - - [06/Jul/2026:10:00:02 -0700] "POST /xmlrpc.php HTTP/1.1" 200 4129 "-" "Jetpack/12.1; WordPress/6.3; http://site11783474.com"
177.185.251.58 - - [06/Jul/2026:10:00:13 -0700] "POST /xmlrpc.php HTTP/1.1" 200 4129 "-" "Jetpack by WordPress.com (Jetpack 12.0; WordPress 6.2)"
177.185.251.58 - - [06/Jul/2026:10:00:23 -0700] "POST /xmlrpc.php HTTP/1.1" 200 4129 "-" "Jetpack by WordPress.com (Jetpack 12.1; WordPress 6.1)"
177.185.251.58 - - [06/Jul/2026:10:00:34 -0700] "POST /xmlrpc.php HTTP/1.1" 403 4352 "-" "Jetpack by WordPress.com"
35.235.84.95 - - [06/Jul/2026:10:00:44 -0700] "HEAD / HTTP/1.1" 200 4253 "-" "Mozilla/5.0 (Windows NT 10.0; Win64; x64) AppleWebKit/537.36 (KHTML, like Gecko) Chrome/117.0.0.0 Safari/537.36"
177.185.251.58 - - [06/Jul/2026:10:00:44 -0700] "POST /xmlrpc.php HTTP/1.1" 200 4129 "-" "Jetpack/12.0; WordPress/6.2; http://site48609773.com"
35.235.84.95 - - [06/Jul/2026:10:00:57 -0700] "POST /wp-cron.php?doing_wp_cron=1783357257.6792600154876708984375 HTTP/1.1" 200 3587 "-" "WordPress/7.0; https://vanessavaladezrealty.com"
177.185.251.58 - - [06/Jul/2026:10:00:55 -0700] "POST /xmlrpc.php HTTP/1.1" 200 4129 "-" "Jetpack/12.1; WordPress/6.1; http://site10892024.com"
140.245.235.77 - - [06/Jul/2026:10:01:03 -0700] "POST /wp-login.php HTTP/1.1" 200 6498 "-" "Mozilla/5.0 (Linux; Android 12; SM-G991B) AppleWebKit/537.36 (KHTML, like Gecko) Chrome/129.0.0.0 Mobile Safari/537.36"
177.185.251.58 - - [06/Jul/2026:10:01:16 -0700] "POST /xmlrpc.php HTTP/1.1" 200 4129 "-" "Jetpack by WordPress.com (Jetpack 12.0; WordPress 6.4)"
140.245.235.77 - - [06/Jul/2026:10:01:03 -0700] "POST /wp-login.php HTTP/1.1" 200 6518 "-" "Mozilla/5.0 (Windows NT 10.0; Win64; x64) AppleWebKit/537.36 (KHTML, like Gecko) Chrome/129.0.0.0 Safari/537.36"
140.245.235.77 - - [06/Jul/2026:10:01:03 -0700] "POST /wp-login.php HTTP/1.1" 200 6522 "-" "Mozilla/5.0 (Linux; Android 12; SM-G991B) AppleWebKit/537.36 (KHTML, like Gecko) Chrome/129.0.0.0 Mobile Safari/537.36"
177.185.251.58 - - [06/Jul/2026:10:01:06 -0700] "POST /xmlrpc.php HTTP/1.1" 403 4352 "-" "WordPress.com; https://wordpress.com"
177.185.251.58 - - [06/Jul/2026:10:01:27 -0700] "POST /xmlrpc.php HTTP/1.1" 403 4352 "-" "WordPress.com; https://wordpress.com"
35.235.84.95 - - [06/Jul/2026:10:01:40 -0700] "POST /wp-cron.php?doing_wp_cron=1783357300.1549830436706542968750 HTTP/1.1" 200 3587 "-" "WordPress/7.0; https://vanessavaladezrealty.com"
177.185.251.58 - - [06/Jul/2026:10:01:38 -0700] "POST /xmlrpc.php HTTP/1.1" 200 4129 "-" "Jetpack/12.1; WordPress/6.4; http://site15033720.com"
197.11.87.245 - - [06/Jul/2026:10:01:38 -0700] "GET /home-previuos/ HTTP/1.1" 200 38223 "-" "Mozilla/5.0 (Macintosh; Intel Mac OS X 10_11_6) AppleWebKit/537.36 (KHTML, like Gecko) Chrome/100.0.4896.79 Safari/537.36"
177.185.251.58 - - [06/Jul/2026:10:01:48 -0700] "POST /xmlrpc.php HTTP/1.1" 200 4129 "-" "Jetpack/12.0; WordPress/6.3; http://site37150625.com"
162.254.36.150 - - [06/Jul/2026:10:01:51 -0700] "GET /wp-login.php HTTP/1.1" 200 6366 "-" "Mozilla/5.0 (X11; Fedora; Linux x86_64) AppleWebKit/537.36 (KHTML, like Gecko) Chrome/133.0.0.0 Safari/537.36"
162.254.36.150 - - [06/Jul/2026:10:01:53 -0700] "POST /wp-login.php HTTP/1.1" 200 6452 "https://vanessavaladezrealty.com/wp-login.php" "Mozilla/5.0 (X11; Fedora; Linux x86_64) AppleWebKit/537.36 (KHTML, like Gecko) Chrome/133.0.0.0 Safari/537.36"
177.185.251.58 - - [06/Jul/2026:10:01:59 -0700] "POST /xmlrpc.php HTTP/1.1" 403 4352 "-" "Jetpack by WordPress.com"
177.185.251.58 - - [06/Jul/2026:10:02:10 -0700] "POST /xmlrpc.php HTTP/1.1" 403 4352 "-" "WordPress.com; https://wordpress.com"
177.185.251.58 - - [06/Jul/2026:10:02:20 -0700] "POST /xmlrpc.php HTTP/1.1" 403 4352 "-" "WordPress.com; https://wordpress.com"
35.235.84.95 - - [06/Jul/2026:10:02:44 -0700] "POST /wp-cron.php?doing_wp_cron=1783357364.0324599742889404296875 HTTP/1.1" 200 3587 "-" "WordPress/7.0; https://vanessavaladezrealty.com"
177.185.251.58 - - [06/Jul/2026:10:02:31 -0700] "POST /xmlrpc.php HTTP/1.1" 403 4352 "-" "WordPress.com; https://wordpress.com"
35.235.84.95 - - [06/Jul/2026:10:03:16 -0700] "POST /wp-cron.php?doing_wp_cron=1783357396.3348400592803955078125 HTTP/1.1" 200 3587 "-" "WordPress/7.0; https://vanessavaladezrealty.com"
177.185.251.58 - - [06/Jul/2026:10:03:03 -0700] "POST /xmlrpc.php HTTP/1.1" 403 4352 "-" "WordPress.com; https://wordpress.com"
177.185.251.58 - - [06/Jul/2026:10:02:41 -0700] "POST /xmlrpc.php HTTP/1.1" 200 4129 "-" "Jetpack/13.0; WordPress/6.3; http://site49869931.com"
177.185.251.58 - - [06/Jul/2026:10:02:52 -0700] "POST /xmlrpc.php HTTP/1.1" 403 4352 "-" "WordPress.com; https://wordpress.com"
177.185.251.58 - - [06/Jul/2026:10:03:13 -0700] "POST /xmlrpc.php HTTP/1.1" 200 4129 "-" "Jetpack by WordPress.com (Jetpack 12.1; WordPress 6.1)"
177.185.251.58 - - [06/Jul/2026:10:03:24 -0700] "POST /xmlrpc.php HTTP/1.1" 200 4129 "-" "Jetpack/13.0; WordPress/6.4; http://site60843082.com"
177.185.251.58 - - [06/Jul/2026:10:03:34 -0700] "POST /xmlrpc.php HTTP/1.1" 200 4129 "-" "Jetpack by WordPress.com (Jetpack 12.5; WordPress 6.1)"
177.185.251.58 - - [06/Jul/2026:10:03:45 -0700] "POST /xmlrpc.php HTTP/1.1" 403 4352 "-" "Jetpack by WordPress.com"
177.185.251.58 - - [06/Jul/2026:10:03:56 -0700] "POST /xmlrpc.php HTTP/1.1" 403 4352 "-" "Jetpack by WordPress.com"
177.185.251.58 - - [06/Jul/2026:10:04:06 -0700] "POST /xmlrpc.php HTTP/1.1" 403 4352 "-" "Jetpack by WordPress.com"
35.235.84.95 - - [06/Jul/2026:10:04:29 -0700] "POST /wp-cron.php?doing_wp_cron=1783357469.4397149085998535156250 HTTP/1.1" 200 3587 "-" "WordPress/7.0; https://vanessavaladezrealty.com"
177.185.251.58 - - [06/Jul/2026:10:04:28 -0700] "POST /xmlrpc.php HTTP/1.1" 200 4129 "-" "Jetpack/12.5; WordPress/6.3; http://site89995910.com"
177.185.251.58 - - [06/Jul/2026:10:04:17 -0700] "POST /xmlrpc.php HTTP/1.1" 403 4352 "-" "WordPress.com; https://wordpress.com"
177.185.251.58 - - [06/Jul/2026:10:04:38 -0700] "POST /xmlrpc.php HTTP/1.1" 200 4129 "-" "Jetpack/12.0; WordPress/6.1; http://site58623282.com"
177.185.251.58 - - [06/Jul/2026:10:04:49 -0700] "POST /xmlrpc.php HTTP/1.1" 403 4352 "-" "Jetpack by WordPress.com"
177.185.251.58 - - [06/Jul/2026:10:04:59 -0700] "POST /xmlrpc.php HTTP/1.1" 403 4352 "-" "Jetpack by WordPress.com"
177.185.251.58 - - [06/Jul/2026:10:05:10 -0700] "POST /xmlrpc.php HTTP/1.1" 403 4352 "-" "Jetpack by WordPress.com"
177.185.251.58 - - [06/Jul/2026:10:05:21 -0700] "POST /xmlrpc.php HTTP/1.1" 403 4352 "-" "Jetpack by WordPress.com"
35.235.84.95 - - [06/Jul/2026:10:05:33 -0700] "POST /wp-cron.php?doing_wp_cron=1783357533.0768589973449707031250 HTTP/1.1" 200 3587 "-" "WordPress/7.0; https://vanessavaladezrealty.com"
177.185.251.58 - - [06/Jul/2026:10:05:31 -0700] "POST /xmlrpc.php HTTP/1.1" 200 4129 "-" "Jetpack/13.0; WordPress/6.4; http://site77957797.com"
177.185.251.58 - - [06/Jul/2026:10:05:42 -0700] "POST /xmlrpc.php HTTP/1.1" 403 4352 "-" "WordPress.com; https://wordpress.com"
177.185.251.58 - - [06/Jul/2026:10:05:53 -0700] "POST /xmlrpc.php HTTP/1.1" 403 4352 "-" "WordPress.com; https://wordpress.com"
35.235.84.95 - - [06/Jul/2026:10:05:59 -0700] "POST /wp-cron.php?doing_wp_cron=1783357559.7034189701080322265625 HTTP/1.1" 200 3587 "-" "WordPress/7.0; https://vanessavaladezrealty.com"
146.174.164.104 - - [06/Jul/2026:10:05:58 -0700] "GET /wp-sitemap-posts-post-1.xml HTTP/1.1" 200 4306 "-" "Mozilla/5.0 (Macintosh; Intel Mac OS X 11.1; rv:136.0) Gecko/20100101 Firefox/136.0"
177.185.251.58 - - [06/Jul/2026:10:06:03 -0700] "POST /xmlrpc.php HTTP/1.1" 200 4129 "-" "Jetpack by WordPress.com (Jetpack 12.1; WordPress 6.4)"
177.185.251.58 - - [06/Jul/2026:10:06:14 -0700] "POST /xmlrpc.php HTTP/1.1" 403 4352 "-" "WordPress.com; https://wordpress.com"
177.185.251.58 - - [06/Jul/2026:10:06:25 -0700] "POST /xmlrpc.php HTTP/1.1" 403 4352 "-" "Jetpack by WordPress.com"
35.235.84.95 - - [06/Jul/2026:10:06:36 -0700] "POST /wp-cron.php?doing_wp_cron=1783357596.9423320293426513671875 HTTP/1.1" 200 3587 "-" "WordPress/7.0; https://vanessavaladezrealty.com"
177.185.251.58 - - [06/Jul/2026:10:06:35 -0700] "POST /xmlrpc.php HTTP/1.1" 200 4129 "-" "Jetpack/12.5; WordPress/6.4; http://site29669045.com"
177.185.251.58 - - [06/Jul/2026:10:06:46 -0700] "POST /xmlrpc.php HTTP/1.1" 200 4129 "-" "Jetpack by WordPress.com (Jetpack 12.5; WordPress 6.4)"
177.185.251.58 - - [06/Jul/2026:10:06:57 -0700] "POST /xmlrpc.php HTTP/1.1" 200 4129 "-" "Jetpack/12.5; WordPress/6.3; http://site39196327.com"
177.185.251.58 - - [06/Jul/2026:10:07:07 -0700] "POST /xmlrpc.php HTTP/1.1" 403 4352 "-" "Jetpack by WordPress.com"
177.185.251.58 - - [06/Jul/2026:10:07:18 -0700] "POST /xmlrpc.php HTTP/1.1" 403 4352 "-" "Jetpack by WordPress.com"
177.185.251.58 - - [06/Jul/2026:10:07:28 -0700] "POST /xmlrpc.php HTTP/1.1" 403 4352 "-" "Jetpack by WordPress.com"
35.235.84.95 - - [06/Jul/2026:10:07:43 -0700] "POST /wp-cron.php?doing_wp_cron=1783357663.3497009277343750000000 HTTP/1.1" 200 3587 "-" "WordPress/7.0; https://vanessavaladezrealty.com"
177.185.251.58 - - [06/Jul/2026:10:07:50 -0700] "POST /xmlrpc.php HTTP/1.1" 403 4352 "-" "Jetpack by WordPress.com"
177.185.251.58 - - [06/Jul/2026:10:07:39 -0700] "POST /xmlrpc.php HTTP/1.1" 200 4129 "-" "Jetpack/12.1; WordPress/6.2; http://site23252865.com"
35.235.84.95 - - [06/Jul/2026:10:08:02 -0700] "POST /wp-cron.php?doing_wp_cron=1783357682.3910610675811767578125 HTTP/1.1" 200 3587 "-" "WordPress/7.0; https://vanessavaladezrealty.com"
177.185.251.58 - - [06/Jul/2026:10:08:00 -0700] "POST /xmlrpc.php HTTP/1.1" 200 4129 "-" "Jetpack by WordPress.com (Jetpack 12.0; WordPress 6.2)"
177.185.251.58 - - [06/Jul/2026:10:08:11 -0700] "POST /xmlrpc.php HTTP/1.1" 403 4352 "-" "Jetpack by WordPress.com"
177.185.251.58 - - [06/Jul/2026:10:08:32 -0700] "POST /xmlrpc.php HTTP/1.1" 200 4129 "-" "Jetpack/12.1; WordPress/6.1; http://site31755211.com"
35.235.84.95 - - [06/Jul/2026:10:09:05 -0700] "POST /wp-cron.php?doing_wp_cron=1783357745.9410810470581054687500 HTTP/1.1" 200 3587 "-" "WordPress/7.0; https://vanessavaladezrealty.com"
177.185.251.58 - - [06/Jul/2026:10:08:53 -0700] "POST /xmlrpc.php HTTP/1.1" 403 4352 "-" "Jetpack by WordPress.com"
177.185.251.58 - - [06/Jul/2026:10:09:04 -0700] "POST /xmlrpc.php HTTP/1.1" 200 4129 "-" "Jetpack by WordPress.com (Jetpack 12.5; WordPress 6.2)"
177.185.251.58 - - [06/Jul/2026:10:08:43 -0700] "POST /xmlrpc.php HTTP/1.1" 200 4129 "-" "Jetpack/12.1; WordPress/6.2; http://site72477191.com"
177.185.251.58 - - [06/Jul/2026:10:08:22 -0700] "POST /xmlrpc.php HTTP/1.1" 403 4352 "-" "WordPress.com; https://wordpress.com"
177.185.251.58 - - [06/Jul/2026:10:09:15 -0700] "POST /xmlrpc.php HTTP/1.1" 403 4352 "-" "Jetpack by WordPress.com"
177.185.251.58 - - [06/Jul/2026:10:09:25 -0700] "POST /xmlrpc.php HTTP/1.1" 403 4352 "-" "WordPress.com; https://wordpress.com"
177.185.251.58 - - [06/Jul/2026:10:09:36 -0700] "POST /xmlrpc.php HTTP/1.1" 403 4352 "-" "Jetpack by WordPress.com"
177.185.251.58 - - [06/Jul/2026:10:09:47 -0700] "POST /xmlrpc.php HTTP/1.1" 403 4352 "-" "Jetpack by WordPress.com"
35.235.84.95 - - [06/Jul/2026:10:09:59 -0700] "POST /wp-cron.php?doing_wp_cron=1783357799.3313889503479003906250 HTTP/1.1" 200 3587 "-" "WordPress/7.0; https://vanessavaladezrealty.com"
177.185.251.58 - - [06/Jul/2026:10:09:57 -0700] "POST /xmlrpc.php HTTP/1.1" 200 4129 "-" "Jetpack by WordPress.com (Jetpack 12.1; WordPress 6.3)"
157.66.47.83 - - [06/Jul/2026:10:10:00 -0700] "GET /wp-login.php HTTP/1.1" 200 6366 "-" "Mozilla/5.0 (Windows NT 10.0; Win64; x64) AppleWebKit/537.36 (KHTML, like Gecko) Chrome/133.0.0.0 Safari/537.36"
157.66.47.83 - - [06/Jul/2026:10:10:02 -0700] "POST /wp-login.php HTTP/1.1" 200 6452 "https://vanessavaladezrealty.com/wp-login.php" "Mozilla/5.0 (Windows NT 10.0; Win64; x64) AppleWebKit/537.36 (KHTML, like Gecko) Chrome/133.0.0.0 Safari/537.36"
177.185.251.58 - - [06/Jul/2026:10:10:08 -0700] "POST /xmlrpc.php HTTP/1.1" 403 4352 "-" "WordPress.com; https://wordpress.com"
177.185.251.58 - - [06/Jul/2026:10:10:19 -0700] "POST /xmlrpc.php HTTP/1.1" 403 4352 "-" "WordPress.com; https://wordpress.com"
109.92.83.79 - - [06/Jul/2026:10:10:30 -0700] "GET /properties/90-Residential-Lease-4333-COYOTE-CREST-Court-6-Rooms-3-Bedrooms-2-Bathrooms-USD1-650/ HTTP/1.1" 200 35395 "-" "Mozilla/5.0 (Macintosh; Intel Mac OS X 10_15_6) AppleWebKit/537.36 (KHTML, like Gecko) Brave Chrome/88.0.4324.152 Safari/537.36"
177.185.251.58 - - [06/Jul/2026:10:10:29 -0700] "POST /xmlrpc.php HTTP/1.1" 200 4129 "-" "Jetpack/12.5; WordPress/6.2; http://site70875752.com"
177.185.251.58 - - [06/Jul/2026:10:10:40 -0700] "POST /xmlrpc.php HTTP/1.1" 403 4352 "-" "Jetpack by WordPress.com"
35.235.84.95 - - [06/Jul/2026:10:11:22 -0700] "POST /wp-cron.php?doing_wp_cron=1783357882.6495110988616943359375 HTTP/1.1" 200 3587 "-" "WordPress/7.0; https://vanessavaladezrealty.com"
38.84.24.90 - - [06/Jul/2026:10:11:21 -0700] "GET /wp-login.php HTTP/1.1" 200 6366 "-" "Mozilla/5.0 (Windows NT 10.0; Win64; x64) AppleWebKit/537.36 (KHTML, like Gecko) Chrome/120.0.0.0 Safari/537.36"
38.84.24.90 - - [06/Jul/2026:10:11:22 -0700] "POST /wp-login.php HTTP/1.1" 200 6452 "https://vanessavaladezrealty.com/wp-login.php" "Mozilla/5.0 (Windows NT 10.0; Win64; x64) AppleWebKit/537.36 (KHTML, like Gecko) Chrome/120.0.0.0 Safari/537.36"
35.235.84.95 - - [06/Jul/2026:10:11:28 -0700] "POST /wp-cron.php?doing_wp_cron=1783357888.3840711116790771484375 HTTP/1.1" 200 3587 "-" "WordPress/7.0; https://vanessavaladezrealty.com"
52.2.101.181 - - [06/Jul/2026:10:11:26 -0700] "GET / HTTP/1.1" 200 361537 "-" "Mozilla/5.0 (Windows NT 10.0; Win64; x64) AppleWebKit/537.36 (KHTML, like Gecko) Chrome/126.0.0.0 Safari/537.36"
140.245.235.77 - - [06/Jul/2026:10:11:27 -0700] "POST /wp-login.php HTTP/1.1" 200 6498 "-" "Mozilla/5.0 (Windows NT 10.0; Win64; x64) AppleWebKit/537.36 (KHTML, like Gecko) Chrome/129.0.0.0 Safari/537.36"
140.245.235.77 - - [06/Jul/2026:10:11:27 -0700] "POST /wp-login.php HTTP/1.1" 200 6522 "-" "Mozilla/5.0 (Linux; Android 12; SM-G991B) AppleWebKit/537.36 (KHTML, like Gecko) Chrome/129.0.0.0 Mobile Safari/537.36"
140.245.235.77 - - [06/Jul/2026:10:11:27 -0700] "POST /wp-login.php HTTP/1.1" 200 6518 "-" "Mozilla/5.0 (Windows NT 10.0; Win64; x64) AppleWebKit/537.36 (KHTML, like Gecko) Chrome/129.0.0.0 Safari/537.36"
35.235.84.95 - - [06/Jul/2026:10:18:21 -0700] "POST /wp-cron.php?doing_wp_cron=1783358301.5590250492095947265625 HTTP/1.1" 200 3587 "-" "WordPress/7.0; https://vanessavaladezrealty.com"
114.119.140.206 - - [06/Jul/2026:10:18:19 -0700] "GET /properties/114-Residential-3111-Bel-Air-Drive-11E-6-Rooms-2-Bedrooms-3-Bathrooms-USD435-000/ HTTP/1.1" 200 34150 "https://vanessavaladezrealty.com/properties?wplpage=3" "Mozilla/5.0 (Linux; Android 7.0;) AppleWebKit/537.36 (HTML, like Gecko) Mobile Safari/537.36 (compatible; PetalBot;+https://webmaster.petalsearch.com/site/petalbot)"
197.237.219.87 - - [06/Jul/2026:10:19:15 -0700] "GET /properties/?pid=117&wplview=property_show HTTP/1.1" 200 37535 "-" "Mozilla/5.0 (Macintosh; Intel Mac OS X 10_14_5) AppleWebKit/537.36 (KHTML, like Gecko) Chrome/101.0.4951.54 Safari/537.36"
35.235.84.95 - - [06/Jul/2026:10:19:32 -0700] "POST /wp-cron.php?doing_wp_cron=1783358372.4052140712738037109375 HTTP/1.1" 200 3587 "-" "WordPress/7.0; https://vanessavaladezrealty.com"
185.70.185.130 - - [06/Jul/2026:10:19:30 -0700] "GET /wp-login.php HTTP/1.1" 200 6366 "-" "Mozilla/5.0 (Windows NT 10.0; Win64; x64) AppleWebKit/537.36 (KHTML, like Gecko) Chrome/120.0.0.0 Safari/537.36"
185.70.185.130 - - [06/Jul/2026:10:19:32 -0700] "POST /wp-login.php HTTP/1.1" 200 6468 "https://vanessavaladezrealty.com/wp-login.php" "Mozilla/5.0 (Windows NT 10.0; Win64; x64) AppleWebKit/537.36 (KHTML, like Gecko) Chrome/120.0.0.0 Safari/537.36"
35.235.84.95 - - [06/Jul/2026:10:20:27 -0700] "POST /wp-cron.php?doing_wp_cron=1783358427.4194700717926025390625 HTTP/1.1" 200 3587 "-" "WordPress/7.0; https://vanessavaladezrealty.com"
179.60.185.23 - - [06/Jul/2026:10:20:25 -0700] "GET /properties/89-Residential-125-East-Harmon-Avenue-1815-3-Rooms-1-Bathroom-USD299-900/ HTTP/1.1" 200 35437 "-" "Mozilla/5.0 (Macintosh; Intel Mac OS X 10_12_6) AppleWebKit/537.36 (KHTML, like Gecko) Chrome/101.0.4951.54 Safari/537.36"
121.200.216.55 - - [06/Jul/2026:10:22:15 -0700] "GET /wp-json/wp/v2/users/me HTTP/1.1" 403 4352 "-" "Mozilla/5.0 (X11; Linux x86_64) AppleWebKit/537.36 (KHTML, like Gecko) Chrome/133.0.0.0 Safari/537.36 Edg/133.0.0.0"
35.235.84.95 - - [06/Jul/2026:10:24:14 -0700] "POST /wp-cron.php?doing_wp_cron=1783358654.8819949626922607421875 HTTP/1.1" 200 3587 "-" "WordPress/7.0; https://vanessavaladezrealty.com"
83.99.206.206 - - [06/Jul/2026:10:24:13 -0700] "GET /robots.txt HTTP/1.1" 200 4273 "-" "Mozilla/5.0 (X11; Linux x86_64) AppleWebKit/537.36 (KHTML, like Gecko; GeedoShopProductFinder) Chrome/142.0.0.0 Safari/537.36"
83.99.206.206 - - [06/Jul/2026:10:24:19 -0700] "GET / HTTP/1.1" 200 38350 "-" "Mozilla/5.0 (X11; Linux x86_64) AppleWebKit/537.36 (KHTML, like Gecko; GeedoShopProductFinder) Chrome/142.0.0.0 Safari/537.36"
135.125.45.146 - - [06/Jul/2026:10:24:35 -0700] "GET /wp-login.php HTTP/1.1" 200 6366 "-" "Mozilla/5.0 (Windows NT 10.0; Win64; x64) AppleWebKit/537.36 (KHTML, like Gecko) Chrome/120.0.0.0 Safari/537.36"
135.125.45.146 - - [06/Jul/2026:10:24:37 -0700] "POST /wp-login.php HTTP/1.1" 200 6452 "https://vanessavaladezrealty.com/wp-login.php" "Mozilla/5.0 (Windows NT 10.0; Win64; x64) AppleWebKit/537.36 (KHTML, like Gecko) Chrome/120.0.0.0 Safari/537.36"
83.99.206.81 - - [06/Jul/2026:10:24:43 -0700] "GET /about-us/ HTTP/1.1" 200 26517 "-" "Mozilla/5.0 (X11; Linux x86_64) AppleWebKit/537.36 (KHTML, like Gecko; GeedoShopProductFinder) Chrome/142.0.0.0 Safari/537.36"
83.99.206.139 - - [06/Jul/2026:10:25:05 -0700] "GET /contact/ HTTP/1.1" 200 27980 "-" "Mozilla/5.0 (X11; Linux x86_64) AppleWebKit/537.36 (KHTML, like Gecko; GeedoShopProductFinder) Chrome/142.0.0.0 Safari/537.36"
35.235.84.95 - - [06/Jul/2026:10:25:56 -0700] "POST /wp-cron.php?doing_wp_cron=1783358756.6333930492401123046875 HTTP/1.1" 200 3587 "-" "WordPress/7.0; https://vanessavaladezrealty.com"
83.99.206.217 - - [06/Jul/2026:10:25:55 -0700] "GET /wp-sitemap.xml HTTP/1.1" 200 4315 "-" "Mozilla/5.0 (X11; Linux x86_64) AppleWebKit/537.36 (KHTML, like Gecko; GeedoShopProductFinder) Chrome/142.0.0.0 Safari/537.36"
83.99.206.217 - - [06/Jul/2026:10:26:16 -0700] "GET /wp-sitemap-posts-post-1.xml HTTP/1.1" 200 4248 "-" "Mozilla/5.0 (X11; Linux x86_64) AppleWebKit/537.36 (KHTML, like Gecko; GeedoShopProductFinder) Chrome/142.0.0.0 Safari/537.36"
35.235.84.95 - - [06/Jul/2026:10:26:30 -0700] "POST /wp-cron.php?doing_wp_cron=1783358790.4798069000244140625000 HTTP/1.1" 200 3587 "-" "WordPress/7.0; https://vanessavaladezrealty.com"
166.114.128.84 - - [06/Jul/2026:10:26:26 -0700] "GET /properties/?pid=90&wplview=property_show HTTP/1.1" 200 35397 "-" "Mozilla/5.0 (Macintosh; Intel Mac OS X 10_14_6) AppleWebKit/537.36 (KHTML, like Gecko) Chrome/89.0.4389.128 Safari/537.36"
83.99.206.217 - - [06/Jul/2026:10:26:38 -0700] "GET /wp-sitemap-posts-page-1.xml HTTP/1.1" 200 4330 "-" "Mozilla/5.0 (X11; Linux x86_64) AppleWebKit/537.36 (KHTML, like Gecko; GeedoShopProductFinder) Chrome/142.0.0.0 Safari/537.36"
83.99.206.217 - - [06/Jul/2026:10:27:00 -0700] "GET /wp-sitemap-taxonomies-category-1.xml HTTP/1.1" 200 4220 "-" "Mozilla/5.0 (X11; Linux x86_64) AppleWebKit/537.36 (KHTML, like Gecko; GeedoShopProductFinder) Chrome/142.0.0.0 Safari/537.36"
83.99.206.217 - - [06/Jul/2026:10:27:21 -0700] "GET /wp-sitemap-users-1.xml HTTP/1.1" 200 4225 "-" "Mozilla/5.0 (X11; Linux x86_64) AppleWebKit/537.36 (KHTML, like Gecko; GeedoShopProductFinder) Chrome/142.0.0.0 Safari/537.36"
43.132.214.228 - - [06/Jul/2026:10:28:17 -0700] "GET / HTTP/1.1" 200 38347 "http://vanessavaladezrealty.com" "Mozilla/5.0 (iPhone; CPU iPhone OS 13_2_3 like Mac OS X) AppleWebKit/605.1.15 (KHTML, like Gecko) Version/13.0.3 Mobile/15E148 Safari/604.1"
35.235.84.95 - - [06/Jul/2026:10:29:16 -0700] "POST /wp-cron.php?doing_wp_cron=1783358956.3682589530944824218750 HTTP/1.1" 200 3587 "-" "WordPress/7.0; https://vanessavaladezrealty.com"
103.121.156.110 - - [06/Jul/2026:10:29:15 -0700] "POST /xmlrpc.php HTTP/1.1" 200 4129 "-" "Jetpack/12.5; WordPress/6.3; http://site43402219.com"
103.121.156.110 - - [06/Jul/2026:10:29:24 -0700] "POST /xmlrpc.php HTTP/1.1" 200 4129 "-" "Jetpack by WordPress.com (Jetpack 12.0; WordPress 6.1)"
103.121.156.110 - - [06/Jul/2026:10:29:35 -0700] "POST /xmlrpc.php HTTP/1.1" 200 4129 "-" "Jetpack by WordPress.com (Jetpack 12.1; WordPress 6.3)"
83.99.206.104 - - [06/Jul/2026:10:29:42 -0700] "GET /home-previuos/ HTTP/1.1" 200 38226 "-" "Mozilla/5.0 (X11; Linux x86_64) AppleWebKit/537.36 (KHTML, like Gecko; GeedoShopProductFinder) Chrome/142.0.0.0 Safari/537.36"
103.121.156.110 - - [06/Jul/2026:10:29:45 -0700] "POST /xmlrpc.php HTTP/1.1" 200 4129 "-" "WordPress.com; https://wordpress.com"
35.235.84.95 - - [06/Jul/2026:10:29:57 -0700] "POST /wp-cron.php?doing_wp_cron=1783358997.7096669673919677734375 HTTP/1.1" 200 3587 "-" "WordPress/7.0; https://vanessavaladezrealty.com"
83.99.206.104 - - [06/Jul/2026:10:30:02 -0700] "GET /author/admin_wyj7ruvs/ HTTP/1.1" 200 22120 "-" "Mozilla/5.0 (X11; Linux x86_64) AppleWebKit/537.36 (KHTML, like Gecko; GeedoShopProductFinder) Chrome/142.0.0.0 Safari/537.36"
103.121.156.110 - - [06/Jul/2026:10:29:56 -0700] "POST /xmlrpc.php HTTP/1.1" 200 4129 "-" "Jetpack/12.5; WordPress/6.3; http://site81376142.com"
103.121.156.110 - - [06/Jul/2026:10:30:07 -0700] "POST /xmlrpc.php HTTP/1.1" 200 4129 "-" "Jetpack by WordPress.com"
103.121.156.110 - - [06/Jul/2026:10:30:17 -0700] "POST /xmlrpc.php HTTP/1.1" 200 4129 "-" "Jetpack by WordPress.com (Jetpack 12.5; WordPress 6.2)"
83.99.206.104 - - [06/Jul/2026:10:30:22 -0700] "GET /category/uncategorized/ HTTP/1.1" 200 21856 "-" "Mozilla/5.0 (X11; Linux x86_64) AppleWebKit/537.36 (KHTML, like Gecko; GeedoShopProductFinder) Chrome/142.0.0.0 Safari/537.36"
103.121.156.110 - - [06/Jul/2026:10:30:28 -0700] "POST /xmlrpc.php HTTP/1.1" 200 4129 "-" "Jetpack by WordPress.com (Jetpack 12.0; WordPress 6.1)"
103.121.156.110 - - [06/Jul/2026:10:30:38 -0700] "POST /xmlrpc.php HTTP/1.1" 200 4129 "-" "Jetpack by WordPress.com"
83.99.206.104 - - [06/Jul/2026:10:30:42 -0700] "GET /properties/ HTTP/1.1" 200 30843 "-" "Mozilla/5.0 (X11; Linux x86_64) AppleWebKit/537.36 (KHTML, like Gecko; GeedoShopProductFinder) Chrome/142.0.0.0 Safari/537.36"
35.235.84.95 - - [06/Jul/2026:10:30:50 -0700] "POST /wp-cron.php?doing_wp_cron=1783359050.6839880943298339843750 HTTP/1.1" 200 3587 "-" "WordPress/7.0; https://vanessavaladezrealty.com"
103.121.156.110 - - [06/Jul/2026:10:30:49 -0700] "POST /xmlrpc.php HTTP/1.1" 200 4129 "-" "Jetpack/13.0; WordPress/6.2; http://site35662864.com"
103.121.156.110 - - [06/Jul/2026:10:31:00 -0700] "POST /xmlrpc.php HTTP/1.1" 200 4129 "-" "Jetpack by WordPress.com"
103.56.161.126 - - [06/Jul/2026:10:31:02 -0700] "GET /wp-login.php HTTP/1.1" 200 6366 "-" "Mozilla/5.0 (Macintosh; Intel Mac OS X 14_7_4) AppleWebKit/537.36 (KHTML, like Gecko) Chrome/133.0.0.0 Safari/537.36"
83.99.206.104 - - [06/Jul/2026:10:31:03 -0700] "GET /hello-world/ HTTP/1.1" 200 24746 "-" "Mozilla/5.0 (X11; Linux x86_64) AppleWebKit/537.36 (KHTML, like Gecko; GeedoShopProductFinder) Chrome/142.0.0.0 Safari/537.36"
103.56.161.126 - - [06/Jul/2026:10:31:03 -0700] "POST /wp-login.php HTTP/1.1" 200 6468 "https://vanessavaladezrealty.com/wp-login.php" "Mozilla/5.0 (Macintosh; Intel Mac OS X 14_7_4) AppleWebKit/537.36 (KHTML, like Gecko) Chrome/133.0.0.0 Safari/537.36"
103.121.156.110 - - [06/Jul/2026:10:31:10 -0700] "POST /xmlrpc.php HTTP/1.1" 200 4129 "-" "WordPress.com; https://wordpress.com"
83.99.206.104 - - [06/Jul/2026:10:31:22 -0700] "GET / HTTP/1.1" 200 38351 "-" "Mozilla/5.0 (X11; Linux x86_64) AppleWebKit/537.36 (KHTML, like Gecko; GeedoShopProductFinder) Chrome/142.0.0.0 Safari/537.36"
103.121.156.110 - - [06/Jul/2026:10:31:21 -0700] "POST /xmlrpc.php HTTP/1.1" 200 4129 "-" "WordPress.com; https://wordpress.com"
35.235.84.95 - - [06/Jul/2026:10:33:43 -0700] "POST /wp-cron.php?doing_wp_cron=1783359223.9491860866546630859375 HTTP/1.1" 200 3587 "-" "WordPress/7.0; https://vanessavaladezrealty.com"
35.235.84.95 - - [06/Jul/2026:10:33:44 -0700] "POST /wp-cron.php?doing_wp_cron=1783359224.4906589984893798828125 HTTP/1.1" 200 3587 "-" "WordPress/7.0; https://vanessavaladezrealty.com"
83.99.206.211 - - [06/Jul/2026:10:33:42 -0700] "GET /properties/?wplview=property_show&pid=106 HTTP/1.1" 200 37500 "-" "Mozilla/5.0 (X11; Linux x86_64) AppleWebKit/537.36 (KHTML, like Gecko; GeedoShopProductFinder) Chrome/142.0.0.0 Safari/537.36"
83.99.206.122 - - [06/Jul/2026:10:34:03 -0700] "GET /properties/150-0-0-0-%240/ HTTP/1.1" 200 33086 "-" "Mozilla/5.0 (X11; Linux x86_64) AppleWebKit/537.36 (KHTML, like Gecko; GeedoShopProductFinder) Chrome/142.0.0.0 Safari/537.36"
83.99.206.122 - - [06/Jul/2026:10:34:23 -0700] "GET /properties/?wplview=property_show&pid=88 HTTP/1.1" 200 36484 "-" "Mozilla/5.0 (X11; Linux x86_64) AppleWebKit/537.36 (KHTML, like Gecko; GeedoShopProductFinder) Chrome/142.0.0.0 Safari/537.36"
83.99.206.122 - - [06/Jul/2026:10:34:42 -0700] "GET /properties/?wplpage=5 HTTP/1.1" 200 32187 "-" "Mozilla/5.0 (X11; Linux x86_64) AppleWebKit/537.36 (KHTML, like Gecko; GeedoShopProductFinder) Chrome/142.0.0.0 Safari/537.36"
35.235.84.95 - - [06/Jul/2026:10:35:04 -0700] "POST /wp-cron.php?doing_wp_cron=1783359304.6950590610504150390625 HTTP/1.1" 200 3587 "-" "WordPress/7.0; https://vanessavaladezrealty.com"
83.99.206.122 - - [06/Jul/2026:10:35:03 -0700] "GET /properties/?wplview=property_show&pid=140 HTTP/1.1" 200 33471 "-" "Mozilla/5.0 (X11; Linux x86_64) AppleWebKit/537.36 (KHTML, like Gecko; GeedoShopProductFinder) Chrome/142.0.0.0 Safari/537.36"
83.99.206.122 - - [06/Jul/2026:10:35:23 -0700] "GET /properties/?wplview=property_show&pid=97 HTTP/1.1" 200 36969 "-" "Mozilla/5.0 (X11; Linux x86_64) AppleWebKit/537.36 (KHTML, like Gecko; GeedoShopProductFinder) Chrome/142.0.0.0 Safari/537.36"
35.235.84.95 - - [06/Jul/2026:10:37:45 -0700] "POST /wp-cron.php?doing_wp_cron=1783359465.2528920173645019531250 HTTP/1.1" 200 3587 "-" "WordPress/7.0; https://vanessavaladezrealty.com"
83.99.206.239 - - [06/Jul/2026:10:37:42 -0700] "GET /properties/?wplview=property_show&pid=116 HTTP/1.1" 200 38684 "-" "Mozilla/5.0 (X11; Linux x86_64) AppleWebKit/537.36 (KHTML, like Gecko; GeedoShopProductFinder) Chrome/142.0.0.0 Safari/537.36"
83.99.206.245 - - [06/Jul/2026:10:38:02 -0700] "GET /properties/admin_wyj7ruvs/ HTTP/1.1" 200 29001 "-" "Mozilla/5.0 (X11; Linux x86_64) AppleWebKit/537.36 (KHTML, like Gecko; GeedoShopProductFinder) Chrome/142.0.0.0 Safari/537.36"
83.99.206.239 - - [06/Jul/2026:10:38:22 -0700] "GET /properties/?wplview=property_show&pid=107 HTTP/1.1" 200 38589 "-" "Mozilla/5.0 (X11; Linux x86_64) AppleWebKit/537.36 (KHTML, like Gecko; GeedoShopProductFinder) Chrome/142.0.0.0 Safari/537.36"
83.99.206.239 - - [06/Jul/2026:10:38:43 -0700] "GET /properties/?wplview=property_show&pid=93 HTTP/1.1" 200 33558 "-" "Mozilla/5.0 (X11; Linux x86_64) AppleWebKit/537.36 (KHTML, like Gecko; GeedoShopProductFinder) Chrome/142.0.0.0 Safari/537.36"
35.235.84.95 - - [06/Jul/2026:10:39:04 -0700] "POST /wp-cron.php?doing_wp_cron=1783359544.8950269222259521484375 HTTP/1.1" 200 3587 "-" "WordPress/7.0; https://vanessavaladezrealty.com"
83.99.206.239 - - [06/Jul/2026:10:39:02 -0700] "GET /properties/?wplview=property_show&pid=128 HTTP/1.1" 200 37547 "-" "Mozilla/5.0 (X11; Linux x86_64) AppleWebKit/537.36 (KHTML, like Gecko; GeedoShopProductFinder) Chrome/142.0.0.0 Safari/537.36"
83.99.206.239 - - [06/Jul/2026:10:39:22 -0700] "GET /properties/?wplview=property_show&pid=105 HTTP/1.1" 200 37322 "-" "Mozilla/5.0 (X11; Linux x86_64) AppleWebKit/537.36 (KHTML, like Gecko; GeedoShopProductFinder) Chrome/142.0.0.0 Safari/537.36"
35.235.84.95 - - [06/Jul/2026:10:40:10 -0700] "POST /wp-cron.php?doing_wp_cron=1783359610.1538538932800292968750 HTTP/1.1" 200 3587 "-" "WordPress/7.0; https://vanessavaladezrealty.com"
98.142.103.98 - - [06/Jul/2026:10:40:09 -0700] "GET /wp-login.php HTTP/1.1" 200 6366 "-" "Mozilla/5.0 (Macintosh; Intel Mac OS X 14_7_4) AppleWebKit/537.36 (KHTML, like Gecko) Chrome/133.0.0.0 Safari/537.36"
98.142.103.98 - - [06/Jul/2026:10:40:10 -0700] "POST /wp-login.php HTTP/1.1" 200 6468 "https://vanessavaladezrealty.com/wp-login.php" "Mozilla/5.0 (Macintosh; Intel Mac OS X 14_7_4) AppleWebKit/537.36 (KHTML, like Gecko) Chrome/133.0.0.0 Safari/537.36"
106.52.216.13 - - [06/Jul/2026:10:41:37 -0700] "GET / HTTP/1.1" 200 38288 "http://vanessavaladezrealty.com" "Mozilla/5.0 (iPhone; CPU iPhone OS 13_2_3 like Mac OS X) AppleWebKit/605.1.15 (KHTML, like Gecko) Version/13.0.3 Mobile/15E148 Safari/604.1"
52.173.178.208 - - [06/Jul/2026:10:41:43 -0700] "GET /wp/wp-login.php HTTP/1.1" 404 98749 "-" "Mozilla/5.0 (Macintosh; Intel Mac OS X 10_15_7) AppleWebKit/537.36 (KHTML, like Gecko) Chrome/120.0.0.0 Safari/537.36"
83.99.206.194 - - [06/Jul/2026:10:41:43 -0700] "GET /properties/?wplview=property_show&pid=124 HTTP/1.1" 200 38018 "-" "Mozilla/5.0 (X11; Linux x86_64) AppleWebKit/537.36 (KHTML, like Gecko; GeedoShopProductFinder) Chrome/142.0.0.0 Safari/537.36"
52.173.178.208 - - [06/Jul/2026:10:41:45 -0700] "POST /wp/wp-login.php HTTP/1.1" 404 98691 "https://vanessavaladezrealty.com/wp/wp-login.php" "Mozilla/5.0 (Windows NT 10.0; Win64; x64) AppleWebKit/537.36 (KHTML, like Gecko) Chrome/120.0.0.0 Safari/537.36 Edg/120.0.0.0"
83.99.206.194 - - [06/Jul/2026:10:42:02 -0700] "GET /properties/149-0-0-0-%240/ HTTP/1.1" 200 33088 "-" "Mozilla/5.0 (X11; Linux x86_64) AppleWebKit/537.36 (KHTML, like Gecko; GeedoShopProductFinder) Chrome/142.0.0.0 Safari/537.36"
83.99.206.194 - - [06/Jul/2026:10:42:23 -0700] "GET /properties/91-Residential-Lease-5621-Eagle-Claw-Avenue-5-Rooms-3-Bedrooms-2-Bathrooms-USD1-845/ HTTP/1.1" 200 34581 "-" "Mozilla/5.0 (X11; Linux x86_64) AppleWebKit/537.36 (KHTML, like Gecko; GeedoShopProductFinder) Chrome/142.0.0.0 Safari/537.36"
35.235.84.95 - - [06/Jul/2026:10:42:45 -0700] "POST /wp-cron.php?doing_wp_cron=1783359765.1012470722198486328125 HTTP/1.1" 200 3587 "-" "WordPress/7.0; https://vanessavaladezrealty.com"
83.99.206.194 - - [06/Jul/2026:10:42:42 -0700] "GET /properties/?wplview=property_show&pid=117 HTTP/1.1" 200 37535 "-" "Mozilla/5.0 (X11; Linux x86_64) AppleWebKit/537.36 (KHTML, like Gecko; GeedoShopProductFinder) Chrome/142.0.0.0 Safari/537.36"
35.235.84.95 - - [06/Jul/2026:10:43:04 -0700] "POST /wp-cron.php?doing_wp_cron=1783359784.3637549877166748046875 HTTP/1.1" 200 3587 "-" "WordPress/7.0; https://vanessavaladezrealty.com"
83.99.206.194 - - [06/Jul/2026:10:43:02 -0700] "GET /properties/?wplview=property_show&pid=112 HTTP/1.1" 200 34261 "-" "Mozilla/5.0 (X11; Linux x86_64) AppleWebKit/537.36 (KHTML, like Gecko; GeedoShopProductFinder) Chrome/142.0.0.0 Safari/537.36"
216.73.216.170 - - [06/Jul/2026:10:43:14 -0700] "GET /wp-sitemap.xml HTTP/1.1" 200 4315 "-" "Mozilla/5.0 AppleWebKit/537.36 (KHTML, like Gecko; compatible; ClaudeBot/1.0; +claudebot@anthropic.com)"
78.142.18.172 - - [06/Jul/2026:10:43:20 -0700] "GET /wp-login.php HTTP/1.1" 200 6366 "-" "Mozilla/5.0 (Macintosh; Intel Mac OS X 11_7_10) AppleWebKit/537.36 (KHTML, like Gecko) Chrome/133.0.0.0 Safari/537.36"
83.99.206.194 - - [06/Jul/2026:10:43:23 -0700] "GET /properties/148-0-0-0-%240/ HTTP/1.1" 200 33085 "-" "Mozilla/5.0 (X11; Linux x86_64) AppleWebKit/537.36 (KHTML, like Gecko; GeedoShopProductFinder) Chrome/142.0.0.0 Safari/537.36"
78.142.18.172 - - [06/Jul/2026:10:43:22 -0700] "POST /wp-login.php HTTP/1.1" 200 6468 "https://vanessavaladezrealty.com/wp-login.php" "Mozilla/5.0 (Macintosh; Intel Mac OS X 11_7_10) AppleWebKit/537.36 (KHTML, like Gecko) Chrome/133.0.0.0 Safari/537.36"
35.235.84.95 - - [06/Jul/2026:10:44:29 -0700] "POST /wp-cron.php?doing_wp_cron=1783359868.9838380813598632812500 HTTP/1.1" 200 3587 "-" "WordPress/7.0; https://vanessavaladezrealty.com"
213.171.208.62 - - [06/Jul/2026:10:44:27 -0700] "GET /wp-login.php HTTP/1.1" 200 6366 "-" "Mozilla/5.0 (X11; Linux i686) AppleWebKit/537.36 (KHTML, like Gecko) Chrome/133.0.0.0 Safari/537.36"
213.171.208.62 - - [06/Jul/2026:10:44:29 -0700] "POST /wp-login.php HTTP/1.1" 200 6452 "https://vanessavaladezrealty.com/wp-login.php" "Mozilla/5.0 (X11; Linux i686) AppleWebKit/537.36 (KHTML, like Gecko) Chrome/133.0.0.0 Safari/537.36"
35.235.84.95 - - [06/Jul/2026:10:45:19 -0700] "POST /wp-cron.php?doing_wp_cron=1783359919.0052928924560546875000 HTTP/1.1" 200 3587 "-" "WordPress/7.0; https://vanessavaladezrealty.com"
181.52.225.108 - - [06/Jul/2026:10:45:17 -0700] "GET /properties/97-Residential-5249-Auborn-Avenue-6-Rooms-5-Bedrooms-5-Bathrooms-USD638-000/ HTTP/1.1" 200 36965 "-" "Mozilla/5.0 (Macintosh; Intel Mac OS X 10_15_6) AppleWebKit/537.36 (KHTML, like Gecko) Brave Chrome/83.0.4103.106 Safari/537.36"
83.99.206.217 - - [06/Jul/2026:10:45:42 -0700] "GET /properties/?wplview=property_show&pid=96 HTTP/1.1" 200 36300 "-" "Mozilla/5.0 (X11; Linux x86_64) AppleWebKit/537.36 (KHTML, like Gecko; GeedoShopProductFinder) Chrome/142.0.0.0 Safari/537.36"
35.235.84.95 - - [06/Jul/2026:10:46:04 -0700] "POST /wp-cron.php?doing_wp_cron=1783359964.0050120353698730468750 HTTP/1.1" 200 3587 "-" "WordPress/7.0; https://vanessavaladezrealty.com"
83.99.206.217 - - [06/Jul/2026:10:46:02 -0700] "GET /properties/?wplview=property_show&pid=101 HTTP/1.1" 200 35068 "-" "Mozilla/5.0 (X11; Linux x86_64) AppleWebKit/537.36 (KHTML, like Gecko; GeedoShopProductFinder) Chrome/142.0.0.0 Safari/537.36"
83.99.206.217 - - [06/Jul/2026:10:46:21 -0700] "GET /properties/?wplview=property_show&pid=99 HTTP/1.1" 200 36965 "-" "Mozilla/5.0 (X11; Linux x86_64) AppleWebKit/537.36 (KHTML, like Gecko; GeedoShopProductFinder) Chrome/142.0.0.0 Safari/537.36"
35.235.84.95 - - [06/Jul/2026:10:46:45 -0700] "POST /wp-cron.php?doing_wp_cron=1783360005.4249129295349121093750 HTTP/1.1" 200 3587 "-" "WordPress/7.0; https://vanessavaladezrealty.com"
83.99.206.217 - - [06/Jul/2026:10:46:42 -0700] "GET /properties/132-Residential-3325-Plaza-Del-Paz-6-Rooms-3-Bedrooms-3-Bathrooms-USD575-000/ HTTP/1.1" 200 36911 "-" "Mozilla/5.0 (X11; Linux x86_64) AppleWebKit/537.36 (KHTML, like Gecko; GeedoShopProductFinder) Chrome/142.0.0.0 Safari/537.36"
83.99.206.217 - - [06/Jul/2026:10:47:02 -0700] "GET /properties/151-0-0-0-%240/ HTTP/1.1" 200 33088 "-" "Mozilla/5.0 (X11; Linux x86_64) AppleWebKit/537.36 (KHTML, like Gecko; GeedoShopProductFinder) Chrome/142.0.0.0 Safari/537.36"
83.99.206.217 - - [06/Jul/2026:10:47:21 -0700] "GET /properties/131-Residential-3651-Arville-Street-325-7-Rooms-2-Bedrooms-2-Bathrooms-USD139-000/ HTTP/1.1" 200 35251 "-" "Mozilla/5.0 (X11; Linux x86_64) AppleWebKit/537.36 (KHTML, like Gecko; GeedoShopProductFinder) Chrome/142.0.0.0 Safari/537.36"
45.92.229.91 - - [06/Jul/2026:10:49:15 -0700] "GET /wp-login.php HTTP/1.1" 200 6308 "" "Mozilla/5.0 (Macintosh; Intel Mac OS X 13_6_1; rv:120.0) Gecko/20100101 Firefox/120.0"
45.92.229.91 - - [06/Jul/2026:10:49:19 -0700] "GET /author/admin_wyj7ruvs/ HTTP/1.1" 200 22062 "-" "Mozilla/5.0 (Macintosh; Intel Mac OS X 10_15_7; rv:120.0) Gecko/20100101 Firefox/120.0"
45.92.229.91 - - [06/Jul/2026:10:49:27 -0700] "GET /author/jarthur/ HTTP/1.1" 200 21635 "-" "Mozilla/5.0 (Windows NT 10.0; Win64; x64) AppleWebKit/537.36 (KHTML, like Gecko) Chrome/120.0.0.0 Safari/537.36"
83.99.206.205 - - [06/Jul/2026:10:49:38 -0700] "GET /properties/?wplview=property_show&pid=95 HTTP/1.1" 200 35081 "-" "Mozilla/5.0 (X11; Linux x86_64) AppleWebKit/537.36 (KHTML, like Gecko; GeedoShopProductFinder) Chrome/142.0.0.0 Safari/537.36"
45.92.229.91 - - [06/Jul/2026:10:49:41 -0700] "GET / HTTP/1.1" 200 38300 "https://wordpress.org/" "Mozilla/5.0 (X11; Ubuntu; Linux x86_64) AppleWebKit/537.36 (KHTML, like Gecko) Chrome/121.0.0.0 Safari/537.36"
45.92.229.91 - - [06/Jul/2026:10:49:47 -0700] "GET /wp-admin/index.php HTTP/1.1" 302 3793 "http://vanessavaladezrealty.com/wp-login.php" "Mozilla/5.0 (X11; Ubuntu; Linux x86_64) AppleWebKit/537.36 (KHTML, like Gecko) Chrome/118.0.0.0 Safari/537.36"
35.235.84.95 - - [06/Jul/2026:10:49:50 -0700] "POST /wp-cron.php?doing_wp_cron=1783360190.4305860996246337890625 HTTP/1.1" 200 3587 "-" "WordPress/7.0; https://vanessavaladezrealty.com"
45.92.229.91 - - [06/Jul/2026:10:49:49 -0700] "GET /wp-login.php?redirect_to=https%3A%2F%2Fvanessavaladezrealty.com%2Fwp-admin%2Findex.php&reauth=1 HTTP/1.1" 200 8372 "http://vanessavaladezrealty.com/wp-login.php" "Mozilla/5.0 (X11; Ubuntu; Linux x86_64) AppleWebKit/537.36 (KHTML, like Gecko) Chrome/118.0.0.0 Safari/537.36"
83.99.206.205 - - [06/Jul/2026:10:49:59 -0700] "GET /properties/?wplview=property_show&pid=103 HTTP/1.1" 200 37987 "-" "Mozilla/5.0 (X11; Linux x86_64) AppleWebKit/537.36 (KHTML, like Gecko; GeedoShopProductFinder) Chrome/142.0.0.0 Safari/537.36"
45.92.229.91 - - [06/Jul/2026:10:50:04 -0700] "GET /wp-admin/index.php HTTP/1.1" 302 3793 "http://vanessavaladezrealty.com/wp-login.php" "Mozilla/5.0 (X11; Linux x86_64) AppleWebKit/537.36 (KHTML, like Gecko) Chrome/119.0.0.0 Safari/537.36"
45.92.229.91 - - [06/Jul/2026:10:50:05 -0700] "GET /wp-login.php?redirect_to=https%3A%2F%2Fvanessavaladezrealty.com%2Fwp-admin%2Findex.php&reauth=1 HTTP/1.1" 200 8372 "http://vanessavaladezrealty.com/wp-login.php" "Mozilla/5.0 (X11; Linux x86_64) AppleWebKit/537.36 (KHTML, like Gecko) Chrome/119.0.0.0 Safari/537.36"
45.92.229.91 - - [06/Jul/2026:10:50:11 -0700] "GET /wp-admin/index.php HTTP/1.1" 302 3793 "http://vanessavaladezrealty.com/wp-login.php" "Mozilla/5.0 (Windows NT 10.0; Win64; x64; rv:120.0) Gecko/20100101 Firefox/120.0"
45.92.229.91 - - [06/Jul/2026:10:50:12 -0700] "GET /wp-login.php?redirect_to=https%3A%2F%2Fvanessavaladezrealty.com%2Fwp-admin%2Findex.php&reauth=1 HTTP/1.1" 200 8372 "http://vanessavaladezrealty.com/wp-login.php" "Mozilla/5.0 (Windows NT 10.0; Win64; x64; rv:120.0) Gecko/20100101 Firefox/120.0"
45.92.229.91 - - [06/Jul/2026:10:50:18 -0700] "GET /wp-admin/index.php HTTP/1.1" 302 3793 "http://vanessavaladezrealty.com/wp-login.php" "Mozilla/5.0 (Windows NT 10.0; Win64; x64) AppleWebKit/537.36 (KHTML, like Gecko) Chrome/121.0.0.0 Safari/537.36"
83.99.206.37 - - [06/Jul/2026:10:50:19 -0700] "GET /properties/?wplview=property_show&pid=125 HTTP/1.1" 200 37365 "-" "Mozilla/5.0 (X11; Linux x86_64) AppleWebKit/537.36 (KHTML, like Gecko; GeedoShopProductFinder) Chrome/142.0.0.0 Safari/537.36"
45.92.229.91 - - [06/Jul/2026:10:50:19 -0700] "GET /wp-login.php?redirect_to=https%3A%2F%2Fvanessavaladezrealty.com%2Fwp-admin%2Findex.php&reauth=1 HTTP/1.1" 200 8372 "http://vanessavaladezrealty.com/wp-login.php" "Mozilla/5.0 (Windows NT 10.0; Win64; x64) AppleWebKit/537.36 (KHTML, like Gecko) Chrome/121.0.0.0 Safari/537.36"
45.92.229.91 - - [06/Jul/2026:10:50:26 -0700] "GET /wp-admin/index.php HTTP/1.1" 302 3793 "http://vanessavaladezrealty.com/wp-login.php" "Mozilla/5.0 (Windows NT 11.0; Win64; x64; rv:120.0) Gecko/20100101 Firefox/120.0"
45.92.229.91 - - [06/Jul/2026:10:50:33 -0700] "GET /wp-admin/index.php HTTP/1.1" 302 3793 "http://vanessavaladezrealty.com/wp-login.php" "Mozilla/5.0 (X11; Linux x86_64) AppleWebKit/537.36 (KHTML, like Gecko) Chrome/120.0.0.0 Safari/537.36"
45.92.229.91 - - [06/Jul/2026:10:50:35 -0700] "GET /wp-login.php?redirect_to=https%3A%2F%2Fvanessavaladezrealty.com%2Fwp-admin%2Findex.php&reauth=1 HTTP/1.1" 200 8372 "http://vanessavaladezrealty.com/wp-login.php" "Mozilla/5.0 (X11; Linux x86_64) AppleWebKit/537.36 (KHTML, like Gecko) Chrome/120.0.0.0 Safari/537.36"
83.99.206.205 - - [06/Jul/2026:10:50:38 -0700] "GET /properties/?wplview=property_show&pid=98 HTTP/1.1" 200 37032 "-" "Mozilla/5.0 (X11; Linux x86_64) AppleWebKit/537.36 (KHTML, like Gecko; GeedoShopProductFinder) Chrome/142.0.0.0 Safari/537.36"
45.92.229.91 - - [06/Jul/2026:10:50:27 -0700] "GET /wp-login.php?redirect_to=https%3A%2F%2Fvanessavaladezrealty.com%2Fwp-admin%2Findex.php&reauth=1 HTTP/1.1" 200 8372 "http://vanessavaladezrealty.com/wp-login.php" "Mozilla/5.0 (Windows NT 11.0; Win64; x64; rv:120.0) Gecko/20100101 Firefox/120.0"
45.92.229.91 - - [06/Jul/2026:10:50:39 -0700] "GET /wp-admin/index.php HTTP/1.1" 302 3793 "http://vanessavaladezrealty.com/wp-login.php" "Mozilla/5.0 (Macintosh; Intel Mac OS X 10_15_7) AppleWebKit/605.1.15 (KHTML, like Gecko) Version/17.0 Safari/605.1.15"
45.92.229.91 - - [06/Jul/2026:10:50:42 -0700] "GET /wp-login.php?redirect_to=https%3A%2F%2Fvanessavaladezrealty.com%2Fwp-admin%2Findex.php&reauth=1 HTTP/1.1" 200 8372 "http://vanessavaladezrealty.com/wp-login.php" "Mozilla/5.0 (Macintosh; Intel Mac OS X 10_15_7) AppleWebKit/605.1.15 (KHTML, like Gecko) Version/17.0 Safari/605.1.15"
45.92.229.91 - - [06/Jul/2026:10:50:46 -0700] "GET /wp-admin/index.php HTTP/1.1" 302 3793 "http://vanessavaladezrealty.com/wp-login.php" "Mozilla/5.0 (X11; Ubuntu; Linux x86_64) AppleWebKit/537.36 (KHTML, like Gecko) Chrome/119.0.0.0 Safari/537.36"
45.92.229.91 - - [06/Jul/2026:10:50:48 -0700] "GET /wp-login.php?redirect_to=https%3A%2F%2Fvanessavaladezrealty.com%2Fwp-admin%2Findex.php&reauth=1 HTTP/1.1" 200 8372 "http://vanessavaladezrealty.com/wp-login.php" "Mozilla/5.0 (X11; Ubuntu; Linux x86_64) AppleWebKit/537.36 (KHTML, like Gecko) Chrome/119.0.0.0 Safari/537.36"
45.92.229.91 - - [06/Jul/2026:10:50:54 -0700] "GET /wp-admin/index.php HTTP/1.1" 302 3793 "http://vanessavaladezrealty.com/wp-login.php" "Mozilla/5.0 (Macintosh; Intel Mac OS X 10_15_7) AppleWebKit/605.1.15 (KHTML, like Gecko) Version/17.0 Safari/605.1.15"
