| Server IP : 35.235.84.95 / Your IP : 216.73.216.49 Web Server : Apache System : Linux instance-1 6.1.0-33-amd64 #1 SMP PREEMPT_DYNAMIC Debian 6.1.133-1 (2025-04-10) x86_64 User : vanessavaladezrealty ( 10093) PHP Version : 8.0.30 Disable Function : opcache_get_status MySQL : OFF | cURL : ON | WGET : OFF | Perl : OFF | Python : OFF | Sudo : OFF | Pkexec : OFF Directory : /var/www/vhosts/vanessavaladezrealty.com/logs/ |
Upload File : |
35.235.84.95 - - [11/Jul/2026:06:35:06 -0700] "POST /wp-cron.php?doing_wp_cron=1783776906.7081971168518066406250 HTTP/1.1" 200 3587 "-" "WordPress/7.0.1; https://vanessavaladezrealty.com"
43.131.32.36 - - [11/Jul/2026:06:35:05 -0700] "GET /feed/ HTTP/1.1" 200 5142 "-" "Mozilla/5.0 (iPhone; CPU iPhone OS 13_2_3 like Mac OS X) AppleWebKit/605.1.15 (KHTML, like Gecko) Version/13.0.3 Mobile/15E148 Safari/604.1"
35.235.84.95 - - [11/Jul/2026:06:54:33 -0700] "POST /wp-cron.php?doing_wp_cron=1783778073.2294840812683105468750 HTTP/1.1" 200 3587 "-" "WordPress/7.0.1; https://vanessavaladezrealty.com"
43.130.101.151 - - [11/Jul/2026:06:54:31 -0700] "GET /wp-json/wp/v2/pages/1295 HTTP/1.1" 200 265247 "-" "Mozilla/5.0 (iPhone; CPU iPhone OS 13_2_3 like Mac OS X) AppleWebKit/605.1.15 (KHTML, like Gecko) Version/13.0.3 Mobile/15E148 Safari/604.1"
220.181.108.159 - - [11/Jul/2026:06:54:43 -0700] "GET /properties/109-Residential-7213-Tame-Place-6-Rooms-3-Bedrooms-2-Bathrooms-USD325-000/ HTTP/1.1" 200 32175 "-" "Mozilla/5.0 (compatible; Baiduspider/2.0; +http://www.baidu.com/search/spider.html)"
116.179.37.70 - - [11/Jul/2026:06:54:48 -0700] "GET /wp-content/plugins/real-estate-listing-realtyna-wpl/assets/css/frontend.css?ver=7.0.1 HTTP/1.1" 200 3602 "https://vanessavaladezrealty.com/properties/109-Residential-7213-Tame-Place-6-Rooms-3-Bedrooms-2-Bathrooms-USD325-000/" "Mozilla/5.0 (compatible; Baiduspider-render/2.0; +http://www.baidu.com/search/spider.html)"
116.179.37.9 - - [11/Jul/2026:06:54:49 -0700] "GET /wp-content/plugins/elementor/assets/css/frontend.min.css?ver=3.35.7 HTTP/1.1" 200 3583 "https://vanessavaladezrealty.com/properties/109-Residential-7213-Tame-Place-6-Rooms-3-Bedrooms-2-Bathrooms-USD325-000/" "Mozilla/5.0 (compatible; Baiduspider-render/2.0; +http://www.baidu.com/search/spider.html)"
116.179.37.196 - - [11/Jul/2026:06:54:57 -0700] "GET /wp-includes/js/wp-emoji-release.min.js?ver=7.0.1 HTTP/1.1" 200 3572 "https://vanessavaladezrealty.com/properties/109-Residential-7213-Tame-Place-6-Rooms-3-Bedrooms-2-Bathrooms-USD325-000/" "Mozilla/5.0 (compatible; Baiduspider-render/2.0; +http://www.baidu.com/search/spider.html)"
116.179.37.132 - - [11/Jul/2026:06:54:57 -0700] "GET /wp-content/plugins/real-estate-listing-realtyna-wpl/assets/js/js_inline.html HTTP/1.1" 200 3604 "https://vanessavaladezrealty.com/properties/109-Residential-7213-Tame-Place-6-Rooms-3-Bedrooms-2-Bathrooms-USD325-000/" "Mozilla/5.0 (compatible; Baiduspider-render/2.0; +http://www.baidu.com/search/spider.html)"
116.179.37.184 - - [11/Jul/2026:06:54:57 -0700] "POST /properties/109-Residential-7213-Tame-Place-6-Rooms-3-Bedrooms-2-Bathrooms-USD325-000/ HTTP/1.1" 200 4035 "https://vanessavaladezrealty.com/properties/109-Residential-7213-Tame-Place-6-Rooms-3-Bedrooms-2-Bathrooms-USD325-000/" "Mozilla/5.0 (compatible; Baiduspider-render/2.0; +http://www.baidu.com/search/spider.html)"
35.235.84.95 - - [11/Jul/2026:06:59:20 -0700] "POST /wp-cron.php?doing_wp_cron=1783778360.2491030693054199218750 HTTP/1.1" 200 3587 "-" "WordPress/7.0.1; https://vanessavaladezrealty.com"
35.235.84.95 - - [11/Jul/2026:06:59:20 -0700] "POST /wp-cron.php?doing_wp_cron=1783778360.3063759803771972656250 HTTP/1.1" 200 3587 "-" "WordPress/7.0.1; https://vanessavaladezrealty.com"
216.73.216.49 - - [11/Jul/2026:06:59:19 -0700] "GET /robots.txt HTTP/1.1" 200 4273 "-" "Mozilla/5.0 AppleWebKit/537.36 (KHTML, like Gecko; compatible; ClaudeBot/1.0; +claudebot@anthropic.com)"
216.73.216.49 - - [11/Jul/2026:06:59:20 -0700] "GET /wp-sitemap.xml HTTP/1.1" 200 4257 "-" "Mozilla/5.0 AppleWebKit/537.36 (KHTML, like Gecko; compatible; ClaudeBot/1.0; +claudebot@anthropic.com)"
35.235.84.95 - - [11/Jul/2026:07:00:47 -0700] "HEAD / HTTP/1.1" 200 4253 "-" "Mozilla/5.0 (Windows NT 10.0; Win64; x64) AppleWebKit/537.36 (KHTML, like Gecko) Chrome/117.0.0.0 Safari/537.36"
35.235.84.95 - - [11/Jul/2026:07:02:32 -0700] "POST /wp-cron.php?doing_wp_cron=1783778552.0907580852508544921875 HTTP/1.1" 200 3587 "-" "WordPress/7.0.1; https://vanessavaladezrealty.com"
105.245.109.21 - - [11/Jul/2026:07:02:30 -0700] "GET /home-previuos/ HTTP/1.1" 200 38233 "-" "Mozilla/5.0 (Macintosh; Intel Mac OS X 10_13_4) AppleWebKit/537.36 (KHTML, like Gecko) Chrome/65.0.3325.19 Safari/537.36"
43.134.236.36 - - [11/Jul/2026:07:03:04 -0700] "GET /wp-json/ HTTP/1.1" 200 382434 "-" "Mozilla/5.0 (iPhone; CPU iPhone OS 13_2_3 like Mac OS X) AppleWebKit/605.1.15 (KHTML, like Gecko) Version/13.0.3 Mobile/15E148 Safari/604.1"
35.235.84.95 - - [11/Jul/2026:07:10:47 -0700] "POST /wp-cron.php?doing_wp_cron=1783779047.7594840526580810546875 HTTP/1.1" 200 3587 "-" "WordPress/7.0.1; https://vanessavaladezrealty.com"
87.199.196.160 - - [11/Jul/2026:07:10:46 -0700] "GET /hello-world/ HTTP/1.1" 200 126058 "https://vanessavaladezrealty.com/hello-world/" "Mozilla/5.0 (Windows NT 10.0; Win64; x64) AppleWebKit/537.36 (KHTML, like Gecko) Chrome/130.0.0.0 Safari/537.36 CCleaner/130.0.0.0"
87.199.196.160 - - [11/Jul/2026:07:10:48 -0700] "POST /wp-comments-post.php HTTP/1.1" 302 4236 "https://vanessavaladezrealty.com/hello-world/" "Mozilla/5.0 (Windows NT 10.0; Win64; x64) AppleWebKit/537.36 (KHTML, like Gecko) Chrome/130.0.0.0 Safari/537.36 CCleaner/130.0.0.0"
87.199.196.160 - - [11/Jul/2026:07:10:50 -0700] "GET /hello-world/ HTTP/1.1" 200 130797 "https://vanessavaladezrealty.com/hello-world/#comment-1388" "Mozilla/5.0 (Windows NT 10.0; Win64; x64) AppleWebKit/537.36 (KHTML, like Gecko) Chrome/130.0.0.0 Safari/537.36 CCleaner/130.0.0.0"
161.97.129.228 - - [11/Jul/2026:07:11:12 -0700] "GET /wp-login.php HTTP/1.1" 200 6363 "-" "Mozilla/5.0 (Linux; Android 10; K) AppleWebKit/537.36 (KHTML, like Gecko) Chrome/147.0.0.0 Mobile Safari/537.36"
114.119.140.206 - - [11/Jul/2026:07:11:32 -0700] "GET /properties/133-Residential-6603-Brick-House-Avenue-5-Rooms-3-Bedrooms-2-Bathrooms-USD329-500/ HTTP/1.1" 200 33167 "https://vanessavaladezrealty.com/properties/vanessavaladez?wplpage=4" "Mozilla/5.0 (Linux; Android 7.0;) AppleWebKit/537.36 (HTML, like Gecko) Mobile Safari/537.36 (compatible; PetalBot;+https://webmaster.petalsearch.com/site/petalbot)"
35.235.84.95 - - [11/Jul/2026:07:12:57 -0700] "POST /wp-cron.php?doing_wp_cron=1783779177.5230948925018310546875 HTTP/1.1" 200 3587 "-" "WordPress/7.0.1; https://vanessavaladezrealty.com"
114.119.152.69 - - [11/Jul/2026:07:12:55 -0700] "GET /properties/120-Residential-737-Taft-Court-5-Rooms-3-Bedrooms-2-Bathrooms-USD284-999/ HTTP/1.1" 200 33307 "https://vanessavaladezrealty.com/properties/vanessavaladez?wplpage=3" "Mozilla/5.0 (Linux; Android 7.0;) AppleWebKit/537.36 (HTML, like Gecko) Mobile Safari/537.36 (compatible; PetalBot;+https://webmaster.petalsearch.com/site/petalbot)"
35.235.84.95 - - [11/Jul/2026:07:15:20 -0700] "POST /wp-cron.php?doing_wp_cron=1783779320.8699219226837158203125 HTTP/1.1" 200 3587 "-" "WordPress/7.0.1; https://vanessavaladezrealty.com"
103.115.72.131 - - [11/Jul/2026:07:15:19 -0700] "GET /properties/140-Residential-1802-Goldfield-Street-USD125-000/ HTTP/1.1" 200 33467 "-" "Mozilla/5.0 (Windows NT 10.0; WOW64) AppleWebKit/537.36 (KHTML, like Gecko) Chrome/97.0.4692.71 Safari/537.36"
89.124.113.107 - - [11/Jul/2026:07:15:33 -0700] "GET /hello-world/ HTTP/1.1" 200 126058 "https://vanessavaladezrealty.com/hello-world/" "Mozilla/5.0 (Windows NT 10.0; Win64; x64) AppleWebKit/537.36 (KHTML, like Gecko) Chrome/129.0.0.0 Safari/537.36"
89.124.113.107 - - [11/Jul/2026:07:15:35 -0700] "POST /wp-comments-post.php HTTP/1.1" 302 4230 "https://vanessavaladezrealty.com/hello-world/" "Mozilla/5.0 (Windows NT 10.0; Win64; x64) AppleWebKit/537.36 (KHTML, like Gecko) Chrome/129.0.0.0 Safari/537.36"
89.124.113.107 - - [11/Jul/2026:07:15:37 -0700] "GET /hello-world/ HTTP/1.1" 200 130708 "https://vanessavaladezrealty.com/hello-world/#comment-1389" "Mozilla/5.0 (Windows NT 10.0; Win64; x64) AppleWebKit/537.36 (KHTML, like Gecko) Chrome/129.0.0.0 Safari/537.36"
35.235.84.95 - - [11/Jul/2026:07:16:47 -0700] "POST /wp-cron.php?doing_wp_cron=1783779407.7100069522857666015625 HTTP/1.1" 200 3587 "-" "WordPress/7.0.1; https://vanessavaladezrealty.com"
43.155.162.41 - - [11/Jul/2026:07:16:46 -0700] "GET /xmlrpc.php?rsd HTTP/1.1" 200 4021 "-" "Mozilla/5.0 (iPhone; CPU iPhone OS 13_2_3 like Mac OS X) AppleWebKit/605.1.15 (KHTML, like Gecko) Version/13.0.3 Mobile/15E148 Safari/604.1"
35.235.84.95 - - [11/Jul/2026:07:19:01 -0700] "POST /wp-cron.php?doing_wp_cron=1783779541.2751359939575195312500 HTTP/1.1" 200 3587 "-" "WordPress/7.0.1; https://vanessavaladezrealty.com"
102.140.213.253 - - [11/Jul/2026:07:18:59 -0700] "GET /properties/102-Residential-Lease-7289-Mer-Soliel-Court-7-Rooms-4-Bedrooms-3-Bathrooms-USD2-100/ HTTP/1.1" 200 36536 "-" "Mozilla/5.0 (Windows NT 10.0) AppleWebKit/537.36 (KHTML, like Gecko) Brave Chrome/87.0.4280.88 Safari/537.36"
41.90.137.23 - - [11/Jul/2026:07:19:25 -0700] "GET /properties/129-Residential-2726-River-Ranch-Place-8-Rooms-3-Bedrooms-3-Bathrooms-USD363-900/ HTTP/1.1" 200 36962 "-" "Mozilla/5.0 (Windows NT 6.2; WOW64) AppleWebKit/537.36 (KHTML, like Gecko) Chrome/29.0.1547.2 Safari/537.36"
35.235.84.95 - - [11/Jul/2026:07:22:40 -0700] "POST /wp-cron.php?doing_wp_cron=1783779760.1006319522857666015625 HTTP/1.1" 200 3587 "-" "WordPress/7.0.1; https://vanessavaladezrealty.com"
57.141.18.119 - - [11/Jul/2026:07:22:38 -0700] "GET /sitemap.txt HTTP/1.1" 404 98763 "-" "Mozilla/5.0 (Windows NT 10.0; Win64; x64) AppleWebKit/537.36 (KHTML, like Gecko) Chrome/145.0.0.0 Safari/537.36 (compatible; meta-externalagent/1.1 (+https://developers.facebook.com/docs/sharing/webmasters/crawler))"
35.235.84.95 - - [11/Jul/2026:07:25:01 -0700] "POST /wp-cron.php?doing_wp_cron=1783779901.3644099235534667968750 HTTP/1.1" 200 3587 "-" "WordPress/7.0.1; https://vanessavaladezrealty.com"
196.177.231.248 - - [11/Jul/2026:07:25:00 -0700] "GET /properties/117-Residential-10792-Ascona-Tide-Court-5-Rooms-4-Bedrooms-4-Bathrooms-USD499-900/tel:7027760711 HTTP/1.1" 301 4220 "-" "Mozilla/5.0 (Windows NT 6.1) AppleWebKit/537.36 (KHTML, like Gecko) Chrome/63.0.3235.0 Safari/537.36"
196.177.231.248 - - [11/Jul/2026:07:25:02 -0700] "GET /properties/117-Residential-10792-Ascona-Tide-Court-5-Rooms-4-Bedrooms-4-Bathrooms-USD499-900/tel:7027760711/ HTTP/1.1" 301 4369 "-" "Mozilla/5.0 (Windows NT 6.1) AppleWebKit/537.36 (KHTML, like Gecko) Chrome/63.0.3235.0 Safari/537.36"
196.177.231.248 - - [11/Jul/2026:07:25:03 -0700] "GET /properties/117-Residential-10792-Ascona-Tide-Court-5-Rooms-4-Bedrooms-4-Bathrooms-USD499-900 HTTP/1.1" 301 4147 "-" "Mozilla/5.0 (Windows NT 6.1) AppleWebKit/537.36 (KHTML, like Gecko) Chrome/63.0.3235.0 Safari/537.36"
196.177.231.248 - - [11/Jul/2026:07:25:05 -0700] "GET /properties/117-Residential-10792-Ascona-Tide-Court-5-Rooms-4-Bedrooms-4-Bathrooms-USD499-900/ HTTP/1.1" 200 37476 "-" "Mozilla/5.0 (Windows NT 6.1) AppleWebKit/537.36 (KHTML, like Gecko) Chrome/63.0.3235.0 Safari/537.36"
35.235.84.95 - - [11/Jul/2026:07:27:15 -0700] "POST /wp-cron.php?doing_wp_cron=1783780035.7705290317535400390625 HTTP/1.1" 200 3587 "-" "WordPress/7.0.1; https://vanessavaladezrealty.com"
47.86.33.52 - - [11/Jul/2026:07:27:14 -0700] "GET /wp-login.php HTTP/1.1" 200 6363 "-" "Mozilla/5.0 (iPhone; CPU iPhone OS 18_0 like Mac OS X) AppleWebKit/605.1.15 (KHTML, like Gecko) CriOS/145.0.6917.0 Mobile/15E148 Safari/604.1"
35.213.70.61 - - [11/Jul/2026:07:27:35 -0700] "GET / HTTP/1.1" 200 38354 "-" "Mozilla/5.0 (Windows NT 10.0; Win64; x64) AppleWebKit/537.36 (KHTML, like Gecko; compatible; BuiltWith/1.4; rb.gy/xprgqj) Chrome/124.0.0.0 Safari/537.36"
35.213.70.61 - - [11/Jul/2026:07:27:38 -0700] "GET / HTTP/1.1" 200 38297 "-" "Mozilla/5.0 (Windows NT 10.0; Win64; x64) AppleWebKit/537.36 (KHTML, like Gecko; compatible; BuiltWith/1.4; rb.gy/xprgqj) Chrome/124.0.0.0 Safari/537.36"
35.213.70.61 - - [11/Jul/2026:07:27:40 -0700] "GET /robots.txt HTTP/1.1" 200 4215 "-" "Mozilla/5.0 (Windows NT 10.0; Win64; x64) AppleWebKit/537.36 (KHTML, like Gecko; compatible; BuiltWith/1.4; rb.gy/xprgqj) Chrome/124.0.0.0 Safari/537.36"
35.213.70.61 - - [11/Jul/2026:07:27:41 -0700] "GET /properties/?wplview=property_show&pid=140 HTTP/1.1" 200 33414 "-" "Mozilla/5.0 (Windows NT 10.0; Win64; x64) AppleWebKit/537.36 (KHTML, like Gecko; compatible; BuiltWith/1.4; rb.gy/xprgqj) Chrome/124.0.0.0 Safari/537.36"
35.213.70.61 - - [11/Jul/2026:07:27:41 -0700] "GET /properties/?wplview=property_show&pid=112 HTTP/1.1" 200 34205 "-" "Mozilla/5.0 (Windows NT 10.0; Win64; x64) AppleWebKit/537.36 (KHTML, like Gecko; compatible; BuiltWith/1.4; rb.gy/xprgqj) Chrome/124.0.0.0 Safari/537.36"
35.213.70.61 - - [11/Jul/2026:07:27:43 -0700] "GET /about-us/ HTTP/1.1" 200 26458 "-" "Mozilla/5.0 (Windows NT 10.0; Win64; x64) AppleWebKit/537.36 (KHTML, like Gecko; compatible; BuiltWith/1.4; rb.gy/xprgqj) Chrome/124.0.0.0 Safari/537.36"
35.213.70.61 - - [11/Jul/2026:07:27:43 -0700] "GET /contact/ HTTP/1.1" 200 27922 "-" "Mozilla/5.0 (Windows NT 10.0; Win64; x64) AppleWebKit/537.36 (KHTML, like Gecko; compatible; BuiltWith/1.4; rb.gy/xprgqj) Chrome/124.0.0.0 Safari/537.36"
35.213.70.61 - - [11/Jul/2026:07:27:43 -0700] "GET /ads.txt HTTP/1.1" 404 98705 "-" "Mozilla/5.0 (Windows NT 10.0; Win64; x64) AppleWebKit/537.36 (KHTML, like Gecko; compatible; BuiltWith/1.4; rb.gy/xprgqj) Chrome/124.0.0.0 Safari/537.36"
35.235.84.95 - - [11/Jul/2026:07:35:47 -0700] "POST /wp-cron.php?doing_wp_cron=1783780547.0732769966125488281250 HTTP/1.1" 200 3587 "-" "WordPress/7.0.1; https://vanessavaladezrealty.com"
173.252.87.3 - - [11/Jul/2026:07:35:45 -0700] "GET / HTTP/1.1" 200 361432 "-" "meta-externalagent/1.1 (+https://developers.facebook.com/docs/sharing/webmasters/crawler)"
175.107.211.130 - - [11/Jul/2026:07:36:38 -0700] "GET /properties/132-Residential-3325-Plaza-Del-Paz-6-Rooms-3-Bedrooms-3-Bathrooms-USD575-000/tel:7027760711 HTTP/1.1" 301 4215 "-" "Mozilla/5.0 (Macintosh; Intel Mac OS X 10_15_3) AppleWebKit/537.36 (KHTML, like Gecko) Chrome/79.0.3945.130 Safari/537.36\tChrome 79.0"
175.107.211.130 - - [11/Jul/2026:07:36:40 -0700] "GET /properties/132-Residential-3325-Plaza-Del-Paz-6-Rooms-3-Bedrooms-3-Bathrooms-USD575-000/tel:7027760711/ HTTP/1.1" 301 4364 "-" "Mozilla/5.0 (Macintosh; Intel Mac OS X 10_15_3) AppleWebKit/537.36 (KHTML, like Gecko) Chrome/79.0.3945.130 Safari/537.36\tChrome 79.0"
175.107.211.130 - - [11/Jul/2026:07:36:42 -0700] "GET /properties/132-Residential-3325-Plaza-Del-Paz-6-Rooms-3-Bedrooms-3-Bathrooms-USD575-000 HTTP/1.1" 301 4142 "-" "Mozilla/5.0 (Macintosh; Intel Mac OS X 10_15_3) AppleWebKit/537.36 (KHTML, like Gecko) Chrome/79.0.3945.130 Safari/537.36\tChrome 79.0"
177.93.26.7 - - [11/Jul/2026:07:36:45 -0700] "GET /properties/116-Residential-4575-Dean-Martin-Drive-305-5-Rooms-2-Bedrooms-3-Bathrooms-USD578-000/ HTTP/1.1" 200 38684 "-" "Mozilla/5.0 (Windows NT 10.0; WOW64) AppleWebKit/537.36 (KHTML, like Gecko) Chrome/62.0.3202.9 Safari/537.36"
35.235.84.95 - - [11/Jul/2026:07:36:47 -0700] "POST /wp-cron.php?doing_wp_cron=1783780607.3255550861358642578125 HTTP/1.1" 200 3587 "-" "WordPress/7.0.1; https://vanessavaladezrealty.com"
175.107.211.130 - - [11/Jul/2026:07:36:45 -0700] "GET /properties/132-Residential-3325-Plaza-Del-Paz-6-Rooms-3-Bedrooms-3-Bathrooms-USD575-000/ HTTP/1.1" 200 36855 "-" "Mozilla/5.0 (Macintosh; Intel Mac OS X 10_15_3) AppleWebKit/537.36 (KHTML, like Gecko) Chrome/79.0.3945.130 Safari/537.36\tChrome 79.0"
35.235.84.95 - - [11/Jul/2026:07:54:15 -0700] "POST /wp-cron.php?doing_wp_cron=1783781655.7773931026458740234375 HTTP/1.1" 200 3587 "-" "WordPress/7.0.1; https://vanessavaladezrealty.com"
83.99.206.205 - - [11/Jul/2026:07:54:14 -0700] "GET /robots.txt HTTP/1.1" 200 4273 "-" "Mozilla/5.0 (X11; Linux x86_64) AppleWebKit/537.36 (KHTML, like Gecko; GeedoShopProductFinder) Chrome/142.0.0.0 Safari/537.36"
83.99.206.205 - - [11/Jul/2026:07:54:20 -0700] "GET / HTTP/1.1" 200 38357 "-" "Mozilla/5.0 (X11; Linux x86_64) AppleWebKit/537.36 (KHTML, like Gecko; GeedoShopProductFinder) Chrome/142.0.0.0 Safari/537.36"
83.99.206.205 - - [11/Jul/2026:07:54:42 -0700] "GET /about-us/ HTTP/1.1" 200 26516 "-" "Mozilla/5.0 (X11; Linux x86_64) AppleWebKit/537.36 (KHTML, like Gecko; GeedoShopProductFinder) Chrome/142.0.0.0 Safari/537.36"
83.99.206.118 - - [11/Jul/2026:07:55:04 -0700] "GET /contact/ HTTP/1.1" 200 27981 "-" "Mozilla/5.0 (X11; Linux x86_64) AppleWebKit/537.36 (KHTML, like Gecko; GeedoShopProductFinder) Chrome/142.0.0.0 Safari/537.36"
35.235.84.95 - - [11/Jul/2026:07:56:00 -0700] "POST /wp-cron.php?doing_wp_cron=1783781760.0361020565032958984375 HTTP/1.1" 200 3587 "-" "WordPress/7.0.1; https://vanessavaladezrealty.com"
83.99.206.47 - - [11/Jul/2026:07:55:59 -0700] "GET /wp-sitemap.xml HTTP/1.1" 200 4315 "-" "Mozilla/5.0 (X11; Linux x86_64) AppleWebKit/537.36 (KHTML, like Gecko; GeedoShopProductFinder) Chrome/142.0.0.0 Safari/537.36"
83.99.206.47 - - [11/Jul/2026:07:56:20 -0700] "GET /wp-sitemap-posts-post-1.xml HTTP/1.1" 200 4248 "-" "Mozilla/5.0 (X11; Linux x86_64) AppleWebKit/537.36 (KHTML, like Gecko; GeedoShopProductFinder) Chrome/142.0.0.0 Safari/537.36"
35.235.84.95 - - [11/Jul/2026:07:56:42 -0700] "POST /wp-cron.php?doing_wp_cron=1783781802.4469370841979980468750 HTTP/1.1" 200 3587 "-" "WordPress/7.0.1; https://vanessavaladezrealty.com"
83.99.206.47 - - [11/Jul/2026:07:56:41 -0700] "GET /wp-sitemap-posts-page-1.xml HTTP/1.1" 200 4330 "-" "Mozilla/5.0 (X11; Linux x86_64) AppleWebKit/537.36 (KHTML, like Gecko; GeedoShopProductFinder) Chrome/142.0.0.0 Safari/537.36"
83.99.206.47 - - [11/Jul/2026:07:57:02 -0700] "GET /wp-sitemap-taxonomies-category-1.xml HTTP/1.1" 200 4220 "-" "Mozilla/5.0 (X11; Linux x86_64) AppleWebKit/537.36 (KHTML, like Gecko; GeedoShopProductFinder) Chrome/142.0.0.0 Safari/537.36"
83.99.206.47 - - [11/Jul/2026:07:57:23 -0700] "GET /wp-sitemap-users-1.xml HTTP/1.1" 200 4225 "-" "Mozilla/5.0 (X11; Linux x86_64) AppleWebKit/537.36 (KHTML, like Gecko; GeedoShopProductFinder) Chrome/142.0.0.0 Safari/537.36"
35.235.84.95 - - [11/Jul/2026:07:58:23 -0700] "POST /wp-cron.php?doing_wp_cron=1783781903.9599459171295166015625 HTTP/1.1" 200 3587 "-" "WordPress/7.0.1; https://vanessavaladezrealty.com"
81.171.72.135 - - [11/Jul/2026:07:58:22 -0700] "HEAD / HTTP/1.1" 200 4253 "-" "Go-http-client/1.1"
35.235.84.95 - - [11/Jul/2026:07:58:24 -0700] "POST /wp-cron.php?doing_wp_cron=1783781904.5291750431060791015625 HTTP/1.1" 200 3587 "-" "WordPress/7.0.1; https://vanessavaladezrealty.com"
35.235.84.95 - - [11/Jul/2026:07:58:24 -0700] "POST /wp-cron.php?doing_wp_cron=1783781904.5434799194335937500000 HTTP/1.1" 200 3587 "-" "WordPress/7.0.1; https://vanessavaladezrealty.com"
81.171.72.135 - - [11/Jul/2026:07:58:22 -0700] "GET / HTTP/1.1" 200 11529 "-" "Go-http-client/1.1"
81.171.72.135 - - [11/Jul/2026:07:58:22 -0700] "POST / HTTP/1.1" 200 11529 "-" "Go-http-client/1.1"
81.171.72.135 - - [11/Jul/2026:07:58:24 -0700] "GET /dump.sql HTTP/1.1" 403 4352 "-" "Go-http-client/1.1"
81.171.72.135 - - [11/Jul/2026:07:58:24 -0700] "GET /api/.env HTTP/1.1" 403 4352 "-" "Go-http-client/1.1"
81.171.72.135 - - [11/Jul/2026:07:58:24 -0700] "GET /storage/logs/laravel.log HTTP/1.1" 403 4352 "-" "Go-http-client/1.1"
81.171.72.135 - - [11/Jul/2026:07:58:25 -0700] "GET /database.sql HTTP/1.1" 403 4352 "-" "Go-http-client/1.1"
81.171.72.135 - - [11/Jul/2026:07:58:25 -0700] "GET /database_backup.sql HTTP/1.1" 403 4352 "-" "Go-http-client/1.1"
81.171.72.135 - - [11/Jul/2026:07:58:25 -0700] "GET /backup.sql HTTP/1.1" 403 4352 "-" "Go-http-client/1.1"
81.171.72.135 - - [11/Jul/2026:07:58:25 -0700] "GET /.svn/wc.db HTTP/1.1" 403 4352 "-" "Go-http-client/1.1"
81.171.72.135 - - [11/Jul/2026:07:58:24 -0700] "GET /backup.zip HTTP/1.1" 404 98741 "-" "Go-http-client/1.1"
176.65.148.30 - - [11/Jul/2026:07:58:24 -0700] "GET / HTTP/1.1" 200 38352 "-" "Mozilla/5.0 (compatible; CT-WP-Scanner/1.0; +https://example.com/bot)"
81.171.72.135 - - [11/Jul/2026:07:58:25 -0700] "GET /actuator/heapdump HTTP/1.1" 404 98763 "-" "Go-http-client/1.1"
81.171.72.135 - - [11/Jul/2026:07:58:25 -0700] "GET /.ssh/id_ecdsa HTTP/1.1" 404 98763 "-" "Go-http-client/1.1"
81.171.72.135 - - [11/Jul/2026:07:58:25 -0700] "GET /backup.tar.gz HTTP/1.1" 404 98763 "-" "Go-http-client/1.1"
81.171.72.135 - - [11/Jul/2026:07:58:28 -0700] "GET /_vti_pvt/service.pwd HTTP/1.1" 403 4352 "-" "Go-http-client/1.1"
81.171.72.135 - - [11/Jul/2026:07:58:26 -0700] "GET /.ssh/id_ed25519 HTTP/1.1" 404 98763 "-" "Go-http-client/1.1"
81.171.72.135 - - [11/Jul/2026:07:58:27 -0700] "GET /phpinfo.php HTTP/1.1" 404 98763 "-" "Go-http-client/1.1"
81.171.72.135 - - [11/Jul/2026:07:58:27 -0700] "GET /.ssh/id_rsa HTTP/1.1" 404 98760 "-" "Go-http-client/1.1"
81.171.72.135 - - [11/Jul/2026:07:58:31 -0700] "GET /etc/ssl/private/server.key HTTP/1.1" 403 5841 "-" "Go-http-client/1.1"
81.171.72.135 - - [11/Jul/2026:07:58:31 -0700] "GET /server.key HTTP/1.1" 403 5841 "-" "Go-http-client/1.1"
81.171.72.135 - - [11/Jul/2026:07:58:32 -0700] "GET /.git/HEAD HTTP/1.1" 403 5841 "-" "Go-http-client/1.1"
81.171.72.135 - - [11/Jul/2026:07:58:32 -0700] "GET /.env HTTP/1.1" 403 5841 "-" "Go-http-client/1.1"
81.171.72.135 - - [11/Jul/2026:07:58:31 -0700] "GET /.bash_history HTTP/1.1" 404 100252 "-" "Go-http-client/1.1"
81.171.72.135 - - [11/Jul/2026:07:58:32 -0700] "GET /config.xml HTTP/1.1" 404 100252 "-" "Go-http-client/1.1"
81.171.72.135 - - [11/Jul/2026:07:58:31 -0700] "GET /.npmrc HTTP/1.1" 404 100252 "-" "Go-http-client/1.1"
81.171.72.135 - - [11/Jul/2026:07:58:32 -0700] "GET /config.php HTTP/1.1" 404 100252 "-" "Go-http-client/1.1"
3.81.242.224 - - [11/Jul/2026:07:58:36 -0700] "GET / HTTP/1.1" 200 362924 "-" "Mozilla/5.0 (Windows NT 10.0; Win64; x64) AppleWebKit/537.36 (KHTML, like Gecko) Chrome/136.0.0.0 Safari/537.36 (Silvy X Ran)"
211.175.22.56 - - [11/Jul/2026:07:58:40 -0700] "GET /config HTTP/1.1" 404 100252 "-" "Mozilla/5.0 (Windows NT 10.0; Win64; x64) AppleWebKit/537.36 (KHTML, like Gecko) Chrome/136.0.0.0 Safari/537.36 (Silvy X Ran)"
98.159.36.20 - - [11/Jul/2026:07:58:42 -0700] "GET / HTTP/1.1" 200 13018 "http://35.235.84.95:80" "Mozilla/5.0 (X11; Linux x86_64) AppleWebKit/537.36 (KHTML, like Gecko) Chrome/137.0.0.0 Safari/537.36"
89.187.162.181 - - [11/Jul/2026:07:58:43 -0700] "GET / HTTP/1.1" 200 39846 "-" "Mozilla/5.0 (X11; Linux x86_64) AppleWebKit/537.36 (KHTML, like Gecko) Chrome/137.0.0.0 Safari/537.36"
185.209.199.126 - - [11/Jul/2026:07:58:45 -0700] "GET /wp-content/uploads/2021/12/cropped-cropped-Vanessa_Valadez_Logo-removebg-preview-5-32x32.png HTTP/1.1" 200 5109 "-" "Mozilla/5.0 (Macintosh; Intel Mac OS X 10_15_7) AppleWebKit/537.36 (KHTML, like Gecko) Chrome/146.0.0.0 Safari/537.36"
86.57.172.107 - - [11/Jul/2026:07:58:48 -0700] "GET / HTTP/1.1" 200 39846 "-" "monitor-telegram-clone-realtime/1.0"
185.209.199.126 - - [11/Jul/2026:07:58:43 -0700] "GET / HTTP/1.1" 200 39847 "-" "Mozilla/5.0 (Macintosh; Intel Mac OS X 10_15_7) AppleWebKit/537.36 (KHTML, like Gecko) Chrome/146.0.0.0 Safari/537.36"
211.175.22.56 - - [11/Jul/2026:07:58:56 -0700] "GET /.env.local HTTP/1.1" 403 5841 "-" "Mozilla/5.0 (Windows NT 10.0; Win64; x64) AppleWebKit/537.36 (KHTML, like Gecko) Chrome/136.0.0.0 Safari/537.36 (Silvy X Ran)"
35.235.84.95 - - [11/Jul/2026:07:58:57 -0700] "POST /wp-cron.php?doing_wp_cron=1783781937.4840459823608398437500 HTTP/1.1" 200 5076 "-" "WordPress/7.0.1; https://vanessavaladezrealty.com"
114.119.159.8 - - [11/Jul/2026:07:58:56 -0700] "GET /properties/95-Residential-Lease-1421-Santa-Margarita-G-6-Rooms-2-Bedrooms-2-Bathrooms-USD1-250 HTTP/1.1" 301 5696 "https://vanessavaladezrealty.com/properties?wplpage=1" "Mozilla/5.0 (Linux; Android 7.0;) AppleWebKit/537.36 (HTML, like Gecko) Mobile Safari/537.36 (compatible; PetalBot;+https://webmaster.petalsearch.com/site/petalbot)"
114.119.159.8 - - [11/Jul/2026:07:58:58 -0700] "GET /properties/95-Residential-Lease-1421-Santa-Margarita-G-6-Rooms-2-Bedrooms-2-Bathrooms-USD1-250/ HTTP/1.1" 200 32695 "https://vanessavaladezrealty.com/properties?wplpage=1" "Mozilla/5.0 (Linux; Android 7.0;) AppleWebKit/537.36 (HTML, like Gecko) Mobile Safari/537.36 (compatible; PetalBot;+https://webmaster.petalsearch.com/site/petalbot)"
167.71.175.236 - - [11/Jul/2026:07:59:03 -0700] "GET / HTTP/1.1" 200 362922 "-" "Mozilla/5.0 (l9scan/2.0.5393e24383e2533323e25333; +https://leakix.net)"
167.71.175.236 - - [11/Jul/2026:07:59:04 -0700] "GET /console/ HTTP/1.1" 404 100252 "-" "Mozilla/5.0 (l9scan/2.0.5393e24383e2533323e25333; +https://leakix.net)"
167.71.175.236 - - [11/Jul/2026:07:59:06 -0700] "GET /server HTTP/1.1" 404 100252 "-" "Mozilla/5.0 (l9scan/2.0.5393e24383e2533323e25333; +https://leakix.net)"
167.71.175.236 - - [11/Jul/2026:07:59:07 -0700] "GET /server-status HTTP/1.1" 404 100252 "-" "Mozilla/5.0 (l9scan/2.0.5393e24383e2533323e25333; +https://leakix.net)"
167.71.175.236 - - [11/Jul/2026:07:59:09 -0700] "GET /about HTTP/1.1" 301 5630 "-" "Mozilla/5.0 (l9scan/2.0.5393e24383e2533323e25333; +https://leakix.net)"
167.71.175.236 - - [11/Jul/2026:07:59:10 -0700] "GET /login.action HTTP/1.1" 404 100252 "-" "Mozilla/5.0 (l9scan/2.0.5393e24383e2533323e25333; +https://leakix.net)"
66.80.0.98 - - [11/Jul/2026:07:59:12 -0700] "GET /.env.development HTTP/1.1" 403 5841 "-" "Mozilla/5.0 (Windows NT 10.0; Win64; x64) AppleWebKit/537.36 (KHTML, like Gecko) Chrome/136.0.0.0 Safari/537.36 (Silvy X Ran)"
167.71.175.236 - - [11/Jul/2026:07:59:11 -0700] "GET / HTTP/1.1" 200 39841 "-" "Mozilla/5.0 (l9scan/2.0.5393e24383e2533323e25333; +https://leakix.net)"
167.71.175.236 - - [11/Jul/2026:07:59:13 -0700] "GET /___proxy_subdomain_whm/login HTTP/1.1" 404 100252 "-" "Mozilla/5.0 (l9scan/2.0.5393e24383e2533323e25333; +https://leakix.net)"
167.71.175.236 - - [11/Jul/2026:07:59:14 -0700] "GET /___proxy_subdomain_cpanel HTTP/1.1" 404 100252 "-" "Mozilla/5.0 (l9scan/2.0.5393e24383e2533323e25333; +https://leakix.net)"
167.71.175.236 - - [11/Jul/2026:07:59:16 -0700] "GET /v2/_catalog HTTP/1.1" 404 100252 "-" "Mozilla/5.0 (l9scan/2.0.5393e24383e2533323e25333; +https://leakix.net)"
167.71.175.236 - - [11/Jul/2026:07:59:17 -0700] "GET /.DS_Store HTTP/1.1" 404 100252 "-" "Mozilla/5.0 (l9scan/2.0.5393e24383e2533323e25333; +https://leakix.net)"
167.71.175.236 - - [11/Jul/2026:07:59:19 -0700] "GET /.env HTTP/1.1" 403 5841 "-" "Mozilla/5.0 (l9scan/2.0.5393e24383e2533323e25333; +https://leakix.net)"
35.235.84.95 - - [11/Jul/2026:07:59:21 -0700] "POST /wp-cron.php?doing_wp_cron=1783781961.9289240837097167968750 HTTP/1.1" 200 5076 "-" "WordPress/7.0.1; https://vanessavaladezrealty.com"
167.71.175.236 - - [11/Jul/2026:07:59:21 -0700] "GET /ecp/Current/exporttool/microsoft.exchange.ediscovery.exporttool.application HTTP/1.1" 404 100345 "-" "Mozilla/5.0 (l9scan/2.0.5393e24383e2533323e25333; +https://leakix.net)"
147.45.186.144 - - [11/Jul/2026:07:59:22 -0700] "GET /.env.dev HTTP/1.1" 403 5841 "-" "Mozilla/5.0 (Windows NT 10.0; Win64; x64) AppleWebKit/537.36 (KHTML, like Gecko) Chrome/136.0.0.0 Safari/537.36 (Silvy X Ran)"
167.71.175.236 - - [11/Jul/2026:07:59:23 -0700] "GET /.git/config HTTP/1.1" 403 5841 "-" "Mozilla/5.0 (l9scan/2.0.5393e24383e2533323e25333; +https://leakix.net)"
167.71.175.236 - - [11/Jul/2026:07:59:24 -0700] "POST /graphql HTTP/1.1" 404 100252 "-" "Mozilla/5.0 (l9scan/2.0.5393e24383e2533323e25333; +https://leakix.net)"
202.78.167.207 - - [11/Jul/2026:07:59:24 -0700] "GET / HTTP/1.1" 200 39835 "https://vanessavaladezrealty.com/" "Mozilla/5.0 (iPhone; CPU iPhone OS 17_5 like Mac OS X) AppleWebKit/605.1.15 (KHTML, like Gecko) Version/17.5 Mobile/15E148 Safari/604.1"
167.71.175.236 - - [11/Jul/2026:07:59:25 -0700] "POST /api HTTP/1.1" 404 100252 "-" "Mozilla/5.0 (l9scan/2.0.5393e24383e2533323e25333; +https://leakix.net)"
167.71.175.236 - - [11/Jul/2026:07:59:27 -0700] "POST /api/graphql HTTP/1.1" 404 100252 "-" "Mozilla/5.0 (l9scan/2.0.5393e24383e2533323e25333; +https://leakix.net)"
167.71.175.236 - - [11/Jul/2026:07:59:28 -0700] "POST /graphql/api HTTP/1.1" 404 100252 "-" "Mozilla/5.0 (l9scan/2.0.5393e24383e2533323e25333; +https://leakix.net)"
83.99.206.117 - - [11/Jul/2026:07:59:28 -0700] "GET /home-previuos/ HTTP/1.1" 200 39717 "-" "Mozilla/5.0 (X11; Linux x86_64) AppleWebKit/537.36 (KHTML, like Gecko; GeedoShopProductFinder) Chrome/142.0.0.0 Safari/537.36"
167.71.175.236 - - [11/Jul/2026:07:59:29 -0700] "POST /api/gql HTTP/1.1" 404 100252 "-" "Mozilla/5.0 (l9scan/2.0.5393e24383e2533323e25333; +https://leakix.net)"
103.196.9.163 - - [11/Jul/2026:07:59:30 -0700] "GET / HTTP/1.1" 200 39843 "-" "Mozilla/5.0 (Macintosh; Intel Mac OS X 10_15_7) AppleWebKit/537.36 (KHTML, like Gecko) Chrome/131.0.0.0 Safari/537.36"
103.196.9.47 - - [11/Jul/2026:07:59:30 -0700] "GET / HTTP/1.1" 200 39841 "-" "Mozilla/5.0 (Macintosh; Intel Mac OS X 10_15_7) AppleWebKit/537.36 (KHTML, like Gecko) Chrome/130.0.0.0 Safari/537.36"
167.71.175.236 - - [11/Jul/2026:07:59:31 -0700] "GET /s/5393e24383e2533323e25333/_/;/META-INF/maven/com.atlassian.jira/jira-webapp-dist/pom.properties HTTP/1.1" 404 100345 "-" "Mozilla/5.0 (l9scan/2.0.5393e24383e2533323e25333; +https://leakix.net)"
167.71.175.236 - - [11/Jul/2026:07:59:32 -0700] "GET /config.json HTTP/1.1" 404 100252 "-" "Mozilla/5.0 (l9scan/2.0.5393e24383e2533323e25333; +https://leakix.net)"
103.196.9.47 - - [11/Jul/2026:07:59:33 -0700] "GET / HTTP/1.1" 200 39842 "-" "Mozilla/5.0 (X11; Linux x86_64) AppleWebKit/537.36 (KHTML, like Gecko) Chrome/131.0.0.0 Safari/537.36"
167.71.175.236 - - [11/Jul/2026:07:59:34 -0700] "GET /telescope/requests HTTP/1.1" 404 100252 "-" "Mozilla/5.0 (l9scan/2.0.5393e24383e2533323e25333; +https://leakix.net)"
167.71.175.236 - - [11/Jul/2026:07:59:36 -0700] "POST /php-cgi/php-cgi.exe?%ADd+cgi.force_redirect%3D0+%ADd+disable_functions%3D\"\"+%ADd+allow_url_include%3D1+%ADd+auto_prepend_file%3Dphp://input HTTP/1.1" 403 5841 "-" "Mozilla/5.0 (l9scan/2.0.5393e24383e2533323e25333; +https://leakix.net)"
167.71.175.236 - - [11/Jul/2026:07:59:37 -0700] "GET /info.php HTTP/1.1" 404 100252 "-" "Mozilla/5.0 (l9scan/2.0.5393e24383e2533323e25333; +https://leakix.net)"
54.243.24.131 - - [11/Jul/2026:07:59:37 -0700] "GET / HTTP/1.1" 200 39843 "-" "Mozilla/5.0 (Knoppix; Linux i686; rv:127.0) Gecko/20100101 Firefox/127.0"
167.71.175.236 - - [11/Jul/2026:07:59:38 -0700] "GET /.well-known/security.txt HTTP/1.1" 404 100252 "-" "Mozilla/5.0 (l9scan/2.0.5393e24383e2533323e25333; +https://leakix.net)"
167.71.175.236 - - [11/Jul/2026:07:59:40 -0700] "GET /actuator/env HTTP/1.1" 404 100252 "-" "Mozilla/5.0 (l9scan/2.0.5393e24383e2533323e25333; +https://leakix.net)"
167.71.175.236 - - [11/Jul/2026:07:59:41 -0700] "GET /trace.axd HTTP/1.1" 403 5841 "-" "Mozilla/5.0 (l9scan/2.0.5393e24383e2533323e25333; +https://leakix.net)"
195.123.244.84 - - [11/Jul/2026:07:59:40 -0700] "HEAD / HTTP/1.1" 200 5742 "http://vanessavaladezrealty.com" "Mozilla/5.0 (X11; Linux x86_64) AppleWebKit/537.36 (KHTML, like Gecko) Chrome/122.0.0.0 Safari/537.36"
167.71.175.236 - - [11/Jul/2026:07:59:42 -0700] "GET /@vite/env HTTP/1.1" 404 100252 "-" "Mozilla/5.0 (l9scan/2.0.5393e24383e2533323e25333; +https://leakix.net)"
195.123.244.84 - - [11/Jul/2026:07:59:43 -0700] "GET / HTTP/1.1" 200 39843 "http://vanessavaladezrealty.com" "Mozilla/5.0 (Macintosh; Intel Mac OS X 10_15_7) AppleWebKit/537.36 (KHTML, like Gecko) Chrome/91.0.4472.124 Safari/537.36"
167.71.175.236 - - [11/Jul/2026:07:59:43 -0700] "GET /.vscode/sftp.json HTTP/1.1" 404 100252 "-" "Mozilla/5.0 (l9scan/2.0.5393e24383e2533323e25333; +https://leakix.net)"
167.71.175.236 - - [11/Jul/2026:07:59:45 -0700] "OPTIONS / HTTP/1.1" 200 39841 "-" "Mozilla/5.0 (l9scan/2.0.5393e24383e2533323e25333; +https://leakix.net)"
167.71.175.236 - - [11/Jul/2026:07:59:46 -0700] "GET /?rest_route=/wp/v2/users/ HTTP/1.1" 200 7294 "-" "Mozilla/5.0 (l9scan/2.0.5393e24383e2533323e25333; +https://leakix.net)"
167.71.175.236 - - [11/Jul/2026:07:59:48 -0700] "GET /debug/default/view?panel=config HTTP/1.1" 404 100345 "-" "Mozilla/5.0 (l9scan/2.0.5393e24383e2533323e25333; +https://leakix.net)"
83.99.206.117 - - [11/Jul/2026:07:59:48 -0700] "GET /author/admin_wyj7ruvs/ HTTP/1.1" 200 23613 "-" "Mozilla/5.0 (X11; Linux x86_64) AppleWebKit/537.36 (KHTML, like Gecko; GeedoShopProductFinder) Chrome/142.0.0.0 Safari/537.36"
173.46.91.167 - - [11/Jul/2026:07:59:48 -0700] "GET / HTTP/1.1" 200 39841 "-" "Mozilla/5.0 (Macintosh; Intel Mac OS X 10_15_7) AppleWebKit/537.36 (KHTML, like Gecko) Chrome/131.0.0.0 Safari/537.36"
103.196.9.123 - - [11/Jul/2026:07:59:50 -0700] "GET / HTTP/1.1" 200 39841 "-" "Mozilla/5.0 (X11; Linux x86_64) AppleWebKit/537.36 (KHTML, like Gecko) Chrome/131.0.0.0 Safari/537.36"
83.99.206.220 - - [11/Jul/2026:08:00:09 -0700] "GET /category/uncategorized/ HTTP/1.1" 200 23357 "-" "Mozilla/5.0 (X11; Linux x86_64) AppleWebKit/537.36 (KHTML, like Gecko; GeedoShopProductFinder) Chrome/142.0.0.0 Safari/537.36"
103.196.9.123 - - [11/Jul/2026:08:00:10 -0700] "GET / HTTP/1.1" 200 39841 "-" "Mozilla/5.0 (X11; Linux x86_64) AppleWebKit/537.36 (KHTML, like Gecko) Chrome/131.0.0.0 Safari/537.36"
103.196.9.123 - - [11/Jul/2026:08:00:12 -0700] "GET /wp-content/plugins/wpforms-lite/assets/js/frontend/fields/address.min.js?ver=1.10.0.2 HTTP/1.1" 200 5095 "-" "Mozilla/5.0 (X11; Linux x86_64) AppleWebKit/537.36 (KHTML, like Gecko) Chrome/131.0.0.0 Safari/537.36"
103.196.9.123 - - [11/Jul/2026:08:00:12 -0700] "GET /feed/ HTTP/1.1" 200 6573 "-" "Mozilla/5.0 (X11; Linux x86_64) AppleWebKit/537.36 (KHTML, like Gecko) Chrome/131.0.0.0 Safari/537.36"
103.196.9.123 - - [11/Jul/2026:08:00:12 -0700] "GET /properties/?wplview=property_show&pid=104 HTTP/1.1" 200 37586 "-" "Mozilla/5.0 (X11; Linux x86_64) AppleWebKit/537.36 (KHTML, like Gecko) Chrome/131.0.0.0 Safari/537.36"
103.196.9.123 - - [11/Jul/2026:08:00:13 -0700] "GET /comments/feed/ HTTP/1.1" 200 6132 "-" "Mozilla/5.0 (X11; Linux x86_64) AppleWebKit/537.36 (KHTML, like Gecko) Chrome/131.0.0.0 Safari/537.36"
103.196.9.123 - - [11/Jul/2026:08:00:12 -0700] "GET /properties/?wplview=property_show&pid=88 HTTP/1.1" 200 37917 "-" "Mozilla/5.0 (X11; Linux x86_64) AppleWebKit/537.36 (KHTML, like Gecko) Chrome/131.0.0.0 Safari/537.36"
103.196.9.123 - - [11/Jul/2026:08:00:13 -0700] "GET /properties/?wplview=property_show&pid=90 HTTP/1.1" 200 36828 "-" "Mozilla/5.0 (X11; Linux x86_64) AppleWebKit/537.36 (KHTML, like Gecko) Chrome/131.0.0.0 Safari/537.36"
103.196.9.123 - - [11/Jul/2026:08:00:12 -0700] "GET /properties/?wplview=property_show&pid=100 HTTP/1.1" 200 37384 "-" "Mozilla/5.0 (X11; Linux x86_64) AppleWebKit/537.36 (KHTML, like Gecko) Chrome/131.0.0.0 Safari/537.36"
103.196.9.123 - - [11/Jul/2026:08:00:15 -0700] "GET /wp-content/themes/astra/assets/js/minified/frontend.min.js?ver=4.12.5 HTTP/1.1" 200 5081 "-" "Mozilla/5.0 (X11; Linux x86_64) AppleWebKit/537.36 (KHTML, like Gecko) Chrome/131.0.0.0 Safari/537.36"
103.196.9.123 - - [11/Jul/2026:08:00:15 -0700] "GET /wp-includes/js/wp-emoji-release.min.js?ver=7.0.1 HTTP/1.1" 200 5061 "-" "Mozilla/5.0 (X11; Linux x86_64) AppleWebKit/537.36 (KHTML, like Gecko) Chrome/131.0.0.0 Safari/537.36"
103.196.9.123 - - [11/Jul/2026:08:00:15 -0700] "GET /wp-content/plugins/real-estate-listing-realtyna-wpl/assets/js/frontend.min.js?ver=7.0.1 HTTP/1.1" 200 5100 "-" "Mozilla/5.0 (X11; Linux x86_64) AppleWebKit/537.36 (KHTML, like Gecko) Chrome/131.0.0.0 Safari/537.36"
103.196.9.123 - - [11/Jul/2026:08:00:15 -0700] "GET /wp-includes/js/jquery/jquery-migrate.min.js?ver=3.4.1 HTTP/1.1" 200 5066 "-" "Mozilla/5.0 (X11; Linux x86_64) AppleWebKit/537.36 (KHTML, like Gecko) Chrome/131.0.0.0 Safari/537.36"
103.196.9.123 - - [11/Jul/2026:08:00:16 -0700] "GET /wp-content/plugins/wpforms-lite/assets/js/frontend/wpforms.min.js?ver=1.10.0.2 HTTP/1.1" 200 5088 "-" "Mozilla/5.0 (X11; Linux x86_64) AppleWebKit/537.36 (KHTML, like Gecko) Chrome/131.0.0.0 Safari/537.36"
103.196.9.123 - - [11/Jul/2026:08:00:16 -0700] "GET /wp-content/plugins/wpforms-lite/assets/js/share/utils.min.js?ver=1.10.0.2 HTTP/1.1" 200 5083 "-" "Mozilla/5.0 (X11; Linux x86_64) AppleWebKit/537.36 (KHTML, like Gecko) Chrome/131.0.0.0 Safari/537.36"
103.196.9.123 - - [11/Jul/2026:08:00:16 -0700] "GET /wp-content/plugins/real-estate-listing-realtyna-wpl/assets/js/libraries/realtyna/realtyna.min.js?ver=7.0.1 HTTP/1.1" 200 5119 "-" "Mozilla/5.0 (X11; Linux x86_64) AppleWebKit/537.36 (KHTML, like Gecko) Chrome/131.0.0.0 Safari/537.36"
103.196.9.123 - - [11/Jul/2026:08:00:16 -0700] "GET /wp-includes/js/jquery/ui/sortable.min.js?ver=1.13.3 HTTP/1.1" 200 5063 "-" "Mozilla/5.0 (X11; Linux x86_64) AppleWebKit/537.36 (KHTML, like Gecko) Chrome/131.0.0.0 Safari/537.36"
103.196.9.123 - - [11/Jul/2026:08:00:16 -0700] "GET /wp-content/plugins/astra-sites/inc/lib/onboarding/assets/dist/template-preview/main.js?ver=09382f635556bec359b3 HTTP/1.1" 200 5109 "-" "Mozilla/5.0 (X11; Linux x86_64) AppleWebKit/537.36 (KHTML, like Gecko) Chrome/131.0.0.0 Safari/537.36"
103.196.9.123 - - [11/Jul/2026:08:00:16 -0700] "GET /wp-content/plugins/wpforms-lite/assets/lib/punycode.min.js?ver=1.0.0 HTTP/1.1" 200 5081 "-" "Mozilla/5.0 (X11; Linux x86_64) AppleWebKit/537.36 (KHTML, like Gecko) Chrome/131.0.0.0 Safari/537.36"
103.196.9.123 - - [11/Jul/2026:08:00:16 -0700] "GET /wp-content/plugins/wpforms-lite/assets/lib/mailcheck.min.js?ver=1.1.2 HTTP/1.1" 200 5082 "-" "Mozilla/5.0 (X11; Linux x86_64) AppleWebKit/537.36 (KHTML, like Gecko) Chrome/131.0.0.0 Safari/537.36"
103.196.9.123 - - [11/Jul/2026:08:00:16 -0700] "GET /wp-content/plugins/elementor/assets/js/frontend-modules.min.js?ver=3.35.7 HTTP/1.1" 200 5085 "-" "Mozilla/5.0 (X11; Linux x86_64) AppleWebKit/537.36 (KHTML, like Gecko) Chrome/131.0.0.0 Safari/537.36"
103.196.9.123 - - [11/Jul/2026:08:00:16 -0700] "GET /wp-content/plugins/elementor/assets/js/webpack.runtime.min.js?ver=3.35.7 HTTP/1.1" 200 5084 "-" "Mozilla/5.0 (X11; Linux x86_64) AppleWebKit/537.36 (KHTML, like Gecko) Chrome/131.0.0.0 Safari/537.36"
103.196.9.123 - - [11/Jul/2026:08:00:16 -0700] "GET /wp-includes/js/dist/dom-ready.min.js?ver=a06281ae5cf5500e9317 HTTP/1.1" 200 5593 "-" "Mozilla/5.0 (X11; Linux x86_64) AppleWebKit/537.36 (KHTML, like Gecko) Chrome/131.0.0.0 Safari/537.36"
103.196.9.123 - - [11/Jul/2026:08:00:16 -0700] "GET /wp-includes/js/jquery/ui/mouse.min.js?ver=1.13.3 HTTP/1.1" 200 5060 "-" "Mozilla/5.0 (X11; Linux x86_64) AppleWebKit/537.36 (KHTML, like Gecko) Chrome/131.0.0.0 Safari/537.36"
103.196.9.123 - - [11/Jul/2026:08:00:17 -0700] "GET /wp-includes/js/jquery/jquery.min.js?ver=3.7.1 HTTP/1.1" 200 5058 "-" "Mozilla/5.0 (X11; Linux x86_64) AppleWebKit/537.36 (KHTML, like Gecko) Chrome/131.0.0.0 Safari/537.36"
103.196.9.123 - - [11/Jul/2026:08:00:17 -0700] "GET /wp-content/plugins/elementor/assets/js/frontend.min.js?ver=3.35.7 HTTP/1.1" 200 5077 "-" "Mozilla/5.0 (X11; Linux x86_64) AppleWebKit/537.36 (KHTML, like Gecko) Chrome/131.0.0.0 Safari/537.36"
103.196.9.123 - - [11/Jul/2026:08:00:17 -0700] "GET /wp-content/plugins/wpforms-lite/assets/lib/jquery.validate.min.js?ver=1.21.0 HTTP/1.1" 200 5088 "-" "Mozilla/5.0 (X11; Linux x86_64) AppleWebKit/537.36 (KHTML, like Gecko) Chrome/131.0.0.0 Safari/537.36"
103.196.9.123 - - [11/Jul/2026:08:00:15 -0700] "GET /properties/?wplview=property_show&pid=105 HTTP/1.1" 200 38755 "-" "Mozilla/5.0 (X11; Linux x86_64) AppleWebKit/537.36 (KHTML, like Gecko) Chrome/131.0.0.0 Safari/537.36"
103.196.9.123 - - [11/Jul/2026:08:00:15 -0700] "GET /properties/?wplview=property_show&pid=118 HTTP/1.1" 200 37061 "-" "Mozilla/5.0 (X11; Linux x86_64) AppleWebKit/537.36 (KHTML, like Gecko) Chrome/131.0.0.0 Safari/537.36"
103.196.9.123 - - [11/Jul/2026:08:00:15 -0700] "GET /properties/?wplview=property_show&pid=117 HTTP/1.1" 200 38967 "-" "Mozilla/5.0 (X11; Linux x86_64) AppleWebKit/537.36 (KHTML, like Gecko) Chrome/131.0.0.0 Safari/537.36"
103.196.9.123 - - [11/Jul/2026:08:00:15 -0700] "GET /about-us/ HTTP/1.1" 200 27947 "-" "Mozilla/5.0 (X11; Linux x86_64) AppleWebKit/537.36 (KHTML, like Gecko) Chrome/131.0.0.0 Safari/537.36"
103.196.9.123 - - [11/Jul/2026:08:00:15 -0700] "GET /properties/?wplview=property_show&pid=119 HTTP/1.1" 200 39602 "-" "Mozilla/5.0 (X11; Linux x86_64) AppleWebKit/537.36 (KHTML, like Gecko) Chrome/131.0.0.0 Safari/537.36"
103.196.9.123 - - [11/Jul/2026:08:00:19 -0700] "GET /wp-content/plugins/elementor/assets/lib/jquery-numerator/jquery-numerator.min.js?ver=0.2.1 HTTP/1.1" 200 5103 "-" "Mozilla/5.0 (X11; Linux x86_64) AppleWebKit/537.36 (KHTML, like Gecko) Chrome/131.0.0.0 Safari/537.36"
103.196.9.123 - - [11/Jul/2026:08:00:15 -0700] "GET /properties/?wplview=property_show&pid=115 HTTP/1.1" 200 37562 "-" "Mozilla/5.0 (X11; Linux x86_64) AppleWebKit/537.36 (KHTML, like Gecko) Chrome/131.0.0.0 Safari/537.36"
103.196.9.123 - - [11/Jul/2026:08:00:15 -0700] "GET /properties/?wplview=property_show&pid=93 HTTP/1.1" 200 34990 "-" "Mozilla/5.0 (X11; Linux x86_64) AppleWebKit/537.36 (KHTML, like Gecko) Chrome/131.0.0.0 Safari/537.36"
103.196.9.123 - - [11/Jul/2026:08:00:15 -0700] "GET /properties/?wplview=property_show&pid=111 HTTP/1.1" 200 38101 "-" "Mozilla/5.0 (X11; Linux x86_64) AppleWebKit/537.36 (KHTML, like Gecko) Chrome/131.0.0.0 Safari/537.36"
103.196.9.123 - - [11/Jul/2026:08:00:15 -0700] "GET /properties/?wplview=property_show&pid=103 HTTP/1.1" 200 39438 "-" "Mozilla/5.0 (X11; Linux x86_64) AppleWebKit/537.36 (KHTML, like Gecko) Chrome/131.0.0.0 Safari/537.36"
103.196.9.123 - - [11/Jul/2026:08:00:15 -0700] "GET /properties/?wplview=property_show&pid=112 HTTP/1.1" 200 35694 "-" "Mozilla/5.0 (X11; Linux x86_64) AppleWebKit/537.36 (KHTML, like Gecko) Chrome/131.0.0.0 Safari/537.36"
103.196.9.123 - - [11/Jul/2026:08:00:16 -0700] "GET /wp-json/oembed/1.0/embed?url=https://vanessavaladezrealty.com/&format=xml HTTP/1.1" 200 6627 "-" "Mozilla/5.0 (X11; Linux x86_64) AppleWebKit/537.36 (KHTML, like Gecko) Chrome/131.0.0.0 Safari/537.36"
103.196.9.123 - - [11/Jul/2026:08:00:22 -0700] "GET /wp-content/plugins/real-estate-listing-realtyna-wpl/assets/js/libraries/wpl.handlebars.min.js?ver=7.0.1 HTTP/1.1" 200 5116 "-" "Mozilla/5.0 (X11; Linux x86_64) AppleWebKit/537.36 (KHTML, like Gecko) Chrome/131.0.0.0 Safari/537.36"
103.196.9.123 - - [11/Jul/2026:08:00:22 -0700] "GET /wp-content/plugins/elementor/assets/lib/font-awesome/js/v4-shims.min.js?ver=3.35.7 HTTP/1.1" 200 5094 "-" "Mozilla/5.0 (X11; Linux x86_64) AppleWebKit/537.36 (KHTML, like Gecko) Chrome/131.0.0.0 Safari/537.36"
103.196.9.123 - - [11/Jul/2026:08:00:22 -0700] "GET /wp-content/themes/astra/assets/js/minified/flexibility.min.js?ver=4.12.5 HTTP/1.1" 200 5084 "-" "Mozilla/5.0 (X11; Linux x86_64) AppleWebKit/537.36 (KHTML, like Gecko) Chrome/131.0.0.0 Safari/537.36"
103.196.9.123 - - [11/Jul/2026:08:00:22 -0700] "GET /wp-includes/js/jquery/ui/core.min.js?ver=1.13.3 HTTP/1.1" 200 5059 "-" "Mozilla/5.0 (X11; Linux x86_64) AppleWebKit/537.36 (KHTML, like Gecko) Chrome/131.0.0.0 Safari/537.36"
103.196.9.123 - - [11/Jul/2026:08:00:15 -0700] "GET /xmlrpc.php?rsd HTTP/1.1" 200 5510 "-" "Mozilla/5.0 (X11; Linux x86_64) AppleWebKit/537.36 (KHTML, like Gecko) Chrome/131.0.0.0 Safari/537.36"
103.196.9.123 - - [11/Jul/2026:08:00:15 -0700] "GET /home-previuos/ HTTP/1.1" 200 39659 "-" "Mozilla/5.0 (X11; Linux x86_64) AppleWebKit/537.36 (KHTML, like Gecko) Chrome/131.0.0.0 Safari/537.36"
103.196.9.123 - - [11/Jul/2026:08:00:15 -0700] "GET /wp-json/ HTTP/1.1" 200 383761 "-" "Mozilla/5.0 (X11; Linux x86_64) AppleWebKit/537.36 (KHTML, like Gecko) Chrome/131.0.0.0 Safari/537.36"
103.196.9.123 - - [11/Jul/2026:08:00:16 -0700] "GET /properties/?wplview=property_show&pid=136 HTTP/1.1" 200 36923 "-" "Mozilla/5.0 (X11; Linux x86_64) AppleWebKit/537.36 (KHTML, like Gecko) Chrome/131.0.0.0 Safari/537.36"
103.196.9.123 - - [11/Jul/2026:08:00:16 -0700] "GET / HTTP/1.1" 200 39783 "-" "Mozilla/5.0 (X11; Linux x86_64) AppleWebKit/537.36 (KHTML, like Gecko) Chrome/131.0.0.0 Safari/537.36"
103.196.9.123 - - [11/Jul/2026:08:00:16 -0700] "GET /contact/ HTTP/1.1" 200 29433 "-" "Mozilla/5.0 (X11; Linux x86_64) AppleWebKit/537.36 (KHTML, like Gecko) Chrome/131.0.0.0 Safari/537.36"
103.196.9.123 - - [11/Jul/2026:08:00:15 -0700] "GET /properties/?wplview=property_show&pid=108 HTTP/1.1" 200 39746 "-" "Mozilla/5.0 (X11; Linux x86_64) AppleWebKit/537.36 (KHTML, like Gecko) Chrome/131.0.0.0 Safari/537.36"
103.196.9.123 - - [11/Jul/2026:08:00:16 -0700] "GET /wp-json/oembed/1.0/embed?url=https://vanessavaladezrealty.com/ HTTP/1.1" 200 7696 "-" "Mozilla/5.0 (X11; Linux x86_64) AppleWebKit/537.36 (KHTML, like Gecko) Chrome/131.0.0.0 Safari/537.36"
103.196.9.123 - - [11/Jul/2026:08:00:16 -0700] "GET /properties/?wplview=property_show&pid=92 HTTP/1.1" 200 37449 "-" "Mozilla/5.0 (X11; Linux x86_64) AppleWebKit/537.36 (KHTML, like Gecko) Chrome/131.0.0.0 Safari/537.36"
103.196.9.123 - - [11/Jul/2026:08:00:16 -0700] "GET /properties/?wplview=property_show&pid=114 HTTP/1.1" 200 13018 "-" "Mozilla/5.0 (X11; Linux x86_64) AppleWebKit/537.36 (KHTML, like Gecko) Chrome/131.0.0.0 Safari/537.36"
103.196.9.123 - - [11/Jul/2026:08:00:16 -0700] "GET /wp-json/wp/v2/pages/1295 HTTP/1.1" 200 13018 "-" "Mozilla/5.0 (X11; Linux x86_64) AppleWebKit/537.36 (KHTML, like Gecko) Chrome/131.0.0.0 Safari/537.36"
103.196.9.123 - - [11/Jul/2026:08:00:16 -0700] "GET /properties/?wplview=property_show&pid=89 HTTP/1.1" 200 13018 "-" "Mozilla/5.0 (X11; Linux x86_64) AppleWebKit/537.36 (KHTML, like Gecko) Chrome/131.0.0.0 Safari/537.36"
103.196.9.123 - - [11/Jul/2026:08:00:16 -0700] "GET /properties/?wplview=property_show&pid=127 HTTP/1.1" 200 13018 "-" "Mozilla/5.0 (X11; Linux x86_64) AppleWebKit/537.36 (KHTML, like Gecko) Chrome/131.0.0.0 Safari/537.36"
103.196.9.123 - - [11/Jul/2026:08:00:16 -0700] "GET /properties/?wplview=property_show&pid=139 HTTP/1.1" 200 13018 "-" "Mozilla/5.0 (X11; Linux x86_64) AppleWebKit/537.36 (KHTML, like Gecko) Chrome/131.0.0.0 Safari/537.36"
103.196.9.123 - - [11/Jul/2026:08:00:16 -0700] "GET /properties/?wplview=property_show&pid=122 HTTP/1.1" 200 13018 "-" "Mozilla/5.0 (X11; Linux x86_64) AppleWebKit/537.36 (KHTML, like Gecko) Chrome/131.0.0.0 Safari/537.36"
103.196.9.123 - - [11/Jul/2026:08:00:16 -0700] "GET /properties/?wplview=property_show&pid=109 HTTP/1.1" 200 13018 "-" "Mozilla/5.0 (X11; Linux x86_64) AppleWebKit/537.36 (KHTML, like Gecko) Chrome/131.0.0.0 Safari/537.36"
103.196.9.123 - - [11/Jul/2026:08:00:16 -0700] "GET /properties/?wplview=property_show&pid=140 HTTP/1.1" 200 13018 "-" "Mozilla/5.0 (X11; Linux x86_64) AppleWebKit/537.36 (KHTML, like Gecko) Chrome/131.0.0.0 Safari/537.36"
103.196.9.123 - - [11/Jul/2026:08:00:16 -0700] "GET /properties/?wplview=property_show&pid=129 HTTP/1.1" 200 13018 "-" "Mozilla/5.0 (X11; Linux x86_64) AppleWebKit/537.36 (KHTML, like Gecko) Chrome/131.0.0.0 Safari/537.36"
103.196.9.123 - - [11/Jul/2026:08:00:16 -0700] "GET /properties/ HTTP/1.1" 200 13018 "-" "Mozilla/5.0 (X11; Linux x86_64) AppleWebKit/537.36 (KHTML, like Gecko) Chrome/131.0.0.0 Safari/537.36"
103.196.9.123 - - [11/Jul/2026:08:00:16 -0700] "GET /properties/?wplview=property_show&pid=128 HTTP/1.1" 200 13018 "-" "Mozilla/5.0 (X11; Linux x86_64) AppleWebKit/537.36 (KHTML, like Gecko) Chrome/131.0.0.0 Safari/537.36"
103.196.9.123 - - [11/Jul/2026:08:00:16 -0700] "GET /properties/?wplview=property_show&pid=116 HTTP/1.1" 200 13018 "-" "Mozilla/5.0 (X11; Linux x86_64) AppleWebKit/537.36 (KHTML, like Gecko) Chrome/131.0.0.0 Safari/537.36"
103.196.9.123 - - [11/Jul/2026:08:00:16 -0700] "GET /properties/?wplview=property_show&pid=123 HTTP/1.1" 200 13018 "-" "Mozilla/5.0 (X11; Linux x86_64) AppleWebKit/537.36 (KHTML, like Gecko) Chrome/131.0.0.0 Safari/537.36"
103.196.9.123 - - [11/Jul/2026:08:00:16 -0700] "GET /properties/?wplview=property_show&pid=91 HTTP/1.1" 200 13018 "-" "Mozilla/5.0 (X11; Linux x86_64) AppleWebKit/537.36 (KHTML, like Gecko) Chrome/131.0.0.0 Safari/537.36"
103.196.9.123 - - [11/Jul/2026:08:00:16 -0700] "GET /properties/?wplview=property_show&pid=96 HTTP/1.1" 200 13018 "-" "Mozilla/5.0 (X11; Linux x86_64) AppleWebKit/537.36 (KHTML, like Gecko) Chrome/131.0.0.0 Safari/537.36"
103.196.9.123 - - [11/Jul/2026:08:00:16 -0700] "GET /properties/?wplview=property_show&pid=106 HTTP/1.1" 200 13018 "-" "Mozilla/5.0 (X11; Linux x86_64) AppleWebKit/537.36 (KHTML, like Gecko) Chrome/131.0.0.0 Safari/537.36"
103.196.9.123 - - [11/Jul/2026:08:00:16 -0700] "GET /properties/?wplview=property_show&pid=98 HTTP/1.1" 200 13018 "-" "Mozilla/5.0 (X11; Linux x86_64) AppleWebKit/537.36 (KHTML, like Gecko) Chrome/131.0.0.0 Safari/537.36"
103.196.9.123 - - [11/Jul/2026:08:00:16 -0700] "GET /properties/?wplview=property_show&pid=95 HTTP/1.1" 200 13018 "-" "Mozilla/5.0 (X11; Linux x86_64) AppleWebKit/537.36 (KHTML, like Gecko) Chrome/131.0.0.0 Safari/537.36"
103.196.9.123 - - [11/Jul/2026:08:00:16 -0700] "GET /properties/?wplview=property_show&pid=94 HTTP/1.1" 200 13018 "-" "Mozilla/5.0 (X11; Linux x86_64) AppleWebKit/537.36 (KHTML, like Gecko) Chrome/131.0.0.0 Safari/537.36"
103.196.9.123 - - [11/Jul/2026:08:00:16 -0700] "GET /properties/?wplview=property_show&pid=99 HTTP/1.1" 200 13018 "-" "Mozilla/5.0 (X11; Linux x86_64) AppleWebKit/537.36 (KHTML, like Gecko) Chrome/131.0.0.0 Safari/537.36"
103.196.9.123 - - [11/Jul/2026:08:00:17 -0700] "GET /properties/?wplview=property_show&pid=130 HTTP/1.1" 200 13018 "-" "Mozilla/5.0 (X11; Linux x86_64) AppleWebKit/537.36 (KHTML, like Gecko) Chrome/131.0.0.0 Safari/537.36"
103.196.9.123 - - [11/Jul/2026:08:00:17 -0700] "GET /properties/?wplview=property_show&pid=101 HTTP/1.1" 200 13018 "-" "Mozilla/5.0 (X11; Linux x86_64) AppleWebKit/537.36 (KHTML, like Gecko) Chrome/131.0.0.0 Safari/537.36"
