200.239.146.253 - - [11/Jul/2026:10:41:06 -0700] "POST /xmlrpc.php HTTP/1.1" 200 5618 "-" "Mozilla/5.0 (Linux; Android 10; arm64) AppleWebKit/537.36 (KHTML, like Gecko) Chrome/84.0.0.0 Safari/537.36"
35.235.84.95 - - [11/Jul/2026:10:41:25 -0700] "POST /wp-cron.php?doing_wp_cron=1783791685.3190178871154785156250 HTTP/1.1" 200 5076 "-" "WordPress/7.0.1; https://vanessavaladezrealty.com"
200.239.146.253 - - [11/Jul/2026:10:41:24 -0700] "POST /xmlrpc.php HTTP/1.1" 200 5618 "-" "Mozilla/5.0 (Windows NT 6.3; arm64) AppleWebKit/537.36 (KHTML, like Gecko) Firefox/77.0.0.0 Safari/537.36"
200.239.146.253 - - [11/Jul/2026:10:41:42 -0700] "POST /xmlrpc.php HTTP/1.1" 200 5618 "-" "Mozilla/5.0 (Linux; Android 10; arm64) AppleWebKit/537.36 (KHTML, like Gecko) Safari/12.0.0.0 Safari/537.36"
200.239.146.253 - - [11/Jul/2026:10:42:02 -0700] "POST /xmlrpc.php HTTP/1.1" 200 5618 "-" "Mozilla/5.0 (X11; Ubuntu; Linux x86_64; arm64) AppleWebKit/537.36 (KHTML, like Gecko) Opera/80.0.0.0 Safari/537.36"
200.239.146.253 - - [11/Jul/2026:10:42:22 -0700] "POST /xmlrpc.php HTTP/1.1" 200 5618 "-" "Mozilla/5.0 (Linux; Android 10; x86) AppleWebKit/537.36 (KHTML, like Gecko) Edge/82.0.0.0 Safari/537.36"
35.235.84.95 - - [11/Jul/2026:10:42:26 -0700] "POST /wp-cron.php?doing_wp_cron=1783791746.8518929481506347656250 HTTP/1.1" 200 5076 "-" "WordPress/7.0.1; https://vanessavaladezrealty.com"
200.53.206.22 - - [11/Jul/2026:10:42:25 -0700] "GET /robots.txt HTTP/1.1" 200 5762 "-" "Mozilla/5.0 (Macintosh; Intel Mac OS X 12.3; rv:136.0) Gecko/20100101 Firefox/136.0"
200.239.146.253 - - [11/Jul/2026:10:42:47 -0700] "POST /xmlrpc.php HTTP/1.1" 200 5618 "-" "Mozilla/5.0 (Windows NT 6.2; x86) AppleWebKit/537.36 (KHTML, like Gecko) Edge/80.0.0.0 Safari/537.36"
35.235.84.95 - - [11/Jul/2026:10:43:13 -0700] "POST /wp-cron.php?doing_wp_cron=1783791793.8260009288787841796875 HTTP/1.1" 200 5076 "-" "WordPress/7.0.1; https://vanessavaladezrealty.com"
200.239.146.253 - - [11/Jul/2026:10:43:12 -0700] "POST /xmlrpc.php HTTP/1.1" 200 5618 "-" "Mozilla/5.0 (Windows NT 6.2; arm64) AppleWebKit/537.36 (KHTML, like Gecko) Firefox/85.0.0.0 Safari/537.36"
200.239.146.253 - - [11/Jul/2026:10:43:32 -0700] "POST /xmlrpc.php HTTP/1.1" 200 5618 "-" "Mozilla/5.0 (Windows NT 6.2; x64) AppleWebKit/537.36 (KHTML, like Gecko) Firefox/80.0.0.0 Safari/537.36"
35.235.84.95 - - [11/Jul/2026:10:43:56 -0700] "POST /wp-cron.php?doing_wp_cron=1783791836.8293290138244628906250 HTTP/1.1" 200 5076 "-" "WordPress/7.0.1; https://vanessavaladezrealty.com"
200.239.146.253 - - [11/Jul/2026:10:43:55 -0700] "POST /xmlrpc.php HTTP/1.1" 200 5618 "-" "Mozilla/5.0 (Macintosh; Intel Mac OS X 10_15_7; arm64) AppleWebKit/537.36 (KHTML, like Gecko) Edge/87.0.0.0 Safari/537.36"
200.239.146.253 - - [11/Jul/2026:10:44:16 -0700] "POST /xmlrpc.php HTTP/1.1" 200 5618 "-" "Mozilla/5.0 (Windows NT 6.2; arm64) AppleWebKit/537.36 (KHTML, like Gecko) Firefox/90.0.0.0 Safari/537.36"
200.239.146.253 - - [11/Jul/2026:10:44:38 -0700] "POST /xmlrpc.php HTTP/1.1" 200 5618 "-" "Mozilla/5.0 (Macintosh; Intel Mac OS X 10_15_7; x64) AppleWebKit/537.36 (KHTML, like Gecko) Edge/96.0.0.0 Safari/537.36"
35.235.84.95 - - [11/Jul/2026:10:44:59 -0700] "POST /wp-cron.php?doing_wp_cron=1783791899.8302049636840820312500 HTTP/1.1" 200 5076 "-" "WordPress/7.0.1; https://vanessavaladezrealty.com"
200.239.146.253 - - [11/Jul/2026:10:44:58 -0700] "POST /xmlrpc.php HTTP/1.1" 200 5618 "-" "Mozilla/5.0 (Macintosh; Intel Mac OS X 10_15_7; arm64) AppleWebKit/537.36 (KHTML, like Gecko) Opera/79.0.0.0 Safari/537.36"
200.239.146.253 - - [11/Jul/2026:10:45:19 -0700] "POST /xmlrpc.php HTTP/1.1" 200 5618 "-" "Mozilla/5.0 (Windows NT 10.0; x86) AppleWebKit/537.36 (KHTML, like Gecko) Opera/66.0.0.0 Safari/537.36"
200.239.146.253 - - [11/Jul/2026:10:45:47 -0700] "POST /xmlrpc.php HTTP/1.1" 200 5618 "-" "Mozilla/5.0 (X11; Ubuntu; Linux x86_64; x64) AppleWebKit/537.36 (KHTML, like Gecko) Firefox/97.0.0.0 Safari/537.36"
35.235.84.95 - - [11/Jul/2026:10:46:04 -0700] "POST /wp-cron.php?doing_wp_cron=1783791964.0246949195861816406250 HTTP/1.1" 200 5076 "-" "WordPress/7.0.1; https://vanessavaladezrealty.com"
129.226.193.111 - - [11/Jul/2026:10:46:02 -0700] "GET / HTTP/1.1" 200 39841 "-" "Mozilla/5.0 (iPhone; CPU iPhone OS 13_2_3 like Mac OS X) AppleWebKit/605.1.15 (KHTML, like Gecko) Version/13.0.3 Mobile/15E148 Safari/604.1"
200.239.146.253 - - [11/Jul/2026:10:46:09 -0700] "POST /xmlrpc.php HTTP/1.1" 200 5618 "-" "Mozilla/5.0 (X11; Ubuntu; Linux x86_64; arm64) AppleWebKit/537.36 (KHTML, like Gecko) Chrome/112.0.0.0 Safari/537.36"
35.235.84.95 - - [11/Jul/2026:10:46:30 -0700] "POST /wp-cron.php?doing_wp_cron=1783791990.6757080554962158203125 HTTP/1.1" 200 5076 "-" "WordPress/7.0.1; https://vanessavaladezrealty.com"
200.239.146.253 - - [11/Jul/2026:10:46:29 -0700] "POST /xmlrpc.php HTTP/1.1" 200 5618 "-" "Mozilla/5.0 (Macintosh; Intel Mac OS X 10_15_7; arm64) AppleWebKit/537.36 (KHTML, like Gecko) Firefox/85.0.0.0 Safari/537.36"
200.239.146.253 - - [11/Jul/2026:10:46:48 -0700] "POST /xmlrpc.php HTTP/1.1" 200 5618 "-" "Mozilla/5.0 (Windows NT 6.2; x64) AppleWebKit/537.36 (KHTML, like Gecko) Firefox/71.0.0.0 Safari/537.36"
200.239.146.253 - - [11/Jul/2026:10:47:09 -0700] "POST /xmlrpc.php HTTP/1.1" 200 5618 "-" "Mozilla/5.0 (Windows NT 10.0; x64) AppleWebKit/537.36 (KHTML, like Gecko) Chrome/80.0.0.0 Safari/537.36"
200.239.146.253 - - [11/Jul/2026:10:47:28 -0700] "POST /xmlrpc.php HTTP/1.1" 200 5618 "-" "Mozilla/5.0 (X11; Ubuntu; Linux x86_64; arm64) AppleWebKit/537.36 (KHTML, like Gecko) Firefox/73.0.0.0 Safari/537.36"
35.235.84.95 - - [11/Jul/2026:10:47:54 -0700] "POST /wp-cron.php?doing_wp_cron=1783792074.5720560550689697265625 HTTP/1.1" 200 5076 "-" "WordPress/7.0.1; https://vanessavaladezrealty.com"
200.239.146.253 - - [11/Jul/2026:10:47:53 -0700] "POST /xmlrpc.php HTTP/1.1" 200 5618 "-" "Mozilla/5.0 (Windows NT 10.0; x64) AppleWebKit/537.36 (KHTML, like Gecko) Safari/15.0.0.0 Safari/537.36"
169.224.5.10 - - [11/Jul/2026:10:48:13 -0700] "GET /properties/vanessavaladez/tel:7027760711/tel:7027760711/tel:7027760711/tel:7027760711/tel:7027760711/tel:7027760711/tel:7027760711/tel:7027760711/tel:7027760711/tel:7027760711/?wplpage=5 HTTP/1.1" 200 31939 "-" "Mozilla/5.0 (Windows NT 10.0; Win64; x64) AppleWebKit/537.36 (KHTML, like Gecko) Chrome/91.0.4472.114 Safari/537.36"
200.239.146.253 - - [11/Jul/2026:10:48:16 -0700] "POST /xmlrpc.php HTTP/1.1" 200 5618 "-" "Mozilla/5.0 (Windows NT 10.0; x86) AppleWebKit/537.36 (KHTML, like Gecko) Firefox/94.0.0.0 Safari/537.36"
85.8.130.78 - - [11/Jul/2026:10:48:31 -0700] "POST /wp-login.php HTTP/1.1" 200 8008 "-" "Mozilla/5.0 (Windows NT 10.0; Win64; x64) AppleWebKit/537.36 Chrome/129.0.0.0 Safari/537.36"
85.8.130.94 - - [11/Jul/2026:10:48:31 -0700] "POST /wp-login.php HTTP/1.1" 200 8003 "-" "Mozilla/5.0 (Windows NT 10.0; Win64; x64) AppleWebKit/537.36 Chrome/129.0.0.0 Safari/537.36"
85.8.130.67 - - [11/Jul/2026:10:48:31 -0700] "POST /wp-login.php HTTP/1.1" 200 7984 "-" "Mozilla/5.0 (Windows NT 10.0; Win64; rv:143.0) Gecko/20100101 Firefox/143.0"
200.239.146.253 - - [11/Jul/2026:10:48:37 -0700] "POST /xmlrpc.php HTTP/1.1" 200 5618 "-" "Mozilla/5.0 (Linux; Android 10; x86) AppleWebKit/537.36 (KHTML, like Gecko) Safari/15.0.0.0 Safari/537.36"
35.235.84.95 - - [11/Jul/2026:10:49:02 -0700] "POST /wp-cron.php?doing_wp_cron=1783792142.4159929752349853515625 HTTP/1.1" 200 5076 "-" "WordPress/7.0.1; https://vanessavaladezrealty.com"
200.239.146.253 - - [11/Jul/2026:10:49:01 -0700] "POST /xmlrpc.php HTTP/1.1" 200 5618 "-" "Mozilla/5.0 (X11; Ubuntu; Linux x86_64; arm64) AppleWebKit/537.36 (KHTML, like Gecko) Edge/90.0.0.0 Safari/537.36"
200.239.146.253 - - [11/Jul/2026:10:49:22 -0700] "POST /xmlrpc.php HTTP/1.1" 200 5618 "-" "Mozilla/5.0 (X11; Ubuntu; Linux x86_64; arm64) AppleWebKit/537.36 (KHTML, like Gecko) Safari/14.0.0.0 Safari/537.36"
200.239.146.253 - - [11/Jul/2026:10:49:39 -0700] "POST /xmlrpc.php HTTP/1.1" 200 5618 "-" "Mozilla/5.0 (Windows NT 6.3; arm64) AppleWebKit/537.36 (KHTML, like Gecko) Edge/100.0.0.0 Safari/537.36"
35.235.84.95 - - [11/Jul/2026:10:50:11 -0700] "POST /wp-cron.php?doing_wp_cron=1783792211.2023439407348632812500 HTTP/1.1" 200 5076 "-" "WordPress/7.0.1; https://vanessavaladezrealty.com"
200.239.146.253 - - [11/Jul/2026:10:50:10 -0700] "POST /xmlrpc.php HTTP/1.1" 200 5618 "-" "Mozilla/5.0 (Macintosh; Intel Mac OS X 10_15_7; arm64) AppleWebKit/537.36 (KHTML, like Gecko) Safari/13.0.0.0 Safari/537.36"
200.239.146.253 - - [11/Jul/2026:10:50:30 -0700] "POST /xmlrpc.php HTTP/1.1" 200 5618 "-" "Mozilla/5.0 (X11; Ubuntu; Linux x86_64; x86) AppleWebKit/537.36 (KHTML, like Gecko) Opera/75.0.0.0 Safari/537.36"
35.235.84.95 - - [11/Jul/2026:10:50:51 -0700] "POST /wp-cron.php?doing_wp_cron=1783792251.0581130981445312500000 HTTP/1.1" 200 5076 "-" "WordPress/7.0.1; https://vanessavaladezrealty.com"
200.239.146.253 - - [11/Jul/2026:10:50:50 -0700] "POST /xmlrpc.php HTTP/1.1" 200 5618 "-" "Mozilla/5.0 (Macintosh; Intel Mac OS X 10_15_7; x64) AppleWebKit/537.36 (KHTML, like Gecko) Edge/100.0.0.0 Safari/537.36"
200.239.146.253 - - [11/Jul/2026:10:51:13 -0700] "POST /xmlrpc.php HTTP/1.1" 200 5618 "-" "Mozilla/5.0 (Macintosh; Intel Mac OS X 10_15_7; x64) AppleWebKit/537.36 (KHTML, like Gecko) Chrome/102.0.0.0 Safari/537.36"
35.235.84.95 - - [11/Jul/2026:10:51:29 -0700] "POST /wp-cron.php?doing_wp_cron=1783792289.3959639072418212890625 HTTP/1.1" 200 5076 "-" "WordPress/7.0.1; https://vanessavaladezrealty.com"
37.53.248.8 - - [11/Jul/2026:10:51:28 -0700] "GET /properties/125-Residential-Lease-605-Sand-Sage-Avenue-6-Rooms-4-Bedrooms-3-Bathrooms-USD2-350/tel:7027760711 HTTP/1.1" 301 5710 "-" "Mozilla/5.0 (Windows NT 10.0; Win64; x64) AppleWebKit/537.36 (KHTML, like Gecko) Chrome/80.0.3987.132 Safari/537.36"
37.53.248.8 - - [11/Jul/2026:10:51:29 -0700] "GET /properties/125-Residential-Lease-605-Sand-Sage-Avenue-6-Rooms-4-Bedrooms-3-Bathrooms-USD2-350/tel:7027760711/ HTTP/1.1" 301 5859 "-" "Mozilla/5.0 (Windows NT 10.0; Win64; x64) AppleWebKit/537.36 (KHTML, like Gecko) Chrome/80.0.3987.132 Safari/537.36"
37.53.248.8 - - [11/Jul/2026:10:51:31 -0700] "GET /properties/125-Residential-Lease-605-Sand-Sage-Avenue-6-Rooms-4-Bedrooms-3-Bathrooms-USD2-350 HTTP/1.1" 301 5637 "-" "Mozilla/5.0 (Windows NT 10.0; Win64; x64) AppleWebKit/537.36 (KHTML, like Gecko) Chrome/80.0.3987.132 Safari/537.36"
200.239.146.253 - - [11/Jul/2026:10:51:32 -0700] "POST /xmlrpc.php HTTP/1.1" 200 5618 "-" "Mozilla/5.0 (Windows NT 6.2; x64) AppleWebKit/537.36 (KHTML, like Gecko) Safari/13.0.0.0 Safari/537.36"
37.53.248.8 - - [11/Jul/2026:10:51:33 -0700] "GET /properties/125-Residential-Lease-605-Sand-Sage-Avenue-6-Rooms-4-Bedrooms-3-Bathrooms-USD2-350/ HTTP/1.1" 200 38798 "-" "Mozilla/5.0 (Windows NT 10.0; Win64; x64) AppleWebKit/537.36 (KHTML, like Gecko) Chrome/80.0.3987.132 Safari/537.36"
200.239.146.253 - - [11/Jul/2026:10:51:50 -0700] "POST /xmlrpc.php HTTP/1.1" 200 5618 "-" "Mozilla/5.0 (Windows NT 6.2; x86) AppleWebKit/537.36 (KHTML, like Gecko) Edge/90.0.0.0 Safari/537.36"
200.239.146.253 - - [11/Jul/2026:10:52:10 -0700] "POST /xmlrpc.php HTTP/1.1" 200 5618 "-" "Mozilla/5.0 (Windows NT 6.2; arm64) AppleWebKit/537.36 (KHTML, like Gecko) Firefox/99.0.0.0 Safari/537.36"
35.235.84.95 - - [11/Jul/2026:10:52:33 -0700] "POST /wp-cron.php?doing_wp_cron=1783792353.2825820446014404296875 HTTP/1.1" 200 5076 "-" "WordPress/7.0.1; https://vanessavaladezrealty.com"
200.239.146.253 - - [11/Jul/2026:10:52:32 -0700] "POST /xmlrpc.php HTTP/1.1" 200 5618 "-" "Mozilla/5.0 (Windows NT 10.0; x64) AppleWebKit/537.36 (KHTML, like Gecko) Safari/10.0.0.0 Safari/537.36"
35.235.84.95 - - [11/Jul/2026:10:52:54 -0700] "POST /wp-cron.php?doing_wp_cron=1783792374.2450230121612548828125 HTTP/1.1" 200 5076 "-" "WordPress/7.0.1; https://vanessavaladezrealty.com"
200.239.146.253 - - [11/Jul/2026:10:52:53 -0700] "POST /xmlrpc.php HTTP/1.1" 200 5618 "-" "Mozilla/5.0 (Windows NT 6.3; x64) AppleWebKit/537.36 (KHTML, like Gecko) Chrome/86.0.0.0 Safari/537.36"
200.239.146.253 - - [11/Jul/2026:10:53:19 -0700] "POST /xmlrpc.php HTTP/1.1" 200 5618 "-" "Mozilla/5.0 (Linux; Android 10; arm64) AppleWebKit/537.36 (KHTML, like Gecko) Edge/100.0.0.0 Safari/537.36"
43.131.45.213 - - [11/Jul/2026:10:53:29 -0700] "GET /xmlrpc.php HTTP/1.1" 405 5242 "-" "Mozilla/5.0 (iPhone; CPU iPhone OS 13_2_3 like Mac OS X) AppleWebKit/605.1.15 (KHTML, like Gecko) Version/13.0.3 Mobile/15E148 Safari/604.1"
200.239.146.253 - - [11/Jul/2026:10:53:43 -0700] "POST /xmlrpc.php HTTP/1.1" 200 5618 "-" "Mozilla/5.0 (Macintosh; Intel Mac OS X 10_15_7; arm64) AppleWebKit/537.36 (KHTML, like Gecko) Chrome/84.0.0.0 Safari/537.36"
35.235.84.95 - - [11/Jul/2026:10:54:09 -0700] "POST /wp-cron.php?doing_wp_cron=1783792448.9937899112701416015625 HTTP/1.1" 200 5076 "-" "WordPress/7.0.1; https://vanessavaladezrealty.com"
200.239.146.253 - - [11/Jul/2026:10:54:07 -0700] "POST /xmlrpc.php HTTP/1.1" 200 5618 "-" "Mozilla/5.0 (Windows NT 10.0; x86) AppleWebKit/537.36 (KHTML, like Gecko) Firefox/74.0.0.0 Safari/537.36"
200.239.146.253 - - [11/Jul/2026:10:54:26 -0700] "POST /xmlrpc.php HTTP/1.1" 200 5618 "-" "Mozilla/5.0 (Linux; Android 10; x86) AppleWebKit/537.36 (KHTML, like Gecko) Chrome/114.0.0.0 Safari/537.36"
200.239.146.253 - - [11/Jul/2026:10:54:46 -0700] "POST /xmlrpc.php HTTP/1.1" 200 5618 "-" "Mozilla/5.0 (Windows NT 6.2; x64) AppleWebKit/537.36 (KHTML, like Gecko) Safari/15.0.0.0 Safari/537.36"
35.235.84.95 - - [11/Jul/2026:10:54:59 -0700] "POST /wp-cron.php?doing_wp_cron=1783792499.3321158885955810546875 HTTP/1.1" 200 5076 "-" "WordPress/7.0.1; https://vanessavaladezrealty.com"
103.90.225.206 - - [11/Jul/2026:10:54:57 -0700] "GET /wp-login.php HTTP/1.1" 200 7852 "-" "Mozilla/5.0 (X11; Linux x86_64; rv:148.0) Gecko/20100101 Firefox/148.0"
103.90.225.206 - - [11/Jul/2026:10:54:59 -0700] "POST /wp-login.php HTTP/1.1" 200 7931 "https://vanessavaladezrealty.com/wp-login.php" "Mozilla/5.0 (X11; Linux x86_64; rv:148.0) Gecko/20100101 Firefox/148.0"
200.239.146.253 - - [11/Jul/2026:10:55:07 -0700] "POST /xmlrpc.php HTTP/1.1" 200 5618 "-" "Mozilla/5.0 (Windows NT 10.0; x64) AppleWebKit/537.36 (KHTML, like Gecko) Firefox/100.0.0.0 Safari/537.36"
200.239.146.253 - - [11/Jul/2026:10:55:28 -0700] "POST /xmlrpc.php HTTP/1.1" 200 5618 "-" "Mozilla/5.0 (Windows NT 6.2; x64) AppleWebKit/537.36 (KHTML, like Gecko) Chrome/107.0.0.0 Safari/537.36"
200.239.146.253 - - [11/Jul/2026:10:55:48 -0700] "POST /xmlrpc.php HTTP/1.1" 200 5618 "-" "Mozilla/5.0 (Windows NT 6.2; arm64) AppleWebKit/537.36 (KHTML, like Gecko) Firefox/83.0.0.0 Safari/537.36"
35.235.84.95 - - [11/Jul/2026:10:56:17 -0700] "POST /wp-cron.php?doing_wp_cron=1783792577.0151290893554687500000 HTTP/1.1" 200 5076 "-" "WordPress/7.0.1; https://vanessavaladezrealty.com"
200.239.146.253 - - [11/Jul/2026:10:56:16 -0700] "POST /xmlrpc.php HTTP/1.1" 200 5618 "-" "Mozilla/5.0 (Linux; Android 10; x64) AppleWebKit/537.36 (KHTML, like Gecko) Firefox/86.0.0.0 Safari/537.36"
35.235.84.95 - - [11/Jul/2026:10:56:36 -0700] "POST /wp-cron.php?doing_wp_cron=1783792596.2101390361785888671875 HTTP/1.1" 200 5076 "-" "WordPress/7.0.1; https://vanessavaladezrealty.com"
200.239.146.253 - - [11/Jul/2026:10:56:35 -0700] "POST /xmlrpc.php HTTP/1.1" 200 5618 "-" "Mozilla/5.0 (Windows NT 6.2; x86) AppleWebKit/537.36 (KHTML, like Gecko) Opera/75.0.0.0 Safari/537.36"
200.239.146.253 - - [11/Jul/2026:10:56:54 -0700] "POST /xmlrpc.php HTTP/1.1" 200 5618 "-" "Mozilla/5.0 (Windows NT 6.2; x64) AppleWebKit/537.36 (KHTML, like Gecko) Opera/65.0.0.0 Safari/537.36"
200.239.146.253 - - [11/Jul/2026:10:57:16 -0700] "POST /xmlrpc.php HTTP/1.1" 200 5618 "-" "Mozilla/5.0 (Macintosh; Intel Mac OS X 10_15_7; arm64) AppleWebKit/537.36 (KHTML, like Gecko) Edge/90.0.0.0 Safari/537.36"
35.235.84.95 - - [11/Jul/2026:10:57:37 -0700] "POST /wp-cron.php?doing_wp_cron=1783792657.5405049324035644531250 HTTP/1.1" 200 5076 "-" "WordPress/7.0.1; https://vanessavaladezrealty.com"
200.239.146.253 - - [11/Jul/2026:10:57:36 -0700] "POST /xmlrpc.php HTTP/1.1" 200 5618 "-" "Mozilla/5.0 (Windows NT 6.2; x64) AppleWebKit/537.36 (KHTML, like Gecko) Edge/96.0.0.0 Safari/537.36"
35.235.84.95 - - [11/Jul/2026:10:57:57 -0700] "POST /wp-cron.php?doing_wp_cron=1783792676.9810791015625000000000 HTTP/1.1" 200 5076 "-" "WordPress/7.0.1; https://vanessavaladezrealty.com"
200.239.146.253 - - [11/Jul/2026:10:57:55 -0700] "POST /xmlrpc.php HTTP/1.1" 200 5618 "-" "Mozilla/5.0 (Windows NT 6.3; x86) AppleWebKit/537.36 (KHTML, like Gecko) Opera/61.0.0.0 Safari/537.36"
200.239.146.253 - - [11/Jul/2026:10:58:15 -0700] "POST /xmlrpc.php HTTP/1.1" 200 5618 "-" "Mozilla/5.0 (Windows NT 6.2; x86) AppleWebKit/537.36 (KHTML, like Gecko) Edge/94.0.0.0 Safari/537.36"
85.8.130.51 - - [11/Jul/2026:10:58:32 -0700] "POST /wp-login.php HTTP/1.1" 200 8008 "-" "Mozilla/5.0 (Windows NT 10.0; Win64; x64) AppleWebKit/537.36 Chrome/129.0.0.0 Safari/537.36"
85.8.130.93 - - [11/Jul/2026:10:58:32 -0700] "POST /wp-login.php HTTP/1.1" 200 8003 "-" "Mozilla/5.0 (Macintosh; Intel Mac OS X 10_15_7) AppleWebKit/605.1.15 Version/17.0 Safari/605.1.15"
85.8.130.46 - - [11/Jul/2026:10:58:32 -0700] "POST /wp-login.php HTTP/1.1" 200 7984 "-" "Mozilla/5.0 (Windows NT 10.0; Win64; rv:143.0) Gecko/20100101 Firefox/143.0"
200.239.146.253 - - [11/Jul/2026:10:58:39 -0700] "POST /xmlrpc.php HTTP/1.1" 200 5618 "-" "Mozilla/5.0 (Windows NT 6.3; x64) AppleWebKit/537.36 (KHTML, like Gecko) Opera/75.0.0.0 Safari/537.36"
35.235.84.95 - - [11/Jul/2026:10:59:07 -0700] "POST /wp-cron.php?doing_wp_cron=1783792747.2681570053100585937500 HTTP/1.1" 200 5076 "-" "WordPress/7.0.1; https://vanessavaladezrealty.com"
200.239.146.253 - - [11/Jul/2026:10:59:06 -0700] "POST /xmlrpc.php HTTP/1.1" 200 5618 "-" "Mozilla/5.0 (Windows NT 6.2; x86) AppleWebKit/537.36 (KHTML, like Gecko) Chrome/87.0.0.0 Safari/537.36"
200.239.146.253 - - [11/Jul/2026:10:59:26 -0700] "POST /xmlrpc.php HTTP/1.1" 200 5618 "-" "Mozilla/5.0 (Linux; Android 10; x86) AppleWebKit/537.36 (KHTML, like Gecko) Opera/74.0.0.0 Safari/537.36"
35.235.84.95 - - [11/Jul/2026:10:59:51 -0700] "POST /wp-cron.php?doing_wp_cron=1783792791.5144350528717041015625 HTTP/1.1" 200 5076 "-" "WordPress/7.0.1; https://vanessavaladezrealty.com"
200.239.146.253 - - [11/Jul/2026:10:59:50 -0700] "POST /xmlrpc.php HTTP/1.1" 200 5618 "-" "Mozilla/5.0 (Windows NT 6.3; x64) AppleWebKit/537.36 (KHTML, like Gecko) Safari/10.0.0.0 Safari/537.36"
200.239.146.253 - - [11/Jul/2026:11:00:12 -0700] "POST /xmlrpc.php HTTP/1.1" 200 5618 "-" "Mozilla/5.0 (Macintosh; Intel Mac OS X 10_15_7; x86) AppleWebKit/537.36 (KHTML, like Gecko) Firefox/94.0.0.0 Safari/537.36"
200.239.146.253 - - [11/Jul/2026:11:00:35 -0700] "POST /xmlrpc.php HTTP/1.1" 200 5618 "-" "Mozilla/5.0 (Linux; Android 10; x86) AppleWebKit/537.36 (KHTML, like Gecko) Firefox/86.0.0.0 Safari/537.36"
35.235.84.95 - - [11/Jul/2026:11:00:36 -0700] "HEAD / HTTP/1.1" 200 5742 "-" "Mozilla/5.0 (Windows NT 10.0; Win64; x64) AppleWebKit/537.36 (KHTML, like Gecko) Chrome/117.0.0.0 Safari/537.36"
35.235.84.95 - - [11/Jul/2026:11:00:58 -0700] "POST /wp-cron.php?doing_wp_cron=1783792858.5098640918731689453125 HTTP/1.1" 200 5076 "-" "WordPress/7.0.1; https://vanessavaladezrealty.com"
200.239.146.253 - - [11/Jul/2026:11:00:57 -0700] "POST /xmlrpc.php HTTP/1.1" 200 5618 "-" "Mozilla/5.0 (Linux; Android 10; x86) AppleWebKit/537.36 (KHTML, like Gecko) Firefox/75.0.0.0 Safari/537.36"
200.239.146.253 - - [11/Jul/2026:11:01:23 -0700] "POST /xmlrpc.php HTTP/1.1" 200 5618 "-" "Mozilla/5.0 (Linux; Android 10; arm64) AppleWebKit/537.36 (KHTML, like Gecko) Opera/76.0.0.0 Safari/537.36"
35.235.84.95 - - [11/Jul/2026:11:01:48 -0700] "POST /wp-cron.php?doing_wp_cron=1783792908.8031759262084960937500 HTTP/1.1" 200 5076 "-" "WordPress/7.0.1; https://vanessavaladezrealty.com"
200.239.146.253 - - [11/Jul/2026:11:01:47 -0700] "POST /xmlrpc.php HTTP/1.1" 200 5618 "-" "Mozilla/5.0 (Windows NT 6.2; x86) AppleWebKit/537.36 (KHTML, like Gecko) Firefox/76.0.0.0 Safari/537.36"
200.239.146.253 - - [11/Jul/2026:11:02:10 -0700] "POST /xmlrpc.php HTTP/1.1" 200 5618 "-" "Mozilla/5.0 (Linux; Android 10; x64) AppleWebKit/537.36 (KHTML, like Gecko) Safari/13.0.0.0 Safari/537.36"
200.239.146.253 - - [11/Jul/2026:11:02:32 -0700] "POST /xmlrpc.php HTTP/1.1" 200 5618 "-" "Mozilla/5.0 (Windows NT 6.2; x64) AppleWebKit/537.36 (KHTML, like Gecko) Firefox/86.0.0.0 Safari/537.36"
35.235.84.95 - - [11/Jul/2026:11:02:55 -0700] "POST /wp-cron.php?doing_wp_cron=1783792975.6069810390472412109375 HTTP/1.1" 200 5076 "-" "WordPress/7.0.1; https://vanessavaladezrealty.com"
200.239.146.253 - - [11/Jul/2026:11:02:54 -0700] "POST /xmlrpc.php HTTP/1.1" 200 5618 "-" "Mozilla/5.0 (Windows NT 6.3; x86) AppleWebKit/537.36 (KHTML, like Gecko) Opera/60.0.0.0 Safari/537.36"
46.228.199.158 - - [11/Jul/2026:11:03:03 -0700] "GET / HTTP/1.1" 200 39841 "-" "Mozilla/5.0 (Windows NT 10.0; Win64; x64) AppleWebKit/537.36 (KHTML, like Gecko) Chrome/91.0.4472.114 Safari/537.36 Edg/91.0.864.54"
200.239.146.253 - - [11/Jul/2026:11:03:19 -0700] "POST /xmlrpc.php HTTP/1.1" 200 5618 "-" "Mozilla/5.0 (Windows NT 10.0; x64) AppleWebKit/537.36 (KHTML, like Gecko) Firefox/100.0.0.0 Safari/537.36"
200.239.146.253 - - [11/Jul/2026:11:03:42 -0700] "POST /xmlrpc.php HTTP/1.1" 200 5618 "-" "Mozilla/5.0 (Macintosh; Intel Mac OS X 10_15_7; x64) AppleWebKit/537.36 (KHTML, like Gecko) Opera/62.0.0.0 Safari/537.36"
35.235.84.95 - - [11/Jul/2026:11:04:09 -0700] "POST /wp-cron.php?doing_wp_cron=1783793049.1565570831298828125000 HTTP/1.1" 200 5076 "-" "WordPress/7.0.1; https://vanessavaladezrealty.com"
200.239.146.253 - - [11/Jul/2026:11:04:08 -0700] "POST /xmlrpc.php HTTP/1.1" 200 5618 "-" "Mozilla/5.0 (Windows NT 10.0; arm64) AppleWebKit/537.36 (KHTML, like Gecko) Edge/80.0.0.0 Safari/537.36"
200.239.146.253 - - [11/Jul/2026:11:04:31 -0700] "POST /xmlrpc.php HTTP/1.1" 200 5618 "-" "Mozilla/5.0 (Windows NT 6.2; arm64) AppleWebKit/537.36 (KHTML, like Gecko) Firefox/98.0.0.0 Safari/537.36"
35.235.84.95 - - [11/Jul/2026:11:04:57 -0700] "POST /wp-cron.php?doing_wp_cron=1783793097.9373350143432617187500 HTTP/1.1" 200 5076 "-" "WordPress/7.0.1; https://vanessavaladezrealty.com"
200.239.146.253 - - [11/Jul/2026:11:04:56 -0700] "POST /xmlrpc.php HTTP/1.1" 200 5618 "-" "Mozilla/5.0 (Windows NT 10.0; x64) AppleWebKit/537.36 (KHTML, like Gecko) Firefox/82.0.0.0 Safari/537.36"
200.239.146.253 - - [11/Jul/2026:11:05:25 -0700] "POST /xmlrpc.php HTTP/1.1" 200 5618 "-" "Mozilla/5.0 (Macintosh; Intel Mac OS X 10_15_7; x64) AppleWebKit/537.36 (KHTML, like Gecko) Safari/13.0.0.0 Safari/537.36"
35.235.84.95 - - [11/Jul/2026:11:05:52 -0700] "POST /wp-cron.php?doing_wp_cron=1783793152.3712420463562011718750 HTTP/1.1" 200 5076 "-" "WordPress/7.0.1; https://vanessavaladezrealty.com"
200.239.146.253 - - [11/Jul/2026:11:05:51 -0700] "POST /xmlrpc.php HTTP/1.1" 200 5618 "-" "Mozilla/5.0 (X11; Ubuntu; Linux x86_64; arm64) AppleWebKit/537.36 (KHTML, like Gecko) Edge/85.0.0.0 Safari/537.36"
200.239.146.253 - - [11/Jul/2026:11:06:15 -0700] "POST /xmlrpc.php HTTP/1.1" 200 5618 "-" "Mozilla/5.0 (Windows NT 6.2; arm64) AppleWebKit/537.36 (KHTML, like Gecko) Firefox/76.0.0.0 Safari/537.36"
35.235.84.95 - - [11/Jul/2026:11:06:38 -0700] "POST /wp-cron.php?doing_wp_cron=1783793198.7673969268798828125000 HTTP/1.1" 200 5076 "-" "WordPress/7.0.1; https://vanessavaladezrealty.com"
200.239.146.253 - - [11/Jul/2026:11:06:37 -0700] "POST /xmlrpc.php HTTP/1.1" 200 5618 "-" "Mozilla/5.0 (Macintosh; Intel Mac OS X 10_15_7; arm64) AppleWebKit/537.36 (KHTML, like Gecko) Chrome/106.0.0.0 Safari/537.36"
200.239.146.253 - - [11/Jul/2026:11:06:58 -0700] "POST /xmlrpc.php HTTP/1.1" 200 5618 "-" "Mozilla/5.0 (Linux; Android 10; arm64) AppleWebKit/537.36 (KHTML, like Gecko) Edge/88.0.0.0 Safari/537.36"
200.239.146.253 - - [11/Jul/2026:11:07:19 -0700] "POST /xmlrpc.php HTTP/1.1" 200 5618 "-" "Mozilla/5.0 (Linux; Android 10; x86) AppleWebKit/537.36 (KHTML, like Gecko) Opera/76.0.0.0 Safari/537.36"
35.235.84.95 - - [11/Jul/2026:11:07:40 -0700] "POST /wp-cron.php?doing_wp_cron=1783793260.8121008872985839843750 HTTP/1.1" 200 5076 "-" "WordPress/7.0.1; https://vanessavaladezrealty.com"
200.239.146.253 - - [11/Jul/2026:11:07:39 -0700] "POST /xmlrpc.php HTTP/1.1" 200 5618 "-" "Mozilla/5.0 (Linux; Android 10; x86) AppleWebKit/537.36 (KHTML, like Gecko) Opera/65.0.0.0 Safari/537.36"
35.235.84.95 - - [11/Jul/2026:11:08:01 -0700] "POST /wp-cron.php?doing_wp_cron=1783793281.5065069198608398437500 HTTP/1.1" 200 5076 "-" "WordPress/7.0.1; https://vanessavaladezrealty.com"
200.239.146.253 - - [11/Jul/2026:11:08:00 -0700] "POST /xmlrpc.php HTTP/1.1" 200 5618 "-" "Mozilla/5.0 (X11; Ubuntu; Linux x86_64; x64) AppleWebKit/537.36 (KHTML, like Gecko) Safari/14.0.0.0 Safari/537.36"
200.239.146.253 - - [11/Jul/2026:11:08:18 -0700] "POST /xmlrpc.php HTTP/1.1" 200 5618 "-" "Mozilla/5.0 (Windows NT 6.2; x64) AppleWebKit/537.36 (KHTML, like Gecko) Chrome/104.0.0.0 Safari/537.36"
85.8.130.84 - - [11/Jul/2026:11:08:35 -0700] "POST /wp-login.php HTTP/1.1" 200 8003 "-" "Mozilla/5.0 (Windows NT 10.0; Win64; x64) AppleWebKit/537.36 Chrome/129.0.0.0 Safari/537.36"
85.8.130.47 - - [11/Jul/2026:11:08:35 -0700] "POST /wp-login.php HTTP/1.1" 200 8008 "-" "Mozilla/5.0 (Macintosh; Intel Mac OS X 10_15_7) AppleWebKit/605.1.15 Version/17.0 Safari/605.1.15"
85.8.130.70 - - [11/Jul/2026:11:08:35 -0700] "POST /wp-login.php HTTP/1.1" 200 7984 "-" "Mozilla/5.0 (Macintosh; Intel Mac OS X 10_15_7) AppleWebKit/605.1.15 Version/17.0 Safari/605.1.15"
200.239.146.253 - - [11/Jul/2026:11:08:37 -0700] "POST /xmlrpc.php HTTP/1.1" 200 5618 "-" "Mozilla/5.0 (Windows NT 6.2; x86) AppleWebKit/537.36 (KHTML, like Gecko) Opera/75.0.0.0 Safari/537.36"
35.235.84.95 - - [11/Jul/2026:11:08:58 -0700] "POST /wp-cron.php?doing_wp_cron=1783793338.8065569400787353515625 HTTP/1.1" 200 5076 "-" "WordPress/7.0.1; https://vanessavaladezrealty.com"
200.239.146.253 - - [11/Jul/2026:11:08:57 -0700] "POST /xmlrpc.php HTTP/1.1" 200 5618 "-" "Mozilla/5.0 (Windows NT 6.3; x64) AppleWebKit/537.36 (KHTML, like Gecko) Chrome/100.0.0.0 Safari/537.36"
200.239.146.253 - - [11/Jul/2026:11:09:19 -0700] "POST /xmlrpc.php HTTP/1.1" 200 5618 "-" "Mozilla/5.0 (Macintosh; Intel Mac OS X 10_15_7; arm64) AppleWebKit/537.36 (KHTML, like Gecko) Edge/99.0.0.0 Safari/537.36"
200.239.146.253 - - [11/Jul/2026:11:09:36 -0700] "POST /xmlrpc.php HTTP/1.1" 200 5618 "-" "Mozilla/5.0 (X11; Ubuntu; Linux x86_64; x64) AppleWebKit/537.36 (KHTML, like Gecko) Safari/11.0.0.0 Safari/537.36"
35.235.84.95 - - [11/Jul/2026:11:10:01 -0700] "POST /wp-cron.php?doing_wp_cron=1783793401.3827300071716308593750 HTTP/1.1" 200 5076 "-" "WordPress/7.0.1; https://vanessavaladezrealty.com"
200.239.146.253 - - [11/Jul/2026:11:10:00 -0700] "POST /xmlrpc.php HTTP/1.1" 200 5618 "-" "Mozilla/5.0 (Windows NT 6.3; x86) AppleWebKit/537.36 (KHTML, like Gecko) Firefox/97.0.0.0 Safari/537.36"
200.239.146.253 - - [11/Jul/2026:11:10:24 -0700] "POST /xmlrpc.php HTTP/1.1" 200 5618 "-" "Mozilla/5.0 (Windows NT 6.2; arm64) AppleWebKit/537.36 (KHTML, like Gecko) Chrome/112.0.0.0 Safari/537.36"
200.239.146.253 - - [11/Jul/2026:11:10:42 -0700] "POST /xmlrpc.php HTTP/1.1" 200 5618 "-" "Mozilla/5.0 (Windows NT 6.3; x64) AppleWebKit/537.36 (KHTML, like Gecko) Chrome/107.0.0.0 Safari/537.36"
35.235.84.95 - - [11/Jul/2026:11:11:01 -0700] "POST /wp-cron.php?doing_wp_cron=1783793461.1098499298095703125000 HTTP/1.1" 200 5076 "-" "WordPress/7.0.1; https://vanessavaladezrealty.com"
200.239.146.253 - - [11/Jul/2026:11:11:00 -0700] "POST /xmlrpc.php HTTP/1.1" 200 5618 "-" "Mozilla/5.0 (Windows NT 6.3; x64) AppleWebKit/537.36 (KHTML, like Gecko) Edge/97.0.0.0 Safari/537.36"
200.239.146.253 - - [11/Jul/2026:11:11:18 -0700] "POST /xmlrpc.php HTTP/1.1" 200 5618 "-" "Mozilla/5.0 (Windows NT 6.2; x86) AppleWebKit/537.36 (KHTML, like Gecko) Edge/94.0.0.0 Safari/537.36"
35.235.84.95 - - [11/Jul/2026:11:11:37 -0700] "POST /wp-cron.php?doing_wp_cron=1783793497.5746779441833496093750 HTTP/1.1" 200 5076 "-" "WordPress/7.0.1; https://vanessavaladezrealty.com"
200.239.146.253 - - [11/Jul/2026:11:11:36 -0700] "POST /xmlrpc.php HTTP/1.1" 200 5618 "-" "Mozilla/5.0 (Macintosh; Intel Mac OS X 10_15_7; arm64) AppleWebKit/537.36 (KHTML, like Gecko) Safari/14.0.0.0 Safari/537.36"
216.73.216.49 - - [11/Jul/2026:11:11:48 -0700] "GET /robots.txt HTTP/1.1" 200 5762 "-" "Mozilla/5.0 AppleWebKit/537.36 (KHTML, like Gecko; compatible; ClaudeBot/1.0; +claudebot@anthropic.com)"
216.73.216.49 - - [11/Jul/2026:11:11:49 -0700] "GET /properties/ HTTP/1.1" 200 32276 "-" "Mozilla/5.0 AppleWebKit/537.36 (KHTML, like Gecko; compatible; ClaudeBot/1.0; +claudebot@anthropic.com)"
35.235.84.95 - - [11/Jul/2026:11:13:19 -0700] "POST /wp-cron.php?doing_wp_cron=1783793599.6093089580535888671875 HTTP/1.1" 200 5076 "-" "WordPress/7.0.1; https://vanessavaladezrealty.com"
103.149.8.209 - - [11/Jul/2026:11:13:18 -0700] "GET /properties/88-Residential-2539-Tuskegee-Street-6-Rooms-5-Bedrooms-2-Bathrooms-USD299-995/tel:7027760711 HTTP/1.1" 301 5705 "-" "Mozilla/5.0 (Windows NT 10.0; Win64; x64) AppleWebKit/537.36 (KHTML, like Gecko) Chrome/80.0.3987.132 Safari/537.36"
103.149.8.209 - - [11/Jul/2026:11:13:20 -0700] "GET /properties/88-Residential-2539-Tuskegee-Street-6-Rooms-5-Bedrooms-2-Bathrooms-USD299-995/tel:7027760711/ HTTP/1.1" 301 5854 "-" "Mozilla/5.0 (Windows NT 10.0; Win64; x64) AppleWebKit/537.36 (KHTML, like Gecko) Chrome/80.0.3987.132 Safari/537.36"
35.235.84.95 - - [11/Jul/2026:11:13:22 -0700] "POST /wp-cron.php HTTP/1.1" 200 5076 "-" "WordPress/7.0.1; https://vanessavaladezrealty.com"
103.149.8.209 - - [11/Jul/2026:11:13:21 -0700] "GET /properties/88-Residential-2539-Tuskegee-Street-6-Rooms-5-Bedrooms-2-Bathrooms-USD299-995 HTTP/1.1" 301 5632 "-" "Mozilla/5.0 (Windows NT 10.0; Win64; x64) AppleWebKit/537.36 (KHTML, like Gecko) Chrome/80.0.3987.132 Safari/537.36"
35.235.84.95 - - [11/Jul/2026:11:13:22 -0700] "GET / HTTP/1.1" 200 39842 "-" "WordPress/7.0.1; https://vanessavaladezrealty.com"
103.149.8.209 - - [11/Jul/2026:11:13:23 -0700] "GET /properties/88-Residential-2539-Tuskegee-Street-6-Rooms-5-Bedrooms-2-Bathrooms-USD299-995/ HTTP/1.1" 200 37915 "-" "Mozilla/5.0 (Windows NT 10.0; Win64; x64) AppleWebKit/537.36 (KHTML, like Gecko) Chrome/80.0.3987.132 Safari/537.36"
35.235.84.95 - - [11/Jul/2026:11:13:23 -0700] "GET / HTTP/1.1" 200 39843 "-" "WordPress/7.0.1; https://vanessavaladezrealty.com"
35.235.84.95 - - [11/Jul/2026:11:13:24 -0700] "GET / HTTP/1.1" 200 39841 "-" "WordPress/7.0.1; https://vanessavaladezrealty.com"
35.235.84.95 - - [11/Jul/2026:11:13:25 -0700] "GET / HTTP/1.1" 200 39841 "-" "WordPress/7.0.1; https://vanessavaladezrealty.com"
35.235.84.95 - - [11/Jul/2026:11:14:42 -0700] "POST /wp-cron.php?doing_wp_cron=1783793682.7572319507598876953125 HTTP/1.1" 200 5076 "-" "WordPress/7.0.1; https://vanessavaladezrealty.com"
190.56.171.27 - - [11/Jul/2026:11:14:41 -0700] "GET /properties/?pid=105&wplview=property_show HTTP/1.1" 200 38813 "-" "Mozilla/5.0 (Windows NT 6.1; Win64; x64) AppleWebKit/537.36 (KHTML, like Gecko) Chrome/74.0.3729.157 Safari/537.36"
35.235.84.95 - - [11/Jul/2026:11:15:41 -0700] "POST /wp-cron.php?doing_wp_cron=1783793741.6209120750427246093750 HTTP/1.1" 200 5076 "-" "WordPress/7.0.1; https://vanessavaladezrealty.com"
104.210.140.131 - - [11/Jul/2026:11:15:40 -0700] "GET /robots.txt HTTP/1.1" 200 5762 "-" "Mozilla/5.0 (Macintosh; Intel Mac OS X 10_15_7) AppleWebKit/537.36 (KHTML, like Gecko) Chrome/131.0.0.0 Safari/537.36; compatible; OAI-SearchBot/1.0; +https://openai.com/searchbot"
35.235.84.95 - - [11/Jul/2026:11:16:40 -0700] "POST /wp-cron.php?doing_wp_cron=1783793800.1322429180145263671875 HTTP/1.1" 200 5076 "-" "WordPress/7.0.1; https://vanessavaladezrealty.com"
154.0.166.254 - - [11/Jul/2026:11:16:39 -0700] "GET /wp-login.php HTTP/1.1" 200 7852 "-" "Mozilla/5.0 (X11; Linux x86_64) AppleWebKit/537.36 (KHTML, like Gecko) Chrome/147.0.0.0 Safari/537.36"
154.0.166.254 - - [11/Jul/2026:11:16:40 -0700] "POST /wp-login.php HTTP/1.1" 200 7953 "https://vanessavaladezrealty.com/wp-login.php" "Mozilla/5.0 (X11; Linux x86_64) AppleWebKit/537.36 (KHTML, like Gecko) Chrome/147.0.0.0 Safari/537.36"
35.235.84.95 - - [11/Jul/2026:11:18:46 -0700] "POST /wp-cron.php?doing_wp_cron=1783793926.7675030231475830078125 HTTP/1.1" 200 5076 "-" "WordPress/7.0.1; https://vanessavaladezrealty.com"
85.8.130.83 - - [11/Jul/2026:11:18:45 -0700] "POST /wp-login.php HTTP/1.1" 200 7984 "-" "Mozilla/5.0 (Windows NT 10.0; Win64; rv:143.0) Gecko/20100101 Firefox/143.0"
35.235.84.95 - - [11/Jul/2026:11:18:46 -0700] "POST /wp-cron.php?doing_wp_cron=1783793926.7782011032104492187500 HTTP/1.1" 200 5076 "-" "WordPress/7.0.1; https://vanessavaladezrealty.com"
85.8.130.66 - - [11/Jul/2026:11:18:45 -0700] "POST /wp-login.php HTTP/1.1" 200 8003 "-" "Mozilla/5.0 (Windows NT 10.0; Win64; x64) AppleWebKit/537.36 Chrome/129.0.0.0 Safari/537.36"
35.235.84.95 - - [11/Jul/2026:11:20:13 -0700] "POST /wp-cron.php?doing_wp_cron=1783794013.6685709953308105468750 HTTP/1.1" 200 5076 "-" "WordPress/7.0.1; https://vanessavaladezrealty.com"
202.155.95.90 - - [11/Jul/2026:11:20:12 -0700] "GET /wp-login.php HTTP/1.1" 200 7852 "-" "Mozilla/5.0 (Macintosh; Intel Mac OS X 10_15_7) AppleWebKit/537.36 (KHTML, like Gecko) Chrome/146.0.0.0 Safari/537.36"
202.155.95.90 - - [11/Jul/2026:11:20:14 -0700] "POST /wp-login.php HTTP/1.1" 200 7932 "https://vanessavaladezrealty.com/wp-login.php" "Mozilla/5.0 (Macintosh; Intel Mac OS X 10_15_7) AppleWebKit/537.36 (KHTML, like Gecko) Chrome/146.0.0.0 Safari/537.36"
35.235.84.95 - - [11/Jul/2026:11:28:43 -0700] "POST /wp-cron.php?doing_wp_cron=1783794523.5709071159362792968750 HTTP/1.1" 200 5076 "-" "WordPress/7.0.1; https://vanessavaladezrealty.com"
85.8.130.50 - - [11/Jul/2026:11:28:42 -0700] "POST /wp-login.php HTTP/1.1" 200 7984 "-" "Mozilla/5.0 (Windows NT 10.0; Win64; x64) AppleWebKit/537.36 Chrome/129.0.0.0 Safari/537.36"
35.235.84.95 - - [11/Jul/2026:11:28:43 -0700] "POST /wp-cron.php?doing_wp_cron=1783794523.5708770751953125000000 HTTP/1.1" 200 5076 "-" "WordPress/7.0.1; https://vanessavaladezrealty.com"
85.8.130.55 - - [11/Jul/2026:11:28:42 -0700] "POST /wp-login.php HTTP/1.1" 200 8008 "-" "Mozilla/5.0 (Windows NT 10.0; Win64; rv:143.0) Gecko/20100101 Firefox/143.0"
85.8.130.73 - - [11/Jul/2026:11:28:42 -0700] "POST /wp-login.php HTTP/1.1" 200 8003 "-" "Mozilla/5.0 (Windows NT 10.0; Win64; rv:143.0) Gecko/20100101 Firefox/143.0"
35.235.84.95 - - [11/Jul/2026:11:33:31 -0700] "POST /wp-cron.php?doing_wp_cron=1783794811.6712360382080078125000 HTTP/1.1" 200 5076 "-" "WordPress/7.0.1; https://vanessavaladezrealty.com"
90.62.14.89 - - [11/Jul/2026:11:33:30 -0700] "GET /wp-sitemap.xml HTTP/1.1" 200 5804 "-" "Mozilla/5.0 (Macintosh; Intel Mac OS X 11_5_0) AppleWebKit/537.36 (KHTML, like Gecko) Chrome/132.0.6834.110 Safari/537.36"
35.235.84.95 - - [11/Jul/2026:11:38:46 -0700] "POST /wp-cron.php?doing_wp_cron=1783795126.7664151191711425781250 HTTP/1.1" 200 5076 "-" "WordPress/7.0.1; https://vanessavaladezrealty.com"
35.235.84.95 - - [11/Jul/2026:11:38:46 -0700] "POST /wp-cron.php?doing_wp_cron=1783795126.7696969509124755859375 HTTP/1.1" 200 5076 "-" "WordPress/7.0.1; https://vanessavaladezrealty.com"
85.8.130.69 - - [11/Jul/2026:11:38:45 -0700] "POST /wp-login.php HTTP/1.1" 200 8003 "-" "Mozilla/5.0 (Windows NT 10.0; Win64; x64) AppleWebKit/537.36 Chrome/129.0.0.0 Safari/537.36"
85.8.130.94 - - [11/Jul/2026:11:38:45 -0700] "POST /wp-login.php HTTP/1.1" 200 7984 "-" "Mozilla/5.0 (Windows NT 10.0; Win64; rv:143.0) Gecko/20100101 Firefox/143.0"
35.235.84.95 - - [11/Jul/2026:11:38:46 -0700] "POST /wp-cron.php?doing_wp_cron=1783795126.7685940265655517578125 HTTP/1.1" 200 5076 "-" "WordPress/7.0.1; https://vanessavaladezrealty.com"
85.8.130.89 - - [11/Jul/2026:11:38:45 -0700] "POST /wp-login.php HTTP/1.1" 200 8008 "-" "Mozilla/5.0 (Windows NT 10.0; Win64; rv:143.0) Gecko/20100101 Firefox/143.0"
35.235.84.95 - - [11/Jul/2026:11:43:58 -0700] "POST /wp-cron.php?doing_wp_cron=1783795438.7965469360351562500000 HTTP/1.1" 200 5076 "-" "WordPress/7.0.1; https://vanessavaladezrealty.com"
87.252.229.69 - - [11/Jul/2026:11:43:57 -0700] "GET /home-previuos/tel:7027760711 HTTP/1.1" 404 100252 "-" "Mozilla/5.0 (Windows NT 6.3; Win64; x64) AppleWebKit/537.36 (KHTML, like Gecko) Chrome/91.0.4472.114 Safari/537.36"
107.175.185.23 - - [11/Jul/2026:11:45:23 -0700] "POST /wp-comments-post.php HTTP/1.1" 302 5714 "-" "Mozilla/5.0 (Windows NT 10.0; Win64; x64) AppleWebKit/537.36 (KHTML, like Gecko) Chrome/120.0.0.0 Safari/537.36"
85.8.130.95 - - [11/Jul/2026:11:49:02 -0700] "POST /wp-login.php HTTP/1.1" 200 7984 "-" "Mozilla/5.0 (Macintosh; Intel Mac OS X 10_15_7) AppleWebKit/605.1.15 Version/17.0 Safari/605.1.15"
85.8.130.71 - - [11/Jul/2026:11:49:02 -0700] "POST /wp-login.php HTTP/1.1" 200 8003 "-" "Mozilla/5.0 (Windows NT 10.0; Win64; x64) AppleWebKit/537.36 Chrome/129.0.0.0 Safari/537.36"
35.235.84.95 - - [11/Jul/2026:11:49:03 -0700] "POST /wp-cron.php?doing_wp_cron=1783795743.1613979339599609375000 HTTP/1.1" 200 5076 "-" "WordPress/7.0.1; https://vanessavaladezrealty.com"
35.235.84.95 - - [11/Jul/2026:11:49:03 -0700] "POST /wp-cron.php?doing_wp_cron=1783795743.1611731052398681640625 HTTP/1.1" 200 5076 "-" "WordPress/7.0.1; https://vanessavaladezrealty.com"
85.8.130.59 - - [11/Jul/2026:11:49:02 -0700] "POST /wp-login.php HTTP/1.1" 200 8008 "-" "Mozilla/5.0 (Windows NT 10.0; Win64; x64) AppleWebKit/537.36 Chrome/129.0.0.0 Safari/537.36"
35.235.84.95 - - [11/Jul/2026:11:53:11 -0700] "POST /wp-cron.php?doing_wp_cron=1783795991.6956260204315185546875 HTTP/1.1" 200 5076 "-" "WordPress/7.0.1; https://vanessavaladezrealty.com"
45.174.196.93 - - [11/Jul/2026:11:53:10 -0700] "GET /properties/98-Residential-4304-Hanford-Avenue-5-Rooms-3-Bedrooms-2-Bathrooms-USD330-000/ HTTP/1.1" 200 38516 "-" "Mozilla/5.0 (Macintosh; Intel Mac OS X 10_15_7) AppleWebKit/537.36 (KHTML, like Gecko) Chrome/89.0.4389.105 Safari/537.36"
217.113.60.80 - - [11/Jul/2026:11:53:41 -0700] "GET /wp-login.php HTTP/1.1" 200 7852 "-" "Mozilla/5.0 (Macintosh; Intel Mac OS X 10_15_7) AppleWebKit/537.36 (KHTML, like Gecko) Chrome/147.0.0.0 Safari/537.36"
217.113.60.80 - - [11/Jul/2026:11:53:42 -0700] "POST /wp-login.php HTTP/1.1" 200 7937 "https://vanessavaladezrealty.com/wp-login.php" "Mozilla/5.0 (Macintosh; Intel Mac OS X 10_15_7) AppleWebKit/537.36 (KHTML, like Gecko) Chrome/147.0.0.0 Safari/537.36"
35.235.84.95 - - [11/Jul/2026:11:55:47 -0700] "POST /wp-cron.php?doing_wp_cron=1783796147.8486979007720947265625 HTTP/1.1" 200 5076 "-" "WordPress/7.0.1; https://vanessavaladezrealty.com"
186.27.236.154 - - [11/Jul/2026:11:55:46 -0700] "GET /properties/admin_wyj7ruvs/ HTTP/1.1" 200 30491 "-" "Mozilla/5.0 (Macintosh; Intel Mac OS X 10_9_5) AppleWebKit/537.36 (KHTML, like Gecko) Chrome/66.0.3359.181 Safari/537.36"
85.8.130.49 - - [11/Jul/2026:11:59:03 -0700] "POST /wp-login.php HTTP/1.1" 200 8008 "-" "Mozilla/5.0 (Windows NT 10.0; Win64; x64) AppleWebKit/537.36 Chrome/129.0.0.0 Safari/537.36"
35.235.84.95 - - [11/Jul/2026:11:59:04 -0700] "POST /wp-cron.php?doing_wp_cron=1783796344.3782360553741455078125 HTTP/1.1" 200 5076 "-" "WordPress/7.0.1; https://vanessavaladezrealty.com"
85.8.130.69 - - [11/Jul/2026:11:59:03 -0700] "POST /wp-login.php HTTP/1.1" 200 8003 "-" "Mozilla/5.0 (Macintosh; Intel Mac OS X 10_15_7) AppleWebKit/605.1.15 Version/17.0 Safari/605.1.15"
85.8.130.71 - - [11/Jul/2026:11:59:04 -0700] "POST /wp-login.php HTTP/1.1" 200 7984 "-" "Mozilla/5.0 (Windows NT 10.0; Win64; x64) AppleWebKit/537.36 Chrome/129.0.0.0 Safari/537.36"
35.235.84.95 - - [11/Jul/2026:12:00:47 -0700] "HEAD / HTTP/1.1" 200 5742 "-" "Mozilla/5.0 (Windows NT 10.0; Win64; x64) AppleWebKit/537.36 (KHTML, like Gecko) Chrome/117.0.0.0 Safari/537.36"
35.235.84.95 - - [11/Jul/2026:12:02:44 -0700] "POST /wp-cron.php?doing_wp_cron=1783796564.2604489326477050781250 HTTP/1.1" 200 5076 "-" "WordPress/7.0.1; https://vanessavaladezrealty.com"
190.181.106.86 - - [11/Jul/2026:12:02:41 -0700] "GET /properties/126-Residential-Lease-7524-Hope-Valley-Street-10-Rooms-4-Bedrooms-3-Bathrooms-USD2-200/ HTTP/1.1" 200 38282 "-" "Mozilla/5.0 (Macintosh; Intel Mac OS X 10_2) AppleWebKit/537.36 (KHTML, like Gecko) Chrome/98.0.4691.94 Safari/537.36"
35.235.84.95 - - [11/Jul/2026:12:09:05 -0700] "POST /wp-cron.php?doing_wp_cron=1783796945.5524759292602539062500 HTTP/1.1" 200 5076 "-" "WordPress/7.0.1; https://vanessavaladezrealty.com"
85.8.130.77 - - [11/Jul/2026:12:09:04 -0700] "POST /wp-login.php HTTP/1.1" 200 8008 "-" "Mozilla/5.0 (Windows NT 10.0; Win64; x64) AppleWebKit/537.36 Chrome/129.0.0.0 Safari/537.36"
35.235.84.95 - - [11/Jul/2026:12:09:05 -0700] "POST /wp-cron.php?doing_wp_cron=1783796945.6888558864593505859375 HTTP/1.1" 200 5076 "-" "WordPress/7.0.1; https://vanessavaladezrealty.com"
85.8.130.56 - - [11/Jul/2026:12:09:04 -0700] "POST /wp-login.php HTTP/1.1" 200 8003 "-" "Mozilla/5.0 (Windows NT 10.0; Win64; rv:143.0) Gecko/20100101 Firefox/143.0"
85.8.130.84 - - [11/Jul/2026:12:09:04 -0700] "POST /wp-login.php HTTP/1.1" 200 7984 "-" "Mozilla/5.0 (Macintosh; Intel Mac OS X 10_15_7) AppleWebKit/605.1.15 Version/17.0 Safari/605.1.15"
195.164.49.144 - - [11/Jul/2026:12:12:12 -0700] "GET / HTTP/1.1" 200 39839 "-" "Mozilla/5.0 (Linux; Android 6.0; Nexus 5 Build/MRA58N) AppleWebKit/537.36 (KHTML, like Gecko) Chrome/65.0.3325.181 Mobile Safari/537.36"
35.235.84.95 - - [11/Jul/2026:12:12:14 -0700] "POST /wp-cron.php?doing_wp_cron=1783797134.1124930381774902343750 HTTP/1.1" 200 5076 "-" "WordPress/7.0.1; https://vanessavaladezrealty.com"
35.235.84.95 - - [11/Jul/2026:12:13:33 -0700] "POST /wp-cron.php?doing_wp_cron=1783797213.2190430164337158203125 HTTP/1.1" 200 5076 "-" "WordPress/7.0.1; https://vanessavaladezrealty.com"
123.24.139.87 - - [11/Jul/2026:12:13:31 -0700] "GET /properties/131-Residential-3651-Arville-Street-325-7-Rooms-2-Bedrooms-2-Bathrooms-USD139-000/ HTTP/1.1" 200 36741 "-" "Mozilla/5.0 (Macintosh; Intel Mac OS X 10_14_6) AppleWebKit/537.36 (KHTML, like Gecko) Chrome/80.0.3987.132 Safari/537.36"
35.235.84.95 - - [11/Jul/2026:12:16:24 -0700] "POST /wp-cron.php?doing_wp_cron=1783797384.5919990539550781250000 HTTP/1.1" 200 5076 "-" "WordPress/7.0.1; https://vanessavaladezrealty.com"
167.99.197.34 - - [11/Jul/2026:12:16:23 -0700] "GET /wp-login.php HTTP/1.1" 200 7852 "-" "Mozilla/5.0 (iPhone; CPU iPhone OS 18_0 like Mac OS X) AppleWebKit/605.1.15 (KHTML, like Gecko) CriOS/146.0.6917.0 Mobile/15E148 Safari/604.1"
167.99.197.34 - - [11/Jul/2026:12:16:25 -0700] "POST /wp-login.php HTTP/1.1" 200 7932 "https://vanessavaladezrealty.com/wp-login.php" "Mozilla/5.0 (iPhone; CPU iPhone OS 18_0 like Mac OS X) AppleWebKit/605.1.15 (KHTML, like Gecko) CriOS/146.0.6917.0 Mobile/15E148 Safari/604.1"
35.235.84.95 - - [11/Jul/2026:12:19:06 -0700] "POST /wp-cron.php?doing_wp_cron=1783797546.5281798839569091796875 HTTP/1.1" 200 5076 "-" "WordPress/7.0.1; https://vanessavaladezrealty.com"
85.8.130.45 - - [11/Jul/2026:12:19:05 -0700] "POST /wp-login.php HTTP/1.1" 200 8003 "-" "Mozilla/5.0 (Windows NT 10.0; Win64; rv:143.0) Gecko/20100101 Firefox/143.0"
35.235.84.95 - - [11/Jul/2026:12:19:07 -0700] "POST /wp-cron.php?doing_wp_cron=1783797547.4867429733276367187500 HTTP/1.1" 200 5076 "-" "WordPress/7.0.1; https://vanessavaladezrealty.com"
85.8.130.85 - - [11/Jul/2026:12:19:05 -0700] "POST /wp-login.php HTTP/1.1" 200 8008 "-" "Mozilla/5.0 (Windows NT 10.0; Win64; rv:143.0) Gecko/20100101 Firefox/143.0"
35.235.84.95 - - [11/Jul/2026:12:19:07 -0700] "POST /wp-cron.php?doing_wp_cron=1783797547.4903609752655029296875 HTTP/1.1" 200 5076 "-" "WordPress/7.0.1; https://vanessavaladezrealty.com"
85.8.130.89 - - [11/Jul/2026:12:19:05 -0700] "POST /wp-login.php HTTP/1.1" 200 7984 "-" "Mozilla/5.0 (Macintosh; Intel Mac OS X 10_15_7) AppleWebKit/605.1.15 Version/17.0 Safari/605.1.15"
35.235.84.95 - - [11/Jul/2026:12:24:08 -0700] "POST /wp-cron.php?doing_wp_cron=1783797848.8092770576477050781250 HTTP/1.1" 200 5076 "-" "WordPress/7.0.1; https://vanessavaladezrealty.com"
72.27.150.121 - - [11/Jul/2026:12:24:07 -0700] "GET /properties/vanessavaladez/tel:7027760711/tel:7027760711/tel:7027760711/tel:7027760711/tel:7027760711/tel:7027760711/tel:7027760711/tel:7027760711/tel:7027760711/tel:7027760711/?wplpage=2 HTTP/1.1" 200 35054 "-" "Mozilla/5.0 (Windows NT 10.0; WOW64) AppleWebKit/537.36 (KHTML, like Gecko) Chrome/75.0.3770.100 ADG/11.0.2566 AOLBUILD/11.0.2566 Safari/537.36"
35.235.84.95 - - [11/Jul/2026:12:25:09 -0700] "POST /wp-cron.php?doing_wp_cron=1783797909.4348299503326416015625 HTTP/1.1" 200 5076 "-" "WordPress/7.0.1; https://vanessavaladezrealty.com"
216.73.216.49 - - [11/Jul/2026:12:25:08 -0700] "GET /robots.txt HTTP/1.1" 200 5762 "-" "Mozilla/5.0 AppleWebKit/537.36 (KHTML, like Gecko; compatible; ClaudeBot/1.0; +claudebot@anthropic.com)"
216.73.216.49 - - [11/Jul/2026:12:25:09 -0700] "GET /wp-content/uploads/WPL/148/403.php HTTP/1.1" 200 7103 "-" "Mozilla/5.0 AppleWebKit/537.36 (KHTML, like Gecko; compatible; ClaudeBot/1.0; +claudebot@anthropic.com)"
35.235.84.95 - - [11/Jul/2026:12:26:41 -0700] "POST /wp-cron.php?doing_wp_cron=1783798001.5888609886169433593750 HTTP/1.1" 200 5076 "-" "WordPress/7.0.1; https://vanessavaladezrealty.com"
216.73.216.49 - - [11/Jul/2026:12:26:39 -0700] "GET /properties/?wplpage=2 HTTP/1.1" 200 34581 "-" "Mozilla/5.0 AppleWebKit/537.36 (KHTML, like Gecko; compatible; ClaudeBot/1.0; +claudebot@anthropic.com)"
216.73.216.49 - - [11/Jul/2026:12:27:01 -0700] "GET /properties/149-0-0-0-%240/ HTTP/1.1" 200 30830 "-" "Mozilla/5.0 AppleWebKit/537.36 (KHTML, like Gecko; compatible; ClaudeBot/1.0; +claudebot@anthropic.com)"
216.73.216.49 - - [11/Jul/2026:12:27:23 -0700] "GET /wp-content/uploads/WPL/150/Nx3.php HTTP/1.1" 200 6065 "-" "Mozilla/5.0 AppleWebKit/537.36 (KHTML, like Gecko; compatible; ClaudeBot/1.0; +claudebot@anthropic.com)"
216.73.216.49 - - [11/Jul/2026:12:27:23 -0700] "GET /wp-content/uploads/WPL/147/hrx.php HTTP/1.1" 200 7178 "-" "Mozilla/5.0 AppleWebKit/537.36 (KHTML, like Gecko; compatible; ClaudeBot/1.0; +claudebot@anthropic.com)"
216.73.216.49 - - [11/Jul/2026:12:27:34 -0700] "GET /properties/88-Residential-2539-Tuskegee-Street-6-Rooms-5-Bedrooms-2-Bathrooms-USD299-995/ HTTP/1.1" 200 34146 "-" "Mozilla/5.0 AppleWebKit/537.36 (KHTML, like Gecko; compatible; ClaudeBot/1.0; +claudebot@anthropic.com)"
216.73.216.49 - - [11/Jul/2026:12:27:34 -0700] "GET /properties/92-Residential-Las-Vegas-NV-89121-6-Rooms-2-Bedrooms-2-Bathrooms-USD265-000/ HTTP/1.1" 200 33678 "-" "Mozilla/5.0 AppleWebKit/537.36 (KHTML, like Gecko; compatible; ClaudeBot/1.0; +claudebot@anthropic.com)"
35.235.84.95 - - [11/Jul/2026:12:28:44 -0700] "POST /wp-cron.php?doing_wp_cron=1783798124.2564520835876464843750 HTTP/1.1" 200 5076 "-" "WordPress/7.0.1; https://vanessavaladezrealty.com"
216.73.216.49 - - [11/Jul/2026:12:28:42 -0700] "GET /properties/?wplpage=3 HTTP/1.1" 200 33921 "-" "Mozilla/5.0 AppleWebKit/537.36 (KHTML, like Gecko; compatible; ClaudeBot/1.0; +claudebot@anthropic.com)"
85.8.130.67 - - [11/Jul/2026:12:29:05 -0700] "POST /wp-login.php HTTP/1.1" 200 8008 "-" "Mozilla/5.0 (Macintosh; Intel Mac OS X 10_15_7) AppleWebKit/605.1.15 Version/17.0 Safari/605.1.15"
85.8.130.78 - - [11/Jul/2026:12:29:05 -0700] "POST /wp-login.php HTTP/1.1" 200 7984 "-" "Mozilla/5.0 (Windows NT 10.0; Win64; rv:143.0) Gecko/20100101 Firefox/143.0"
35.235.84.95 - - [11/Jul/2026:12:29:06 -0700] "POST /wp-cron.php?doing_wp_cron=1783798146.1026809215545654296875 HTTP/1.1" 200 5076 "-" "WordPress/7.0.1; https://vanessavaladezrealty.com"
85.8.130.72 - - [11/Jul/2026:12:29:05 -0700] "POST /wp-login.php HTTP/1.1" 200 8003 "-" "Mozilla/5.0 (Windows NT 10.0; Win64; rv:143.0) Gecko/20100101 Firefox/143.0"
216.73.216.49 - - [11/Jul/2026:12:29:17 -0700] "GET /properties/148-0-0-0-%240/ HTTP/1.1" 200 30827 "-" "Mozilla/5.0 AppleWebKit/537.36 (KHTML, like Gecko; compatible; ClaudeBot/1.0; +claudebot@anthropic.com)"
216.73.216.49 - - [11/Jul/2026:12:29:29 -0700] "GET /properties/150-0-0-0-%240/ HTTP/1.1" 200 30828 "-" "Mozilla/5.0 AppleWebKit/537.36 (KHTML, like Gecko; compatible; ClaudeBot/1.0; +claudebot@anthropic.com)"
157.55.39.12 - - [11/Jul/2026:12:29:43 -0700] "GET /properties/?wplview=property_show&pid=119 HTTP/1.1" 200 35819 "-" "Mozilla/5.0 AppleWebKit/537.36 (KHTML, like Gecko; compatible; bingbot/2.0; +http://www.bing.com/bingbot.htm) Chrome/116.0.1938.76 Safari/537.36"
216.73.216.49 - - [11/Jul/2026:12:31:03 -0700] "GET /wp-content/uploads/WPL/149/Nx3.php HTTP/1.1" 200 6065 "-" "Mozilla/5.0 AppleWebKit/537.36 (KHTML, like Gecko; compatible; ClaudeBot/1.0; +claudebot@anthropic.com)"
35.235.84.95 - - [11/Jul/2026:12:31:31 -0700] "POST /wp-cron.php?doing_wp_cron=1783798291.1783270835876464843750 HTTP/1.1" 200 5076 "-" "WordPress/7.0.1; https://vanessavaladezrealty.com"
216.73.216.49 - - [11/Jul/2026:12:31:28 -0700] "GET /properties/?wplpage=5 HTTP/1.1" 200 33679 "-" "Mozilla/5.0 AppleWebKit/537.36 (KHTML, like Gecko; compatible; ClaudeBot/1.0; +claudebot@anthropic.com)"
216.73.216.49 - - [11/Jul/2026:12:31:28 -0700] "GET /properties/146-0-0-0-%240/ HTTP/1.1" 200 30824 "-" "Mozilla/5.0 AppleWebKit/537.36 (KHTML, like Gecko; compatible; ClaudeBot/1.0; +claudebot@anthropic.com)"
216.73.216.49 - - [11/Jul/2026:12:32:29 -0700] "GET /wp-content/uploads/WPL/151/admim.php HTTP/1.1" 404 5448 "-" "Mozilla/5.0 AppleWebKit/537.36 (KHTML, like Gecko; compatible; ClaudeBot/1.0; +claudebot@anthropic.com)"
216.73.216.49 - - [11/Jul/2026:12:32:29 -0700] "GET /properties/147-0-0-0-%240/ HTTP/1.1" 200 30829 "-" "Mozilla/5.0 AppleWebKit/537.36 (KHTML, like Gecko; compatible; ClaudeBot/1.0; +claudebot@anthropic.com)"
216.73.216.49 - - [11/Jul/2026:12:32:47 -0700] "GET /wp-content/uploads/WPL/146/hx.php HTTP/1.1" 200 6065 "-" "Mozilla/5.0 AppleWebKit/537.36 (KHTML, like Gecko; compatible; ClaudeBot/1.0; +claudebot@anthropic.com)"
