45.241.78.105 - - [11/Jul/2026:14:10:52 -0700] "POST /xmlrpc.php HTTP/1.1" 200 5618 "-" "Jetpack/12.5; WordPress/6.1; http://site58215776.com"
45.241.78.105 - - [11/Jul/2026:14:11:03 -0700] "POST /xmlrpc.php HTTP/1.1" 403 5841 "-" "Jetpack by WordPress.com"
45.241.78.105 - - [11/Jul/2026:14:11:14 -0700] "POST /xmlrpc.php HTTP/1.1" 200 5618 "-" "Jetpack/12.1; WordPress/6.4; http://site45322230.com"
45.241.78.105 - - [11/Jul/2026:14:11:24 -0700] "POST /xmlrpc.php HTTP/1.1" 403 5841 "-" "WordPress.com; https://wordpress.com"
35.235.84.95 - - [11/Jul/2026:14:11:36 -0700] "POST /wp-cron.php?doing_wp_cron=1783804296.7362370491027832031250 HTTP/1.1" 200 5076 "-" "WordPress/7.0.1; https://vanessavaladezrealty.com"
45.241.78.105 - - [11/Jul/2026:14:11:35 -0700] "POST /xmlrpc.php HTTP/1.1" 200 5618 "-" "Jetpack/13.0; WordPress/6.3; http://site79042904.com"
45.241.78.105 - - [11/Jul/2026:14:11:46 -0700] "POST /xmlrpc.php HTTP/1.1" 200 5618 "-" "Jetpack by WordPress.com (Jetpack 12.0; WordPress 6.4)"
45.241.78.105 - - [11/Jul/2026:14:11:57 -0700] "POST /xmlrpc.php HTTP/1.1" 403 5841 "-" "WordPress.com; https://wordpress.com"
45.241.78.105 - - [11/Jul/2026:14:12:07 -0700] "POST /xmlrpc.php HTTP/1.1" 200 5618 "-" "Jetpack by WordPress.com (Jetpack 12.5; WordPress 6.4)"
45.241.78.105 - - [11/Jul/2026:14:12:18 -0700] "POST /xmlrpc.php HTTP/1.1" 403 5841 "-" "WordPress.com; https://wordpress.com"
45.241.78.105 - - [11/Jul/2026:14:12:28 -0700] "POST /xmlrpc.php HTTP/1.1" 403 5841 "-" "Jetpack by WordPress.com"
35.235.84.95 - - [11/Jul/2026:14:12:40 -0700] "POST /wp-cron.php?doing_wp_cron=1783804360.7481470108032226562500 HTTP/1.1" 200 5076 "-" "WordPress/7.0.1; https://vanessavaladezrealty.com"
45.241.78.105 - - [11/Jul/2026:14:12:39 -0700] "POST /xmlrpc.php HTTP/1.1" 200 5618 "-" "Jetpack by WordPress.com (Jetpack 12.5; WordPress 6.1)"
45.241.78.105 - - [11/Jul/2026:14:12:50 -0700] "POST /xmlrpc.php HTTP/1.1" 403 5841 "-" "Jetpack by WordPress.com"
35.235.84.95 - - [11/Jul/2026:14:13:02 -0700] "POST /wp-cron.php?doing_wp_cron=1783804381.9964709281921386718750 HTTP/1.1" 200 5076 "-" "WordPress/7.0.1; https://vanessavaladezrealty.com"
45.241.78.105 - - [11/Jul/2026:14:13:00 -0700] "POST /xmlrpc.php HTTP/1.1" 200 5618 "-" "Jetpack/12.5; WordPress/6.1; http://site14088967.com"
45.241.78.105 - - [11/Jul/2026:14:13:11 -0700] "POST /xmlrpc.php HTTP/1.1" 200 5618 "-" "Jetpack by WordPress.com (Jetpack 12.5; WordPress 6.1)"
45.241.78.105 - - [11/Jul/2026:14:13:22 -0700] "POST /xmlrpc.php HTTP/1.1" 403 5841 "-" "Jetpack by WordPress.com"
45.241.78.105 - - [11/Jul/2026:14:13:32 -0700] "POST /xmlrpc.php HTTP/1.1" 403 5841 "-" "WordPress.com; https://wordpress.com"
45.241.78.105 - - [11/Jul/2026:14:13:43 -0700] "POST /xmlrpc.php HTTP/1.1" 403 5841 "-" "Jetpack by WordPress.com"
35.235.84.95 - - [11/Jul/2026:14:13:55 -0700] "POST /wp-cron.php?doing_wp_cron=1783804435.1300759315490722656250 HTTP/1.1" 200 5076 "-" "WordPress/7.0.1; https://vanessavaladezrealty.com"
45.241.78.105 - - [11/Jul/2026:14:13:54 -0700] "POST /xmlrpc.php HTTP/1.1" 200 5618 "-" "Jetpack/12.5; WordPress/6.3; http://site79061051.com"
45.241.78.105 - - [11/Jul/2026:14:14:04 -0700] "POST /xmlrpc.php HTTP/1.1" 403 5841 "-" "WordPress.com; https://wordpress.com"
45.241.78.105 - - [11/Jul/2026:14:14:15 -0700] "POST /xmlrpc.php HTTP/1.1" 403 5841 "-" "WordPress.com; https://wordpress.com"
45.241.78.105 - - [11/Jul/2026:14:14:25 -0700] "POST /xmlrpc.php HTTP/1.1" 403 5841 "-" "Jetpack by WordPress.com"
45.241.78.105 - - [11/Jul/2026:14:14:36 -0700] "POST /xmlrpc.php HTTP/1.1" 200 5618 "-" "Jetpack by WordPress.com (Jetpack 13.0; WordPress 6.4)"
45.241.78.105 - - [11/Jul/2026:14:14:47 -0700] "POST /xmlrpc.php HTTP/1.1" 200 5618 "-" "Jetpack/12.5; WordPress/6.1; http://site23199979.com"
45.241.78.105 - - [11/Jul/2026:14:14:57 -0700] "POST /xmlrpc.php HTTP/1.1" 403 5841 "-" "Jetpack by WordPress.com"
45.241.78.105 - - [11/Jul/2026:14:15:08 -0700] "POST /xmlrpc.php HTTP/1.1" 403 5841 "-" "Jetpack by WordPress.com"
35.235.84.95 - - [11/Jul/2026:14:15:19 -0700] "POST /wp-cron.php?doing_wp_cron=1783804519.8315210342407226562500 HTTP/1.1" 200 5076 "-" "WordPress/7.0.1; https://vanessavaladezrealty.com"
45.241.78.105 - - [11/Jul/2026:14:15:18 -0700] "POST /xmlrpc.php HTTP/1.1" 200 5618 "-" "Jetpack/12.0; WordPress/6.2; http://site36503620.com"
45.241.78.105 - - [11/Jul/2026:14:15:29 -0700] "POST /xmlrpc.php HTTP/1.1" 403 5841 "-" "Jetpack by WordPress.com"
162.233.105.62 - - [11/Jul/2026:14:15:32 -0700] "GET / HTTP/1.1" 200 39841 "-" "Mozilla/5.0 (X11; Linux x86_64; rv:139.0) Gecko/20100101 Firefox/139.0"
113.181.245.193 - - [11/Jul/2026:14:15:39 -0700] "GET /properties/vanessavaladez/tel:7027760711/tel:7027760711/tel:7027760711/tel:7027760711/?wplpage=2 HTTP/1.1" 200 35036 "-" "Mozilla/5.0 (Macintosh; Intel Mac OS X 10_14_5) AppleWebKit/537.36 (KHTML, like Gecko) Chrome/88.0.4324.192 Safari/537.36"
45.241.78.105 - - [11/Jul/2026:14:15:40 -0700] "POST /xmlrpc.php HTTP/1.1" 200 5618 "-" "Jetpack by WordPress.com (Jetpack 12.0; WordPress 6.3)"
35.235.84.95 - - [11/Jul/2026:14:15:51 -0700] "POST /wp-cron.php?doing_wp_cron=1783804551.8922789096832275390625 HTTP/1.1" 200 5076 "-" "WordPress/7.0.1; https://vanessavaladezrealty.com"
45.241.78.105 - - [11/Jul/2026:14:15:50 -0700] "POST /xmlrpc.php HTTP/1.1" 200 5618 "-" "Jetpack/12.0; WordPress/6.4; http://site44484004.com"
45.241.78.105 - - [11/Jul/2026:14:16:01 -0700] "POST /xmlrpc.php HTTP/1.1" 200 5618 "-" "Jetpack by WordPress.com (Jetpack 12.1; WordPress 6.2)"
45.241.78.105 - - [11/Jul/2026:14:16:11 -0700] "POST /xmlrpc.php HTTP/1.1" 403 5841 "-" "WordPress.com; https://wordpress.com"
45.241.78.105 - - [11/Jul/2026:14:16:22 -0700] "POST /xmlrpc.php HTTP/1.1" 403 5841 "-" "Jetpack by WordPress.com"
45.241.78.105 - - [11/Jul/2026:14:16:33 -0700] "POST /xmlrpc.php HTTP/1.1" 403 5841 "-" "Jetpack by WordPress.com"
45.241.78.105 - - [11/Jul/2026:14:16:43 -0700] "POST /xmlrpc.php HTTP/1.1" 403 5841 "-" "Jetpack by WordPress.com"
45.241.78.105 - - [11/Jul/2026:14:16:54 -0700] "POST /xmlrpc.php HTTP/1.1" 403 5841 "-" "Jetpack by WordPress.com"
45.241.78.105 - - [11/Jul/2026:14:17:04 -0700] "POST /xmlrpc.php HTTP/1.1" 403 5841 "-" "WordPress.com; https://wordpress.com"
35.235.84.95 - - [11/Jul/2026:14:17:16 -0700] "POST /wp-cron.php?doing_wp_cron=1783804636.5815539360046386718750 HTTP/1.1" 200 5076 "-" "WordPress/7.0.1; https://vanessavaladezrealty.com"
45.241.78.105 - - [11/Jul/2026:14:17:15 -0700] "POST /xmlrpc.php HTTP/1.1" 200 5618 "-" "Jetpack by WordPress.com (Jetpack 12.5; WordPress 6.3)"
45.241.78.105 - - [11/Jul/2026:14:17:26 -0700] "POST /xmlrpc.php HTTP/1.1" 403 5841 "-" "WordPress.com; https://wordpress.com"
45.241.78.105 - - [11/Jul/2026:14:17:36 -0700] "POST /xmlrpc.php HTTP/1.1" 200 5618 "-" "Jetpack by WordPress.com (Jetpack 12.1; WordPress 6.3)"
45.241.78.105 - - [11/Jul/2026:14:17:47 -0700] "POST /xmlrpc.php HTTP/1.1" 200 5618 "-" "Jetpack/12.1; WordPress/6.4; http://site65169678.com"
45.241.78.105 - - [11/Jul/2026:14:17:58 -0700] "POST /xmlrpc.php HTTP/1.1" 200 5618 "-" "Jetpack/12.0; WordPress/6.3; http://site31389371.com"
45.241.78.105 - - [11/Jul/2026:14:18:08 -0700] "POST /xmlrpc.php HTTP/1.1" 200 5618 "-" "Jetpack by WordPress.com (Jetpack 12.5; WordPress 6.4)"
35.235.84.95 - - [11/Jul/2026:14:18:20 -0700] "POST /wp-cron.php?doing_wp_cron=1783804700.2863759994506835937500 HTTP/1.1" 200 5076 "-" "WordPress/7.0.1; https://vanessavaladezrealty.com"
45.241.78.105 - - [11/Jul/2026:14:18:19 -0700] "POST /xmlrpc.php HTTP/1.1" 200 5618 "-" "Jetpack by WordPress.com (Jetpack 12.1; WordPress 6.2)"
45.241.78.105 - - [11/Jul/2026:14:18:29 -0700] "POST /xmlrpc.php HTTP/1.1" 200 5618 "-" "Jetpack/12.5; WordPress/6.1; http://site65366574.com"
45.241.78.105 - - [11/Jul/2026:14:18:40 -0700] "POST /xmlrpc.php HTTP/1.1" 403 5841 "-" "Jetpack by WordPress.com"
35.235.84.95 - - [11/Jul/2026:14:18:51 -0700] "POST /wp-cron.php?doing_wp_cron=1783804731.9553599357604980468750 HTTP/1.1" 200 5076 "-" "WordPress/7.0.1; https://vanessavaladezrealty.com"
45.241.78.105 - - [11/Jul/2026:14:18:50 -0700] "POST /xmlrpc.php HTTP/1.1" 200 5618 "-" "Jetpack/12.5; WordPress/6.3; http://site75317972.com"
45.241.78.105 - - [11/Jul/2026:14:19:01 -0700] "POST /xmlrpc.php HTTP/1.1" 403 5841 "-" "Jetpack by WordPress.com"
45.241.78.105 - - [11/Jul/2026:14:19:12 -0700] "POST /xmlrpc.php HTTP/1.1" 200 5618 "-" "Jetpack by WordPress.com (Jetpack 12.1; WordPress 6.4)"
45.241.78.105 - - [11/Jul/2026:14:19:22 -0700] "POST /xmlrpc.php HTTP/1.1" 200 5618 "-" "Jetpack by WordPress.com (Jetpack 12.1; WordPress 6.4)"
45.241.78.105 - - [11/Jul/2026:14:19:33 -0700] "POST /xmlrpc.php HTTP/1.1" 200 5618 "-" "Jetpack by WordPress.com (Jetpack 13.0; WordPress 6.2)"
45.241.78.105 - - [11/Jul/2026:14:19:44 -0700] "POST /xmlrpc.php HTTP/1.1" 200 5618 "-" "Jetpack by WordPress.com (Jetpack 13.0; WordPress 6.1)"
35.235.84.95 - - [11/Jul/2026:14:19:55 -0700] "POST /wp-cron.php?doing_wp_cron=1783804795.6079909801483154296875 HTTP/1.1" 200 5076 "-" "WordPress/7.0.1; https://vanessavaladezrealty.com"
45.241.78.105 - - [11/Jul/2026:14:19:54 -0700] "POST /xmlrpc.php HTTP/1.1" 200 5618 "-" "Jetpack/13.0; WordPress/6.3; http://site46257250.com"
85.8.130.82 - - [11/Jul/2026:14:20:10 -0700] "POST /wp-login.php HTTP/1.1" 200 8008 "-" "Mozilla/5.0 (Macintosh; Intel Mac OS X 10_15_7) AppleWebKit/605.1.15 Version/17.0 Safari/605.1.15"
45.241.78.105 - - [11/Jul/2026:14:20:05 -0700] "POST /xmlrpc.php HTTP/1.1" 403 5841 "-" "WordPress.com; https://wordpress.com"
85.8.130.66 - - [11/Jul/2026:14:20:10 -0700] "POST /wp-login.php HTTP/1.1" 200 8003 "-" "Mozilla/5.0 (Windows NT 10.0; Win64; rv:143.0) Gecko/20100101 Firefox/143.0"
85.8.130.61 - - [11/Jul/2026:14:20:10 -0700] "POST /wp-login.php HTTP/1.1" 200 7984 "-" "Mozilla/5.0 (Windows NT 10.0; Win64; x64) AppleWebKit/537.36 Chrome/129.0.0.0 Safari/537.36"
35.235.84.95 - - [11/Jul/2026:14:21:11 -0700] "POST /wp-cron.php?doing_wp_cron=1783804871.1283800601959228515625 HTTP/1.1" 200 5076 "-" "WordPress/7.0.1; https://vanessavaladezrealty.com"
74.7.242.14 - - [11/Jul/2026:14:21:10 -0700] "GET /wp-sitemap.xml HTTP/1.1" 200 5804 "-" "Mozilla/5.0 AppleWebKit/537.36 (KHTML, like Gecko; compatible; GPTBot/1.4; +https://openai.com/gptbot)"
35.235.84.95 - - [11/Jul/2026:14:30:03 -0700] "POST /wp-cron.php?doing_wp_cron=1783805403.6269850730895996093750 HTTP/1.1" 200 5076 "-" "WordPress/7.0.1; https://vanessavaladezrealty.com"
4.205.168.44 - - [11/Jul/2026:14:30:02 -0700] "GET /wp-login.php HTTP/1.1" 200 7852 "-" "Mozilla/5.0 (Linux; Android 10; K) AppleWebKit/537.36 (KHTML, like Gecko) Chrome/148.0.0.0 Mobile Safari/537.36"
4.205.168.44 - - [11/Jul/2026:14:30:04 -0700] "POST /wp-login.php HTTP/1.1" 200 7934 "https://vanessavaladezrealty.com/wp-login.php" "Mozilla/5.0 (Linux; Android 10; K) AppleWebKit/537.36 (KHTML, like Gecko) Chrome/148.0.0.0 Mobile Safari/537.36"
85.8.130.84 - - [11/Jul/2026:14:30:15 -0700] "POST /wp-login.php HTTP/1.1" 200 8008 "-" "Mozilla/5.0 (Windows NT 10.0; Win64; x64) AppleWebKit/537.36 Chrome/129.0.0.0 Safari/537.36"
85.8.130.80 - - [11/Jul/2026:14:30:15 -0700] "POST /wp-login.php HTTP/1.1" 200 8003 "-" "Mozilla/5.0 (Windows NT 10.0; Win64; x64) AppleWebKit/537.36 Chrome/129.0.0.0 Safari/537.36"
85.8.130.69 - - [11/Jul/2026:14:30:16 -0700] "POST /wp-login.php HTTP/1.1" 200 7984 "-" "Mozilla/5.0 (Windows NT 10.0; Win64; x64) AppleWebKit/537.36 Chrome/129.0.0.0 Safari/537.36"
35.235.84.95 - - [11/Jul/2026:14:36:08 -0700] "POST /wp-cron.php?doing_wp_cron=1783805768.4383280277252197265625 HTTP/1.1" 200 5076 "-" "WordPress/7.0.1; https://vanessavaladezrealty.com"
41.76.213.235 - - [11/Jul/2026:14:36:07 -0700] "GET /wp-login.php HTTP/1.1" 200 7852 "-" "Mozilla/5.0 (Macintosh; Intel Mac OS X 10_15_7) AppleWebKit/537.36 (KHTML, like Gecko) Chrome/147.0.0.0 Safari/537.36"
41.76.213.235 - - [11/Jul/2026:14:36:09 -0700] "POST /wp-login.php HTTP/1.1" 200 7953 "https://vanessavaladezrealty.com/wp-login.php" "Mozilla/5.0 (Macintosh; Intel Mac OS X 10_15_7) AppleWebKit/537.36 (KHTML, like Gecko) Chrome/147.0.0.0 Safari/537.36"
35.235.84.95 - - [11/Jul/2026:14:40:25 -0700] "POST /wp-cron.php?doing_wp_cron=1783806025.0101730823516845703125 HTTP/1.1" 200 5076 "-" "WordPress/7.0.1; https://vanessavaladezrealty.com"
85.8.130.51 - - [11/Jul/2026:14:40:23 -0700] "POST /wp-login.php HTTP/1.1" 200 7984 "-" "Mozilla/5.0 (Macintosh; Intel Mac OS X 10_15_7) AppleWebKit/605.1.15 Version/17.0 Safari/605.1.15"
35.235.84.95 - - [11/Jul/2026:14:40:25 -0700] "POST /wp-cron.php?doing_wp_cron=1783806025.7547578811645507812500 HTTP/1.1" 200 5076 "-" "WordPress/7.0.1; https://vanessavaladezrealty.com"
85.8.130.59 - - [11/Jul/2026:14:40:23 -0700] "POST /wp-login.php HTTP/1.1" 200 8008 "-" "Mozilla/5.0 (Windows NT 10.0; Win64; x64) AppleWebKit/537.36 Chrome/129.0.0.0 Safari/537.36"
85.8.130.67 - - [11/Jul/2026:14:40:24 -0700] "POST /wp-login.php HTTP/1.1" 200 8003 "-" "Mozilla/5.0 (Macintosh; Intel Mac OS X 10_15_7) AppleWebKit/605.1.15 Version/17.0 Safari/605.1.15"
35.235.84.95 - - [11/Jul/2026:14:43:15 -0700] "POST /wp-cron.php?doing_wp_cron=1783806195.0802469253540039062500 HTTP/1.1" 200 5076 "-" "WordPress/7.0.1; https://vanessavaladezrealty.com"
4.205.168.44 - - [11/Jul/2026:14:43:14 -0700] "GET /wp-login.php HTTP/1.1" 200 7852 "-" "Mozilla/5.0 (Macintosh; Intel Mac OS X 10_15_7) AppleWebKit/605.1.15 (KHTML, like Gecko) Version/18.0 Safari/605.1.15"
4.205.168.44 - - [11/Jul/2026:14:43:15 -0700] "POST /wp-login.php HTTP/1.1" 200 7931 "https://vanessavaladezrealty.com/wp-login.php" "Mozilla/5.0 (Macintosh; Intel Mac OS X 10_15_7) AppleWebKit/605.1.15 (KHTML, like Gecko) Version/18.0 Safari/605.1.15"
35.235.84.95 - - [11/Jul/2026:14:48:55 -0700] "POST /wp-cron.php?doing_wp_cron=1783806535.7195720672607421875000 HTTP/1.1" 200 5076 "-" "WordPress/7.0.1; https://vanessavaladezrealty.com"
123.27.178.44 - - [11/Jul/2026:14:48:54 -0700] "GET /properties/?pid=140&wplview=property_show HTTP/1.1" 200 34961 "-" "Mozilla/5.0 (Macintosh; Intel Mac OS X 10_15_3) AppleWebKit/537.36 (KHTML, like Gecko) Chrome/76.0.3809.132 Safari/537.36"
179.190.112.99 - - [11/Jul/2026:14:49:25 -0700] "GET /properties/?pid=95&wplview=property_show HTTP/1.1" 200 36573 "-" "Mozilla/5.0 (Macintosh; Intel Mac OS X 10_15_7) AppleWebKit/537.36 (KHTML, like Gecko) Chrome/100.0.4896.60 Safari/537.36"
35.235.84.95 - - [11/Jul/2026:14:50:47 -0700] "POST /wp-cron.php?doing_wp_cron=1783806647.4631540775299072265625 HTTP/1.1" 200 5076 "-" "WordPress/7.0.1; https://vanessavaladezrealty.com"
85.8.130.73 - - [11/Jul/2026:14:50:46 -0700] "POST /wp-login.php HTTP/1.1" 200 8003 "-" "Mozilla/5.0 (Macintosh; Intel Mac OS X 10_15_7) AppleWebKit/605.1.15 Version/17.0 Safari/605.1.15"
35.235.84.95 - - [11/Jul/2026:14:50:47 -0700] "POST /wp-cron.php?doing_wp_cron=1783806647.4656379222869873046875 HTTP/1.1" 200 5076 "-" "WordPress/7.0.1; https://vanessavaladezrealty.com"
85.8.130.84 - - [11/Jul/2026:14:50:46 -0700] "POST /wp-login.php HTTP/1.1" 200 7984 "-" "Mozilla/5.0 (Windows NT 10.0; Win64; x64) AppleWebKit/537.36 Chrome/129.0.0.0 Safari/537.36"
35.235.84.95 - - [11/Jul/2026:14:50:47 -0700] "POST /wp-cron.php?doing_wp_cron=1783806647.4630200862884521484375 HTTP/1.1" 200 5076 "-" "WordPress/7.0.1; https://vanessavaladezrealty.com"
85.8.130.93 - - [11/Jul/2026:14:50:46 -0700] "POST /wp-login.php HTTP/1.1" 200 8008 "-" "Mozilla/5.0 (Windows NT 10.0; Win64; x64) AppleWebKit/537.36 Chrome/129.0.0.0 Safari/537.36"
35.235.84.95 - - [11/Jul/2026:14:53:57 -0700] "POST /wp-cron.php?doing_wp_cron=1783806837.2878670692443847656250 HTTP/1.1" 200 5076 "-" "WordPress/7.0.1; https://vanessavaladezrealty.com"
154.61.75.100 - - [11/Jul/2026:14:53:56 -0700] "GET /wp-login.php HTTP/1.1" 200 7852 "-" "Mozilla/5.0 (iPhone; CPU iPhone OS 18_0 like Mac OS X) AppleWebKit/605.1.15 (KHTML, like Gecko) Version/18.0 Mobile/15E148 Safari/604.1"
154.61.75.100 - - [11/Jul/2026:14:53:57 -0700] "POST /wp-login.php HTTP/1.1" 200 7932 "https://vanessavaladezrealty.com/wp-login.php" "Mozilla/5.0 (iPhone; CPU iPhone OS 18_0 like Mac OS X) AppleWebKit/605.1.15 (KHTML, like Gecko) Version/18.0 Mobile/15E148 Safari/604.1"
216.73.216.49 - - [11/Jul/2026:14:54:35 -0700] "GET /robots.txt HTTP/1.1" 200 5762 "-" "Mozilla/5.0 AppleWebKit/537.36 (KHTML, like Gecko; compatible; ClaudeBot/1.0; +claudebot@anthropic.com)"
216.73.216.49 - - [11/Jul/2026:14:54:36 -0700] "GET /wp-content/uploads/WPL/148/403.php?loknya=%2Fvar%2Fwww%2Fvhosts%2Fvanessavaladezrealty.com%2Fhttpdocs%2Fwp-content%2Fuploads%2F2019 HTTP/1.1" 200 7090 "-" "Mozilla/5.0 AppleWebKit/537.36 (KHTML, like Gecko; compatible; ClaudeBot/1.0; +claudebot@anthropic.com)"
216.73.216.49 - - [11/Jul/2026:14:54:49 -0700] "GET /wp-content/uploads/WPL/148/403.php?loknya=%2Fvar%2Fwww%2Fvhosts%2Fvanessavaladezrealty.com%2Fhttpdocs%2Fwp-content%2Fuploads%2Fwpforms HTTP/1.1" 200 7212 "-" "Mozilla/5.0 AppleWebKit/537.36 (KHTML, like Gecko; compatible; ClaudeBot/1.0; +claudebot@anthropic.com)"
216.73.216.49 - - [11/Jul/2026:14:54:49 -0700] "GET /wp-content/uploads/WPL/148/403.php?loknya=%2Fvar%2Fwww%2Fvhosts%2Fvanessavaladezrealty.com%2Fhttpdocs%2Fwp-content%2Fuploads%2Fast-block-templates-json HTTP/1.1" 200 7764 "-" "Mozilla/5.0 AppleWebKit/537.36 (KHTML, like Gecko; compatible; ClaudeBot/1.0; +claudebot@anthropic.com)"
189.203.45.143 - - [11/Jul/2026:14:54:55 -0700] "GET /properties/vanessavaladez/tel:7027760711/tel:7027760711/tel:7027760711/tel:7027760711/tel:7027760711/tel:7027760711/ HTTP/1.1" 200 34290 "-" "Mozilla/5.0 (Macintosh; Intel Mac OS X 10_13_6) AppleWebKit/537.36 (KHTML, like Gecko) Chrome/99.0.4844.84 Safari/537.36"
216.73.216.49 - - [11/Jul/2026:14:55:36 -0700] "GET /wp-content/uploads/WPL/148/403.php?loknya=%2Fvar%2Fwww%2Fvhosts%2Fvanessavaladezrealty.com%2Fhttpdocs%2Fwp-content%2Fuploads%2F2025 HTTP/1.1" 200 7421 "-" "Mozilla/5.0 AppleWebKit/537.36 (KHTML, like Gecko; compatible; ClaudeBot/1.0; +claudebot@anthropic.com)"
216.73.216.49 - - [11/Jul/2026:14:56:29 -0700] "GET /wp-content/uploads/WPL/148/403.php?loknya=%2Fvar%2Fwww%2Fvhosts%2Fvanessavaladezrealty.com%2Fhttpdocs%2Fwp-content%2F HTTP/1.1" 200 7563 "-" "Mozilla/5.0 AppleWebKit/537.36 (KHTML, like Gecko; compatible; ClaudeBot/1.0; +claudebot@anthropic.com)"
216.73.216.49 - - [11/Jul/2026:14:56:29 -0700] "GET /wp-content/uploads/WPL/148/403.php?loknya=%2Fvar%2Fwww%2Fvhosts%2Fvanessavaladezrealty.com%2Fhttpdocs%2Fwp-content%2Fuploads%2Fastra-sites HTTP/1.1" 200 7359 "-" "Mozilla/5.0 AppleWebKit/537.36 (KHTML, like Gecko; compatible; ClaudeBot/1.0; +claudebot@anthropic.com)"
216.73.216.49 - - [11/Jul/2026:14:57:24 -0700] "GET /wp-content/uploads/WPL/148/403.php?loknya=%2Fvar%2Fwww%2Fvhosts%2Fvanessavaladezrealty.com%2Fhttpdocs%2Fwp-content%2Fuploads%2F2026 HTTP/1.1" 200 7240 "-" "Mozilla/5.0 AppleWebKit/537.36 (KHTML, like Gecko; compatible; ClaudeBot/1.0; +claudebot@anthropic.com)"
216.73.216.49 - - [11/Jul/2026:14:57:45 -0700] "GET /wp-content/uploads/WPL/148/403.php?loknya=%2Fvar%2Fwww%2Fvhosts%2Fvanessavaladezrealty.com%2Fhttpdocs%2Fwp-content%2Fuploads%2Fai-builder HTTP/1.1" 200 7179 "-" "Mozilla/5.0 AppleWebKit/537.36 (KHTML, like Gecko; compatible; ClaudeBot/1.0; +claudebot@anthropic.com)"
35.235.84.95 - - [11/Jul/2026:14:57:46 -0700] "POST /wp-cron.php?doing_wp_cron=1783807066.9638960361480712890625 HTTP/1.1" 200 5076 "-" "WordPress/7.0.1; https://vanessavaladezrealty.com"
216.73.216.49 - - [11/Jul/2026:14:57:45 -0700] "GET /wp-sitemap.xml HTTP/1.1" 200 5804 "-" "Mozilla/5.0 AppleWebKit/537.36 (KHTML, like Gecko; compatible; ClaudeBot/1.0; +claudebot@anthropic.com)"
216.73.216.49 - - [11/Jul/2026:14:58:12 -0700] "GET /wp-content/uploads/WPL/148/403.php?loknya=%2Fvar%2Fwww%2Fvhosts%2Fvanessavaladezrealty.com%2Fhttpdocs%2Fwp-content%2Fuploads%2Felementor HTTP/1.1" 200 7113 "-" "Mozilla/5.0 AppleWebKit/537.36 (KHTML, like Gecko; compatible; ClaudeBot/1.0; +claudebot@anthropic.com)"
216.73.216.49 - - [11/Jul/2026:14:59:10 -0700] "GET /wp-content/uploads/WPL/148/403.php?loknya=%2Fvar%2Fwww%2Fvhosts%2Fvanessavaladezrealty.com%2Fhttpdocs%2Fwp-content%2Fuploads%2Fwpcf7_uploads HTTP/1.1" 200 7117 "-" "Mozilla/5.0 AppleWebKit/537.36 (KHTML, like Gecko; compatible; ClaudeBot/1.0; +claudebot@anthropic.com)"
216.73.216.49 - - [11/Jul/2026:14:59:10 -0700] "GET /wp-content/uploads/WPL/148/403.php?loknya=%2Fvar%2Fwww%2Fvhosts%2Fvanessavaladezrealty.com%2Fhttpdocs%2Fwp-content%2Fuploads%2F2021 HTTP/1.1" 200 7110 "-" "Mozilla/5.0 AppleWebKit/537.36 (KHTML, like Gecko; compatible; ClaudeBot/1.0; +claudebot@anthropic.com)"
216.73.216.49 - - [11/Jul/2026:15:00:10 -0700] "GET /wp-content/uploads/WPL/148/403.php?loknya=%2Fvar%2Fwww%2Fvhosts%2Fvanessavaladezrealty.com%2Fhttpdocs%2Fwp-content%2Fuploads%2F2024 HTTP/1.1" 200 7437 "-" "Mozilla/5.0 AppleWebKit/537.36 (KHTML, like Gecko; compatible; ClaudeBot/1.0; +claudebot@anthropic.com)"
35.235.84.95 - - [11/Jul/2026:15:00:35 -0700] "HEAD / HTTP/1.1" 200 5742 "-" "Mozilla/5.0 (Windows NT 10.0; Win64; x64) AppleWebKit/537.36 (KHTML, like Gecko) Chrome/117.0.0.0 Safari/537.36"
43.135.145.117 - - [11/Jul/2026:15:00:44 -0700] "GET /wp-json/wp/v2/pages/22 HTTP/1.1" 200 27643 "-" "Mozilla/5.0 (iPhone; CPU iPhone OS 13_2_3 like Mac OS X) AppleWebKit/605.1.15 (KHTML, like Gecko) Version/13.0.3 Mobile/15E148 Safari/604.1"
216.73.216.49 - - [11/Jul/2026:15:00:55 -0700] "GET /wp-content/uploads/WPL/148/403.php?loknya=%2Fvar%2Fwww%2Fvhosts%2Fvanessavaladezrealty.com%2Fhttpdocs%2Fwp-content%2Fuploads%2F2023 HTTP/1.1" 200 7444 "-" "Mozilla/5.0 AppleWebKit/537.36 (KHTML, like Gecko; compatible; ClaudeBot/1.0; +claudebot@anthropic.com)"
216.73.216.49 - - [11/Jul/2026:15:00:55 -0700] "GET /wp-content/uploads/WPL/148/403.php?loknya=%2Fvar%2Fwww%2Fvhosts%2Fvanessavaladezrealty.com%2Fhttpdocs%2Fwp-content%2Fuploads%2F2020 HTTP/1.1" 200 7092 "-" "Mozilla/5.0 AppleWebKit/537.36 (KHTML, like Gecko; compatible; ClaudeBot/1.0; +claudebot@anthropic.com)"
35.235.84.95 - - [11/Jul/2026:15:01:00 -0700] "POST /wp-cron.php?doing_wp_cron=1783807260.8036279678344726562500 HTTP/1.1" 200 5076 "-" "WordPress/7.0.1; https://vanessavaladezrealty.com"
85.8.130.51 - - [11/Jul/2026:15:00:59 -0700] "POST /wp-login.php HTTP/1.1" 200 7984 "-" "Mozilla/5.0 (Macintosh; Intel Mac OS X 10_15_7) AppleWebKit/605.1.15 Version/17.0 Safari/605.1.15"
85.8.130.50 - - [11/Jul/2026:15:00:59 -0700] "POST /wp-login.php HTTP/1.1" 200 8003 "-" "Mozilla/5.0 (Windows NT 10.0; Win64; x64) AppleWebKit/537.36 Chrome/129.0.0.0 Safari/537.36"
85.8.130.47 - - [11/Jul/2026:15:01:00 -0700] "POST /wp-login.php HTTP/1.1" 200 8008 "-" "Mozilla/5.0 (Macintosh; Intel Mac OS X 10_15_7) AppleWebKit/605.1.15 Version/17.0 Safari/605.1.15"
216.73.216.49 - - [11/Jul/2026:15:01:17 -0700] "GET /wp-content/uploads/WPL/148/403.php?loknya=%2Fvar%2Fwww%2Fvhosts%2Fvanessavaladezrealty.com%2Fhttpdocs%2Fwp-content%2Fuploads%2F2022 HTTP/1.1" 200 7455 "-" "Mozilla/5.0 AppleWebKit/537.36 (KHTML, like Gecko; compatible; ClaudeBot/1.0; +claudebot@anthropic.com)"
35.235.84.95 - - [11/Jul/2026:15:01:31 -0700] "POST /wp-cron.php?doing_wp_cron=1783807291.0660500526428222656250 HTTP/1.1" 200 5076 "-" "WordPress/7.0.1; https://vanessavaladezrealty.com"
43.157.147.3 - - [11/Jul/2026:15:01:29 -0700] "GET /wp-json/oembed/1.0/embed?url=https%3A%2F%2Fvanessavaladezrealty.com%2Fcontact%2F&format=xml HTTP/1.1" 200 6671 "-" "Mozilla/5.0 (iPhone; CPU iPhone OS 13_2_3 like Mac OS X) AppleWebKit/605.1.15 (KHTML, like Gecko) Version/13.0.3 Mobile/15E148 Safari/604.1"
216.73.216.49 - - [11/Jul/2026:15:01:42 -0700] "GET /wp-content/uploads/WPL/147/hrx.php?path=%2Fvar%2Fwww%2Fvhosts%2Fvanessavaladezrealty.com%2Fhttpdocs%2Fwp-content%2Fmu-plugins HTTP/1.1" 200 7270 "-" "Mozilla/5.0 AppleWebKit/537.36 (KHTML, like Gecko; compatible; ClaudeBot/1.0; +claudebot@anthropic.com)"
216.73.216.49 - - [11/Jul/2026:15:01:42 -0700] "GET /wp-content/uploads/WPL/147/hrx.php?path=%2Fvar%2Fwww%2Fvhosts%2Fvanessavaladezrealty.com%2Fhttpdocs%2Fwp-content%2Fuploads%2FWPL%2Fusers HTTP/1.1" 200 7203 "-" "Mozilla/5.0 AppleWebKit/537.36 (KHTML, like Gecko; compatible; ClaudeBot/1.0; +claudebot@anthropic.com)"
216.73.216.49 - - [11/Jul/2026:15:01:42 -0700] "GET /wp-content/uploads/WPL/147/hrx.php?path=%2Fvar%2Fwww%2Fvhosts%2Fvanessavaladezrealty.com%2Fhttpdocs%2Fwp-content%2Fuploads%2Fwpcf7_uploads HTTP/1.1" 200 7170 "-" "Mozilla/5.0 AppleWebKit/537.36 (KHTML, like Gecko; compatible; ClaudeBot/1.0; +claudebot@anthropic.com)"
216.73.216.49 - - [11/Jul/2026:15:01:43 -0700] "GET /wp-content/uploads/WPL/147/hrx.php?path=%2Fvar%2Fwww%2Fvhosts%2Fvanessavaladezrealty.com%2F.wp-cli HTTP/1.1" 200 7118 "-" "Mozilla/5.0 AppleWebKit/537.36 (KHTML, like Gecko; compatible; ClaudeBot/1.0; +claudebot@anthropic.com)"
216.73.216.49 - - [11/Jul/2026:15:01:43 -0700] "GET /wp-content/uploads/WPL/147/hrx.php?path=%2Fvar%2Fwww%2Fvhosts%2Fvanessavaladezrealty.com%2Fhttpdocs%2Ftest HTTP/1.1" 200 7184 "-" "Mozilla/5.0 AppleWebKit/537.36 (KHTML, like Gecko; compatible; ClaudeBot/1.0; +claudebot@anthropic.com)"
216.73.216.49 - - [11/Jul/2026:15:01:44 -0700] "GET /wp-content/uploads/WPL/147/hrx.php?path=%2Fvar%2Fwww%2Fvhosts%2Fvanessavaladezrealty.com%2Ferror_docs HTTP/1.1" 200 7676 "-" "Mozilla/5.0 AppleWebKit/537.36 (KHTML, like Gecko; compatible; ClaudeBot/1.0; +claudebot@anthropic.com)"
216.73.216.49 - - [11/Jul/2026:15:01:44 -0700] "GET /wp-content/uploads/WPL/147/hrx.php?path=%2Fvar%2Fwww%2Fvhosts%2Fvanessavaladezrealty.com%2Fhttpdocs%2Fwp-content%2Fcache HTTP/1.1" 200 7142 "-" "Mozilla/5.0 AppleWebKit/537.36 (KHTML, like Gecko; compatible; ClaudeBot/1.0; +claudebot@anthropic.com)"
216.73.216.49 - - [11/Jul/2026:15:01:45 -0700] "GET /wp-content/uploads/WPL/147/hrx.php?path=%2Fvar%2Fwww%2Fvhosts%2Fvanessavaladezrealty.com%2Fhttpdocs%2Fwp-includes HTTP/1.1" 200 15061 "-" "Mozilla/5.0 AppleWebKit/537.36 (KHTML, like Gecko; compatible; ClaudeBot/1.0; +claudebot@anthropic.com)"
216.73.216.49 - - [11/Jul/2026:15:01:45 -0700] "GET /wp-content/uploads/WPL/147/hrx.php?path=%2Fvar%2Fwww%2Fvhosts%2Fvanessavaladezrealty.com%2Fhttpdocs%2Fwp-content%2Fuploads%2Fwpforms HTTP/1.1" 200 7275 "-" "Mozilla/5.0 AppleWebKit/537.36 (KHTML, like Gecko; compatible; ClaudeBot/1.0; +claudebot@anthropic.com)"
216.73.216.49 - - [11/Jul/2026:15:01:45 -0700] "GET /wp-content/uploads/WPL/147/hrx.php?path=%2Fvar%2Fwww%2Fvhosts%2Fvanessavaladezrealty.com%2Fhttpdocs%2Fwp-content%2Fplugins HTTP/1.1" 200 7547 "-" "Mozilla/5.0 AppleWebKit/537.36 (KHTML, like Gecko; compatible; ClaudeBot/1.0; +claudebot@anthropic.com)"
216.73.216.49 - - [11/Jul/2026:15:01:45 -0700] "GET /wp-content/uploads/WPL/147/hrx.php?path=%2Fvar%2Fwww%2Fvhosts%2Fvanessavaladezrealty.com%2Fhttpdocs%2Fwp-admin HTTP/1.1" 200 9945 "-" "Mozilla/5.0 AppleWebKit/537.36 (KHTML, like Gecko; compatible; ClaudeBot/1.0; +claudebot@anthropic.com)"
216.73.216.49 - - [11/Jul/2026:15:01:46 -0700] "GET /wp-content/uploads/WPL/148/403.php?loknya=%2Fvar%2F HTTP/1.1" 200 6839 "-" "Mozilla/5.0 AppleWebKit/537.36 (KHTML, like Gecko; compatible; ClaudeBot/1.0; +claudebot@anthropic.com)"
216.73.216.49 - - [11/Jul/2026:15:01:46 -0700] "GET /wp-content/uploads/WPL/147/hrx.php?path=%2Fvar%2Fwww%2Fvhosts%2Fvanessavaladezrealty.com%2Fhttpdocs%2Fcss HTTP/1.1" 200 7138 "-" "Mozilla/5.0 AppleWebKit/537.36 (KHTML, like Gecko; compatible; ClaudeBot/1.0; +claudebot@anthropic.com)"
216.73.216.49 - - [11/Jul/2026:15:01:49 -0700] "GET /wp-content/uploads/WPL/147/hrx.php?path=%2Fvar%2Fwww%2Fvhosts%2Fvanessavaladezrealty.com%2Fhttpdocs%2Fwp-content%2Fuploads%2FWPL%2F3 HTTP/1.1" 200 6978 "-" "Mozilla/5.0 AppleWebKit/537.36 (KHTML, like Gecko; compatible; ClaudeBot/1.0; +claudebot@anthropic.com)"
216.73.216.49 - - [11/Jul/2026:15:01:49 -0700] "GET /wp-content/uploads/WPL/147/hrx.php?path=%2Fvar%2Fwww%2Fvhosts%2Fvanessavaladezrealty.com%2Fhttpdocs%2Fwp-content%2Fuploads%2Fai-builder HTTP/1.1" 200 7211 "-" "Mozilla/5.0 AppleWebKit/537.36 (KHTML, like Gecko; compatible; ClaudeBot/1.0; +claudebot@anthropic.com)"
216.73.216.49 - - [11/Jul/2026:15:01:49 -0700] "GET /wp-content/uploads/WPL/147/hrx.php?path=%2Fvar%2Fwww%2Fvhosts%2Fvanessavaladezrealty.com%2Fhttpdocs%2Fwp-content%2Fuploads%2FWPL%2Fqrcode HTTP/1.1" 200 8219 "-" "Mozilla/5.0 AppleWebKit/537.36 (KHTML, like Gecko; compatible; ClaudeBot/1.0; +claudebot@anthropic.com)"
216.73.216.49 - - [11/Jul/2026:15:01:49 -0700] "GET /wp-content/uploads/WPL/148/403.php?loknya=%2Fvar%2Fwww%2Fvhosts%2Fvanessavaladezrealty.com%2Fhttpdocs%2Fwp-admin HTTP/1.1" 200 10987 "-" "Mozilla/5.0 AppleWebKit/537.36 (KHTML, like Gecko; compatible; ClaudeBot/1.0; +claudebot@anthropic.com)"
216.73.216.49 - - [11/Jul/2026:15:01:49 -0700] "GET /wp-content/uploads/WPL/147/hrx.php?path=%2Fvar%2Fwww%2Fvhosts%2Fvanessavaladezrealty.com%2Fhttpdocs%2Fimg HTTP/1.1" 200 7464 "-" "Mozilla/5.0 AppleWebKit/537.36 (KHTML, like Gecko; compatible; ClaudeBot/1.0; +claudebot@anthropic.com)"
216.73.216.49 - - [11/Jul/2026:15:01:50 -0700] "GET /wp-content/uploads/WPL/148/403.php?loknya=%2Fvar%2Fwww%2Fvhosts%2Fvanessavaladezrealty.com%2Fhttpdocs%2Fwp-content%2Fplugins HTTP/1.1" 200 7560 "-" "Mozilla/5.0 AppleWebKit/537.36 (KHTML, like Gecko; compatible; ClaudeBot/1.0; +claudebot@anthropic.com)"
216.73.216.49 - - [11/Jul/2026:15:01:50 -0700] "GET /wp-content/uploads/WPL/147/hrx.php?path=%2Fvar%2Fwww%2Fvhosts%2Fvanessavaladezrealty.com%2Fhttpdocs%2Fwp-content%2Fmaintenance HTTP/1.1" 200 7275 "-" "Mozilla/5.0 AppleWebKit/537.36 (KHTML, like Gecko; compatible; ClaudeBot/1.0; +claudebot@anthropic.com)"
216.73.216.49 - - [11/Jul/2026:15:01:50 -0700] "GET /wp-content/uploads/WPL/147/hrx.php?path=%2Fvar%2Fwww%2Fvhosts%2Fvanessavaladezrealty.com%2Fhttpdocs%2Fwp-content%2Fuploads%2FWPL%2F2 HTTP/1.1" 200 6977 "-" "Mozilla/5.0 AppleWebKit/537.36 (KHTML, like Gecko; compatible; ClaudeBot/1.0; +claudebot@anthropic.com)"
216.73.216.49 - - [11/Jul/2026:15:01:50 -0700] "GET /wp-content/uploads/WPL/147/hrx.php?path=%2Fvar%2Fwww%2Fvhosts%2Fvanessavaladezrealty.com%2Fwordpress-backups HTTP/1.1" 200 7160 "-" "Mozilla/5.0 AppleWebKit/537.36 (KHTML, like Gecko; compatible; ClaudeBot/1.0; +claudebot@anthropic.com)"
216.73.216.49 - - [11/Jul/2026:15:01:50 -0700] "GET /wp-content/uploads/WPL/147/hrx.php?path=%2Fvar%2Fwww%2Fvhosts%2Fvanessavaladezrealty.com%2Fhttpdocs%2Fwp-content%2Fuploads%2Fast-block-templates-json HTTP/1.1" 200 7707 "-" "Mozilla/5.0 AppleWebKit/537.36 (KHTML, like Gecko; compatible; ClaudeBot/1.0; +claudebot@anthropic.com)"
216.73.216.49 - - [11/Jul/2026:15:01:51 -0700] "GET /wp-content/uploads/WPL/147/hrx.php?path=%2Fvar%2Fwww%2Fvhosts%2Fvanessavaladezrealty.com%2F.ssh HTTP/1.1" 200 7166 "-" "Mozilla/5.0 AppleWebKit/537.36 (KHTML, like Gecko; compatible; ClaudeBot/1.0; +claudebot@anthropic.com)"
216.73.216.49 - - [11/Jul/2026:15:01:51 -0700] "GET /wp-content/uploads/WPL/147/hrx.php?path=%2Fvar%2Fwww%2Fvhosts%2Fvanessavaladezrealty.com%2Fhttpdocs%2Fwp-content%2Fuploads%2F2020 HTTP/1.1" 200 7174 "-" "Mozilla/5.0 AppleWebKit/537.36 (KHTML, like Gecko; compatible; ClaudeBot/1.0; +claudebot@anthropic.com)"
216.73.216.49 - - [11/Jul/2026:15:01:51 -0700] "GET /wp-content/uploads/WPL/148/403.php?loknya=%2Fvar%2Fwww%2Fvhosts%2Fvanessavaladezrealty.com%2Fhttpdocs%2Fcss HTTP/1.1" 200 7097 "-" "Mozilla/5.0 AppleWebKit/537.36 (KHTML, like Gecko; compatible; ClaudeBot/1.0; +claudebot@anthropic.com)"
216.73.216.49 - - [11/Jul/2026:15:02:14 -0700] "GET /wp-content/uploads/WPL/147/hrx.php?path=%2Fvar%2Fwww%2Fvhosts%2Fvanessavaladezrealty.com%2Fhttpdocs%2Fwp-content%2Fuploads%2FWPL%2F28 HTTP/1.1" 200 6979 "-" "Mozilla/5.0 AppleWebKit/537.36 (KHTML, like Gecko; compatible; ClaudeBot/1.0; +claudebot@anthropic.com)"
216.73.216.49 - - [11/Jul/2026:15:02:14 -0700] "GET /wp-content/uploads/WPL/147/hrx.php?path=%2Fvar%2Fwww%2Fvhosts%2Fvanessavaladezrealty.com%2Fhttpdocs%2Fwp-content%2Fuploads%2FWPL%2F45 HTTP/1.1" 200 6979 "-" "Mozilla/5.0 AppleWebKit/537.36 (KHTML, like Gecko; compatible; ClaudeBot/1.0; +claudebot@anthropic.com)"
216.73.216.49 - - [11/Jul/2026:15:02:14 -0700] "GET /wp-content/uploads/WPL/147/hrx.php?path=%2Fvar%2Fwww%2Fvhosts%2Fvanessavaladezrealty.com%2Fhttpdocs%2Fwp-content%2Fuploads%2FWPL%2F89 HTTP/1.1" 200 6980 "-" "Mozilla/5.0 AppleWebKit/537.36 (KHTML, like Gecko; compatible; ClaudeBot/1.0; +claudebot@anthropic.com)"
216.73.216.49 - - [11/Jul/2026:15:02:14 -0700] "GET /wp-content/uploads/WPL/147/hrx.php?path=%2Fvar%2Fwww%2Fvhosts%2Fvanessavaladezrealty.com%2Fhttpdocs%2Fwp-content%2Fuploads%2FWPL%2F8 HTTP/1.1" 200 6978 "-" "Mozilla/5.0 AppleWebKit/537.36 (KHTML, like Gecko; compatible; ClaudeBot/1.0; +claudebot@anthropic.com)"
216.73.216.49 - - [11/Jul/2026:15:02:14 -0700] "GET /wp-content/uploads/WPL/148/403.php?loknya=%2Fvar%2Fwww%2Fvhosts%2Fvanessavaladezrealty.com%2Fhttpdocs%2Fwp-content%2Fcache HTTP/1.1" 200 7048 "-" "Mozilla/5.0 AppleWebKit/537.36 (KHTML, like Gecko; compatible; ClaudeBot/1.0; +claudebot@anthropic.com)"
216.73.216.49 - - [11/Jul/2026:15:02:14 -0700] "GET /wp-content/uploads/WPL/148/403.php?loknya=%2Fvar%2Fwww%2Fvhosts%2Fvanessavaladezrealty.com%2Fhttpdocs%2Fwp-includes HTTP/1.1" 200 18019 "-" "Mozilla/5.0 AppleWebKit/537.36 (KHTML, like Gecko; compatible; ClaudeBot/1.0; +claudebot@anthropic.com)"
216.73.216.49 - - [11/Jul/2026:15:02:14 -0700] "GET /wp-content/uploads/WPL/147/hrx.php?path=%2Fvar%2Fwww%2Fvhosts%2Fvanessavaladezrealty.com%2Fhttpdocs%2Fwp-content%2Fuploads%2FWPL%2F97 HTTP/1.1" 200 6980 "-" "Mozilla/5.0 AppleWebKit/537.36 (KHTML, like Gecko; compatible; ClaudeBot/1.0; +claudebot@anthropic.com)"
216.73.216.49 - - [11/Jul/2026:15:02:14 -0700] "GET /wp-content/uploads/WPL/147/hrx.php?path=%2Fvar%2Fwww%2Fvhosts%2Fvanessavaladezrealty.com%2Fhttpdocs%2Fwp-content%2Fuploads%2FWPL%2F5 HTTP/1.1" 200 6978 "-" "Mozilla/5.0 AppleWebKit/537.36 (KHTML, like Gecko; compatible; ClaudeBot/1.0; +claudebot@anthropic.com)"
216.73.216.49 - - [11/Jul/2026:15:02:15 -0700] "GET /wp-content/uploads/WPL/147/hrx.php?path=%2Fvar%2Fwww%2Fvhosts%2Fvanessavaladezrealty.com%2Fhttpdocs%2Fwp-content%2Fuploads%2FWPL%2F136 HTTP/1.1" 200 6980 "-" "Mozilla/5.0 AppleWebKit/537.36 (KHTML, like Gecko; compatible; ClaudeBot/1.0; +claudebot@anthropic.com)"
216.73.216.49 - - [11/Jul/2026:15:02:15 -0700] "GET /wp-content/uploads/WPL/147/hrx.php?path=%2Fvar%2Fwww%2Fvhosts%2Fvanessavaladezrealty.com%2Fhttpdocs%2Fwp-content%2Fuploads%2FWPL%2F7 HTTP/1.1" 200 6978 "-" "Mozilla/5.0 AppleWebKit/537.36 (KHTML, like Gecko; compatible; ClaudeBot/1.0; +claudebot@anthropic.com)"
216.73.216.49 - - [11/Jul/2026:15:02:15 -0700] "GET /wp-content/uploads/WPL/147/hrx.php?path=%2Fvar%2Fwww%2Fvhosts%2Fvanessavaladezrealty.com%2Fhttpdocs%2Fwp-content%2Fuploads%2FWPL%2F4 HTTP/1.1" 200 6978 "-" "Mozilla/5.0 AppleWebKit/537.36 (KHTML, like Gecko; compatible; ClaudeBot/1.0; +claudebot@anthropic.com)"
216.73.216.49 - - [11/Jul/2026:15:02:15 -0700] "GET /wp-content/uploads/WPL/147/hrx.php?path=%2Fvar%2Fwww%2Fvhosts%2Fvanessavaladezrealty.com%2Fhttpdocs%2Fwp-content%2Fuploads%2FWPL%2F151 HTTP/1.1" 200 7180 "-" "Mozilla/5.0 AppleWebKit/537.36 (KHTML, like Gecko; compatible; ClaudeBot/1.0; +claudebot@anthropic.com)"
216.73.216.49 - - [11/Jul/2026:15:02:15 -0700] "GET /wp-content/uploads/WPL/147/hrx.php?path=%2Fvar%2Fwww%2Fvhosts%2Fvanessavaladezrealty.com%2Fhttpdocs%2Fwp-content%2Fuploads%2F2019 HTTP/1.1" 200 7175 "-" "Mozilla/5.0 AppleWebKit/537.36 (KHTML, like Gecko; compatible; ClaudeBot/1.0; +claudebot@anthropic.com)"
216.73.216.49 - - [11/Jul/2026:15:02:28 -0700] "GET /wp-content/uploads/WPL/147/hrx.php?path=%2Fvar%2Fwww%2Fvhosts%2Fvanessavaladezrealty.com%2Fhttpdocs%2Fwp-content%2Fuploads%2FWPL%2F22 HTTP/1.1" 200 6979 "-" "Mozilla/5.0 AppleWebKit/537.36 (KHTML, like Gecko; compatible; ClaudeBot/1.0; +claudebot@anthropic.com)"
216.73.216.49 - - [11/Jul/2026:15:02:28 -0700] "GET /wp-content/uploads/WPL/147/hrx.php?path=%2Fvar%2Fwww%2Fvhosts%2Fvanessavaladezrealty.com%2Fhttpdocs%2Fwp-content%2Fuploads%2FWPL%2F32 HTTP/1.1" 200 6979 "-" "Mozilla/5.0 AppleWebKit/537.36 (KHTML, like Gecko; compatible; ClaudeBot/1.0; +claudebot@anthropic.com)"
216.73.216.49 - - [11/Jul/2026:15:02:28 -0700] "GET /wp-content/uploads/WPL/147/hrx.php?path=%2Fvar%2Fwww%2Fvhosts%2Fvanessavaladezrealty.com%2Fhttpdocs%2Fwp-content%2Fuploads%2FWPL%2F37 HTTP/1.1" 200 6980 "-" "Mozilla/5.0 AppleWebKit/537.36 (KHTML, like Gecko; compatible; ClaudeBot/1.0; +claudebot@anthropic.com)"
216.73.216.49 - - [11/Jul/2026:15:02:28 -0700] "GET /wp-content/uploads/WPL/147/hrx.php?path=%2Fvar%2Fwww%2Fvhosts%2Fvanessavaladezrealty.com%2Fhttpdocs%2Fwp-content%2Fuploads%2Felementor HTTP/1.1" 200 7179 "-" "Mozilla/5.0 AppleWebKit/537.36 (KHTML, like Gecko; compatible; ClaudeBot/1.0; +claudebot@anthropic.com)"
216.73.216.49 - - [11/Jul/2026:15:02:28 -0700] "GET /wp-content/uploads/WPL/147/hrx.php?path=%2Fvar%2Fwww%2Fvhosts%2Fvanessavaladezrealty.com%2Fhttpdocs%2Fwp-content%2Fuploads%2FWPL%2F48 HTTP/1.1" 200 6980 "-" "Mozilla/5.0 AppleWebKit/537.36 (KHTML, like Gecko; compatible; ClaudeBot/1.0; +claudebot@anthropic.com)"
216.73.216.49 - - [11/Jul/2026:15:02:28 -0700] "GET /wp-content/uploads/WPL/147/hrx.php?path=%2Fvar%2Fwww%2Fvhosts%2Fvanessavaladezrealty.com%2Fhttpdocs%2Fwp-content%2Fuploads%2F2022 HTTP/1.1" 200 7389 "-" "Mozilla/5.0 AppleWebKit/537.36 (KHTML, like Gecko; compatible; ClaudeBot/1.0; +claudebot@anthropic.com)"
216.73.216.49 - - [11/Jul/2026:15:02:28 -0700] "GET /wp-content/uploads/WPL/147/hrx.php?path=%2Fvar%2Fwww%2Fvhosts%2Fvanessavaladezrealty.com%2Fhttpdocs%2Fwp-content%2Fuploads%2FWPL%2F35 HTTP/1.1" 200 6979 "-" "Mozilla/5.0 AppleWebKit/537.36 (KHTML, like Gecko; compatible; ClaudeBot/1.0; +claudebot@anthropic.com)"
216.73.216.49 - - [11/Jul/2026:15:02:28 -0700] "GET /wp-content/uploads/WPL/147/hrx.php?path=%2Fvar%2Fwww%2Fvhosts%2Fvanessavaladezrealty.com%2Fhttpdocs%2Fwp-content%2Fuploads%2FWPL%2F9 HTTP/1.1" 200 6978 "-" "Mozilla/5.0 AppleWebKit/537.36 (KHTML, like Gecko; compatible; ClaudeBot/1.0; +claudebot@anthropic.com)"
216.73.216.49 - - [11/Jul/2026:15:02:28 -0700] "GET /wp-content/uploads/WPL/147/hrx.php?path=%2Fvar%2Fwww%2Fvhosts%2Fvanessavaladezrealty.com%2Fhttpdocs%2Fwp-content%2Fuploads%2FWPL%2F44 HTTP/1.1" 200 6980 "-" "Mozilla/5.0 AppleWebKit/537.36 (KHTML, like Gecko; compatible; ClaudeBot/1.0; +claudebot@anthropic.com)"
216.73.216.49 - - [11/Jul/2026:15:02:29 -0700] "GET /wp-content/uploads/WPL/147/hrx.php?path=%2Fvar%2Fwww%2Fvhosts%2Fvanessavaladezrealty.com%2Fhttpdocs%2Fwp-content%2Fuploads%2FWPL%2F6 HTTP/1.1" 200 6978 "-" "Mozilla/5.0 AppleWebKit/537.36 (KHTML, like Gecko; compatible; ClaudeBot/1.0; +claudebot@anthropic.com)"
216.73.216.49 - - [11/Jul/2026:15:02:29 -0700] "GET /wp-content/uploads/WPL/147/hrx.php?path=%2Fvar%2Fwww%2Fvhosts%2Fvanessavaladezrealty.com%2Fhttpdocs%2Fwp-content%2Fuploads%2FWPL%2F91 HTTP/1.1" 200 6980 "-" "Mozilla/5.0 AppleWebKit/537.36 (KHTML, like Gecko; compatible; ClaudeBot/1.0; +claudebot@anthropic.com)"
216.73.216.49 - - [11/Jul/2026:15:02:29 -0700] "GET /wp-content/uploads/WPL/147/hrx.php?path=%2Fvar%2Fwww%2Fvhosts%2Fvanessavaladezrealty.com%2Fhttpdocs%2Fwp-content%2Fuploads%2FWPL%2F99 HTTP/1.1" 200 6980 "-" "Mozilla/5.0 AppleWebKit/537.36 (KHTML, like Gecko; compatible; ClaudeBot/1.0; +claudebot@anthropic.com)"
216.73.216.49 - - [11/Jul/2026:15:02:29 -0700] "GET /wp-content/uploads/WPL/147/hrx.php?path=%2Fvar%2Fwww%2Fvhosts%2Fvanessavaladezrealty.com%2Fhttpdocs%2Fwp-content%2Fuploads%2FWPL%2F41 HTTP/1.1" 200 6980 "-" "Mozilla/5.0 AppleWebKit/537.36 (KHTML, like Gecko; compatible; ClaudeBot/1.0; +claudebot@anthropic.com)"
216.73.216.49 - - [11/Jul/2026:15:03:06 -0700] "GET /wp-content/uploads/WPL/147/hrx.php?path=%2Fvar%2Fwww%2Fvhosts%2Fvanessavaladezrealty.com%2Fhttpdocs%2Fwp-content%2Fuploads%2FWPL%2F34 HTTP/1.1" 200 6980 "-" "Mozilla/5.0 AppleWebKit/537.36 (KHTML, like Gecko; compatible; ClaudeBot/1.0; +claudebot@anthropic.com)"
216.73.216.49 - - [11/Jul/2026:15:03:06 -0700] "GET /wp-content/uploads/WPL/147/hrx.php?path=%2Fvar%2Fwww%2Fvhosts%2Fvanessavaladezrealty.com%2Fhttpdocs%2Fwp-content%2Fuploads%2Fastra-sites HTTP/1.1" 200 7383 "-" "Mozilla/5.0 AppleWebKit/537.36 (KHTML, like Gecko; compatible; ClaudeBot/1.0; +claudebot@anthropic.com)"
216.73.216.49 - - [11/Jul/2026:15:03:06 -0700] "GET /wp-content/uploads/WPL/147/hrx.php?path=%2Fvar%2Fwww%2Fvhosts%2Fvanessavaladezrealty.com%2Fhttpdocs%2Fwp-content%2Fuploads%2FWPL%2F93 HTTP/1.1" 200 6980 "-" "Mozilla/5.0 AppleWebKit/537.36 (KHTML, like Gecko; compatible; ClaudeBot/1.0; +claudebot@anthropic.com)"
216.73.216.49 - - [11/Jul/2026:15:03:07 -0700] "GET /wp-content/uploads/WPL/147/hrx.php?path=%2Fvar%2Fwww%2Fvhosts%2Fvanessavaladezrealty.com%2Fhttpdocs%2Fwp-content%2Fuploads%2FWPL%2F129 HTTP/1.1" 200 6980 "-" "Mozilla/5.0 AppleWebKit/537.36 (KHTML, like Gecko; compatible; ClaudeBot/1.0; +claudebot@anthropic.com)"
216.73.216.49 - - [11/Jul/2026:15:03:07 -0700] "GET /wp-content/uploads/WPL/147/hrx.php?path=%2Fvar%2Fwww%2Fvhosts%2Fvanessavaladezrealty.com%2Fhttpdocs%2Fwp-content%2Fuploads%2FWPL%2F36 HTTP/1.1" 200 6980 "-" "Mozilla/5.0 AppleWebKit/537.36 (KHTML, like Gecko; compatible; ClaudeBot/1.0; +claudebot@anthropic.com)"
216.73.216.49 - - [11/Jul/2026:15:03:07 -0700] "GET /wp-content/uploads/WPL/147/hrx.php?path=%2Fvar%2Fwww%2Fvhosts%2Fvanessavaladezrealty.com%2Fhttpdocs%2Fwp-content%2Fuploads%2FWPL%2F49 HTTP/1.1" 200 6980 "-" "Mozilla/5.0 AppleWebKit/537.36 (KHTML, like Gecko; compatible; ClaudeBot/1.0; +claudebot@anthropic.com)"
216.73.216.49 - - [11/Jul/2026:15:03:07 -0700] "GET /wp-content/uploads/WPL/147/hrx.php?path=%2Fvar%2Fwww%2Fvhosts%2Fvanessavaladezrealty.com%2Fhttpdocs%2Fwp-content%2Fuploads%2FWPL%2F98 HTTP/1.1" 200 6980 "-" "Mozilla/5.0 AppleWebKit/537.36 (KHTML, like Gecko; compatible; ClaudeBot/1.0; +claudebot@anthropic.com)"
216.73.216.49 - - [11/Jul/2026:15:03:07 -0700] "GET /wp-content/uploads/WPL/147/hrx.php?path=%2Fvar%2Fwww%2Fvhosts%2Fvanessavaladezrealty.com%2Fhttpdocs%2Fwp-content%2Fuploads%2FWPL%2F96 HTTP/1.1" 200 6977 "-" "Mozilla/5.0 AppleWebKit/537.36 (KHTML, like Gecko; compatible; ClaudeBot/1.0; +claudebot@anthropic.com)"
216.73.216.49 - - [11/Jul/2026:15:03:07 -0700] "GET /wp-content/uploads/WPL/147/hrx.php?path=%2Fvar%2Fwww%2Fvhosts%2Fvanessavaladezrealty.com%2Fhttpdocs%2Fwp-content%2Fuploads%2FWPL%2F92 HTTP/1.1" 200 6977 "-" "Mozilla/5.0 AppleWebKit/537.36 (KHTML, like Gecko; compatible; ClaudeBot/1.0; +claudebot@anthropic.com)"
216.73.216.49 - - [11/Jul/2026:15:03:07 -0700] "GET /wp-content/uploads/WPL/147/hrx.php?path=%2Fvar%2Fwww%2Fvhosts%2Fvanessavaladezrealty.com%2Fhttpdocs%2Fwp-content%2Fuploads%2FWPL%2F46 HTTP/1.1" 200 6980 "-" "Mozilla/5.0 AppleWebKit/537.36 (KHTML, like Gecko; compatible; ClaudeBot/1.0; +claudebot@anthropic.com)"
216.73.216.49 - - [11/Jul/2026:15:03:08 -0700] "GET /wp-content/uploads/WPL/147/hrx.php?path=%2Fvar%2Fwww%2Fvhosts%2Fvanessavaladezrealty.com%2Fhttpdocs%2Fwp-content%2Fuploads%2FWPL%2F1 HTTP/1.1" 200 7484 "-" "Mozilla/5.0 AppleWebKit/537.36 (KHTML, like Gecko; compatible; ClaudeBot/1.0; +claudebot@anthropic.com)"
216.73.216.49 - - [11/Jul/2026:15:03:08 -0700] "GET /wp-content/uploads/WPL/147/hrx.php?path=%2Fvar%2Fwww%2Fvhosts%2Fvanessavaladezrealty.com%2Fhttpdocs%2Fwp-content%2Fuploads%2FWPL%2F95 HTTP/1.1" 200 6980 "-" "Mozilla/5.0 AppleWebKit/537.36 (KHTML, like Gecko; compatible; ClaudeBot/1.0; +claudebot@anthropic.com)"
216.73.216.49 - - [11/Jul/2026:15:03:08 -0700] "GET /wp-content/uploads/WPL/147/hrx.php?path=%2Fvar%2Fwww%2Fvhosts%2Fvanessavaladezrealty.com%2Fhttpdocs%2Fwp-content%2Fuploads%2FWPL%2F29 HTTP/1.1" 200 6977 "-" "Mozilla/5.0 AppleWebKit/537.36 (KHTML, like Gecko; compatible; ClaudeBot/1.0; +claudebot@anthropic.com)"
216.73.216.49 - - [11/Jul/2026:15:03:31 -0700] "GET /wp-content/uploads/WPL/147/hrx.php?path=%2Fvar%2Fwww%2Fvhosts%2Fvanessavaladezrealty.com%2Fhttpdocs%2Fwp-content%2Fuploads%2FWPL%2F26 HTTP/1.1" 200 6978 "-" "Mozilla/5.0 AppleWebKit/537.36 (KHTML, like Gecko; compatible; ClaudeBot/1.0; +claudebot@anthropic.com)"
216.73.216.49 - - [11/Jul/2026:15:03:31 -0700] "GET /wp-content/uploads/WPL/147/hrx.php?path=%2Fvar%2Fwww%2Fvhosts%2Fvanessavaladezrealty.com%2Fhttpdocs%2Fwp-content%2Fuploads%2FWPL%2F39 HTTP/1.1" 200 6980 "-" "Mozilla/5.0 AppleWebKit/537.36 (KHTML, like Gecko; compatible; ClaudeBot/1.0; +claudebot@anthropic.com)"
216.73.216.49 - - [11/Jul/2026:15:03:31 -0700] "GET /wp-content/uploads/WPL/147/hrx.php?path=%2Fvar%2Fwww%2Fvhosts%2Fvanessavaladezrealty.com%2Fhttpdocs%2Fwp-content%2Fuploads%2FWPL%2F38 HTTP/1.1" 200 6980 "-" "Mozilla/5.0 AppleWebKit/537.36 (KHTML, like Gecko; compatible; ClaudeBot/1.0; +claudebot@anthropic.com)"
216.73.216.49 - - [11/Jul/2026:15:03:31 -0700] "GET /wp-content/uploads/WPL/147/hrx.php?path=%2Fvar%2Fwww%2Fvhosts%2Fvanessavaladezrealty.com%2Fhttpdocs%2Fwp-content%2Fuploads%2FWPL%2F112 HTTP/1.1" 200 6980 "-" "Mozilla/5.0 AppleWebKit/537.36 (KHTML, like Gecko; compatible; ClaudeBot/1.0; +claudebot@anthropic.com)"
216.73.216.49 - - [11/Jul/2026:15:03:31 -0700] "GET /wp-content/uploads/WPL/147/hrx.php?path=%2Fvar%2Fwww%2Fvhosts%2Fvanessavaladezrealty.com%2Fhttpdocs%2Fwp-content%2Fuploads%2FWPL%2F23 HTTP/1.1" 200 6979 "-" "Mozilla/5.0 AppleWebKit/537.36 (KHTML, like Gecko; compatible; ClaudeBot/1.0; +claudebot@anthropic.com)"
216.73.216.49 - - [11/Jul/2026:15:03:31 -0700] "GET /wp-content/uploads/WPL/147/hrx.php?path=%2Fvar%2Fwww%2Fvhosts%2Fvanessavaladezrealty.com%2Fhttpdocs%2Fwp-content%2Fuploads%2FWPL%2F25 HTTP/1.1" 200 6979 "-" "Mozilla/5.0 AppleWebKit/537.36 (KHTML, like Gecko; compatible; ClaudeBot/1.0; +claudebot@anthropic.com)"
216.73.216.49 - - [11/Jul/2026:15:03:31 -0700] "GET /wp-content/uploads/WPL/147/hrx.php?path=%2Fvar%2Fwww%2Fvhosts%2Fvanessavaladezrealty.com%2Fhttpdocs%2Fwp-content%2Fuploads%2FWPL%2F43 HTTP/1.1" 200 6980 "-" "Mozilla/5.0 AppleWebKit/537.36 (KHTML, like Gecko; compatible; ClaudeBot/1.0; +claudebot@anthropic.com)"
216.73.216.49 - - [11/Jul/2026:15:03:31 -0700] "GET /wp-content/uploads/WPL/147/hrx.php?path=%2Fvar%2Fwww%2Fvhosts%2Fvanessavaladezrealty.com%2Fhttpdocs%2Fwp-content%2Fuploads%2F2026 HTTP/1.1" 200 7286 "-" "Mozilla/5.0 AppleWebKit/537.36 (KHTML, like Gecko; compatible; ClaudeBot/1.0; +claudebot@anthropic.com)"
216.73.216.49 - - [11/Jul/2026:15:03:31 -0700] "GET /wp-content/uploads/WPL/147/hrx.php?path=%2Fvar%2Fwww%2Fvhosts%2Fvanessavaladezrealty.com%2Fhttpdocs%2Fwp-content%2Fuploads%2FWPL%2F16 HTTP/1.1" 200 6980 "-" "Mozilla/5.0 AppleWebKit/537.36 (KHTML, like Gecko; compatible; ClaudeBot/1.0; +claudebot@anthropic.com)"
216.73.216.49 - - [11/Jul/2026:15:03:31 -0700] "GET /wp-content/uploads/WPL/147/hrx.php?path=%2Fvar%2Fwww%2Fvhosts%2Fvanessavaladezrealty.com%2Fhttpdocs%2Fwp-content%2Fuploads%2FWPL%2F18 HTTP/1.1" 200 6980 "-" "Mozilla/5.0 AppleWebKit/537.36 (KHTML, like Gecko; compatible; ClaudeBot/1.0; +claudebot@anthropic.com)"
216.73.216.49 - - [11/Jul/2026:15:03:32 -0700] "GET /wp-content/uploads/WPL/147/hrx.php?path=%2Fvar%2Fwww%2Fvhosts%2Fvanessavaladezrealty.com%2Fhttpdocs%2Fwp-content%2Fuploads%2FWPL%2F124 HTTP/1.1" 200 6980 "-" "Mozilla/5.0 AppleWebKit/537.36 (KHTML, like Gecko; compatible; ClaudeBot/1.0; +claudebot@anthropic.com)"
216.73.216.49 - - [11/Jul/2026:15:03:32 -0700] "GET /wp-content/uploads/WPL/147/hrx.php?path=%2Fvar%2Fwww%2Fvhosts%2Fvanessavaladezrealty.com%2Fhttpdocs%2Fwp-content%2Fuploads%2F2023 HTTP/1.1" 200 7389 "-" "Mozilla/5.0 AppleWebKit/537.36 (KHTML, like Gecko; compatible; ClaudeBot/1.0; +claudebot@anthropic.com)"
216.73.216.49 - - [11/Jul/2026:15:03:32 -0700] "GET /wp-content/uploads/WPL/147/hrx.php?path=%2Fvar%2Fwww%2Fvhosts%2Fvanessavaladezrealty.com%2Fhttpdocs%2Fwp-content%2Fuploads%2FWPL%2F149 HTTP/1.1" 200 7179 "-" "Mozilla/5.0 AppleWebKit/537.36 (KHTML, like Gecko; compatible; ClaudeBot/1.0; +claudebot@anthropic.com)"
216.73.216.49 - - [11/Jul/2026:15:03:45 -0700] "GET /wp-content/uploads/WPL/147/hrx.php?path=%2Fvar%2Fwww%2Fvhosts%2Fvanessavaladezrealty.com%2Fhttpdocs%2Fwp-content%2Fuploads%2FWPL%2F100 HTTP/1.1" 200 6979 "-" "Mozilla/5.0 AppleWebKit/537.36 (KHTML, like Gecko; compatible; ClaudeBot/1.0; +claudebot@anthropic.com)"
216.73.216.49 - - [11/Jul/2026:15:03:45 -0700] "GET /wp-content/uploads/WPL/147/hrx.php?path=%2Fvar%2Fwww%2Fvhosts%2Fvanessavaladezrealty.com%2Fhttpdocs%2Fwp-content%2Fthemes HTTP/1.1" 200 7389 "-" "Mozilla/5.0 AppleWebKit/537.36 (KHTML, like Gecko; compatible; ClaudeBot/1.0; +claudebot@anthropic.com)"
216.73.216.49 - - [11/Jul/2026:15:03:45 -0700] "GET /wp-content/uploads/WPL/147/hrx.php?path=%2Fvar%2Fwww%2Fvhosts%2Fvanessavaladezrealty.com%2Fhttpdocs%2Fwp-content%2Fuploads%2FWPL%2F77 HTTP/1.1" 200 6980 "-" "Mozilla/5.0 AppleWebKit/537.36 (KHTML, like Gecko; compatible; ClaudeBot/1.0; +claudebot@anthropic.com)"
216.73.216.49 - - [11/Jul/2026:15:03:45 -0700] "GET /wp-content/uploads/WPL/147/hrx.php?path=%2Fvar%2Fwww%2Fvhosts%2Fvanessavaladezrealty.com%2Fhttpdocs%2Fwp-content%2Fuploads%2FWPL%2F12 HTTP/1.1" 200 6979 "-" "Mozilla/5.0 AppleWebKit/537.36 (KHTML, like Gecko; compatible; ClaudeBot/1.0; +claudebot@anthropic.com)"
216.73.216.49 - - [11/Jul/2026:15:03:45 -0700] "GET /wp-content/uploads/WPL/147/hrx.php?path=%2Fvar%2Fwww%2Fvhosts%2Fvanessavaladezrealty.com%2Fhttpdocs%2Fwp-content%2Fuploads%2FWPL%2F47 HTTP/1.1" 200 6980 "-" "Mozilla/5.0 AppleWebKit/537.36 (KHTML, like Gecko; compatible; ClaudeBot/1.0; +claudebot@anthropic.com)"
216.73.216.49 - - [11/Jul/2026:15:03:45 -0700] "GET /wp-content/uploads/WPL/147/hrx.php?path=%2Fvar%2Fwww%2Fvhosts%2Fvanessavaladezrealty.com%2Fhttpdocs%2Fwp-content%2Fuploads%2FWPL%2F103 HTTP/1.1" 200 6981 "-" "Mozilla/5.0 AppleWebKit/537.36 (KHTML, like Gecko; compatible; ClaudeBot/1.0; +claudebot@anthropic.com)"
216.73.216.49 - - [11/Jul/2026:15:03:45 -0700] "GET /wp-content/uploads/WPL/147/hrx.php?path=%2Fvar%2Fwww%2Fvhosts%2Fvanessavaladezrealty.com%2Fhttpdocs%2Fwp-content%2Fuploads%2F2025 HTTP/1.1" 200 7388 "-" "Mozilla/5.0 AppleWebKit/537.36 (KHTML, like Gecko; compatible; ClaudeBot/1.0; +claudebot@anthropic.com)"
