161.49.161.52 - - [11/Jul/2026:08:44:24 -0700] "POST /xmlrpc.php HTTP/1.1" 200 5618 "-" "Jetpack by WordPress.com"
181.94.250.73 - - [11/Jul/2026:08:44:35 -0700] "POST /xmlrpc.php HTTP/1.1" 403 5841 "-" "WordPress.com; https://wordpress.com"
161.49.161.52 - - [11/Jul/2026:08:44:35 -0700] "POST /xmlrpc.php HTTP/1.1" 200 5618 "-" "WordPress.com; https://wordpress.com"
181.94.250.73 - - [11/Jul/2026:08:44:45 -0700] "POST /xmlrpc.php HTTP/1.1" 403 5841 "-" "WordPress.com; https://wordpress.com"
161.49.161.52 - - [11/Jul/2026:08:44:46 -0700] "POST /xmlrpc.php HTTP/1.1" 200 5618 "-" "Jetpack/12.0; WordPress/6.2; http://site85557917.com"
35.235.84.95 - - [11/Jul/2026:08:44:57 -0700] "POST /wp-cron.php?doing_wp_cron=1783784697.7505569458007812500000 HTTP/1.1" 200 5076 "-" "WordPress/7.0.1; https://vanessavaladezrealty.com"
181.94.250.73 - - [11/Jul/2026:08:44:56 -0700] "POST /xmlrpc.php HTTP/1.1" 403 5841 "-" "WordPress.com; https://wordpress.com"
161.49.161.52 - - [11/Jul/2026:08:44:56 -0700] "POST /xmlrpc.php HTTP/1.1" 200 5618 "-" "Jetpack/13.0; WordPress/6.3; http://site77008400.com"
181.94.250.73 - - [11/Jul/2026:08:45:07 -0700] "POST /xmlrpc.php HTTP/1.1" 403 5841 "-" "WordPress.com; https://wordpress.com"
161.49.161.52 - - [11/Jul/2026:08:45:07 -0700] "POST /xmlrpc.php HTTP/1.1" 200 5618 "-" "Jetpack by WordPress.com"
83.99.206.230 - - [11/Jul/2026:08:45:10 -0700] "GET /properties/?wplpage=1 HTTP/1.1" 200 32334 "-" "Mozilla/5.0 (X11; Linux x86_64) AppleWebKit/537.36 (KHTML, like Gecko; GeedoShopProductFinder) Chrome/142.0.0.0 Safari/537.36"
181.94.250.73 - - [11/Jul/2026:08:45:17 -0700] "POST /xmlrpc.php HTTP/1.1" 403 5841 "-" "Jetpack by WordPress.com"
161.49.161.52 - - [11/Jul/2026:08:45:18 -0700] "POST /xmlrpc.php HTTP/1.1" 200 5618 "-" "Jetpack by WordPress.com (Jetpack 12.0; WordPress 6.2)"
181.94.250.73 - - [11/Jul/2026:08:45:28 -0700] "POST /xmlrpc.php HTTP/1.1" 403 5841 "-" "WordPress.com; https://wordpress.com"
161.49.161.52 - - [11/Jul/2026:08:45:29 -0700] "POST /xmlrpc.php HTTP/1.1" 200 5618 "-" "Jetpack/12.5; WordPress/6.4; http://site47768809.com"
83.99.206.230 - - [11/Jul/2026:08:45:29 -0700] "GET /properties/148-0-0-0-%240/ HTTP/1.1" 200 34576 "-" "Mozilla/5.0 (X11; Linux x86_64) AppleWebKit/537.36 (KHTML, like Gecko; GeedoShopProductFinder) Chrome/142.0.0.0 Safari/537.36"
181.94.250.73 - - [11/Jul/2026:08:45:39 -0700] "POST /xmlrpc.php HTTP/1.1" 403 5841 "-" "Jetpack by WordPress.com"
161.49.161.52 - - [11/Jul/2026:08:45:40 -0700] "POST /xmlrpc.php HTTP/1.1" 200 5618 "-" "Jetpack by WordPress.com (Jetpack 13.0; WordPress 6.1)"
35.235.84.95 - - [11/Jul/2026:08:45:50 -0700] "POST /wp-cron.php?doing_wp_cron=1783784750.7694649696350097656250 HTTP/1.1" 200 5076 "-" "WordPress/7.0.1; https://vanessavaladezrealty.com"
83.99.206.230 - - [11/Jul/2026:08:45:49 -0700] "GET /properties/95-Residential-Lease-1421-Santa-Margarita-G-6-Rooms-2-Bedrooms-2-Bathrooms-USD1-250/ HTTP/1.1" 200 36571 "-" "Mozilla/5.0 (X11; Linux x86_64) AppleWebKit/537.36 (KHTML, like Gecko; GeedoShopProductFinder) Chrome/142.0.0.0 Safari/537.36"
181.94.250.73 - - [11/Jul/2026:08:45:50 -0700] "POST /xmlrpc.php HTTP/1.1" 200 5618 "-" "Jetpack by WordPress.com (Jetpack 12.0; WordPress 6.1)"
161.49.161.52 - - [11/Jul/2026:08:45:50 -0700] "POST /xmlrpc.php HTTP/1.1" 200 5618 "-" "Jetpack/13.0; WordPress/6.3; http://site10444096.com"
181.94.250.73 - - [11/Jul/2026:08:46:00 -0700] "POST /xmlrpc.php HTTP/1.1" 200 5618 "-" "Jetpack/12.5; WordPress/6.1; http://site38345873.com"
161.49.161.52 - - [11/Jul/2026:08:46:01 -0700] "POST /xmlrpc.php HTTP/1.1" 200 5618 "-" "Jetpack by WordPress.com (Jetpack 13.0; WordPress 6.4)"
83.99.206.230 - - [11/Jul/2026:08:46:09 -0700] "GET /properties/150-0-0-0-%240/ HTTP/1.1" 200 34577 "-" "Mozilla/5.0 (X11; Linux x86_64) AppleWebKit/537.36 (KHTML, like Gecko; GeedoShopProductFinder) Chrome/142.0.0.0 Safari/537.36"
181.94.250.73 - - [11/Jul/2026:08:46:11 -0700] "POST /xmlrpc.php HTTP/1.1" 200 5618 "-" "Jetpack/12.1; WordPress/6.2; http://site46275887.com"
161.49.161.52 - - [11/Jul/2026:08:46:11 -0700] "POST /xmlrpc.php HTTP/1.1" 200 5618 "-" "Jetpack by WordPress.com"
161.49.161.52 - - [11/Jul/2026:08:46:22 -0700] "POST /xmlrpc.php HTTP/1.1" 200 5618 "-" "WordPress.com; https://wordpress.com"
181.94.250.73 - - [11/Jul/2026:08:46:22 -0700] "POST /xmlrpc.php HTTP/1.1" 403 5841 "-" "WordPress.com; https://wordpress.com"
35.235.84.95 - - [11/Jul/2026:08:46:30 -0700] "POST /wp-cron.php?doing_wp_cron=1783784790.8332080841064453125000 HTTP/1.1" 200 5076 "-" "WordPress/7.0.1; https://vanessavaladezrealty.com"
83.99.206.181 - - [11/Jul/2026:08:46:29 -0700] "GET /properties/vanessavaladez/?wplpage=5 HTTP/1.1" 200 31889 "-" "Mozilla/5.0 (X11; Linux x86_64) AppleWebKit/537.36 (KHTML, like Gecko; GeedoShopProductFinder) Chrome/142.0.0.0 Safari/537.36"
181.94.250.73 - - [11/Jul/2026:08:46:32 -0700] "POST /xmlrpc.php HTTP/1.1" 403 5841 "-" "WordPress.com; https://wordpress.com"
161.49.161.52 - - [11/Jul/2026:08:46:32 -0700] "POST /xmlrpc.php HTTP/1.1" 200 5618 "-" "Jetpack by WordPress.com (Jetpack 12.0; WordPress 6.1)"
181.94.250.73 - - [11/Jul/2026:08:46:43 -0700] "POST /xmlrpc.php HTTP/1.1" 403 5841 "-" "WordPress.com; https://wordpress.com"
185.195.232.165 - - [11/Jul/2026:08:46:44 -0700] "GET / HTTP/1.1" 200 13018 "-" "Mozilla/5.0 (compatible; WebCrawler/1.0)"
161.49.161.52 - - [11/Jul/2026:08:46:43 -0700] "POST /xmlrpc.php HTTP/1.1" 200 5618 "-" "Jetpack by WordPress.com (Jetpack 12.0; WordPress 6.3)"
161.49.161.52 - - [11/Jul/2026:08:47:16 -0700] "POST /xmlrpc.php HTTP/1.1" 200 5618 "-" "Jetpack/12.1; WordPress/6.4; http://site29198733.com"
35.235.84.95 - - [11/Jul/2026:08:47:32 -0700] "POST /wp-cron.php?doing_wp_cron=1783784852.5133988857269287109375 HTTP/1.1" 200 5076 "-" "WordPress/7.0.1; https://vanessavaladezrealty.com"
83.99.206.230 - - [11/Jul/2026:08:46:49 -0700] "GET /properties/?wplview=property_show&pid=107 HTTP/1.1" 200 40079 "-" "Mozilla/5.0 (X11; Linux x86_64) AppleWebKit/537.36 (KHTML, like Gecko; GeedoShopProductFinder) Chrome/142.0.0.0 Safari/537.36"
35.235.84.95 - - [11/Jul/2026:08:47:32 -0700] "POST /wp-cron.php?doing_wp_cron=1783784852.5311660766601562500000 HTTP/1.1" 200 5076 "-" "WordPress/7.0.1; https://vanessavaladezrealty.com"
35.235.84.95 - - [11/Jul/2026:08:47:34 -0700] "POST /wp-cron.php?doing_wp_cron=1783784854.2554020881652832031250 HTTP/1.1" 200 5076 "-" "WordPress/7.0.1; https://vanessavaladezrealty.com"
35.235.84.95 - - [11/Jul/2026:08:47:35 -0700] "POST /wp-cron.php?doing_wp_cron=1783784855.4065349102020263671875 HTTP/1.1" 200 5076 "-" "WordPress/7.0.1; https://vanessavaladezrealty.com"
35.235.84.95 - - [11/Jul/2026:08:47:39 -0700] "POST /wp-cron.php?doing_wp_cron=1783784858.9357099533081054687500 HTTP/1.1" 200 5076 "-" "WordPress/7.0.1; https://vanessavaladezrealty.com"
35.235.84.95 - - [11/Jul/2026:08:47:45 -0700] "POST /wp-cron.php?doing_wp_cron=1783784864.9173479080200195312500 HTTP/1.1" 200 5076 "-" "WordPress/7.0.1; https://vanessavaladezrealty.com"
181.94.250.73 - - [11/Jul/2026:08:47:05 -0700] "POST /xmlrpc.php HTTP/1.1" 200 5618 "-" "Jetpack/13.0; WordPress/6.1; http://site11362039.com"
181.94.250.73 - - [11/Jul/2026:08:47:26 -0700] "POST /xmlrpc.php HTTP/1.1" 200 5618 "-" "Jetpack/13.0; WordPress/6.3; http://site47492807.com"
161.49.161.52 - - [11/Jul/2026:08:47:05 -0700] "POST /xmlrpc.php HTTP/1.1" 200 5618 "-" "Jetpack by WordPress.com (Jetpack 12.1; WordPress 6.3)"
161.49.161.52 - - [11/Jul/2026:08:46:54 -0700] "POST /xmlrpc.php HTTP/1.1" 200 5618 "-" "Jetpack/12.0; WordPress/6.3; http://site15389494.com"
161.49.161.52 - - [11/Jul/2026:08:47:26 -0700] "POST /xmlrpc.php HTTP/1.1" 200 5618 "-" "Jetpack/12.1; WordPress/6.4; http://site44480612.com"
114.119.152.69 - - [11/Jul/2026:08:47:48 -0700] "GET /properties/?wplview=property_show&pid=113 HTTP/1.1" 200 34239 "https://vanessavaladezrealty.com/properties?wplview=property_show&pid=113" "Mozilla/5.0 (Linux; Android 7.0;) AppleWebKit/537.36 (HTML, like Gecko) Mobile Safari/537.36 (compatible; PetalBot;+https://webmaster.petalsearch.com/site/petalbot)"
181.94.250.73 - - [11/Jul/2026:08:46:54 -0700] "POST /xmlrpc.php HTTP/1.1" 200 5618 "-" "Jetpack by WordPress.com (Jetpack 12.0; WordPress 6.3)"
181.94.250.73 - - [11/Jul/2026:08:47:48 -0700] "POST /xmlrpc.php HTTP/1.1" 200 5618 "-" "Jetpack/13.0; WordPress/6.4; http://site50264010.com"
161.49.161.52 - - [11/Jul/2026:08:47:47 -0700] "POST /xmlrpc.php HTTP/1.1" 200 5618 "-" "Jetpack by WordPress.com (Jetpack 12.5; WordPress 6.4)"
181.94.250.73 - - [11/Jul/2026:08:47:15 -0700] "POST /xmlrpc.php HTTP/1.1" 403 5841 "-" "WordPress.com; https://wordpress.com"
181.94.250.73 - - [11/Jul/2026:08:47:37 -0700] "POST /xmlrpc.php HTTP/1.1" 200 5618 "-" "Jetpack/12.5; WordPress/6.2; http://site87166511.com"
161.49.161.52 - - [11/Jul/2026:08:47:37 -0700] "POST /xmlrpc.php HTTP/1.1" 200 5618 "-" "Jetpack/12.0; WordPress/6.2; http://site49058645.com"
161.49.161.52 - - [11/Jul/2026:08:47:58 -0700] "POST /xmlrpc.php HTTP/1.1" 200 5618 "-" "Jetpack by WordPress.com"
181.94.250.73 - - [11/Jul/2026:08:47:58 -0700] "POST /xmlrpc.php HTTP/1.1" 200 5618 "-" "Jetpack by WordPress.com (Jetpack 12.1; WordPress 6.3)"
161.49.161.52 - - [11/Jul/2026:08:48:08 -0700] "POST /xmlrpc.php HTTP/1.1" 200 5618 "-" "Jetpack by WordPress.com (Jetpack 13.0; WordPress 6.1)"
181.94.250.73 - - [11/Jul/2026:08:48:08 -0700] "POST /xmlrpc.php HTTP/1.1" 403 5841 "-" "WordPress.com; https://wordpress.com"
161.49.161.52 - - [11/Jul/2026:08:48:18 -0700] "POST /xmlrpc.php HTTP/1.1" 200 5618 "-" "WordPress.com; https://wordpress.com"
181.94.250.73 - - [11/Jul/2026:08:48:19 -0700] "POST /xmlrpc.php HTTP/1.1" 403 5841 "-" "Jetpack by WordPress.com"
181.94.250.73 - - [11/Jul/2026:08:48:30 -0700] "POST /xmlrpc.php HTTP/1.1" 200 5618 "-" "Jetpack/12.0; WordPress/6.1; http://site61892254.com"
161.49.161.52 - - [11/Jul/2026:08:48:29 -0700] "POST /xmlrpc.php HTTP/1.1" 200 5618 "-" "Jetpack/12.5; WordPress/6.1; http://site27236768.com"
161.49.161.52 - - [11/Jul/2026:08:48:40 -0700] "POST /xmlrpc.php HTTP/1.1" 200 5618 "-" "Jetpack/12.5; WordPress/6.1; http://site56409909.com"
181.94.250.73 - - [11/Jul/2026:08:48:40 -0700] "POST /xmlrpc.php HTTP/1.1" 200 5618 "-" "Jetpack by WordPress.com (Jetpack 12.0; WordPress 6.4)"
35.235.84.95 - - [11/Jul/2026:08:48:51 -0700] "POST /wp-cron.php?doing_wp_cron=1783784931.6358718872070312500000 HTTP/1.1" 200 5076 "-" "WordPress/7.0.1; https://vanessavaladezrealty.com"
161.49.161.52 - - [11/Jul/2026:08:48:50 -0700] "POST /xmlrpc.php HTTP/1.1" 200 5618 "-" "Jetpack by WordPress.com (Jetpack 12.5; WordPress 6.4)"
35.235.84.95 - - [11/Jul/2026:08:48:52 -0700] "POST /wp-cron.php?doing_wp_cron=1783784932.7522599697113037109375 HTTP/1.1" 200 5076 "-" "WordPress/7.0.1; https://vanessavaladezrealty.com"
181.94.250.73 - - [11/Jul/2026:08:48:51 -0700] "POST /xmlrpc.php HTTP/1.1" 200 5618 "-" "Jetpack by WordPress.com (Jetpack 12.5; WordPress 6.3)"
161.49.161.52 - - [11/Jul/2026:08:49:01 -0700] "POST /xmlrpc.php HTTP/1.1" 200 5618 "-" "WordPress.com; https://wordpress.com"
181.94.250.73 - - [11/Jul/2026:08:49:02 -0700] "POST /xmlrpc.php HTTP/1.1" 403 5841 "-" "WordPress.com; https://wordpress.com"
161.49.161.52 - - [11/Jul/2026:08:49:11 -0700] "POST /xmlrpc.php HTTP/1.1" 200 5618 "-" "WordPress.com; https://wordpress.com"
181.94.250.73 - - [11/Jul/2026:08:49:13 -0700] "POST /xmlrpc.php HTTP/1.1" 200 5618 "-" "Jetpack by WordPress.com (Jetpack 12.5; WordPress 6.2)"
161.49.161.52 - - [11/Jul/2026:08:49:22 -0700] "POST /xmlrpc.php HTTP/1.1" 200 5618 "-" "Jetpack/12.5; WordPress/6.1; http://site85795834.com"
181.94.250.73 - - [11/Jul/2026:08:49:23 -0700] "POST /xmlrpc.php HTTP/1.1" 403 5841 "-" "WordPress.com; https://wordpress.com"
161.49.161.52 - - [11/Jul/2026:08:49:32 -0700] "POST /xmlrpc.php HTTP/1.1" 403 5841 "-" "Jetpack by WordPress.com"
181.94.250.73 - - [11/Jul/2026:08:49:34 -0700] "POST /xmlrpc.php HTTP/1.1" 200 5618 "-" "Jetpack by WordPress.com (Jetpack 12.0; WordPress 6.4)"
83.99.206.206 - - [11/Jul/2026:08:49:36 -0700] "GET /properties/?wplview=property_show&pid=139 HTTP/1.1" 200 37319 "-" "Mozilla/5.0 (X11; Linux x86_64) AppleWebKit/537.36 (KHTML, like Gecko; GeedoShopProductFinder) Chrome/142.0.0.0 Safari/537.36"
161.49.161.52 - - [11/Jul/2026:08:49:43 -0700] "POST /xmlrpc.php HTTP/1.1" 200 5618 "-" "Jetpack/12.0; WordPress/6.3; http://site46956390.com"
181.94.250.73 - - [11/Jul/2026:08:49:45 -0700] "POST /xmlrpc.php HTTP/1.1" 403 5841 "-" "Jetpack by WordPress.com"
161.49.161.52 - - [11/Jul/2026:08:49:54 -0700] "POST /xmlrpc.php HTTP/1.1" 403 5841 "-" "WordPress.com; https://wordpress.com"
35.235.84.95 - - [11/Jul/2026:08:49:56 -0700] "POST /wp-cron.php?doing_wp_cron=1783784996.8253281116485595703125 HTTP/1.1" 200 5076 "-" "WordPress/7.0.1; https://vanessavaladezrealty.com"
181.94.250.73 - - [11/Jul/2026:08:49:55 -0700] "POST /xmlrpc.php HTTP/1.1" 200 5618 "-" "Jetpack by WordPress.com (Jetpack 12.0; WordPress 6.2)"
35.235.84.95 - - [11/Jul/2026:08:49:57 -0700] "POST /wp-cron.php?doing_wp_cron=1783784997.7653849124908447265625 HTTP/1.1" 200 5076 "-" "WordPress/7.0.1; https://vanessavaladezrealty.com"
83.99.206.206 - - [11/Jul/2026:08:49:56 -0700] "GET /properties/?wplview=property_show&pid=138 HTTP/1.1" 200 37914 "-" "Mozilla/5.0 (X11; Linux x86_64) AppleWebKit/537.36 (KHTML, like Gecko; GeedoShopProductFinder) Chrome/142.0.0.0 Safari/537.36"
161.49.161.52 - - [11/Jul/2026:08:50:05 -0700] "POST /xmlrpc.php HTTP/1.1" 403 5841 "-" "Jetpack by WordPress.com"
181.94.250.73 - - [11/Jul/2026:08:50:06 -0700] "POST /xmlrpc.php HTTP/1.1" 403 5841 "-" "Jetpack by WordPress.com"
161.49.161.52 - - [11/Jul/2026:08:50:15 -0700] "POST /xmlrpc.php HTTP/1.1" 403 5841 "-" "WordPress.com; https://wordpress.com"
83.99.206.161 - - [11/Jul/2026:08:50:15 -0700] "GET /properties/?wplview=property_show&pid=125 HTTP/1.1" 200 38855 "-" "Mozilla/5.0 (X11; Linux x86_64) AppleWebKit/537.36 (KHTML, like Gecko; GeedoShopProductFinder) Chrome/142.0.0.0 Safari/537.36"
181.94.250.73 - - [11/Jul/2026:08:50:17 -0700] "POST /xmlrpc.php HTTP/1.1" 200 5618 "-" "Jetpack by WordPress.com (Jetpack 12.0; WordPress 6.3)"
161.49.161.52 - - [11/Jul/2026:08:50:26 -0700] "POST /xmlrpc.php HTTP/1.1" 200 5618 "-" "Jetpack by WordPress.com (Jetpack 13.0; WordPress 6.3)"
181.94.250.73 - - [11/Jul/2026:08:50:27 -0700] "POST /xmlrpc.php HTTP/1.1" 200 5618 "-" "Jetpack by WordPress.com (Jetpack 13.0; WordPress 6.3)"
83.99.206.206 - - [11/Jul/2026:08:50:35 -0700] "GET /properties/?wplpage=3 HTTP/1.1" 200 33921 "-" "Mozilla/5.0 (X11; Linux x86_64) AppleWebKit/537.36 (KHTML, like Gecko; GeedoShopProductFinder) Chrome/142.0.0.0 Safari/537.36"
161.49.161.52 - - [11/Jul/2026:08:50:37 -0700] "POST /xmlrpc.php HTTP/1.1" 403 5841 "-" "Jetpack by WordPress.com"
181.94.250.73 - - [11/Jul/2026:08:50:38 -0700] "POST /xmlrpc.php HTTP/1.1" 403 5841 "-" "WordPress.com; https://wordpress.com"
161.49.161.52 - - [11/Jul/2026:08:50:48 -0700] "POST /xmlrpc.php HTTP/1.1" 403 5841 "-" "WordPress.com; https://wordpress.com"
181.94.250.73 - - [11/Jul/2026:08:50:49 -0700] "POST /xmlrpc.php HTTP/1.1" 403 5841 "-" "WordPress.com; https://wordpress.com"
35.235.84.95 - - [11/Jul/2026:08:50:57 -0700] "POST /wp-cron.php?doing_wp_cron=1783785057.2102310657501220703125 HTTP/1.1" 200 5076 "-" "WordPress/7.0.1; https://vanessavaladezrealty.com"
83.99.206.206 - - [11/Jul/2026:08:50:55 -0700] "GET /properties/?wplview=property_show&pid=126 HTTP/1.1" 200 38285 "-" "Mozilla/5.0 (X11; Linux x86_64) AppleWebKit/537.36 (KHTML, like Gecko; GeedoShopProductFinder) Chrome/142.0.0.0 Safari/537.36"
161.49.161.52 - - [11/Jul/2026:08:50:58 -0700] "POST /xmlrpc.php HTTP/1.1" 403 5841 "-" "WordPress.com; https://wordpress.com"
181.94.250.73 - - [11/Jul/2026:08:51:00 -0700] "POST /xmlrpc.php HTTP/1.1" 403 5841 "-" "WordPress.com; https://wordpress.com"
161.49.161.52 - - [11/Jul/2026:08:51:09 -0700] "POST /xmlrpc.php HTTP/1.1" 200 5618 "-" "Jetpack by WordPress.com (Jetpack 12.0; WordPress 6.4)"
181.94.250.73 - - [11/Jul/2026:08:51:10 -0700] "POST /xmlrpc.php HTTP/1.1" 403 5841 "-" "Jetpack by WordPress.com"
83.99.206.211 - - [11/Jul/2026:08:51:16 -0700] "GET /properties/?wplview=property_show&pid=119 HTTP/1.1" 200 39660 "-" "Mozilla/5.0 (X11; Linux x86_64) AppleWebKit/537.36 (KHTML, like Gecko; GeedoShopProductFinder) Chrome/142.0.0.0 Safari/537.36"
161.49.161.52 - - [11/Jul/2026:08:51:19 -0700] "POST /xmlrpc.php HTTP/1.1" 200 5618 "-" "Jetpack/12.5; WordPress/6.3; http://site70806739.com"
181.94.250.73 - - [11/Jul/2026:08:51:21 -0700] "POST /xmlrpc.php HTTP/1.1" 200 5618 "-" "Jetpack by WordPress.com (Jetpack 12.5; WordPress 6.1)"
35.235.84.95 - - [11/Jul/2026:08:51:33 -0700] "POST /wp-cron.php?doing_wp_cron=1783785093.2369489669799804687500 HTTP/1.1" 200 5076 "-" "WordPress/7.0.1; https://vanessavaladezrealty.com"
161.49.161.52 - - [11/Jul/2026:08:51:30 -0700] "POST /xmlrpc.php HTTP/1.1" 403 5841 "-" "WordPress.com; https://wordpress.com"
181.94.250.73 - - [11/Jul/2026:08:51:32 -0700] "POST /xmlrpc.php HTTP/1.1" 200 5618 "-" "Jetpack/13.0; WordPress/6.4; http://site72713411.com"
161.49.161.52 - - [11/Jul/2026:08:51:40 -0700] "POST /xmlrpc.php HTTP/1.1" 200 5618 "-" "Jetpack/12.0; WordPress/6.2; http://site39822185.com"
181.94.250.73 - - [11/Jul/2026:08:51:42 -0700] "POST /xmlrpc.php HTTP/1.1" 403 5841 "-" "WordPress.com; https://wordpress.com"
161.49.161.52 - - [11/Jul/2026:08:51:51 -0700] "POST /xmlrpc.php HTTP/1.1" 403 5841 "-" "Jetpack by WordPress.com"
161.49.161.52 - - [11/Jul/2026:08:52:02 -0700] "POST /xmlrpc.php HTTP/1.1" 200 5618 "-" "Jetpack/12.1; WordPress/6.2; http://site44595692.com"
181.94.250.73 - - [11/Jul/2026:08:51:53 -0700] "POST /xmlrpc.php HTTP/1.1" 200 5618 "-" "Jetpack by WordPress.com (Jetpack 12.1; WordPress 6.2)"
181.94.250.73 - - [11/Jul/2026:08:52:04 -0700] "POST /xmlrpc.php HTTP/1.1" 403 5841 "-" "Jetpack by WordPress.com"
161.49.161.52 - - [11/Jul/2026:08:52:13 -0700] "POST /xmlrpc.php HTTP/1.1" 200 5618 "-" "Jetpack by WordPress.com (Jetpack 12.0; WordPress 6.3)"
181.94.250.73 - - [11/Jul/2026:08:52:15 -0700] "POST /xmlrpc.php HTTP/1.1" 403 5841 "-" "WordPress.com; https://wordpress.com"
161.49.161.52 - - [11/Jul/2026:08:52:23 -0700] "POST /xmlrpc.php HTTP/1.1" 403 5841 "-" "Jetpack by WordPress.com"
181.94.250.73 - - [11/Jul/2026:08:52:25 -0700] "POST /xmlrpc.php HTTP/1.1" 403 5841 "-" "WordPress.com; https://wordpress.com"
161.49.161.52 - - [11/Jul/2026:08:52:34 -0700] "POST /xmlrpc.php HTTP/1.1" 403 5841 "-" "WordPress.com; https://wordpress.com"
181.94.250.73 - - [11/Jul/2026:08:52:36 -0700] "POST /xmlrpc.php HTTP/1.1" 403 5841 "-" "WordPress.com; https://wordpress.com"
35.235.84.95 - - [11/Jul/2026:08:52:46 -0700] "POST /wp-cron.php?doing_wp_cron=1783785166.4978990554809570312500 HTTP/1.1" 200 5076 "-" "WordPress/7.0.1; https://vanessavaladezrealty.com"
161.49.161.52 - - [11/Jul/2026:08:52:45 -0700] "POST /xmlrpc.php HTTP/1.1" 200 5618 "-" "Jetpack/12.0; WordPress/6.1; http://site28312396.com"
161.49.161.52 - - [11/Jul/2026:08:52:55 -0700] "POST /xmlrpc.php HTTP/1.1" 403 5841 "-" "WordPress.com; https://wordpress.com"
181.94.250.73 - - [11/Jul/2026:08:52:47 -0700] "POST /xmlrpc.php HTTP/1.1" 200 5618 "-" "Jetpack/13.0; WordPress/6.1; http://site21432094.com"
35.235.84.95 - - [11/Jul/2026:08:52:58 -0700] "POST /wp-cron.php?doing_wp_cron=1783785178.7280158996582031250000 HTTP/1.1" 200 5076 "-" "WordPress/7.0.1; https://vanessavaladezrealty.com"
181.94.250.73 - - [11/Jul/2026:08:52:57 -0700] "POST /xmlrpc.php HTTP/1.1" 200 5618 "-" "Jetpack by WordPress.com (Jetpack 13.0; WordPress 6.1)"
161.49.161.52 - - [11/Jul/2026:08:53:06 -0700] "POST /xmlrpc.php HTTP/1.1" 200 5618 "-" "Jetpack/12.0; WordPress/6.3; http://site42929462.com"
181.94.250.73 - - [11/Jul/2026:08:53:08 -0700] "POST /xmlrpc.php HTTP/1.1" 200 5618 "-" "Jetpack by WordPress.com (Jetpack 13.0; WordPress 6.3)"
83.99.206.172 - - [11/Jul/2026:08:53:19 -0700] "GET /properties/111-Residential-5618-Vision-Quest-Court-6-Rooms-3-Bedrooms-3-Bathrooms-USD410-000/ HTTP/1.1" 200 38159 "-" "Mozilla/5.0 (X11; Linux x86_64) AppleWebKit/537.36 (KHTML, like Gecko; GeedoShopProductFinder) Chrome/142.0.0.0 Safari/537.36"
161.49.161.52 - - [11/Jul/2026:08:53:16 -0700] "POST /xmlrpc.php HTTP/1.1" 403 5841 "-" "Jetpack by WordPress.com"
181.94.250.73 - - [11/Jul/2026:08:53:19 -0700] "POST /xmlrpc.php HTTP/1.1" 403 5841 "-" "WordPress.com; https://wordpress.com"
161.49.161.52 - - [11/Jul/2026:08:53:27 -0700] "POST /xmlrpc.php HTTP/1.1" 403 5841 "-" "WordPress.com; https://wordpress.com"
181.94.250.73 - - [11/Jul/2026:08:53:30 -0700] "POST /xmlrpc.php HTTP/1.1" 200 5618 "-" "Jetpack by WordPress.com (Jetpack 12.1; WordPress 6.2)"
83.99.206.172 - - [11/Jul/2026:08:53:39 -0700] "GET /properties/?wplview=property_show&pid=133 HTTP/1.1" 200 38519 "-" "Mozilla/5.0 (X11; Linux x86_64) AppleWebKit/537.36 (KHTML, like Gecko; GeedoShopProductFinder) Chrome/142.0.0.0 Safari/537.36"
181.94.250.73 - - [11/Jul/2026:08:53:40 -0700] "POST /xmlrpc.php HTTP/1.1" 200 5618 "-" "Jetpack/12.5; WordPress/6.1; http://site83980848.com"
161.49.161.52 - - [11/Jul/2026:08:53:38 -0700] "POST /xmlrpc.php HTTP/1.1" 403 5841 "-" "Jetpack by WordPress.com"
161.49.161.52 - - [11/Jul/2026:08:53:48 -0700] "POST /xmlrpc.php HTTP/1.1" 200 5618 "-" "Jetpack by WordPress.com (Jetpack 12.0; WordPress 6.2)"
161.49.161.52 - - [11/Jul/2026:08:53:59 -0700] "POST /xmlrpc.php HTTP/1.1" 403 5841 "-" "Jetpack by WordPress.com"
35.235.84.95 - - [11/Jul/2026:08:54:00 -0700] "POST /wp-cron.php?doing_wp_cron=1783785240.8971850872039794921875 HTTP/1.1" 200 5076 "-" "WordPress/7.0.1; https://vanessavaladezrealty.com"
83.99.206.221 - - [11/Jul/2026:08:53:59 -0700] "GET /properties/?wplview=property_show&pid=96 HTTP/1.1" 200 37792 "-" "Mozilla/5.0 (X11; Linux x86_64) AppleWebKit/537.36 (KHTML, like Gecko; GeedoShopProductFinder) Chrome/142.0.0.0 Safari/537.36"
161.49.161.52 - - [11/Jul/2026:08:54:09 -0700] "POST /xmlrpc.php HTTP/1.1" 403 5841 "-" "WordPress.com; https://wordpress.com"
83.99.206.172 - - [11/Jul/2026:08:54:18 -0700] "GET /properties/119-Residential-5589-West-Teco-Avenue-9-Rooms-4-Bedrooms-4-Bathrooms-USD824-900/ HTTP/1.1" 200 39660 "-" "Mozilla/5.0 (X11; Linux x86_64) AppleWebKit/537.36 (KHTML, like Gecko; GeedoShopProductFinder) Chrome/142.0.0.0 Safari/537.36"
161.49.161.52 - - [11/Jul/2026:08:54:20 -0700] "POST /xmlrpc.php HTTP/1.1" 403 5841 "-" "Jetpack by WordPress.com"
161.49.161.52 - - [11/Jul/2026:08:54:30 -0700] "POST /xmlrpc.php HTTP/1.1" 200 5618 "-" "Jetpack by WordPress.com (Jetpack 12.5; WordPress 6.4)"
83.99.206.172 - - [11/Jul/2026:08:54:38 -0700] "GET /properties/?wplview=property_show&pid=124 HTTP/1.1" 200 39509 "-" "Mozilla/5.0 (X11; Linux x86_64) AppleWebKit/537.36 (KHTML, like Gecko; GeedoShopProductFinder) Chrome/142.0.0.0 Safari/537.36"
161.49.161.52 - - [11/Jul/2026:08:54:41 -0700] "POST /xmlrpc.php HTTP/1.1" 403 5841 "-" "WordPress.com; https://wordpress.com"
45.130.83.238 - - [11/Jul/2026:08:54:47 -0700] "GET /wp-admin/ HTTP/1.1" 302 5331 "https://wordpress.org/" "Mozilla/5.0 (Windows NT 10.0; Win64; x64) AppleWebKit/537.36 (KHTML, like Gecko) Chrome/121.0.0.0 Safari/537.36"
35.235.84.95 - - [11/Jul/2026:08:54:50 -0700] "POST /wp-cron.php?doing_wp_cron=1783785290.9117259979248046875000 HTTP/1.1" 200 5076 "-" "WordPress/7.0.1; https://vanessavaladezrealty.com"
45.130.83.238 - - [11/Jul/2026:08:54:49 -0700] "GET /wp-login.php?redirect_to=https%3A%2F%2Fvanessavaladezrealty.com%2Fwp-admin%2F&reauth=1 HTTP/1.1" 200 9853 "https://wordpress.org/" "Mozilla/5.0 (Windows NT 10.0; Win64; x64) AppleWebKit/537.36 (KHTML, like Gecko) Chrome/121.0.0.0 Safari/537.36"
161.49.161.52 - - [11/Jul/2026:08:54:52 -0700] "POST /xmlrpc.php HTTP/1.1" 200 5618 "-" "Jetpack by WordPress.com (Jetpack 13.0; WordPress 6.4)"
83.99.206.172 - - [11/Jul/2026:08:54:59 -0700] "GET /properties/vanessavaladez/?wplpage=3 HTTP/1.1" 200 34263 "-" "Mozilla/5.0 (X11; Linux x86_64) AppleWebKit/537.36 (KHTML, like Gecko; GeedoShopProductFinder) Chrome/142.0.0.0 Safari/537.36"
161.49.161.52 - - [11/Jul/2026:08:55:02 -0700] "POST /xmlrpc.php HTTP/1.1" 200 5618 "-" "Jetpack/12.0; WordPress/6.1; http://site67661853.com"
161.49.161.52 - - [11/Jul/2026:08:55:13 -0700] "POST /xmlrpc.php HTTP/1.1" 403 5841 "-" "Jetpack by WordPress.com"
161.49.161.52 - - [11/Jul/2026:08:55:23 -0700] "POST /xmlrpc.php HTTP/1.1" 403 5841 "-" "WordPress.com; https://wordpress.com"
161.49.161.52 - - [11/Jul/2026:08:55:34 -0700] "POST /xmlrpc.php HTTP/1.1" 403 5841 "-" "WordPress.com; https://wordpress.com"
161.49.161.52 - - [11/Jul/2026:08:55:44 -0700] "POST /xmlrpc.php HTTP/1.1" 200 5618 "-" "Jetpack/12.0; WordPress/6.1; http://site23762451.com"
161.49.161.52 - - [11/Jul/2026:08:55:55 -0700] "POST /xmlrpc.php HTTP/1.1" 403 5841 "-" "WordPress.com; https://wordpress.com"
35.235.84.95 - - [11/Jul/2026:08:56:07 -0700] "POST /wp-cron.php?doing_wp_cron=1783785367.2235860824584960937500 HTTP/1.1" 200 5076 "-" "WordPress/7.0.1; https://vanessavaladezrealty.com"
161.49.161.52 - - [11/Jul/2026:08:56:06 -0700] "POST /xmlrpc.php HTTP/1.1" 200 5618 "-" "Jetpack by WordPress.com (Jetpack 13.0; WordPress 6.3)"
161.49.161.52 - - [11/Jul/2026:08:56:16 -0700] "POST /xmlrpc.php HTTP/1.1" 200 5618 "-" "Jetpack/12.0; WordPress/6.2; http://site97206875.com"
161.49.161.52 - - [11/Jul/2026:08:56:27 -0700] "POST /xmlrpc.php HTTP/1.1" 403 5841 "-" "WordPress.com; https://wordpress.com"
35.235.84.95 - - [11/Jul/2026:08:56:32 -0700] "POST /wp-cron.php?doing_wp_cron=1783785392.4290149211883544921875 HTTP/1.1" 200 5076 "-" "WordPress/7.0.1; https://vanessavaladezrealty.com"
72.167.50.103 - - [11/Jul/2026:08:56:31 -0700] "GET /wp-login.php HTTP/1.1" 200 7852 "-" "Mozilla/5.0 (Macintosh; Intel Mac OS X 10_15_7) AppleWebKit/537.36 (KHTML, like Gecko) Chrome/143.0.0.0 Safari/537.36"
72.167.50.103 - - [11/Jul/2026:08:56:32 -0700] "POST /wp-login.php HTTP/1.1" 200 7931 "https://vanessavaladezrealty.com/wp-login.php" "Mozilla/5.0 (Macintosh; Intel Mac OS X 10_15_7) AppleWebKit/537.36 (KHTML, like Gecko) Chrome/143.0.0.0 Safari/537.36"
161.49.161.52 - - [11/Jul/2026:08:56:38 -0700] "POST /xmlrpc.php HTTP/1.1" 403 5841 "-" "WordPress.com; https://wordpress.com"
161.49.161.52 - - [11/Jul/2026:08:56:49 -0700] "POST /xmlrpc.php HTTP/1.1" 200 5618 "-" "Jetpack/12.1; WordPress/6.1; http://site47176518.com"
161.49.161.52 - - [11/Jul/2026:08:57:00 -0700] "POST /xmlrpc.php HTTP/1.1" 403 5841 "-" "Jetpack by WordPress.com"
83.99.206.242 - - [11/Jul/2026:08:57:04 -0700] "GET /properties/121-Residential-3716-Blue-Dawn-Drive-7-Rooms-3-Bedrooms-2-Bathrooms-USD330-000/ HTTP/1.1" 200 37284 "-" "Mozilla/5.0 (X11; Linux x86_64) AppleWebKit/537.36 (KHTML, like Gecko; GeedoShopProductFinder) Chrome/142.0.0.0 Safari/537.36"
83.99.206.214 - - [11/Jul/2026:08:57:23 -0700] "GET /properties/113-Residential-1470-Rancho-View-Drive-5-Rooms-3-Bedrooms-4-Bathrooms-USD230-000/ HTTP/1.1" 200 38056 "-" "Mozilla/5.0 (X11; Linux x86_64) AppleWebKit/537.36 (KHTML, like Gecko; GeedoShopProductFinder) Chrome/142.0.0.0 Safari/537.36"
161.49.161.52 - - [11/Jul/2026:08:57:10 -0700] "POST /xmlrpc.php HTTP/1.1" 403 5841 "-" "WordPress.com; https://wordpress.com"
35.235.84.95 - - [11/Jul/2026:08:57:33 -0700] "POST /wp-cron.php?doing_wp_cron=1783785453.5156071186065673828125 HTTP/1.1" 200 5076 "-" "WordPress/7.0.1; https://vanessavaladezrealty.com"
83.99.206.243 - - [11/Jul/2026:08:57:43 -0700] "GET /properties/109-Residential-7213-Tame-Place-6-Rooms-3-Bedrooms-2-Bathrooms-USD325-000/ HTTP/1.1" 200 37488 "-" "Mozilla/5.0 (X11; Linux x86_64) AppleWebKit/537.36 (KHTML, like Gecko; GeedoShopProductFinder) Chrome/142.0.0.0 Safari/537.36"
63.135.161.120 - - [11/Jul/2026:08:57:48 -0700] "GET /?author=1 HTTP/1.1" 301 5565 "-" "Mozilla/5.0 (X11; Ubuntu; Linux x86_64) AppleWebKit/537.36 (KHTML, like Gecko) Chrome/120.0.0.0 Safari/537.36"
161.49.161.52 - - [11/Jul/2026:08:57:43 -0700] "POST /xmlrpc.php HTTP/1.1" 403 5841 "-" "Jetpack by WordPress.com"
161.49.161.52 - - [11/Jul/2026:08:57:21 -0700] "POST /xmlrpc.php HTTP/1.1" 403 5841 "-" "Jetpack by WordPress.com"
161.49.161.52 - - [11/Jul/2026:08:57:32 -0700] "POST /xmlrpc.php HTTP/1.1" 200 5618 "-" "Jetpack by WordPress.com (Jetpack 12.1; WordPress 6.2)"
35.235.84.95 - - [11/Jul/2026:08:57:52 -0700] "POST /wp-cron.php?doing_wp_cron=1783785472.5765259265899658203125 HTTP/1.1" 200 5076 "-" "WordPress/7.0.1; https://vanessavaladezrealty.com"
63.135.161.120 - - [11/Jul/2026:08:57:51 -0700] "GET /author/admin_wyj7ruvs/ HTTP/1.1" 200 23555 "-" "Mozilla/5.0 (X11; Ubuntu; Linux x86_64) AppleWebKit/537.36 (KHTML, like Gecko) Chrome/120.0.0.0 Safari/537.36"
161.49.161.52 - - [11/Jul/2026:08:57:54 -0700] "POST /xmlrpc.php HTTP/1.1" 200 5618 "-" "Jetpack by WordPress.com (Jetpack 12.5; WordPress 6.3)"
161.49.161.52 - - [11/Jul/2026:08:58:04 -0700] "POST /xmlrpc.php HTTP/1.1" 403 5841 "-" "WordPress.com; https://wordpress.com"
83.99.206.164 - - [11/Jul/2026:08:58:03 -0700] "GET /properties/112-Residential-405-Cactus-Bloom-Lane-7-Rooms-3-Bedrooms-2-Bathrooms-USD240-000/ HTTP/1.1" 200 35750 "-" "Mozilla/5.0 (X11; Linux x86_64) AppleWebKit/537.36 (KHTML, like Gecko; GeedoShopProductFinder) Chrome/142.0.0.0 Safari/537.36"
161.49.161.52 - - [11/Jul/2026:08:58:15 -0700] "POST /xmlrpc.php HTTP/1.1" 403 5841 "-" "Jetpack by WordPress.com"
83.99.206.179 - - [11/Jul/2026:08:58:23 -0700] "GET /properties/94-Residential-11856-Bella-Luna-Street-8-Rooms-4-Bedrooms-3-Bathrooms-USD395-000/ HTTP/1.1" 200 35165 "-" "Mozilla/5.0 (X11; Linux x86_64) AppleWebKit/537.36 (KHTML, like Gecko; GeedoShopProductFinder) Chrome/142.0.0.0 Safari/537.36"
161.49.161.52 - - [11/Jul/2026:08:58:25 -0700] "POST /xmlrpc.php HTTP/1.1" 403 5841 "-" "WordPress.com; https://wordpress.com"
63.135.161.120 - - [11/Jul/2026:08:58:27 -0700] "GET /?author=2 HTTP/1.1" 200 23132 "https://duckduckgo.com/" "Mozilla/5.0 (Macintosh; Intel Mac OS X 13_6_1) AppleWebKit/605.1.15 (KHTML, like Gecko) Version/17.0 Safari/605.1.15"
63.135.161.120 - - [11/Jul/2026:08:58:29 -0700] "GET /?author=3 HTTP/1.1" 200 23118 "https://wordpress.org/" "Mozilla/5.0 (Macintosh; Intel Mac OS X 10_15_7; rv:120.0) Gecko/20100101 Firefox/120.0"
63.135.161.120 - - [11/Jul/2026:08:58:30 -0700] "GET /?author=4 HTTP/1.1" 301 5558 "https://duckduckgo.com/" "Mozilla/5.0 (Macintosh; Intel Mac OS X 10_15_7; rv:118.0) Gecko/20100101 Firefox/118.0"
63.135.161.120 - - [11/Jul/2026:08:58:32 -0700] "GET /author/jarthur/ HTTP/1.1" 200 23128 "https://duckduckgo.com/" "Mozilla/5.0 (Macintosh; Intel Mac OS X 10_15_7; rv:118.0) Gecko/20100101 Firefox/118.0"
89.37.63.46 - - [11/Jul/2026:08:58:33 -0700] "GET /auth HTTP/1.1" 404 100263 "-" "\"Mozilla/5.0 (iPhone; CPU iPhone OS 18_3_2 like Mac OS X) AppleWebKit/605.1.15 (KHTML, like Gecko) Version/18.3.1 Mobile/15E148 Safari/604.\""
83.99.206.243 - - [11/Jul/2026:08:58:44 -0700] "GET /properties/?wplview=property_show&pid=111 HTTP/1.1" 200 38159 "-" "Mozilla/5.0 (X11; Linux x86_64) AppleWebKit/537.36 (KHTML, like Gecko; GeedoShopProductFinder) Chrome/142.0.0.0 Safari/537.36"
168.100.11.184 - - [11/Jul/2026:08:58:45 -0700] "GET / HTTP/1.1" 200 39840 "-" "Mozilla/5.0 (Macintosh; Intel Mac OS X 10_15_7) AppleWebKit/537.36 (KHTML, like Gecko) Chrome/122.0.0.0 Safari/537.36"
161.49.161.52 - - [11/Jul/2026:08:58:47 -0700] "POST /xmlrpc.php HTTP/1.1" 403 5841 "-" "WordPress.com; https://wordpress.com"
161.49.161.52 - - [11/Jul/2026:08:58:36 -0700] "POST /xmlrpc.php HTTP/1.1" 200 5618 "-" "Jetpack by WordPress.com (Jetpack 12.5; WordPress 6.3)"
35.235.84.95 - - [11/Jul/2026:08:58:51 -0700] "POST /wp-cron.php?doing_wp_cron=1783785531.8000590801239013671875 HTTP/1.1" 200 5076 "-" "WordPress/7.0.1; https://vanessavaladezrealty.com"
74.7.244.10 - - [11/Jul/2026:08:58:50 -0700] "GET /robots.txt HTTP/1.1" 200 5762 "-" "Mozilla/5.0 (Macintosh; Intel Mac OS X 10_15_7) AppleWebKit/537.36 (KHTML, like Gecko) Chrome/131.0.0.0 Safari/537.36; compatible; OAI-SearchBot/1.4; robots.txt; +https://openai.com/searchbot"
161.49.161.52 - - [11/Jul/2026:08:58:57 -0700] "POST /xmlrpc.php HTTP/1.1" 403 5841 "-" "Jetpack by WordPress.com"
161.49.161.52 - - [11/Jul/2026:08:59:08 -0700] "POST /xmlrpc.php HTTP/1.1" 200 5618 "-" "Jetpack/12.0; WordPress/6.3; http://site81440494.com"
161.49.161.52 - - [11/Jul/2026:08:59:18 -0700] "POST /xmlrpc.php HTTP/1.1" 403 5841 "-" "Jetpack by WordPress.com"
161.49.161.52 - - [11/Jul/2026:08:59:29 -0700] "POST /xmlrpc.php HTTP/1.1" 403 5841 "-" "WordPress.com; https://wordpress.com"
161.49.161.52 - - [11/Jul/2026:08:59:39 -0700] "POST /xmlrpc.php HTTP/1.1" 403 5841 "-" "WordPress.com; https://wordpress.com"
35.235.84.95 - - [11/Jul/2026:08:59:51 -0700] "POST /wp-cron.php?doing_wp_cron=1783785591.5668270587921142578125 HTTP/1.1" 200 5076 "-" "WordPress/7.0.1; https://vanessavaladezrealty.com"
161.49.161.52 - - [11/Jul/2026:08:59:50 -0700] "POST /xmlrpc.php HTTP/1.1" 200 5618 "-" "Jetpack/12.1; WordPress/6.3; http://site77306298.com"
161.49.161.52 - - [11/Jul/2026:09:00:01 -0700] "POST /xmlrpc.php HTTP/1.1" 200 5618 "-" "Jetpack/13.0; WordPress/6.2; http://site98956683.com"
35.235.84.95 - - [11/Jul/2026:09:00:08 -0700] "POST /wp-cron.php?doing_wp_cron=1783785608.1648900508880615234375 HTTP/1.1" 200 5076 "-" "WordPress/7.0.1; https://vanessavaladezrealty.com"
45.130.83.241 - - [11/Jul/2026:09:00:07 -0700] "GET /?author=5 HTTP/1.1" 404 99562 "-" "Mozilla/5.0 (Windows NT 11.0; Win64; x64; rv:121.0) Gecko/20100101 Firefox/121.0"
45.130.83.241 - - [11/Jul/2026:09:00:09 -0700] "GET /?author=6 HTTP/1.1" 404 99562 "https://duckduckgo.com/" "Mozilla/5.0 (Macintosh; Intel Mac OS X 10_15_7) AppleWebKit/605.1.15 (KHTML, like Gecko) Version/17.2 Safari/605.1.15"
161.49.161.52 - - [11/Jul/2026:09:00:11 -0700] "POST /xmlrpc.php HTTP/1.1" 200 5618 "-" "Jetpack by WordPress.com (Jetpack 12.1; WordPress 6.4)"
45.130.83.241 - - [11/Jul/2026:09:00:12 -0700] "GET /?author=7 HTTP/1.1" 404 99562 "https://duckduckgo.com/" "Mozilla/5.0 (Windows NT 10.0; Win64; x64; rv:121.0) Gecko/20100101 Firefox/121.0"
45.130.83.241 - - [11/Jul/2026:09:00:15 -0700] "GET /?author=8 HTTP/1.1" 404 99562 "" "Mozilla/5.0 (X11; Linux x86_64) AppleWebKit/537.36 (KHTML, like Gecko) Chrome/121.0.0.0 Safari/537.36"
45.130.83.241 - - [11/Jul/2026:09:00:18 -0700] "GET /?author=9 HTTP/1.1" 404 99562 "https://www.facebook.com/" "Mozilla/5.0 (Windows NT 11.0; Win64; x64) AppleWebKit/537.36 (KHTML, like Gecko) Chrome/118.0.0.0 Safari/537.36"
161.49.161.52 - - [11/Jul/2026:09:00:22 -0700] "POST /xmlrpc.php HTTP/1.1" 403 5841 "-" "Jetpack by WordPress.com"
45.130.83.241 - - [11/Jul/2026:09:00:22 -0700] "GET /wp-json/wp/v2/users HTTP/1.1" 403 5841 "-" "Mozilla/5.0 (Macintosh; Intel Mac OS X 10_15_7) AppleWebKit/537.36 (KHTML, like Gecko) Chrome/120.0.0.0 Safari/537.36"
45.130.83.241 - - [11/Jul/2026:09:00:28 -0700] "GET / HTTP/1.1" 200 39791 "https://duckduckgo.com/" "Mozilla/5.0 (Macintosh; Intel Mac OS X 13_6_1) AppleWebKit/537.36 (KHTML, like Gecko) Chrome/118.0.0.0 Safari/537.36"
161.49.161.52 - - [11/Jul/2026:09:00:32 -0700] "POST /xmlrpc.php HTTP/1.1" 403 5841 "-" "WordPress.com; https://wordpress.com"
35.235.84.95 - - [11/Jul/2026:09:00:38 -0700] "HEAD / HTTP/1.1" 200 5742 "-" "Mozilla/5.0 (Windows NT 10.0; Win64; x64) AppleWebKit/537.36 (KHTML, like Gecko) Chrome/117.0.0.0 Safari/537.36"
161.49.161.52 - - [11/Jul/2026:09:00:43 -0700] "POST /xmlrpc.php HTTP/1.1" 200 5618 "-" "Jetpack by WordPress.com (Jetpack 13.0; WordPress 6.2)"
113.186.107.67 - - [11/Jul/2026:09:00:44 -0700] "GET /properties/vanessavaladez/tel:7027760711/tel:7027760711/tel:7027760711/tel:7027760711/tel:7027760711/tel:7027760711/?wplpage=4 HTTP/1.1" 200 34585 "-" "Mozilla/5.0 (Macintosh; Intel Mac OS X 10_14_6) AppleWebKit/537.36 (KHTML, like Gecko) Chrome/93.0.4577.82 Safari/537.36"
83.99.206.104 - - [11/Jul/2026:09:00:45 -0700] "GET /properties/107-Residential-6827-Regency-Crest-Avenue-8-Rooms-2-Bedrooms-3-Bathrooms-USD950-000/ HTTP/1.1" 200 40081 "-" "Mozilla/5.0 (X11; Linux x86_64) AppleWebKit/537.36 (KHTML, like Gecko; GeedoShopProductFinder) Chrome/142.0.0.0 Safari/537.36"
35.235.84.95 - - [11/Jul/2026:09:00:54 -0700] "POST /wp-cron.php?doing_wp_cron=1783785654.9444448947906494140625 HTTP/1.1" 200 5076 "-" "WordPress/7.0.1; https://vanessavaladezrealty.com"
161.49.161.52 - - [11/Jul/2026:09:00:53 -0700] "POST /xmlrpc.php HTTP/1.1" 200 5618 "-" "Jetpack by WordPress.com (Jetpack 12.1; WordPress 6.1)"
83.99.206.104 - - [11/Jul/2026:09:01:06 -0700] "GET /properties/123-Residential-3740-Thomas-Patrick-Avenue-3-Rooms-3-Bedrooms-3-Bathrooms-USD330-000/ HTTP/1.1" 200 37068 "-" "Mozilla/5.0 (X11; Linux x86_64) AppleWebKit/537.36 (KHTML, like Gecko; GeedoShopProductFinder) Chrome/142.0.0.0 Safari/537.36"
161.49.161.52 - - [11/Jul/2026:09:01:05 -0700] "POST /xmlrpc.php HTTP/1.1" 200 5618 "-" "Jetpack/12.0; WordPress/6.1; http://site70993804.com"
161.49.161.52 - - [11/Jul/2026:09:01:15 -0700] "POST /xmlrpc.php HTTP/1.1" 200 5618 "-" "Jetpack by WordPress.com (Jetpack 13.0; WordPress 6.3)"
198.46.194.164 - - [11/Jul/2026:09:01:20 -0700] "GET / HTTP/1.1" 200 39846 "-" "Mozilla/5.0 (Macintosh; Intel Mac OS X 10_15_7) AppleWebKit/537.36 (KHTML, like Gecko) Chrome/147.0.0.0 Safari/537.36"
161.49.161.52 - - [11/Jul/2026:09:01:26 -0700] "POST /xmlrpc.php HTTP/1.1" 403 5841 "-" "Jetpack by WordPress.com"
35.235.84.95 - - [11/Jul/2026:09:01:27 -0700] "POST /wp-cron.php?doing_wp_cron=1783785687.0415859222412109375000 HTTP/1.1" 200 5076 "-" "WordPress/7.0.1; https://vanessavaladezrealty.com"
83.99.206.104 - - [11/Jul/2026:09:01:25 -0700] "GET /properties/122-Residential-1130-Silver-Stone-Way-10-Rooms-5-Bedrooms-3-Bathrooms-USD430-000/ HTTP/1.1" 200 38543 "-" "Mozilla/5.0 (X11; Linux x86_64) AppleWebKit/537.36 (KHTML, like Gecko; GeedoShopProductFinder) Chrome/142.0.0.0 Safari/537.36"
161.49.161.52 - - [11/Jul/2026:09:01:37 -0700] "POST /xmlrpc.php HTTP/1.1" 200 5618 "-" "Jetpack/12.5; WordPress/6.3; http://site28404366.com"
83.99.206.104 - - [11/Jul/2026:09:01:45 -0700] "GET /properties/117-Residential-10792-Ascona-Tide-Court-5-Rooms-4-Bedrooms-4-Bathrooms-USD499-900/ HTTP/1.1" 200 39023 "-" "Mozilla/5.0 (X11; Linux x86_64) AppleWebKit/537.36 (KHTML, like Gecko; GeedoShopProductFinder) Chrome/142.0.0.0 Safari/537.36"
161.49.161.52 - - [11/Jul/2026:09:01:47 -0700] "POST /xmlrpc.php HTTP/1.1" 200 5618 "-" "Jetpack by WordPress.com (Jetpack 12.0; WordPress 6.2)"
161.49.161.52 - - [11/Jul/2026:09:01:58 -0700] "POST /xmlrpc.php HTTP/1.1" 403 5841 "-" "WordPress.com; https://wordpress.com"
83.99.206.104 - - [11/Jul/2026:09:02:06 -0700] "GET /properties/96-Residential-Lease-2332-BROCKTON-Way-9-Rooms-4-Bedrooms-3-Bathrooms-USD1-950/ HTTP/1.1" 200 37790 "-" "Mozilla/5.0 (X11; Linux x86_64) AppleWebKit/537.36 (KHTML, like Gecko; GeedoShopProductFinder) Chrome/142.0.0.0 Safari/537.36"
161.49.161.52 - - [11/Jul/2026:09:02:09 -0700] "POST /xmlrpc.php HTTP/1.1" 200 5618 "-" "Jetpack/12.5; WordPress/6.2; http://site77107140.com"
161.49.161.52 - - [11/Jul/2026:09:02:20 -0700] "POST /xmlrpc.php HTTP/1.1" 403 5841 "-" "Jetpack by WordPress.com"
35.235.84.95 - - [11/Jul/2026:09:02:27 -0700] "POST /wp-cron.php?doing_wp_cron=1783785747.6355121135711669921875 HTTP/1.1" 200 5076 "-" "WordPress/7.0.1; https://vanessavaladezrealty.com"
83.99.206.181 - - [11/Jul/2026:09:02:26 -0700] "GET /properties/vanessavaladez/?wplpage=4 HTTP/1.1" 200 34557 "-" "Mozilla/5.0 (X11; Linux x86_64) AppleWebKit/537.36 (KHTML, like Gecko; GeedoShopProductFinder) Chrome/142.0.0.0 Safari/537.36"
161.49.161.52 - - [11/Jul/2026:09:02:30 -0700] "POST /xmlrpc.php HTTP/1.1" 200 5618 "-" "Jetpack by WordPress.com (Jetpack 13.0; WordPress 6.1)"
161.49.161.52 - - [11/Jul/2026:09:02:41 -0700] "POST /xmlrpc.php HTTP/1.1" 200 5618 "-" "Jetpack/12.1; WordPress/6.2; http://site87743023.com"
35.235.84.95 - - [11/Jul/2026:09:02:52 -0700] "POST /wp-cron.php?doing_wp_cron=1783785772.8028819561004638671875 HTTP/1.1" 200 5076 "-" "WordPress/7.0.1; https://vanessavaladezrealty.com"
161.49.161.52 - - [11/Jul/2026:09:02:51 -0700] "POST /xmlrpc.php HTTP/1.1" 200 5618 "-" "Jetpack by WordPress.com (Jetpack 13.0; WordPress 6.4)"
161.49.161.52 - - [11/Jul/2026:09:03:02 -0700] "POST /xmlrpc.php HTTP/1.1" 200 5618 "-" "Jetpack/13.0; WordPress/6.2; http://site75517541.com"
161.49.161.52 - - [11/Jul/2026:09:03:13 -0700] "POST /xmlrpc.php HTTP/1.1" 403 5841 "-" "Jetpack by WordPress.com"
161.49.161.52 - - [11/Jul/2026:09:03:24 -0700] "POST /xmlrpc.php HTTP/1.1" 200 5618 "-" "Jetpack by WordPress.com (Jetpack 12.1; WordPress 6.1)"
161.49.161.52 - - [11/Jul/2026:09:03:34 -0700] "POST /xmlrpc.php HTTP/1.1" 200 5618 "-" "Jetpack/12.5; WordPress/6.4; http://site13783448.com"
161.49.161.52 - - [11/Jul/2026:09:03:45 -0700] "POST /xmlrpc.php HTTP/1.1" 200 5618 "-" "Jetpack by WordPress.com (Jetpack 12.1; WordPress 6.4)"
161.49.161.52 - - [11/Jul/2026:09:03:56 -0700] "POST /xmlrpc.php HTTP/1.1" 403 5841 "-" "Jetpack by WordPress.com"
161.49.161.52 - - [11/Jul/2026:09:04:06 -0700] "POST /xmlrpc.php HTTP/1.1" 403 5841 "-" "WordPress.com; https://wordpress.com"
35.235.84.95 - - [11/Jul/2026:09:04:18 -0700] "POST /wp-cron.php?doing_wp_cron=1783785858.1472458839416503906250 HTTP/1.1" 200 5076 "-" "WordPress/7.0.1; https://vanessavaladezrealty.com"
161.49.161.52 - - [11/Jul/2026:09:04:17 -0700] "POST /xmlrpc.php HTTP/1.1" 200 5618 "-" "Jetpack by WordPress.com (Jetpack 12.1; WordPress 6.4)"
45.130.83.242 - - [11/Jul/2026:09:04:21 -0700] "POST /wp-login.php HTTP/1.1" 200 7888 "https://vanessavaladezrealty.com/wp-login.php" "Mozilla/5.0 (Macintosh; Intel Mac OS X 10_15_7) AppleWebKit/537.36 (KHTML, like Gecko) Chrome/119.0.0.0 Safari/537.36"
45.130.83.242 - - [11/Jul/2026:09:04:24 -0700] "GET /wp-admin/index.php HTTP/1.1" 302 5282 "https://vanessavaladezrealty.com/wp-login.php" "Mozilla/5.0 (X11; Linux x86_64) AppleWebKit/537.36 (KHTML, like Gecko) Chrome/119.0.0.0 Safari/537.36"
83.99.206.239 - - [11/Jul/2026:09:04:24 -0700] "GET /properties/114-Residential-3111-Bel-Air-Drive-11E-6-Rooms-2-Bedrooms-3-Bathrooms-USD435-000/ HTTP/1.1" 200 39507 "-" "Mozilla/5.0 (X11; Linux x86_64) AppleWebKit/537.36 (KHTML, like Gecko; GeedoShopProductFinder) Chrome/142.0.0.0 Safari/537.36"
45.130.83.242 - - [11/Jul/2026:09:04:26 -0700] "GET /wp-login.php?redirect_to=https%3A%2F%2Fvanessavaladezrealty.com%2Fwp-admin%2Findex.php&reauth=1 HTTP/1.1" 200 9857 "https://vanessavaladezrealty.com/wp-login.php" "Mozilla/5.0 (X11; Linux x86_64) AppleWebKit/537.36 (KHTML, like Gecko) Chrome/119.0.0.0 Safari/537.36"
161.49.161.52 - - [11/Jul/2026:09:04:27 -0700] "POST /xmlrpc.php HTTP/1.1" 200 5618 "-" "Jetpack/12.5; WordPress/6.1; http://site38307907.com"
45.130.83.242 - - [11/Jul/2026:09:04:31 -0700] "GET /wp-admin/index.php HTTP/1.1" 302 5282 "https://vanessavaladezrealty.com/wp-login.php" "Mozilla/5.0 (Macintosh; Intel Mac OS X 13_6_1) AppleWebKit/605.1.15 (KHTML, like Gecko) Version/16.6 Safari/605.1.15"
45.130.83.242 - - [11/Jul/2026:09:04:33 -0700] "GET /wp-login.php?redirect_to=https%3A%2F%2Fvanessavaladezrealty.com%2Fwp-admin%2Findex.php&reauth=1 HTTP/1.1" 200 9857 "https://vanessavaladezrealty.com/wp-login.php" "Mozilla/5.0 (Macintosh; Intel Mac OS X 13_6_1) AppleWebKit/605.1.15 (KHTML, like Gecko) Version/16.6 Safari/605.1.15"
45.130.83.242 - - [11/Jul/2026:09:04:36 -0700] "GET /wp-admin/index.php HTTP/1.1" 302 5282 "https://vanessavaladezrealty.com/wp-login.php" "Mozilla/5.0 (Windows NT 10.0; Win64; x64; rv:121.0) Gecko/20100101 Firefox/121.0"
45.130.83.242 - - [11/Jul/2026:09:04:35 -0700] "POST /wp-login.php HTTP/1.1" 200 7953 "https://vanessavaladezrealty.com/wp-login.php" "Mozilla/5.0 (X11; Ubuntu; Linux x86_64) AppleWebKit/537.36 (KHTML, like Gecko) Chrome/121.0.0.0 Safari/537.36"
45.130.83.242 - - [11/Jul/2026:09:04:30 -0700] "POST /wp-login.php HTTP/1.1" 200 7950 "https://vanessavaladezrealty.com/wp-login.php" "Mozilla/5.0 (Windows NT 11.0; Win64; x64) AppleWebKit/537.36 (KHTML, like Gecko) Chrome/119.0.0.0 Safari/537.36"
161.49.161.52 - - [11/Jul/2026:09:04:38 -0700] "POST /xmlrpc.php HTTP/1.1" 200 5618 "-" "Jetpack by WordPress.com (Jetpack 13.0; WordPress 6.1)"
45.130.83.242 - - [11/Jul/2026:09:04:38 -0700] "GET /wp-login.php?redirect_to=https%3A%2F%2Fvanessavaladezrealty.com%2Fwp-admin%2Findex.php&reauth=1 HTTP/1.1" 200 9857 "https://vanessavaladezrealty.com/wp-login.php" "Mozilla/5.0 (Windows NT 10.0; Win64; x64; rv:121.0) Gecko/20100101 Firefox/121.0"
45.130.83.242 - - [11/Jul/2026:09:04:40 -0700] "POST /wp-login.php HTTP/1.1" 200 7947 "https://vanessavaladezrealty.com/wp-login.php" "Mozilla/5.0 (X11; Linux x86_64) AppleWebKit/537.36 (KHTML, like Gecko) Chrome/118.0.0.0 Safari/537.36"
45.130.83.242 - - [11/Jul/2026:09:04:43 -0700] "GET /wp-admin/index.php HTTP/1.1" 302 5282 "https://vanessavaladezrealty.com/wp-login.php" "Mozilla/5.0 (Macintosh; Intel Mac OS X 13_6_1; rv:118.0) Gecko/20100101 Firefox/118.0"
83.99.206.239 - - [11/Jul/2026:09:04:44 -0700] "GET /properties/?wplview=property_show&pid=110 HTTP/1.1" 200 38506 "-" "Mozilla/5.0 (X11; Linux x86_64) AppleWebKit/537.36 (KHTML, like Gecko; GeedoShopProductFinder) Chrome/142.0.0.0 Safari/537.36"
45.130.83.242 - - [11/Jul/2026:09:04:47 -0700] "GET /wp-login.php?redirect_to=https%3A%2F%2Fvanessavaladezrealty.com%2Fwp-admin%2Findex.php&reauth=1 HTTP/1.1" 200 9857 "https://vanessavaladezrealty.com/wp-login.php" "Mozilla/5.0 (Macintosh; Intel Mac OS X 13_6_1; rv:118.0) Gecko/20100101 Firefox/118.0"
161.49.161.52 - - [11/Jul/2026:09:04:48 -0700] "POST /xmlrpc.php HTTP/1.1" 200 5618 "-" "Jetpack/13.0; WordPress/6.2; http://site48529759.com"
35.235.84.95 - - [11/Jul/2026:09:04:57 -0700] "POST /wp-cron.php?doing_wp_cron=1783785897.7158749103546142578125 HTTP/1.1" 200 5076 "-" "WordPress/7.0.1; https://vanessavaladezrealty.com"
45.130.83.242 - - [11/Jul/2026:09:04:56 -0700] "POST /wp-login.php HTTP/1.1" 200 7888 "https://vanessavaladezrealty.com/wp-login.php" "Mozilla/5.0 (X11; Ubuntu; Linux x86_64) AppleWebKit/537.36 (KHTML, like Gecko) Chrome/119.0.0.0 Safari/537.36"
45.130.83.242 - - [11/Jul/2026:09:04:58 -0700] "GET /wp-admin/index.php HTTP/1.1" 302 5282 "https://vanessavaladezrealty.com/wp-login.php" "Mozilla/5.0 (X11; Linux x86_64) AppleWebKit/537.36 (KHTML, like Gecko) Chrome/118.0.0.0 Safari/537.36"
161.49.161.52 - - [11/Jul/2026:09:04:59 -0700] "POST /xmlrpc.php HTTP/1.1" 200 5618 "-" "Jetpack/12.0; WordPress/6.3; http://site27512134.com"
45.130.83.242 - - [11/Jul/2026:09:05:01 -0700] "GET /wp-login.php?redirect_to=https%3A%2F%2Fvanessavaladezrealty.com%2Fwp-admin%2Findex.php&reauth=1 HTTP/1.1" 200 9857 "https://vanessavaladezrealty.com/wp-login.php" "Mozilla/5.0 (X11; Linux x86_64) AppleWebKit/537.36 (KHTML, like Gecko) Chrome/118.0.0.0 Safari/537.36"
45.130.83.242 - - [11/Jul/2026:09:05:03 -0700] "POST /wp-login.php HTTP/1.1" 200 7947 "https://vanessavaladezrealty.com/wp-login.php" "Mozilla/5.0 (Macintosh; Intel Mac OS X 13_6_1; rv:120.0) Gecko/20100101 Firefox/120.0"
83.99.206.239 - - [11/Jul/2026:09:05:04 -0700] "GET /properties/?wplview=property_show&pid=132 HTTP/1.1" 200 38405 "-" "Mozilla/5.0 (X11; Linux x86_64) AppleWebKit/537.36 (KHTML, like Gecko; GeedoShopProductFinder) Chrome/142.0.0.0 Safari/537.36"
45.130.83.242 - - [11/Jul/2026:09:05:05 -0700] "GET /wp-admin/index.php HTTP/1.1" 302 5282 "https://vanessavaladezrealty.com/wp-login.php" "Mozilla/5.0 (Macintosh; Intel Mac OS X 10_15_7) AppleWebKit/605.1.15 (KHTML, like Gecko) Version/17.0 Safari/605.1.15"
45.130.83.242 - - [11/Jul/2026:09:05:07 -0700] "GET /wp-login.php?redirect_to=https%3A%2F%2Fvanessavaladezrealty.com%2Fwp-admin%2Findex.php&reauth=1 HTTP/1.1" 200 9857 "https://vanessavaladezrealty.com/wp-login.php" "Mozilla/5.0 (Macintosh; Intel Mac OS X 10_15_7) AppleWebKit/605.1.15 (KHTML, like Gecko) Version/17.0 Safari/605.1.15"
161.49.161.52 - - [11/Jul/2026:09:05:10 -0700] "POST /xmlrpc.php HTTP/1.1" 200 5618 "-" "Jetpack/12.1; WordPress/6.2; http://site26062122.com"
45.130.83.242 - - [11/Jul/2026:09:05:10 -0700] "POST /wp-login.php HTTP/1.1" 200 7888 "https://vanessavaladezrealty.com/wp-login.php" "Mozilla/5.0 (Macintosh; Intel Mac OS X 13_6_1; rv:119.0) Gecko/20100101 Firefox/119.0"
45.130.83.242 - - [11/Jul/2026:09:05:11 -0700] "GET /wp-admin/index.php HTTP/1.1" 302 5282 "https://vanessavaladezrealty.com/wp-login.php" "Mozilla/5.0 (Windows NT 11.0; Win64; x64; rv:118.0) Gecko/20100101 Firefox/118.0"
45.130.83.242 - - [11/Jul/2026:09:05:13 -0700] "GET /wp-login.php?redirect_to=https%3A%2F%2Fvanessavaladezrealty.com%2Fwp-admin%2Findex.php&reauth=1 HTTP/1.1" 200 9857 "https://vanessavaladezrealty.com/wp-login.php" "Mozilla/5.0 (Windows NT 11.0; Win64; x64; rv:118.0) Gecko/20100101 Firefox/118.0"
45.130.83.242 - - [11/Jul/2026:09:05:16 -0700] "POST /wp-login.php HTTP/1.1" 200 7945 "https://vanessavaladezrealty.com/wp-login.php" "Mozilla/5.0 (X11; Linux x86_64) AppleWebKit/537.36 (KHTML, like Gecko) Chrome/118.0.0.0 Safari/537.36"
45.130.83.242 - - [11/Jul/2026:09:05:17 -0700] "GET /wp-admin/index.php HTTP/1.1" 302 5282 "https://vanessavaladezrealty.com/wp-login.php" "Mozilla/5.0 (Macintosh; Intel Mac OS X 13_6_1; rv:120.0) Gecko/20100101 Firefox/120.0"
45.130.83.242 - - [11/Jul/2026:09:05:20 -0700] "GET /wp-login.php?redirect_to=https%3A%2F%2Fvanessavaladezrealty.com%2Fwp-admin%2Findex.php&reauth=1 HTTP/1.1" 200 9857 "https://vanessavaladezrealty.com/wp-login.php" "Mozilla/5.0 (Macintosh; Intel Mac OS X 13_6_1; rv:120.0) Gecko/20100101 Firefox/120.0"
45.130.83.242 - - [11/Jul/2026:09:05:23 -0700] "GET /wp-admin/index.php HTTP/1.1" 302 5282 "https://vanessavaladezrealty.com/wp-login.php" "Mozilla/5.0 (Windows NT 11.0; Win64; x64) AppleWebKit/537.36 (KHTML, like Gecko) Chrome/121.0.0.0 Safari/537.36"
83.99.206.239 - - [11/Jul/2026:09:05:24 -0700] "GET /properties/110-Residential-Lease-10013-Alegria-Drive-8-Rooms-3-Bedrooms-3-Bathrooms-USD4-499/ HTTP/1.1" 200 38504 "-" "Mozilla/5.0 (X11; Linux x86_64) AppleWebKit/537.36 (KHTML, like Gecko; GeedoShopProductFinder) Chrome/142.0.0.0 Safari/537.36"
