45.130.83.242 - - [11/Jul/2026:09:05:21 -0700] "POST /wp-login.php HTTP/1.1" 200 7949 "https://vanessavaladezrealty.com/wp-login.php" "Mozilla/5.0 (Windows NT 11.0; Win64; x64; rv:120.0) Gecko/20100101 Firefox/120.0"
45.130.83.242 - - [11/Jul/2026:09:05:27 -0700] "GET /wp-login.php?redirect_to=https%3A%2F%2Fvanessavaladezrealty.com%2Fwp-admin%2Findex.php&reauth=1 HTTP/1.1" 200 9857 "https://vanessavaladezrealty.com/wp-login.php" "Mozilla/5.0 (Windows NT 11.0; Win64; x64) AppleWebKit/537.36 (KHTML, like Gecko) Chrome/121.0.0.0 Safari/537.36"
161.49.161.52 - - [11/Jul/2026:09:05:20 -0700] "POST /xmlrpc.php HTTP/1.1" 200 5618 "-" "Jetpack by WordPress.com (Jetpack 12.5; WordPress 6.4)"
161.49.161.52 - - [11/Jul/2026:09:05:32 -0700] "POST /xmlrpc.php HTTP/1.1" 403 5841 "-" "WordPress.com; https://wordpress.com"
161.49.161.52 - - [11/Jul/2026:09:05:41 -0700] "POST /xmlrpc.php HTTP/1.1" 200 5618 "-" "Jetpack/13.0; WordPress/6.2; http://site34133674.com"
83.99.206.244 - - [11/Jul/2026:09:05:44 -0700] "GET /properties/124-Residential-7951-Quail-Harbor-Street-8-Rooms-3-Bedrooms-3-Bathrooms-USD480-864/ HTTP/1.1" 200 39509 "-" "Mozilla/5.0 (X11; Linux x86_64) AppleWebKit/537.36 (KHTML, like Gecko; GeedoShopProductFinder) Chrome/142.0.0.0 Safari/537.36"
24.50.227.93 - - [11/Jul/2026:09:05:45 -0700] "GET /properties/96-Residential-Lease-2332-BROCKTON-Way-9-Rooms-4-Bedrooms-3-Bathrooms-USD1-950/tel:7027760711 HTTP/1.1" 301 5706 "-" "Mozilla/5.0 (Macintosh; Intel Mac OS X 10_14_6) AppleWebKit/537.36 (KHTML, like Gecko) Brave Chrome/85.0.4183.102 Safari/537.36"
24.50.227.93 - - [11/Jul/2026:09:05:47 -0700] "GET /properties/96-Residential-Lease-2332-BROCKTON-Way-9-Rooms-4-Bedrooms-3-Bathrooms-USD1-950/tel:7027760711/ HTTP/1.1" 301 5855 "-" "Mozilla/5.0 (Macintosh; Intel Mac OS X 10_14_6) AppleWebKit/537.36 (KHTML, like Gecko) Brave Chrome/85.0.4183.102 Safari/537.36"
24.50.227.93 - - [11/Jul/2026:09:05:48 -0700] "GET /properties/96-Residential-Lease-2332-BROCKTON-Way-9-Rooms-4-Bedrooms-3-Bathrooms-USD1-950 HTTP/1.1" 301 5633 "-" "Mozilla/5.0 (Macintosh; Intel Mac OS X 10_14_6) AppleWebKit/537.36 (KHTML, like Gecko) Brave Chrome/85.0.4183.102 Safari/537.36"
35.235.84.95 - - [11/Jul/2026:09:05:51 -0700] "POST /wp-cron.php?doing_wp_cron=1783785951.1982209682464599609375 HTTP/1.1" 200 5076 "-" "WordPress/7.0.1; https://vanessavaladezrealty.com"
24.50.227.93 - - [11/Jul/2026:09:05:49 -0700] "GET /properties/96-Residential-Lease-2332-BROCKTON-Way-9-Rooms-4-Bedrooms-3-Bathrooms-USD1-950/ HTTP/1.1" 200 37732 "-" "Mozilla/5.0 (Macintosh; Intel Mac OS X 10_14_6) AppleWebKit/537.36 (KHTML, like Gecko) Brave Chrome/85.0.4183.102 Safari/537.36"
161.49.161.52 - - [11/Jul/2026:09:05:52 -0700] "POST /xmlrpc.php HTTP/1.1" 403 5841 "-" "WordPress.com; https://wordpress.com"
161.49.161.52 - - [11/Jul/2026:09:06:03 -0700] "POST /xmlrpc.php HTTP/1.1" 200 5618 "-" "Jetpack by WordPress.com (Jetpack 13.0; WordPress 6.3)"
83.99.206.239 - - [11/Jul/2026:09:06:05 -0700] "GET /properties/120-Residential-737-Taft-Court-5-Rooms-3-Bedrooms-2-Bathrooms-USD284-999/ HTTP/1.1" 200 38653 "-" "Mozilla/5.0 (X11; Linux x86_64) AppleWebKit/537.36 (KHTML, like Gecko; GeedoShopProductFinder) Chrome/142.0.0.0 Safari/537.36"
161.49.161.52 - - [11/Jul/2026:09:06:13 -0700] "POST /xmlrpc.php HTTP/1.1" 200 5618 "-" "Jetpack by WordPress.com (Jetpack 13.0; WordPress 6.1)"
35.235.84.95 - - [11/Jul/2026:09:06:25 -0700] "POST /wp-cron.php?doing_wp_cron=1783785985.0973169803619384765625 HTTP/1.1" 200 5076 "-" "WordPress/7.0.1; https://vanessavaladezrealty.com"
161.49.161.52 - - [11/Jul/2026:09:06:24 -0700] "POST /xmlrpc.php HTTP/1.1" 200 5618 "-" "Jetpack by WordPress.com (Jetpack 13.0; WordPress 6.2)"
161.49.161.52 - - [11/Jul/2026:09:06:34 -0700] "POST /xmlrpc.php HTTP/1.1" 403 5841 "-" "Jetpack by WordPress.com"
173.239.211.49 - - [11/Jul/2026:09:06:43 -0700] "POST /wp-login.php HTTP/1.1" 200 7951 "https://vanessavaladezrealty.com/wp-login.php" "Mozilla/5.0 (Macintosh; Intel Mac OS X 10_15_7) AppleWebKit/537.36 (KHTML, like Gecko) Chrome/120.0.0.0 Safari/537.36"
161.49.161.52 - - [11/Jul/2026:09:06:45 -0700] "POST /xmlrpc.php HTTP/1.1" 403 5841 "-" "WordPress.com; https://wordpress.com"
173.239.211.49 - - [11/Jul/2026:09:06:48 -0700] "GET /wp-admin/index.php HTTP/1.1" 302 5282 "https://vanessavaladezrealty.com/wp-login.php" "Mozilla/5.0 (X11; Linux x86_64) AppleWebKit/537.36 (KHTML, like Gecko) Chrome/119.0.0.0 Safari/537.36"
173.239.211.49 - - [11/Jul/2026:09:06:50 -0700] "GET /wp-login.php?redirect_to=https%3A%2F%2Fvanessavaladezrealty.com%2Fwp-admin%2Findex.php&reauth=1 HTTP/1.1" 200 9857 "https://vanessavaladezrealty.com/wp-login.php" "Mozilla/5.0 (X11; Linux x86_64) AppleWebKit/537.36 (KHTML, like Gecko) Chrome/119.0.0.0 Safari/537.36"
173.239.211.49 - - [11/Jul/2026:09:06:54 -0700] "POST /wp-login.php HTTP/1.1" 200 7952 "https://vanessavaladezrealty.com/wp-login.php" "Mozilla/5.0 (Macintosh; Intel Mac OS X 10_15_7) AppleWebKit/537.36 (KHTML, like Gecko) Chrome/119.0.0.0 Safari/537.36"
161.49.161.52 - - [11/Jul/2026:09:06:55 -0700] "POST /xmlrpc.php HTTP/1.1" 200 5618 "-" "Jetpack by WordPress.com (Jetpack 12.5; WordPress 6.4)"
173.239.211.49 - - [11/Jul/2026:09:06:57 -0700] "GET /wp-admin/index.php HTTP/1.1" 302 5282 "https://vanessavaladezrealty.com/wp-login.php" "Mozilla/5.0 (Windows NT 11.0; Win64; x64) AppleWebKit/537.36 (KHTML, like Gecko) Chrome/118.0.0.0 Safari/537.36"
173.239.211.49 - - [11/Jul/2026:09:07:00 -0700] "GET /wp-login.php?redirect_to=https%3A%2F%2Fvanessavaladezrealty.com%2Fwp-admin%2Findex.php&reauth=1 HTTP/1.1" 200 9857 "https://vanessavaladezrealty.com/wp-login.php" "Mozilla/5.0 (Windows NT 11.0; Win64; x64) AppleWebKit/537.36 (KHTML, like Gecko) Chrome/118.0.0.0 Safari/537.36"
173.239.211.49 - - [11/Jul/2026:09:07:02 -0700] "POST /wp-login.php HTTP/1.1" 200 7888 "https://vanessavaladezrealty.com/wp-login.php" "Mozilla/5.0 (Macintosh; Intel Mac OS X 13_6_1; rv:120.0) Gecko/20100101 Firefox/120.0"
173.239.211.49 - - [11/Jul/2026:09:07:03 -0700] "GET /wp-admin/index.php HTTP/1.1" 302 5282 "https://vanessavaladezrealty.com/wp-login.php" "Mozilla/5.0 (X11; Linux x86_64) AppleWebKit/537.36 (KHTML, like Gecko) Chrome/118.0.0.0 Safari/537.36"
173.239.211.49 - - [11/Jul/2026:09:07:06 -0700] "GET /wp-login.php?redirect_to=https%3A%2F%2Fvanessavaladezrealty.com%2Fwp-admin%2Findex.php&reauth=1 HTTP/1.1" 200 9857 "https://vanessavaladezrealty.com/wp-login.php" "Mozilla/5.0 (X11; Linux x86_64) AppleWebKit/537.36 (KHTML, like Gecko) Chrome/118.0.0.0 Safari/537.36"
161.49.161.52 - - [11/Jul/2026:09:07:06 -0700] "POST /xmlrpc.php HTTP/1.1" 200 5618 "-" "Jetpack by WordPress.com (Jetpack 12.0; WordPress 6.4)"
173.239.211.49 - - [11/Jul/2026:09:07:08 -0700] "POST /wp-login.php HTTP/1.1" 200 7947 "https://vanessavaladezrealty.com/wp-login.php" "Mozilla/5.0 (Windows NT 11.0; Win64; x64; rv:121.0) Gecko/20100101 Firefox/121.0"
173.239.211.49 - - [11/Jul/2026:09:07:10 -0700] "GET /wp-admin/index.php HTTP/1.1" 302 5282 "https://vanessavaladezrealty.com/wp-login.php" "Mozilla/5.0 (Macintosh; Intel Mac OS X 13_6_1) AppleWebKit/605.1.15 (KHTML, like Gecko) Version/17.1 Safari/605.1.15"
173.239.211.49 - - [11/Jul/2026:09:07:12 -0700] "GET /wp-login.php?redirect_to=https%3A%2F%2Fvanessavaladezrealty.com%2Fwp-admin%2Findex.php&reauth=1 HTTP/1.1" 200 9857 "https://vanessavaladezrealty.com/wp-login.php" "Mozilla/5.0 (Macintosh; Intel Mac OS X 13_6_1) AppleWebKit/605.1.15 (KHTML, like Gecko) Version/17.1 Safari/605.1.15"
173.239.211.49 - - [11/Jul/2026:09:07:14 -0700] "POST /wp-login.php HTTP/1.1" 200 7951 "https://vanessavaladezrealty.com/wp-login.php" "Mozilla/5.0 (Macintosh; Intel Mac OS X 13_6_1) AppleWebKit/537.36 (KHTML, like Gecko) Chrome/118.0.0.0 Safari/537.36"
161.49.161.52 - - [11/Jul/2026:09:07:17 -0700] "POST /xmlrpc.php HTTP/1.1" 403 5841 "-" "WordPress.com; https://wordpress.com"
173.239.211.49 - - [11/Jul/2026:09:07:17 -0700] "GET /wp-admin/index.php HTTP/1.1" 302 5282 "https://vanessavaladezrealty.com/wp-login.php" "Mozilla/5.0 (Windows NT 11.0; Win64; x64) AppleWebKit/537.36 (KHTML, like Gecko) Chrome/120.0.0.0 Safari/537.36"
173.239.211.49 - - [11/Jul/2026:09:07:18 -0700] "GET /wp-login.php?redirect_to=https%3A%2F%2Fvanessavaladezrealty.com%2Fwp-admin%2Findex.php&reauth=1 HTTP/1.1" 200 9857 "https://vanessavaladezrealty.com/wp-login.php" "Mozilla/5.0 (Windows NT 11.0; Win64; x64) AppleWebKit/537.36 (KHTML, like Gecko) Chrome/120.0.0.0 Safari/537.36"
173.239.211.49 - - [11/Jul/2026:09:07:20 -0700] "POST /wp-login.php HTTP/1.1" 200 7949 "https://vanessavaladezrealty.com/wp-login.php" "Mozilla/5.0 (Windows NT 10.0; Win64; x64; rv:121.0) Gecko/20100101 Firefox/121.0"
173.239.211.49 - - [11/Jul/2026:09:07:23 -0700] "GET /wp-admin/index.php HTTP/1.1" 302 5282 "https://vanessavaladezrealty.com/wp-login.php" "Mozilla/5.0 (Windows NT 10.0; Win64; x64) AppleWebKit/537.36 (KHTML, like Gecko) Chrome/118.0.0.0 Safari/537.36"
35.235.84.95 - - [11/Jul/2026:09:07:26 -0700] "POST /wp-cron.php?doing_wp_cron=1783786046.2108569145202636718750 HTTP/1.1" 200 5076 "-" "WordPress/7.0.1; https://vanessavaladezrealty.com"
173.239.211.49 - - [11/Jul/2026:09:07:25 -0700] "GET /wp-login.php?redirect_to=https%3A%2F%2Fvanessavaladezrealty.com%2Fwp-admin%2Findex.php&reauth=1 HTTP/1.1" 200 9857 "https://vanessavaladezrealty.com/wp-login.php" "Mozilla/5.0 (Windows NT 10.0; Win64; x64) AppleWebKit/537.36 (KHTML, like Gecko) Chrome/118.0.0.0 Safari/537.36"
161.49.161.52 - - [11/Jul/2026:09:07:27 -0700] "POST /xmlrpc.php HTTP/1.1" 403 5841 "-" "WordPress.com; https://wordpress.com"
173.239.211.49 - - [11/Jul/2026:09:07:27 -0700] "POST /wp-login.php HTTP/1.1" 200 7949 "https://vanessavaladezrealty.com/wp-login.php" "Mozilla/5.0 (Macintosh; Intel Mac OS X 13_6_1; rv:118.0) Gecko/20100101 Firefox/118.0"
173.239.211.49 - - [11/Jul/2026:09:07:28 -0700] "GET /wp-admin/index.php HTTP/1.1" 302 5282 "https://vanessavaladezrealty.com/wp-login.php" "Mozilla/5.0 (Windows NT 11.0; Win64; x64) AppleWebKit/537.36 (KHTML, like Gecko) Chrome/118.0.0.0 Safari/537.36"
173.239.211.49 - - [11/Jul/2026:09:07:30 -0700] "GET /wp-login.php?redirect_to=https%3A%2F%2Fvanessavaladezrealty.com%2Fwp-admin%2Findex.php&reauth=1 HTTP/1.1" 200 9857 "https://vanessavaladezrealty.com/wp-login.php" "Mozilla/5.0 (Windows NT 11.0; Win64; x64) AppleWebKit/537.36 (KHTML, like Gecko) Chrome/118.0.0.0 Safari/537.36"
173.239.211.49 - - [11/Jul/2026:09:07:31 -0700] "POST /wp-login.php HTTP/1.1" 200 7949 "https://vanessavaladezrealty.com/wp-login.php" "Mozilla/5.0 (Windows NT 11.0; Win64; x64) AppleWebKit/537.36 (KHTML, like Gecko) Chrome/118.0.0.0 Safari/537.36"
173.239.211.49 - - [11/Jul/2026:09:07:33 -0700] "GET /wp-admin/index.php HTTP/1.1" 302 5282 "https://vanessavaladezrealty.com/wp-login.php" "Mozilla/5.0 (Macintosh; Intel Mac OS X 10_15_7) AppleWebKit/605.1.15 (KHTML, like Gecko) Version/17.0 Safari/605.1.15"
173.239.211.49 - - [11/Jul/2026:09:07:36 -0700] "GET /wp-login.php?redirect_to=https%3A%2F%2Fvanessavaladezrealty.com%2Fwp-admin%2Findex.php&reauth=1 HTTP/1.1" 200 9857 "https://vanessavaladezrealty.com/wp-login.php" "Mozilla/5.0 (Macintosh; Intel Mac OS X 10_15_7) AppleWebKit/605.1.15 (KHTML, like Gecko) Version/17.0 Safari/605.1.15"
173.239.211.49 - - [11/Jul/2026:09:07:42 -0700] "GET /wp-admin/index.php HTTP/1.1" 302 5282 "https://vanessavaladezrealty.com/wp-login.php" "Mozilla/5.0 (X11; Ubuntu; Linux x86_64) AppleWebKit/537.36 (KHTML, like Gecko) Chrome/119.0.0.0 Safari/537.36"
173.239.211.49 - - [11/Jul/2026:09:07:45 -0700] "GET /wp-login.php?redirect_to=https%3A%2F%2Fvanessavaladezrealty.com%2Fwp-admin%2Findex.php&reauth=1 HTTP/1.1" 200 9857 "https://vanessavaladezrealty.com/wp-login.php" "Mozilla/5.0 (X11; Ubuntu; Linux x86_64) AppleWebKit/537.36 (KHTML, like Gecko) Chrome/119.0.0.0 Safari/537.36"
173.239.211.49 - - [11/Jul/2026:09:07:40 -0700] "POST /wp-login.php HTTP/1.1" 200 7888 "https://vanessavaladezrealty.com/wp-login.php" "Mozilla/5.0 (Macintosh; Intel Mac OS X 10_15_7) AppleWebKit/605.1.15 (KHTML, like Gecko) Version/17.0 Safari/605.1.15"
161.49.161.52 - - [11/Jul/2026:09:07:39 -0700] "POST /xmlrpc.php HTTP/1.1" 403 5841 "-" "WordPress.com; https://wordpress.com"
173.239.211.49 - - [11/Jul/2026:09:07:47 -0700] "POST /wp-login.php HTTP/1.1" 200 7947 "https://vanessavaladezrealty.com/wp-login.php" "Mozilla/5.0 (X11; Ubuntu; Linux x86_64) AppleWebKit/537.36 (KHTML, like Gecko) Chrome/119.0.0.0 Safari/537.36"
173.239.211.49 - - [11/Jul/2026:09:07:48 -0700] "GET /wp-admin/index.php HTTP/1.1" 302 5282 "https://vanessavaladezrealty.com/wp-login.php" "Mozilla/5.0 (Macintosh; Intel Mac OS X 13_6_1) AppleWebKit/605.1.15 (KHTML, like Gecko) Version/17.2 Safari/605.1.15"
35.235.84.95 - - [11/Jul/2026:09:07:51 -0700] "POST /wp-cron.php?doing_wp_cron=1783786071.1941978931427001953125 HTTP/1.1" 200 5076 "-" "WordPress/7.0.1; https://vanessavaladezrealty.com"
173.239.211.49 - - [11/Jul/2026:09:07:50 -0700] "GET /wp-login.php?redirect_to=https%3A%2F%2Fvanessavaladezrealty.com%2Fwp-admin%2Findex.php&reauth=1 HTTP/1.1" 200 9857 "https://vanessavaladezrealty.com/wp-login.php" "Mozilla/5.0 (Macintosh; Intel Mac OS X 13_6_1) AppleWebKit/605.1.15 (KHTML, like Gecko) Version/17.2 Safari/605.1.15"
161.49.161.52 - - [11/Jul/2026:09:07:50 -0700] "POST /xmlrpc.php HTTP/1.1" 200 5618 "-" "Jetpack/12.0; WordPress/6.1; http://site38007764.com"
161.49.161.52 - - [11/Jul/2026:09:08:01 -0700] "POST /xmlrpc.php HTTP/1.1" 200 5618 "-" "Jetpack by WordPress.com (Jetpack 12.5; WordPress 6.1)"
83.99.206.172 - - [11/Jul/2026:09:08:07 -0700] "GET /properties/105-Residential-Lease-10910-Calm-Desert-Court-3-Rooms-3-Bedrooms-3-Bathrooms-USD3-750/ HTTP/1.1" 200 38813 "-" "Mozilla/5.0 (X11; Linux x86_64) AppleWebKit/537.36 (KHTML, like Gecko; GeedoShopProductFinder) Chrome/142.0.0.0 Safari/537.36"
161.49.161.52 - - [11/Jul/2026:09:08:11 -0700] "POST /xmlrpc.php HTTP/1.1" 200 5618 "-" "Jetpack/13.0; WordPress/6.2; http://site34147064.com"
118.25.69.87 - - [11/Jul/2026:09:08:20 -0700] "GET /wp-login.php HTTP/1.1" 200 7852 "-" "Mozilla/5.0 (X11; Linux x86_64) AppleWebKit/537.36 (KHTML, like Gecko) Chrome/149.0.0.0 Safari/537.36"
161.49.161.52 - - [11/Jul/2026:09:08:22 -0700] "POST /xmlrpc.php HTTP/1.1" 200 5618 "-" "Jetpack/12.1; WordPress/6.2; http://site12142633.com"
118.25.69.87 - - [11/Jul/2026:09:08:22 -0700] "POST /wp-login.php HTTP/1.1" 200 7937 "https://vanessavaladezrealty.com/wp-login.php" "Mozilla/5.0 (X11; Linux x86_64) AppleWebKit/537.36 (KHTML, like Gecko) Chrome/149.0.0.0 Safari/537.36"
83.99.206.172 - - [11/Jul/2026:09:08:26 -0700] "GET /properties/130-Residential-1783-JUPITER-Court-C-6-Rooms-2-Bedrooms-2-Bathrooms-USD215-000/ HTTP/1.1" 200 36377 "-" "Mozilla/5.0 (X11; Linux x86_64) AppleWebKit/537.36 (KHTML, like Gecko; GeedoShopProductFinder) Chrome/142.0.0.0 Safari/537.36"
161.49.161.52 - - [11/Jul/2026:09:08:32 -0700] "POST /xmlrpc.php HTTP/1.1" 200 5618 "-" "Jetpack/13.0; WordPress/6.1; http://site72106306.com"
161.49.161.52 - - [11/Jul/2026:09:08:43 -0700] "POST /xmlrpc.php HTTP/1.1" 403 5841 "-" "Jetpack by WordPress.com"
83.99.206.172 - - [11/Jul/2026:09:08:47 -0700] "GET /properties/?wplview=property_show&pid=114 HTTP/1.1" 200 39506 "-" "Mozilla/5.0 (X11; Linux x86_64) AppleWebKit/537.36 (KHTML, like Gecko; GeedoShopProductFinder) Chrome/142.0.0.0 Safari/537.36"
35.235.84.95 - - [11/Jul/2026:09:08:54 -0700] "POST /wp-cron.php?doing_wp_cron=1783786134.9267320632934570312500 HTTP/1.1" 200 5076 "-" "WordPress/7.0.1; https://vanessavaladezrealty.com"
161.49.161.52 - - [11/Jul/2026:09:08:53 -0700] "POST /xmlrpc.php HTTP/1.1" 200 5618 "-" "Jetpack/12.5; WordPress/6.4; http://site48570527.com"
161.49.161.52 - - [11/Jul/2026:09:09:04 -0700] "POST /xmlrpc.php HTTP/1.1" 403 5841 "-" "Jetpack by WordPress.com"
83.99.206.52 - - [11/Jul/2026:09:09:06 -0700] "GET /properties/137-Land-365-East-Trail-Road-USD57-900/ HTTP/1.1" 200 38014 "-" "Mozilla/5.0 (X11; Linux x86_64) AppleWebKit/537.36 (KHTML, like Gecko; GeedoShopProductFinder) Chrome/142.0.0.0 Safari/537.36"
161.49.161.52 - - [11/Jul/2026:09:09:14 -0700] "POST /xmlrpc.php HTTP/1.1" 403 5841 "-" "Jetpack by WordPress.com"
161.49.161.52 - - [11/Jul/2026:09:09:25 -0700] "POST /xmlrpc.php HTTP/1.1" 403 5841 "-" "Jetpack by WordPress.com"
83.99.206.172 - - [11/Jul/2026:09:09:26 -0700] "GET /properties/108-Residential-6422-Point-Isabel-Way-8-Rooms-3-Bedrooms-3-Bathrooms-USD375-000/ HTTP/1.1" 200 39802 "-" "Mozilla/5.0 (X11; Linux x86_64) AppleWebKit/537.36 (KHTML, like Gecko; GeedoShopProductFinder) Chrome/142.0.0.0 Safari/537.36"
85.8.130.55 - - [11/Jul/2026:09:09:33 -0700] "GET /wp-login.php HTTP/1.1" 200 7852 "-" "Mozilla/5.0 (Windows NT 10.0; Win64; rv:143.0) Gecko/20100101 Firefox/143.0"
85.8.130.55 - - [11/Jul/2026:09:09:35 -0700] "GET /?author=1 HTTP/1.1" 301 5623 "-" "Mozilla/5.0 (Windows NT 10.0; Win64; rv:143.0) Gecko/20100101 Firefox/143.0"
85.8.130.55 - - [11/Jul/2026:09:09:36 -0700] "GET /?rest_route=/wp/v2/users HTTP/1.1" 200 7294 "-" "Mozilla/5.0 (Macintosh; Intel Mac OS X 10_15_7) AppleWebKit/605.1.15 Version/17.0 Safari/605.1.15"
161.49.161.52 - - [11/Jul/2026:09:09:36 -0700] "POST /xmlrpc.php HTTP/1.1" 200 5618 "-" "Jetpack by WordPress.com (Jetpack 12.1; WordPress 6.4)"
85.8.130.55 - - [11/Jul/2026:09:09:38 -0700] "GET /?author=2 HTTP/1.1" 200 23190 "-" "Mozilla/5.0 (Macintosh; Intel Mac OS X 10_15_7) AppleWebKit/605.1.15 Version/17.0 Safari/605.1.15"
85.8.130.55 - - [11/Jul/2026:09:09:40 -0700] "GET /?rest_route=/wp/v2/users HTTP/1.1" 200 7294 "-" "Mozilla/5.0 (Macintosh; Intel Mac OS X 10_15_7) AppleWebKit/605.1.15 Version/17.0 Safari/605.1.15"
85.8.130.55 - - [11/Jul/2026:09:09:41 -0700] "GET /?author=3 HTTP/1.1" 200 23176 "-" "Mozilla/5.0 (Macintosh; Intel Mac OS X 10_15_7) AppleWebKit/605.1.15 Version/17.0 Safari/605.1.15"
85.8.130.55 - - [11/Jul/2026:09:09:42 -0700] "GET /?rest_route=/wp/v2/users HTTP/1.1" 200 7294 "-" "Mozilla/5.0 (Windows NT 10.0; Win64; x64) AppleWebKit/537.36 Chrome/129.0.0.0 Safari/537.36"
161.49.161.52 - - [11/Jul/2026:09:09:47 -0700] "POST /xmlrpc.php HTTP/1.1" 403 5841 "-" "Jetpack by WordPress.com"
83.99.206.172 - - [11/Jul/2026:09:09:46 -0700] "GET /properties/106-Residential-2768-Wild-Cactus-Court-8-Rooms-3-Bedrooms-3-Bathrooms-USD330-000/ HTTP/1.1" 200 38989 "-" "Mozilla/5.0 (X11; Linux x86_64) AppleWebKit/537.36 (KHTML, like Gecko; GeedoShopProductFinder) Chrome/142.0.0.0 Safari/537.36"
35.235.84.95 - - [11/Jul/2026:09:09:58 -0700] "POST /wp-cron.php?doing_wp_cron=1783786198.7284739017486572265625 HTTP/1.1" 200 5076 "-" "WordPress/7.0.1; https://vanessavaladezrealty.com"
161.49.161.52 - - [11/Jul/2026:09:09:57 -0700] "POST /xmlrpc.php HTTP/1.1" 200 5618 "-" "Jetpack by WordPress.com (Jetpack 12.5; WordPress 6.3)"
171.22.217.246 - - [11/Jul/2026:09:09:58 -0700] "GET / HTTP/1.1" 200 39846 "-" "Mozilla/5.0 (Macintosh; Intel Mac OS X 10_15_7) AppleWebKit/537.36 (KHTML, like Gecko) Chrome/130.0.0.0 Safari/537.36"
103.196.9.66 - - [11/Jul/2026:09:09:58 -0700] "GET / HTTP/1.1" 200 39846 "-" "Mozilla/5.0 (X11; Linux x86_64) AppleWebKit/537.36 (KHTML, like Gecko) Chrome/131.0.0.0 Safari/537.36"
161.49.161.52 - - [11/Jul/2026:09:10:08 -0700] "POST /xmlrpc.php HTTP/1.1" 403 5841 "-" "WordPress.com; https://wordpress.com"
103.196.9.66 - - [11/Jul/2026:09:10:08 -0700] "GET / HTTP/1.1" 200 39841 "-" "Mozilla/5.0 (X11; Linux x86_64) AppleWebKit/537.36 (KHTML, like Gecko) Chrome/131.0.0.0 Safari/537.36"
63.135.161.119 - - [11/Jul/2026:09:10:08 -0700] "POST /wp-login.php HTTP/1.1" 200 7946 "https://vanessavaladezrealty.com/wp-login.php" "Mozilla/5.0 (Macintosh; Intel Mac OS X 13_6_1) AppleWebKit/605.1.15 (KHTML, like Gecko) Version/17.0 Safari/605.1.15"
63.135.161.119 - - [11/Jul/2026:09:10:10 -0700] "GET /wp-admin/index.php HTTP/1.1" 302 5282 "https://vanessavaladezrealty.com/wp-login.php" "Mozilla/5.0 (X11; Linux x86_64) AppleWebKit/537.36 (KHTML, like Gecko) Chrome/119.0.0.0 Safari/537.36"
63.135.161.119 - - [11/Jul/2026:09:10:11 -0700] "GET /wp-login.php?redirect_to=https%3A%2F%2Fvanessavaladezrealty.com%2Fwp-admin%2Findex.php&reauth=1 HTTP/1.1" 200 9857 "https://vanessavaladezrealty.com/wp-login.php" "Mozilla/5.0 (X11; Linux x86_64) AppleWebKit/537.36 (KHTML, like Gecko) Chrome/119.0.0.0 Safari/537.36"
63.135.161.119 - - [11/Jul/2026:09:10:12 -0700] "POST /wp-login.php HTTP/1.1" 200 7949 "https://vanessavaladezrealty.com/wp-login.php" "Mozilla/5.0 (X11; Linux x86_64) AppleWebKit/537.36 (KHTML, like Gecko) Chrome/120.0.0.0 Safari/537.36"
63.135.161.119 - - [11/Jul/2026:09:10:14 -0700] "GET /wp-admin/index.php HTTP/1.1" 302 5282 "https://vanessavaladezrealty.com/wp-login.php" "Mozilla/5.0 (X11; Linux x86_64) AppleWebKit/537.36 (KHTML, like Gecko) Chrome/120.0.0.0 Safari/537.36"
63.135.161.119 - - [11/Jul/2026:09:10:16 -0700] "GET /wp-login.php?redirect_to=https%3A%2F%2Fvanessavaladezrealty.com%2Fwp-admin%2Findex.php&reauth=1 HTTP/1.1" 200 9857 "https://vanessavaladezrealty.com/wp-login.php" "Mozilla/5.0 (X11; Linux x86_64) AppleWebKit/537.36 (KHTML, like Gecko) Chrome/120.0.0.0 Safari/537.36"
63.135.161.119 - - [11/Jul/2026:09:10:18 -0700] "POST /wp-login.php HTTP/1.1" 200 7950 "https://vanessavaladezrealty.com/wp-login.php" "Mozilla/5.0 (Macintosh; Intel Mac OS X 13_6_1; rv:120.0) Gecko/20100101 Firefox/120.0"
63.135.161.119 - - [11/Jul/2026:09:10:20 -0700] "GET /wp-admin/index.php HTTP/1.1" 302 5282 "https://vanessavaladezrealty.com/wp-login.php" "Mozilla/5.0 (Windows NT 10.0; Win64; x64) AppleWebKit/537.36 (KHTML, like Gecko) Chrome/120.0.0.0 Safari/537.36"
63.135.161.119 - - [11/Jul/2026:09:10:25 -0700] "GET /wp-login.php?redirect_to=https%3A%2F%2Fvanessavaladezrealty.com%2Fwp-admin%2Findex.php&reauth=1 HTTP/1.1" 200 9857 "https://vanessavaladezrealty.com/wp-login.php" "Mozilla/5.0 (Windows NT 10.0; Win64; x64) AppleWebKit/537.36 (KHTML, like Gecko) Chrome/120.0.0.0 Safari/537.36"
63.135.161.119 - - [11/Jul/2026:09:10:27 -0700] "POST /wp-login.php HTTP/1.1" 200 7953 "https://vanessavaladezrealty.com/wp-login.php" "Mozilla/5.0 (Windows NT 10.0; Win64; x64; rv:118.0) Gecko/20100101 Firefox/118.0"
63.135.161.119 - - [11/Jul/2026:09:10:30 -0700] "GET /wp-admin/index.php HTTP/1.1" 302 5282 "https://vanessavaladezrealty.com/wp-login.php" "Mozilla/5.0 (Macintosh; Intel Mac OS X 13_6_1) AppleWebKit/537.36 (KHTML, like Gecko) Chrome/120.0.0.0 Safari/537.36"
63.135.161.119 - - [11/Jul/2026:09:10:34 -0700] "GET /wp-login.php?redirect_to=https%3A%2F%2Fvanessavaladezrealty.com%2Fwp-admin%2Findex.php&reauth=1 HTTP/1.1" 200 9857 "https://vanessavaladezrealty.com/wp-login.php" "Mozilla/5.0 (Macintosh; Intel Mac OS X 13_6_1) AppleWebKit/537.36 (KHTML, like Gecko) Chrome/120.0.0.0 Safari/537.36"
63.135.161.119 - - [11/Jul/2026:09:10:38 -0700] "GET /wp-admin/index.php HTTP/1.1" 302 5282 "https://vanessavaladezrealty.com/wp-login.php" "Mozilla/5.0 (X11; Ubuntu; Linux x86_64) AppleWebKit/537.36 (KHTML, like Gecko) Chrome/118.0.0.0 Safari/537.36"
63.135.161.119 - - [11/Jul/2026:09:10:40 -0700] "GET /wp-login.php?redirect_to=https%3A%2F%2Fvanessavaladezrealty.com%2Fwp-admin%2Findex.php&reauth=1 HTTP/1.1" 200 9857 "https://vanessavaladezrealty.com/wp-login.php" "Mozilla/5.0 (X11; Ubuntu; Linux x86_64) AppleWebKit/537.36 (KHTML, like Gecko) Chrome/118.0.0.0 Safari/537.36"
63.135.161.119 - - [11/Jul/2026:09:10:36 -0700] "POST /wp-login.php HTTP/1.1" 200 7953 "https://vanessavaladezrealty.com/wp-login.php" "Mozilla/5.0 (X11; Linux x86_64) AppleWebKit/537.36 (KHTML, like Gecko) Chrome/121.0.0.0 Safari/537.36"
63.135.161.119 - - [11/Jul/2026:09:10:43 -0700] "POST /wp-login.php HTTP/1.1" 200 7945 "https://vanessavaladezrealty.com/wp-login.php" "Mozilla/5.0 (Macintosh; Intel Mac OS X 13_6_1) AppleWebKit/537.36 (KHTML, like Gecko) Chrome/119.0.0.0 Safari/537.36"
63.135.161.119 - - [11/Jul/2026:09:10:44 -0700] "GET /wp-admin/index.php HTTP/1.1" 302 5282 "https://vanessavaladezrealty.com/wp-login.php" "Mozilla/5.0 (Macintosh; Intel Mac OS X 10_15_7) AppleWebKit/537.36 (KHTML, like Gecko) Chrome/120.0.0.0 Safari/537.36"
63.135.161.119 - - [11/Jul/2026:09:10:47 -0700] "GET /wp-login.php?redirect_to=https%3A%2F%2Fvanessavaladezrealty.com%2Fwp-admin%2Findex.php&reauth=1 HTTP/1.1" 200 9857 "https://vanessavaladezrealty.com/wp-login.php" "Mozilla/5.0 (Macintosh; Intel Mac OS X 10_15_7) AppleWebKit/537.36 (KHTML, like Gecko) Chrome/120.0.0.0 Safari/537.36"
35.235.84.95 - - [11/Jul/2026:09:10:50 -0700] "POST /wp-cron.php?doing_wp_cron=1783786250.7519268989562988281250 HTTP/1.1" 200 5076 "-" "WordPress/7.0.1; https://vanessavaladezrealty.com"
63.135.161.119 - - [11/Jul/2026:09:10:51 -0700] "GET /wp-admin/index.php HTTP/1.1" 302 5282 "https://vanessavaladezrealty.com/wp-login.php" "Mozilla/5.0 (Windows NT 10.0; Win64; x64; rv:121.0) Gecko/20100101 Firefox/121.0"
63.135.161.119 - - [11/Jul/2026:09:10:53 -0700] "GET /wp-login.php?redirect_to=https%3A%2F%2Fvanessavaladezrealty.com%2Fwp-admin%2Findex.php&reauth=1 HTTP/1.1" 200 9857 "https://vanessavaladezrealty.com/wp-login.php" "Mozilla/5.0 (Windows NT 10.0; Win64; x64; rv:121.0) Gecko/20100101 Firefox/121.0"
63.135.161.119 - - [11/Jul/2026:09:10:54 -0700] "POST /wp-login.php HTTP/1.1" 200 7945 "https://vanessavaladezrealty.com/wp-login.php" "Mozilla/5.0 (X11; Ubuntu; Linux x86_64) AppleWebKit/537.36 (KHTML, like Gecko) Chrome/121.0.0.0 Safari/537.36"
63.135.161.119 - - [11/Jul/2026:09:10:49 -0700] "POST /wp-login.php HTTP/1.1" 200 7947 "https://vanessavaladezrealty.com/wp-login.php" "Mozilla/5.0 (X11; Ubuntu; Linux x86_64) AppleWebKit/537.36 (KHTML, like Gecko) Chrome/121.0.0.0 Safari/537.36"
63.135.161.119 - - [11/Jul/2026:09:10:59 -0700] "GET /wp-admin/index.php HTTP/1.1" 302 5282 "https://vanessavaladezrealty.com/wp-login.php" "Mozilla/5.0 (Macintosh; Intel Mac OS X 10_15_7) AppleWebKit/605.1.15 (KHTML, like Gecko) Version/17.1 Safari/605.1.15"
63.135.161.119 - - [11/Jul/2026:09:11:02 -0700] "GET /wp-login.php?redirect_to=https%3A%2F%2Fvanessavaladezrealty.com%2Fwp-admin%2Findex.php&reauth=1 HTTP/1.1" 200 9857 "https://vanessavaladezrealty.com/wp-login.php" "Mozilla/5.0 (Macintosh; Intel Mac OS X 10_15_7) AppleWebKit/605.1.15 (KHTML, like Gecko) Version/17.1 Safari/605.1.15"
63.135.161.119 - - [11/Jul/2026:09:11:05 -0700] "POST /wp-login.php HTTP/1.1" 200 7951 "https://vanessavaladezrealty.com/wp-login.php" "Mozilla/5.0 (Macintosh; Intel Mac OS X 10_15_7; rv:121.0) Gecko/20100101 Firefox/121.0"
63.135.161.119 - - [11/Jul/2026:09:11:07 -0700] "GET /wp-admin/index.php HTTP/1.1" 302 5282 "https://vanessavaladezrealty.com/wp-login.php" "Mozilla/5.0 (Macintosh; Intel Mac OS X 10_15_7) AppleWebKit/605.1.15 (KHTML, like Gecko) Version/16.6 Safari/605.1.15"
63.135.161.119 - - [11/Jul/2026:09:11:08 -0700] "GET /wp-login.php?redirect_to=https%3A%2F%2Fvanessavaladezrealty.com%2Fwp-admin%2Findex.php&reauth=1 HTTP/1.1" 200 9857 "https://vanessavaladezrealty.com/wp-login.php" "Mozilla/5.0 (Macintosh; Intel Mac OS X 10_15_7) AppleWebKit/605.1.15 (KHTML, like Gecko) Version/16.6 Safari/605.1.15"
63.135.161.119 - - [11/Jul/2026:09:11:12 -0700] "POST /wp-login.php HTTP/1.1" 200 7950 "https://vanessavaladezrealty.com/wp-login.php" "Mozilla/5.0 (X11; Ubuntu; Linux x86_64) AppleWebKit/537.36 (KHTML, like Gecko) Chrome/119.0.0.0 Safari/537.36"
63.135.161.119 - - [11/Jul/2026:09:11:14 -0700] "GET /wp-admin/index.php HTTP/1.1" 302 5282 "https://vanessavaladezrealty.com/wp-login.php" "Mozilla/5.0 (Macintosh; Intel Mac OS X 10_15_7) AppleWebKit/537.36 (KHTML, like Gecko) Chrome/119.0.0.0 Safari/537.36"
63.135.161.119 - - [11/Jul/2026:09:11:16 -0700] "GET /wp-login.php?redirect_to=https%3A%2F%2Fvanessavaladezrealty.com%2Fwp-admin%2Findex.php&reauth=1 HTTP/1.1" 200 9857 "https://vanessavaladezrealty.com/wp-login.php" "Mozilla/5.0 (Macintosh; Intel Mac OS X 10_15_7) AppleWebKit/537.36 (KHTML, like Gecko) Chrome/119.0.0.0 Safari/537.36"
35.235.84.95 - - [11/Jul/2026:09:11:51 -0700] "POST /wp-cron.php?doing_wp_cron=1783786311.1738750934600830078125 HTTP/1.1" 200 5076 "-" "WordPress/7.0.1; https://vanessavaladezrealty.com"
83.99.206.230 - - [11/Jul/2026:09:11:49 -0700] "GET /properties/126-Residential-Lease-7524-Hope-Valley-Street-10-Rooms-4-Bedrooms-3-Bathrooms-USD2-200/ HTTP/1.1" 200 38282 "-" "Mozilla/5.0 (X11; Linux x86_64) AppleWebKit/537.36 (KHTML, like Gecko; GeedoShopProductFinder) Chrome/142.0.0.0 Safari/537.36"
83.99.206.230 - - [11/Jul/2026:09:12:09 -0700] "GET /properties/vanessavaladez/?wplpage=1 HTTP/1.1" 200 34268 "-" "Mozilla/5.0 (X11; Linux x86_64) AppleWebKit/537.36 (KHTML, like Gecko; GeedoShopProductFinder) Chrome/142.0.0.0 Safari/537.36"
83.99.206.230 - - [11/Jul/2026:09:12:30 -0700] "GET /properties/134-Residential-10229-Mayflower-Bay-Avenue-6-Rooms-3-Bedrooms-3-Bathrooms-USD365-000/ HTTP/1.1" 200 38089 "-" "Mozilla/5.0 (X11; Linux x86_64) AppleWebKit/537.36 (KHTML, like Gecko; GeedoShopProductFinder) Chrome/142.0.0.0 Safari/537.36"
83.99.206.230 - - [11/Jul/2026:09:12:49 -0700] "GET /properties/98-Residential-4304-Hanford-Avenue-5-Rooms-3-Bedrooms-2-Bathrooms-USD330-000/ HTTP/1.1" 200 38516 "-" "Mozilla/5.0 (X11; Linux x86_64) AppleWebKit/537.36 (KHTML, like Gecko; GeedoShopProductFinder) Chrome/142.0.0.0 Safari/537.36"
35.235.84.95 - - [11/Jul/2026:09:13:11 -0700] "POST /wp-cron.php?doing_wp_cron=1783786391.0211989879608154296875 HTTP/1.1" 200 5076 "-" "WordPress/7.0.1; https://vanessavaladezrealty.com"
83.99.206.98 - - [11/Jul/2026:09:13:09 -0700] "GET /properties/?wplview=property_show&pid=104 HTTP/1.1" 200 37644 "-" "Mozilla/5.0 (X11; Linux x86_64) AppleWebKit/537.36 (KHTML, like Gecko; GeedoShopProductFinder) Chrome/142.0.0.0 Safari/537.36"
83.99.206.96 - - [11/Jul/2026:09:13:29 -0700] "GET /properties/115-Residential-4913-Blanton-Drive-4-Rooms-3-Bedrooms-2-Bathrooms-USD329-900/ HTTP/1.1" 200 37617 "-" "Mozilla/5.0 (X11; Linux x86_64) AppleWebKit/537.36 (KHTML, like Gecko; GeedoShopProductFinder) Chrome/142.0.0.0 Safari/537.36"
38.196.241.177 - - [11/Jul/2026:09:13:45 -0700] "GET /properties/95-Residential-Lease-1421-Santa-Margarita-G-6-Rooms-2-Bedrooms-2-Bathrooms-USD1-250/tel:7027760711 HTTP/1.1" 301 5711 "-" "Mozilla/5.0 (Windows NT 6.1; Win64; x64) AppleWebKit/537.36 (KHTML, like Gecko) Chrome/85.0.4183.121 Safari/537.36"
38.196.241.177 - - [11/Jul/2026:09:13:47 -0700] "GET /properties/95-Residential-Lease-1421-Santa-Margarita-G-6-Rooms-2-Bedrooms-2-Bathrooms-USD1-250/tel:7027760711/ HTTP/1.1" 301 5860 "-" "Mozilla/5.0 (Windows NT 6.1; Win64; x64) AppleWebKit/537.36 (KHTML, like Gecko) Chrome/85.0.4183.121 Safari/537.36"
35.235.84.95 - - [11/Jul/2026:09:13:50 -0700] "POST /wp-cron.php?doing_wp_cron=1783786430.2512869834899902343750 HTTP/1.1" 200 5076 "-" "WordPress/7.0.1; https://vanessavaladezrealty.com"
38.196.241.177 - - [11/Jul/2026:09:13:49 -0700] "GET /properties/95-Residential-Lease-1421-Santa-Margarita-G-6-Rooms-2-Bedrooms-2-Bathrooms-USD1-250 HTTP/1.1" 301 5638 "-" "Mozilla/5.0 (Windows NT 6.1; Win64; x64) AppleWebKit/537.36 (KHTML, like Gecko) Chrome/85.0.4183.121 Safari/537.36"
38.196.241.177 - - [11/Jul/2026:09:13:50 -0700] "GET /properties/95-Residential-Lease-1421-Santa-Margarita-G-6-Rooms-2-Bedrooms-2-Bathrooms-USD1-250/ HTTP/1.1" 200 36513 "-" "Mozilla/5.0 (Windows NT 6.1; Win64; x64) AppleWebKit/537.36 (KHTML, like Gecko) Chrome/85.0.4183.121 Safari/537.36"
216.126.227.187 - - [11/Jul/2026:09:14:09 -0700] "GET / HTTP/1.1" 206 71635 "-" "Mozilla/5.0"
85.137.57.233 - - [11/Jul/2026:09:14:17 -0700] "GET / HTTP/1.1" 200 39843 "-" "Mozilla/5.0 (Macintosh; Intel Mac OS X 10_15_7) AppleWebKit/537.36 (KHTML, like Gecko) Chrome/124.0.0.0 Safari/537.36"
85.137.57.233 - - [11/Jul/2026:09:14:19 -0700] "GET / HTTP/1.1" 200 39841 "-" "Mozilla/5.0 (Macintosh; Intel Mac OS X 10_15_7) AppleWebKit/537.36 (KHTML, like Gecko) Chrome/124.0.0.0 Safari/537.36"
85.137.57.233 - - [11/Jul/2026:09:14:19 -0700] "GET / HTTP/1.1" 200 39844 "-" "Mozilla/5.0 (Macintosh; Intel Mac OS X 10_15_7) AppleWebKit/537.36 (KHTML, like Gecko) Chrome/124.0.0.0 Safari/537.36"
85.137.57.233 - - [11/Jul/2026:09:14:20 -0700] "GET / HTTP/1.1" 200 39845 "-" "Mozilla/5.0 (Macintosh; Intel Mac OS X 10_15_7) AppleWebKit/537.36 (KHTML, like Gecko) Chrome/124.0.0.0 Safari/537.36"
85.137.57.233 - - [11/Jul/2026:09:14:20 -0700] "GET / HTTP/1.1" 200 39841 "-" "Mozilla/5.0 (Macintosh; Intel Mac OS X 10_15_7) AppleWebKit/537.36 (KHTML, like Gecko) Chrome/124.0.0.0 Safari/537.36"
35.235.84.95 - - [11/Jul/2026:09:15:22 -0700] "POST /wp-cron.php?doing_wp_cron=1783786522.4080479145050048828125 HTTP/1.1" 200 5076 "-" "WordPress/7.0.1; https://vanessavaladezrealty.com"
85.137.57.233 - - [11/Jul/2026:09:15:21 -0700] "GET / HTTP/1.1" 200 39844 "-" "Mozilla/5.0 (Macintosh; Intel Mac OS X 10_15_7) AppleWebKit/537.36 (KHTML, like Gecko) Chrome/124.0.0.0 Safari/537.36"
83.99.206.63 - - [11/Jul/2026:09:15:31 -0700] "GET /properties/131-Residential-3651-Arville-Street-325-7-Rooms-2-Bedrooms-2-Bathrooms-USD139-000/ HTTP/1.1" 200 36741 "-" "Mozilla/5.0 (X11; Linux x86_64) AppleWebKit/537.36 (KHTML, like Gecko; GeedoShopProductFinder) Chrome/142.0.0.0 Safari/537.36"
206.123.156.179 - - [11/Jul/2026:09:15:48 -0700] "GET / HTTP/1.1" 200 39841 "-" "Mozilla/5.0 (Windows NT 10.0; Win64; x64) AppleWebKit/537.36 (KHTML, like Gecko) Chrome/133.0.0.0 Safari/537.36"
35.235.84.95 - - [11/Jul/2026:09:15:50 -0700] "POST /wp-cron.php?doing_wp_cron=1783786550.6940290927886962890625 HTTP/1.1" 200 5076 "-" "WordPress/7.0.1; https://vanessavaladezrealty.com"
206.123.156.179 - - [11/Jul/2026:09:15:49 -0700] "GET / HTTP/1.1" 200 39788 "-" "Mozilla/5.0 (Windows NT 10.0; Win64; x64) AppleWebKit/537.36 (KHTML, like Gecko) Chrome/133.0.0.0 Safari/537.36"
206.123.156.179 - - [11/Jul/2026:09:15:50 -0700] "GET /wp-login.php HTTP/1.1" 200 7852 "-" "Mozilla/5.0 (Windows NT 10.0; Win64; x64) AppleWebKit/537.36 (KHTML, like Gecko) Chrome/133.0.0.0 Safari/537.36"
206.123.156.179 - - [11/Jul/2026:09:15:50 -0700] "GET /xmlrpc.php HTTP/1.1" 405 5242 "-" "Mozilla/5.0 (Windows NT 10.0; Win64; x64) AppleWebKit/537.36 (KHTML, like Gecko) Chrome/133.0.0.0 Safari/537.36"
206.123.156.179 - - [11/Jul/2026:09:15:50 -0700] "GET /wp-admin/ HTTP/1.1" 302 5331 "-" "Mozilla/5.0 (Windows NT 10.0; Win64; x64) AppleWebKit/537.36 (KHTML, like Gecko) Chrome/133.0.0.0 Safari/537.36"
206.123.156.179 - - [11/Jul/2026:09:15:51 -0700] "GET /wp-login.php?redirect_to=https%3A%2F%2Fvanessavaladezrealty.com%2Fwp-admin%2F&reauth=1 HTTP/1.1" 200 9853 "-" "Mozilla/5.0 (Windows NT 10.0; Win64; x64) AppleWebKit/537.36 (KHTML, like Gecko) Chrome/133.0.0.0 Safari/537.36"
206.123.156.179 - - [11/Jul/2026:09:15:51 -0700] "POST /xmlrpc.php HTTP/1.1" 200 5876 "-" "Mozilla/5.0 (Windows NT 10.0; Win64; x64) AppleWebKit/537.36 (KHTML, like Gecko) Chrome/133.0.0.0 Safari/537.36"
83.99.206.238 - - [11/Jul/2026:09:15:51 -0700] "GET /properties/?wplview=property_show&pid=94 HTTP/1.1" 200 35165 "-" "Mozilla/5.0 (X11; Linux x86_64) AppleWebKit/537.36 (KHTML, like Gecko; GeedoShopProductFinder) Chrome/142.0.0.0 Safari/537.36"
206.123.156.179 - - [11/Jul/2026:09:15:53 -0700] "GET /wp-login.php HTTP/1.1" 200 7794 "-" "Mozilla/5.0 (Windows NT 10.0; Win64; x64) AppleWebKit/537.36 (KHTML, like Gecko) Chrome/133.0.0.0 Safari/537.36"
85.137.57.233 - - [11/Jul/2026:09:15:54 -0700] "GET / HTTP/1.1" 200 39847 "-" "Mozilla/5.0 (Macintosh; Intel Mac OS X 10_15_7) AppleWebKit/537.36 (KHTML, like Gecko) Chrome/124.0.0.0 Safari/537.36"
206.123.156.179 - - [11/Jul/2026:09:15:54 -0700] "GET /wp-admin/ HTTP/1.1" 302 5273 "-" "Mozilla/5.0 (Windows NT 10.0; Win64; x64) AppleWebKit/537.36 (KHTML, like Gecko) Chrome/133.0.0.0 Safari/537.36"
206.123.156.179 - - [11/Jul/2026:09:15:56 -0700] "GET /wp-login.php?redirect_to=https%3A%2F%2Fvanessavaladezrealty.com%2Fwp-admin%2F&reauth=1 HTTP/1.1" 200 9853 "-" "Mozilla/5.0 (Windows NT 10.0; Win64; x64) AppleWebKit/537.36 (KHTML, like Gecko) Chrome/133.0.0.0 Safari/537.36"
173.239.211.39 - - [11/Jul/2026:09:16:09 -0700] "POST /wp-login.php HTTP/1.1" 200 7949 "https://vanessavaladezrealty.com/wp-login.php" "Mozilla/5.0 (Macintosh; Intel Mac OS X 10_15_7; rv:121.0) Gecko/20100101 Firefox/121.0"
173.239.211.39 - - [11/Jul/2026:09:16:10 -0700] "GET /wp-admin/index.php HTTP/1.1" 302 5282 "https://vanessavaladezrealty.com/wp-login.php" "Mozilla/5.0 (Windows NT 11.0; Win64; x64; rv:120.0) Gecko/20100101 Firefox/120.0"
83.99.206.63 - - [11/Jul/2026:09:16:11 -0700] "GET /properties/129-Residential-2726-River-Ranch-Place-8-Rooms-3-Bedrooms-3-Bathrooms-USD363-900/ HTTP/1.1" 200 38451 "-" "Mozilla/5.0 (X11; Linux x86_64) AppleWebKit/537.36 (KHTML, like Gecko; GeedoShopProductFinder) Chrome/142.0.0.0 Safari/537.36"
173.239.211.39 - - [11/Jul/2026:09:16:12 -0700] "GET /wp-login.php?redirect_to=https%3A%2F%2Fvanessavaladezrealty.com%2Fwp-admin%2Findex.php&reauth=1 HTTP/1.1" 200 9857 "https://vanessavaladezrealty.com/wp-login.php" "Mozilla/5.0 (Windows NT 11.0; Win64; x64; rv:120.0) Gecko/20100101 Firefox/120.0"
173.239.211.39 - - [11/Jul/2026:09:16:14 -0700] "POST /wp-login.php HTTP/1.1" 200 7954 "https://vanessavaladezrealty.com/wp-login.php" "Mozilla/5.0 (Macintosh; Intel Mac OS X 13_6_1; rv:119.0) Gecko/20100101 Firefox/119.0"
173.239.211.39 - - [11/Jul/2026:09:16:16 -0700] "GET /wp-admin/index.php HTTP/1.1" 302 5282 "https://vanessavaladezrealty.com/wp-login.php" "Mozilla/5.0 (Windows NT 11.0; Win64; x64; rv:121.0) Gecko/20100101 Firefox/121.0"
173.239.211.39 - - [11/Jul/2026:09:16:18 -0700] "GET /wp-login.php?redirect_to=https%3A%2F%2Fvanessavaladezrealty.com%2Fwp-admin%2Findex.php&reauth=1 HTTP/1.1" 200 9857 "https://vanessavaladezrealty.com/wp-login.php" "Mozilla/5.0 (Windows NT 11.0; Win64; x64; rv:121.0) Gecko/20100101 Firefox/121.0"
173.239.211.39 - - [11/Jul/2026:09:16:20 -0700] "POST /wp-login.php HTTP/1.1" 200 7948 "https://vanessavaladezrealty.com/wp-login.php" "Mozilla/5.0 (Windows NT 11.0; Win64; x64; rv:118.0) Gecko/20100101 Firefox/118.0"
173.239.211.39 - - [11/Jul/2026:09:16:22 -0700] "GET /wp-admin/index.php HTTP/1.1" 302 5282 "https://vanessavaladezrealty.com/wp-login.php" "Mozilla/5.0 (X11; Linux x86_64) AppleWebKit/537.36 (KHTML, like Gecko) Chrome/121.0.0.0 Safari/537.36"
173.239.211.39 - - [11/Jul/2026:09:16:27 -0700] "GET /wp-login.php?redirect_to=https%3A%2F%2Fvanessavaladezrealty.com%2Fwp-admin%2Findex.php&reauth=1 HTTP/1.1" 200 9857 "https://vanessavaladezrealty.com/wp-login.php" "Mozilla/5.0 (X11; Linux x86_64) AppleWebKit/537.36 (KHTML, like Gecko) Chrome/121.0.0.0 Safari/537.36"
43.162.114.69 - - [11/Jul/2026:09:16:28 -0700] "GET / HTTP/1.1" 200 39779 "http://vanessavaladezrealty.com" "Mozilla/5.0 (iPhone; CPU iPhone OS 13_2_3 like Mac OS X) AppleWebKit/605.1.15 (KHTML, like Gecko) Version/13.0.3 Mobile/15E148 Safari/604.1"
173.239.211.39 - - [11/Jul/2026:09:16:29 -0700] "POST /wp-login.php HTTP/1.1" 200 7954 "https://vanessavaladezrealty.com/wp-login.php" "Mozilla/5.0 (Macintosh; Intel Mac OS X 10_15_7) AppleWebKit/537.36 (KHTML, like Gecko) Chrome/121.0.0.0 Safari/537.36"
173.239.211.39 - - [11/Jul/2026:09:16:31 -0700] "GET /wp-admin/index.php HTTP/1.1" 302 5282 "https://vanessavaladezrealty.com/wp-login.php" "Mozilla/5.0 (Windows NT 10.0; Win64; x64) AppleWebKit/537.36 (KHTML, like Gecko) Chrome/120.0.0.0 Safari/537.36"
83.99.206.63 - - [11/Jul/2026:09:16:31 -0700] "GET /properties/?wplview=property_show&pid=136 HTTP/1.1" 200 36962 "-" "Mozilla/5.0 (X11; Linux x86_64) AppleWebKit/537.36 (KHTML, like Gecko; GeedoShopProductFinder) Chrome/142.0.0.0 Safari/537.36"
173.239.211.39 - - [11/Jul/2026:09:16:32 -0700] "GET /wp-login.php?redirect_to=https%3A%2F%2Fvanessavaladezrealty.com%2Fwp-admin%2Findex.php&reauth=1 HTTP/1.1" 200 9857 "https://vanessavaladezrealty.com/wp-login.php" "Mozilla/5.0 (Windows NT 10.0; Win64; x64) AppleWebKit/537.36 (KHTML, like Gecko) Chrome/120.0.0.0 Safari/537.36"
173.239.211.39 - - [11/Jul/2026:09:16:33 -0700] "POST /wp-login.php HTTP/1.1" 200 7954 "https://vanessavaladezrealty.com/wp-login.php" "Mozilla/5.0 (Macintosh; Intel Mac OS X 13_6_1) AppleWebKit/605.1.15 (KHTML, like Gecko) Version/17.0 Safari/605.1.15"
173.239.211.39 - - [11/Jul/2026:09:16:35 -0700] "GET /wp-admin/index.php HTTP/1.1" 302 5282 "https://vanessavaladezrealty.com/wp-login.php" "Mozilla/5.0 (Windows NT 10.0; Win64; x64) AppleWebKit/537.36 (KHTML, like Gecko) Chrome/120.0.0.0 Safari/537.36"
173.239.211.39 - - [11/Jul/2026:09:16:36 -0700] "GET /wp-login.php?redirect_to=https%3A%2F%2Fvanessavaladezrealty.com%2Fwp-admin%2Findex.php&reauth=1 HTTP/1.1" 200 9857 "https://vanessavaladezrealty.com/wp-login.php" "Mozilla/5.0 (Windows NT 10.0; Win64; x64) AppleWebKit/537.36 (KHTML, like Gecko) Chrome/120.0.0.0 Safari/537.36"
173.239.211.39 - - [11/Jul/2026:09:16:39 -0700] "POST /wp-login.php HTTP/1.1" 200 7945 "https://vanessavaladezrealty.com/wp-login.php" "Mozilla/5.0 (Windows NT 10.0; Win64; x64; rv:121.0) Gecko/20100101 Firefox/121.0"
173.239.211.39 - - [11/Jul/2026:09:16:41 -0700] "GET /wp-admin/index.php HTTP/1.1" 302 5282 "https://vanessavaladezrealty.com/wp-login.php" "Mozilla/5.0 (Windows NT 11.0; Win64; x64) AppleWebKit/537.36 (KHTML, like Gecko) Chrome/121.0.0.0 Safari/537.36"
173.239.211.39 - - [11/Jul/2026:09:16:42 -0700] "GET /wp-login.php?redirect_to=https%3A%2F%2Fvanessavaladezrealty.com%2Fwp-admin%2Findex.php&reauth=1 HTTP/1.1" 200 9857 "https://vanessavaladezrealty.com/wp-login.php" "Mozilla/5.0 (Windows NT 11.0; Win64; x64) AppleWebKit/537.36 (KHTML, like Gecko) Chrome/121.0.0.0 Safari/537.36"
173.239.211.39 - - [11/Jul/2026:09:16:47 -0700] "GET /wp-admin/index.php HTTP/1.1" 302 5282 "https://vanessavaladezrealty.com/wp-login.php" "Mozilla/5.0 (Macintosh; Intel Mac OS X 13_6_1; rv:120.0) Gecko/20100101 Firefox/120.0"
173.239.211.39 - - [11/Jul/2026:09:16:44 -0700] "POST /wp-login.php HTTP/1.1" 200 7947 "https://vanessavaladezrealty.com/wp-login.php" "Mozilla/5.0 (Macintosh; Intel Mac OS X 13_6_1) AppleWebKit/605.1.15 (KHTML, like Gecko) Version/17.1 Safari/605.1.15"
83.99.206.63 - - [11/Jul/2026:09:16:51 -0700] "GET /properties/vanessavaladez/?wplpage=2 HTTP/1.1" 200 35018 "-" "Mozilla/5.0 (X11; Linux x86_64) AppleWebKit/537.36 (KHTML, like Gecko; GeedoShopProductFinder) Chrome/142.0.0.0 Safari/537.36"
173.239.211.39 - - [11/Jul/2026:09:16:52 -0700] "GET /wp-login.php?redirect_to=https%3A%2F%2Fvanessavaladezrealty.com%2Fwp-admin%2Findex.php&reauth=1 HTTP/1.1" 200 9857 "https://vanessavaladezrealty.com/wp-login.php" "Mozilla/5.0 (Macintosh; Intel Mac OS X 13_6_1; rv:120.0) Gecko/20100101 Firefox/120.0"
173.239.211.39 - - [11/Jul/2026:09:16:58 -0700] "POST /wp-login.php HTTP/1.1" 200 7948 "https://vanessavaladezrealty.com/wp-login.php" "Mozilla/5.0 (X11; Ubuntu; Linux x86_64) AppleWebKit/537.36 (KHTML, like Gecko) Chrome/120.0.0.0 Safari/537.36"
173.239.211.39 - - [11/Jul/2026:09:17:06 -0700] "GET /wp-admin/index.php HTTP/1.1" 302 5282 "https://vanessavaladezrealty.com/wp-login.php" "Mozilla/5.0 (Windows NT 11.0; Win64; x64; rv:118.0) Gecko/20100101 Firefox/118.0"
173.239.211.39 - - [11/Jul/2026:09:17:08 -0700] "GET /wp-login.php?redirect_to=https%3A%2F%2Fvanessavaladezrealty.com%2Fwp-admin%2Findex.php&reauth=1 HTTP/1.1" 200 9857 "https://vanessavaladezrealty.com/wp-login.php" "Mozilla/5.0 (Windows NT 11.0; Win64; x64; rv:118.0) Gecko/20100101 Firefox/118.0"
173.239.211.39 - - [11/Jul/2026:09:17:10 -0700] "POST /wp-login.php HTTP/1.1" 200 7948 "https://vanessavaladezrealty.com/wp-login.php" "Mozilla/5.0 (Windows NT 10.0; Win64; x64; rv:120.0) Gecko/20100101 Firefox/120.0"
173.239.211.39 - - [11/Jul/2026:09:17:12 -0700] "GET /wp-admin/index.php HTTP/1.1" 302 5282 "https://vanessavaladezrealty.com/wp-login.php" "Mozilla/5.0 (Macintosh; Intel Mac OS X 10_15_7) AppleWebKit/537.36 (KHTML, like Gecko) Chrome/121.0.0.0 Safari/537.36"
83.99.206.63 - - [11/Jul/2026:09:17:11 -0700] "GET /properties/?wplview=property_show&pid=95 HTTP/1.1" 200 36571 "-" "Mozilla/5.0 (X11; Linux x86_64) AppleWebKit/537.36 (KHTML, like Gecko; GeedoShopProductFinder) Chrome/142.0.0.0 Safari/537.36"
173.239.211.39 - - [11/Jul/2026:09:17:14 -0700] "GET /wp-login.php?redirect_to=https%3A%2F%2Fvanessavaladezrealty.com%2Fwp-admin%2Findex.php&reauth=1 HTTP/1.1" 200 9857 "https://vanessavaladezrealty.com/wp-login.php" "Mozilla/5.0 (Macintosh; Intel Mac OS X 10_15_7) AppleWebKit/537.36 (KHTML, like Gecko) Chrome/121.0.0.0 Safari/537.36"
173.239.211.39 - - [11/Jul/2026:09:17:16 -0700] "POST /wp-login.php HTTP/1.1" 200 7946 "https://vanessavaladezrealty.com/wp-login.php" "Mozilla/5.0 (Macintosh; Intel Mac OS X 13_6_1) AppleWebKit/605.1.15 (KHTML, like Gecko) Version/17.1 Safari/605.1.15"
173.239.211.39 - - [11/Jul/2026:09:17:17 -0700] "GET /wp-admin/index.php HTTP/1.1" 302 5282 "https://vanessavaladezrealty.com/wp-login.php" "Mozilla/5.0 (X11; Linux x86_64) AppleWebKit/537.36 (KHTML, like Gecko) Chrome/119.0.0.0 Safari/537.36"
173.239.211.39 - - [11/Jul/2026:09:17:18 -0700] "GET /wp-login.php?redirect_to=https%3A%2F%2Fvanessavaladezrealty.com%2Fwp-admin%2Findex.php&reauth=1 HTTP/1.1" 200 9857 "https://vanessavaladezrealty.com/wp-login.php" "Mozilla/5.0 (X11; Linux x86_64) AppleWebKit/537.36 (KHTML, like Gecko) Chrome/119.0.0.0 Safari/537.36"
35.235.84.95 - - [11/Jul/2026:09:18:30 -0700] "POST /wp-cron.php?doing_wp_cron=1783786710.3331298828125000000000 HTTP/1.1" 200 5076 "-" "WordPress/7.0.1; https://vanessavaladezrealty.com"
206.123.156.179 - - [11/Jul/2026:09:18:28 -0700] "GET / HTTP/1.1" 200 39845 "-" "Mozilla/5.0 (Windows NT 10.0; Win64; x64) AppleWebKit/537.36 (KHTML, like Gecko) Chrome/133.0.0.0 Safari/537.36"
206.123.156.179 - - [11/Jul/2026:09:18:30 -0700] "GET / HTTP/1.1" 200 39787 "-" "Mozilla/5.0 (Windows NT 10.0; Win64; x64) AppleWebKit/537.36 (KHTML, like Gecko) Chrome/133.0.0.0 Safari/537.36"
206.123.156.179 - - [11/Jul/2026:09:18:31 -0700] "GET /wp-login.php HTTP/1.1" 200 7852 "-" "Mozilla/5.0 (Windows NT 10.0; Win64; x64) AppleWebKit/537.36 (KHTML, like Gecko) Chrome/133.0.0.0 Safari/537.36"
206.123.156.179 - - [11/Jul/2026:09:18:31 -0700] "GET /wp-admin/ HTTP/1.1" 302 5331 "-" "Mozilla/5.0 (Windows NT 10.0; Win64; x64) AppleWebKit/537.36 (KHTML, like Gecko) Chrome/133.0.0.0 Safari/537.36"
206.123.156.179 - - [11/Jul/2026:09:18:31 -0700] "GET /xmlrpc.php HTTP/1.1" 405 5242 "-" "Mozilla/5.0 (Windows NT 10.0; Win64; x64) AppleWebKit/537.36 (KHTML, like Gecko) Chrome/133.0.0.0 Safari/537.36"
206.123.156.179 - - [11/Jul/2026:09:18:32 -0700] "GET /wp-login.php?redirect_to=https%3A%2F%2Fvanessavaladezrealty.com%2Fwp-admin%2F&reauth=1 HTTP/1.1" 200 9853 "-" "Mozilla/5.0 (Windows NT 10.0; Win64; x64) AppleWebKit/537.36 (KHTML, like Gecko) Chrome/133.0.0.0 Safari/537.36"
206.123.156.179 - - [11/Jul/2026:09:18:32 -0700] "POST /xmlrpc.php HTTP/1.1" 200 5876 "-" "Mozilla/5.0 (Windows NT 10.0; Win64; x64) AppleWebKit/537.36 (KHTML, like Gecko) Chrome/133.0.0.0 Safari/537.36"
206.123.156.179 - - [11/Jul/2026:09:18:33 -0700] "GET /wp-login.php HTTP/1.1" 200 7794 "-" "Mozilla/5.0 (Windows NT 10.0; Win64; x64) AppleWebKit/537.36 (KHTML, like Gecko) Chrome/133.0.0.0 Safari/537.36"
206.123.156.179 - - [11/Jul/2026:09:18:33 -0700] "GET /wp-admin/ HTTP/1.1" 302 5273 "-" "Mozilla/5.0 (Windows NT 10.0; Win64; x64) AppleWebKit/537.36 (KHTML, like Gecko) Chrome/133.0.0.0 Safari/537.36"
206.123.156.179 - - [11/Jul/2026:09:18:35 -0700] "GET /wp-login.php?redirect_to=https%3A%2F%2Fvanessavaladezrealty.com%2Fwp-admin%2F&reauth=1 HTTP/1.1" 200 9853 "-" "Mozilla/5.0 (Windows NT 10.0; Win64; x64) AppleWebKit/537.36 (KHTML, like Gecko) Chrome/133.0.0.0 Safari/537.36"
35.235.84.95 - - [11/Jul/2026:09:19:17 -0700] "POST /wp-cron.php?doing_wp_cron=1783786757.5408089160919189453125 HTTP/1.1" 200 5076 "-" "WordPress/7.0.1; https://vanessavaladezrealty.com"
14.191.221.173 - - [11/Jul/2026:09:19:16 -0700] "GET /properties/vanessavaladez/tel:7027760711/tel:7027760711/tel:7027760711/tel:7027760711/tel:7027760711/tel:7027760711/tel:7027760711/tel:7027760711/ HTTP/1.1" 200 34319 "-" "Mozilla/5.0 (Macintosh; Intel Mac OS X 10_14_4) AppleWebKit/537.36 (KHTML, like Gecko) Chrome/88.0.4324.192 Safari/537.36"
83.99.206.243 - - [11/Jul/2026:09:19:18 -0700] "GET /properties/100-Residential-Lease-3077-Camino-Sereno-Avenue-5-Rooms-3-Bedrooms-3-Bathrooms-USD2-500/ HTTP/1.1" 200 37442 "-" "Mozilla/5.0 (X11; Linux x86_64) AppleWebKit/537.36 (KHTML, like Gecko; GeedoShopProductFinder) Chrome/142.0.0.0 Safari/537.36"
83.99.206.58 - - [11/Jul/2026:09:19:38 -0700] "GET /properties/118-Residential-Lease-8250-North-Grand-Canyon-Drive-1070-6-Rooms-2-Bedrooms-2-Bathrooms-USD1-250/ HTTP/1.1" 200 37115 "-" "Mozilla/5.0 (X11; Linux x86_64) AppleWebKit/537.36 (KHTML, like Gecko; GeedoShopProductFinder) Chrome/142.0.0.0 Safari/537.36"
161.97.129.228 - - [11/Jul/2026:09:19:42 -0700] "GET /wp-login.php HTTP/1.1" 200 7852 "-" "Mozilla/5.0 (X11; Linux x86_64) AppleWebKit/537.36 (KHTML, like Gecko) Chrome/149.0.0.0 Safari/537.36"
161.97.129.228 - - [11/Jul/2026:09:19:43 -0700] "POST /wp-login.php HTTP/1.1" 200 7934 "https://vanessavaladezrealty.com/wp-login.php" "Mozilla/5.0 (X11; Linux x86_64) AppleWebKit/537.36 (KHTML, like Gecko) Chrome/149.0.0.0 Safari/537.36"
35.235.84.95 - - [11/Jul/2026:09:19:59 -0700] "POST /wp-cron.php?doing_wp_cron=1783786799.2700150012969970703125 HTTP/1.1" 200 5076 "-" "WordPress/7.0.1; https://vanessavaladezrealty.com"
83.99.206.149 - - [11/Jul/2026:09:19:57 -0700] "GET /properties/?wplview=property_show&pid=101 HTTP/1.1" 200 36560 "-" "Mozilla/5.0 (X11; Linux x86_64) AppleWebKit/537.36 (KHTML, like Gecko; GeedoShopProductFinder) Chrome/142.0.0.0 Safari/537.36"
83.99.206.243 - - [11/Jul/2026:09:20:18 -0700] "GET /properties/?wplview=property_show&pid=105 HTTP/1.1" 200 38813 "-" "Mozilla/5.0 (X11; Linux x86_64) AppleWebKit/537.36 (KHTML, like Gecko; GeedoShopProductFinder) Chrome/142.0.0.0 Safari/537.36"
173.239.211.38 - - [11/Jul/2026:09:20:36 -0700] "POST /wp-login.php HTTP/1.1" 200 7953 "https://vanessavaladezrealty.com/wp-login.php" "Mozilla/5.0 (Macintosh; Intel Mac OS X 10_15_7) AppleWebKit/537.36 (KHTML, like Gecko) Chrome/121.0.0.0 Safari/537.36"
