216.73.216.49 - - [11/Jul/2026:15:08:10 -0700] "GET /wp-content/uploads/WPL/148/403.php?loknya=%2Fvar%2Fwww%2Fvhosts%2Fvanessavaladezrealty.com%2Fhttpdocs%2Fwp-content%2Fuploads%2FWPL%2F113 HTTP/1.1" 200 6928 "-" "Mozilla/5.0 AppleWebKit/537.36 (KHTML, like Gecko; compatible; ClaudeBot/1.0; +claudebot@anthropic.com)"
216.73.216.49 - - [11/Jul/2026:15:08:10 -0700] "GET /wp-content/uploads/WPL/148/403.php?loknya=%2Fvar%2Fwww%2Fvhosts%2Fvanessavaladezrealty.com%2Fhttpdocs%2Fwp-content%2Fuploads%2FWPL%2F42 HTTP/1.1" 200 6927 "-" "Mozilla/5.0 AppleWebKit/537.36 (KHTML, like Gecko; compatible; ClaudeBot/1.0; +claudebot@anthropic.com)"
216.73.216.49 - - [11/Jul/2026:15:08:10 -0700] "GET /wp-content/uploads/WPL/148/403.php?loknya=%2Fvar%2Fwww%2Fvhosts%2Fvanessavaladezrealty.com%2Fhttpdocs%2Fwp-content%2Fuploads%2FWPL%2F101 HTTP/1.1" 200 6929 "-" "Mozilla/5.0 AppleWebKit/537.36 (KHTML, like Gecko; compatible; ClaudeBot/1.0; +claudebot@anthropic.com)"
216.73.216.49 - - [11/Jul/2026:15:08:10 -0700] "GET /wp-content/uploads/WPL/148/403.php?loknya=%2Fvar%2Fwww%2Fvhosts%2Fvanessavaladezrealty.com%2Fhttpdocs%2Fwp-content%2Fuploads%2FWPL%2F111 HTTP/1.1" 200 6928 "-" "Mozilla/5.0 AppleWebKit/537.36 (KHTML, like Gecko; compatible; ClaudeBot/1.0; +claudebot@anthropic.com)"
216.73.216.49 - - [11/Jul/2026:15:08:10 -0700] "GET /wp-content/uploads/WPL/148/403.php?loknya=%2Fvar%2Fwww%2Fvhosts%2Fvanessavaladezrealty.com%2Fhttpdocs%2Fwp-content%2Fuploads%2FWPL%2F50 HTTP/1.1" 200 6927 "-" "Mozilla/5.0 AppleWebKit/537.36 (KHTML, like Gecko; compatible; ClaudeBot/1.0; +claudebot@anthropic.com)"
216.73.216.49 - - [11/Jul/2026:15:08:11 -0700] "GET /wp-content/uploads/WPL/148/403.php?loknya=%2Fvar%2Fwww%2Fvhosts%2Fvanessavaladezrealty.com%2Fhttpdocs%2Fwp-content%2Fuploads%2FWPL%2F27 HTTP/1.1" 200 6928 "-" "Mozilla/5.0 AppleWebKit/537.36 (KHTML, like Gecko; compatible; ClaudeBot/1.0; +claudebot@anthropic.com)"
216.73.216.49 - - [11/Jul/2026:15:09:04 -0700] "GET /wp-content/uploads/WPL/148/403.php?loknya=%2Fvar%2Fwww%2Fvhosts%2Fvanessavaladezrealty.com%2Fhttpdocs%2Fwp-content%2Fuploads%2FWPL%2F133 HTTP/1.1" 200 6928 "-" "Mozilla/5.0 AppleWebKit/537.36 (KHTML, like Gecko; compatible; ClaudeBot/1.0; +claudebot@anthropic.com)"
216.73.216.49 - - [11/Jul/2026:15:09:04 -0700] "GET /wp-content/uploads/WPL/148/403.php?loknya=%2Fvar%2Fwww%2Fvhosts%2Fvanessavaladezrealty.com%2Fhttpdocs%2Fwp-content%2Fuploads%2FWPL%2F108 HTTP/1.1" 200 6929 "-" "Mozilla/5.0 AppleWebKit/537.36 (KHTML, like Gecko; compatible; ClaudeBot/1.0; +claudebot@anthropic.com)"
216.73.216.49 - - [11/Jul/2026:15:09:04 -0700] "GET /wp-content/uploads/WPL/148/403.php?loknya=%2Fvar%2Fwww%2Fvhosts%2Fvanessavaladezrealty.com%2Fhttpdocs%2Fwp-content%2Fuploads%2FWPL%2F51 HTTP/1.1" 200 6927 "-" "Mozilla/5.0 AppleWebKit/537.36 (KHTML, like Gecko; compatible; ClaudeBot/1.0; +claudebot@anthropic.com)"
216.73.216.49 - - [11/Jul/2026:15:09:04 -0700] "GET /wp-content/uploads/WPL/148/403.php?loknya=%2Fvar%2Fwww%2Fvhosts%2Fvanessavaladezrealty.com%2Fhttpdocs%2Fwp-content%2Fuploads%2FWPL%2F137 HTTP/1.1" 200 6928 "-" "Mozilla/5.0 AppleWebKit/537.36 (KHTML, like Gecko; compatible; ClaudeBot/1.0; +claudebot@anthropic.com)"
216.73.216.49 - - [11/Jul/2026:15:09:04 -0700] "GET /wp-content/uploads/WPL/148/403.php?loknya=%2Fvar%2Fwww%2Fvhosts%2Fvanessavaladezrealty.com%2Fhttpdocs%2Fwp-content%2Fuploads%2FWPL%2F138 HTTP/1.1" 200 6928 "-" "Mozilla/5.0 AppleWebKit/537.36 (KHTML, like Gecko; compatible; ClaudeBot/1.0; +claudebot@anthropic.com)"
216.73.216.49 - - [11/Jul/2026:15:09:04 -0700] "GET /wp-content/uploads/WPL/148/403.php?loknya=%2Fvar%2Fwww%2Fvhosts%2Fvanessavaladezrealty.com%2Fhttpdocs%2Fwp-content%2Fuploads%2FWPL%2F146 HTTP/1.1" 200 7104 "-" "Mozilla/5.0 AppleWebKit/537.36 (KHTML, like Gecko; compatible; ClaudeBot/1.0; +claudebot@anthropic.com)"
216.73.216.49 - - [11/Jul/2026:15:09:04 -0700] "GET /wp-content/uploads/WPL/147/hrx.php?fileloc=%2Fvar%2Fwww%2Fvhosts%2Fvanessavaladezrealty.com%2Fhttpdocs%2Fwp-activate.php&path=%2Fvar%2Fwww%2Fvhosts%2Fvanessavaladezrealty.com%2Fhttpdocs HTTP/1.1" 200 9381 "-" "Mozilla/5.0 AppleWebKit/537.36 (KHTML, like Gecko; compatible; ClaudeBot/1.0; +claudebot@anthropic.com)"
216.73.216.49 - - [11/Jul/2026:15:09:04 -0700] "GET /wp-content/uploads/WPL/148/403.php?loknya=%2Fvar%2Fwww%2Fvhosts%2Fvanessavaladezrealty.com%2Fhttpdocs%2Fwp-content%2Fuploads%2FWPL%2F134 HTTP/1.1" 200 6928 "-" "Mozilla/5.0 AppleWebKit/537.36 (KHTML, like Gecko; compatible; ClaudeBot/1.0; +claudebot@anthropic.com)"
216.73.216.49 - - [11/Jul/2026:15:09:04 -0700] "GET /wp-content/uploads/WPL/148/403.php?loknya=%2Fvar%2Fwww%2Fvhosts%2Fvanessavaladezrealty.com%2Fhttpdocs%2Fwp-content%2Fuploads%2FWPL%2F131 HTTP/1.1" 200 6928 "-" "Mozilla/5.0 AppleWebKit/537.36 (KHTML, like Gecko; compatible; ClaudeBot/1.0; +claudebot@anthropic.com)"
216.73.216.49 - - [11/Jul/2026:15:09:04 -0700] "GET /wp-content/uploads/WPL/148/403.php?loknya=%2Fvar%2Fwww%2Fvhosts%2Fvanessavaladezrealty.com%2Fhttpdocs%2Fwp-content%2Fuploads%2FWPL%2F130 HTTP/1.1" 200 6930 "-" "Mozilla/5.0 AppleWebKit/537.36 (KHTML, like Gecko; compatible; ClaudeBot/1.0; +claudebot@anthropic.com)"
216.73.216.49 - - [11/Jul/2026:15:09:04 -0700] "GET /wp-content/uploads/WPL/148/403.php?loknya=%2Fvar%2Fwww%2Fvhosts%2Fvanessavaladezrealty.com%2Fhttpdocs%2Fwp-content%2Fuploads%2FWPL%2F140 HTTP/1.1" 200 6927 "-" "Mozilla/5.0 AppleWebKit/537.36 (KHTML, like Gecko; compatible; ClaudeBot/1.0; +claudebot@anthropic.com)"
216.73.216.49 - - [11/Jul/2026:15:09:04 -0700] "GET /wp-content/uploads/WPL/148/403.php?loknya=%2Fvar%2Fwww%2Fvhosts%2Fvanessavaladezrealty.com%2Fhttpdocs%2Fwp-content%2Fuploads%2FWPL%2F128 HTTP/1.1" 200 6928 "-" "Mozilla/5.0 AppleWebKit/537.36 (KHTML, like Gecko; compatible; ClaudeBot/1.0; +claudebot@anthropic.com)"
216.73.216.49 - - [11/Jul/2026:15:09:05 -0700] "GET /wp-content/uploads/WPL/148/403.php?loknya=%2Fvar%2Fwww%2Fvhosts%2Fvanessavaladezrealty.com%2Fhttpdocs%2Fwp-content%2Fuploads%2FWPL%2F30 HTTP/1.1" 200 6928 "-" "Mozilla/5.0 AppleWebKit/537.36 (KHTML, like Gecko; compatible; ClaudeBot/1.0; +claudebot@anthropic.com)"
35.235.84.95 - - [11/Jul/2026:15:09:15 -0700] "POST /wp-cron.php?doing_wp_cron=1783807755.6753160953521728515625 HTTP/1.1" 200 5076 "-" "WordPress/7.0.1; https://vanessavaladezrealty.com"
35.235.84.95 - - [11/Jul/2026:15:09:15 -0700] "POST /wp-cron.php?doing_wp_cron=1783807755.7185499668121337890625 HTTP/1.1" 200 5076 "-" "WordPress/7.0.1; https://vanessavaladezrealty.com"
49.51.132.100 - - [11/Jul/2026:15:09:14 -0700] "GET /?p=22 HTTP/1.1" 301 5629 "-" "Mozilla/5.0 (iPhone; CPU iPhone OS 13_2_3 like Mac OS X) AppleWebKit/605.1.15 (KHTML, like Gecko) Version/13.0.3 Mobile/15E148 Safari/604.1"
49.51.132.100 - - [11/Jul/2026:15:09:18 -0700] "GET /contact/ HTTP/1.1" 200 29470 "https://vanessavaladezrealty.com/?p=22" "Mozilla/5.0 (iPhone; CPU iPhone OS 13_2_3 like Mac OS X) AppleWebKit/605.1.15 (KHTML, like Gecko) Version/13.0.3 Mobile/15E148 Safari/604.1"
216.73.216.49 - - [11/Jul/2026:15:09:26 -0700] "GET /wp-content/uploads/WPL/148/403.php?loknya=%2Fvar%2Fwww%2Fvhosts%2Fvanessavaladezrealty.com%2Fhttpdocs%2Fwp-content%2Fuploads%2FWPL%2F122 HTTP/1.1" 200 6928 "-" "Mozilla/5.0 AppleWebKit/537.36 (KHTML, like Gecko; compatible; ClaudeBot/1.0; +claudebot@anthropic.com)"
216.73.216.49 - - [11/Jul/2026:15:09:26 -0700] "GET /wp-content/uploads/WPL/148/403.php?loknya=%2Fvar%2Fwww%2Fvhosts%2Fvanessavaladezrealty.com%2Fhttpdocs%2Fwp-content%2Fuploads%2FWPL%2F135 HTTP/1.1" 200 6927 "-" "Mozilla/5.0 AppleWebKit/537.36 (KHTML, like Gecko; compatible; ClaudeBot/1.0; +claudebot@anthropic.com)"
216.73.216.49 - - [11/Jul/2026:15:09:26 -0700] "GET /wp-content/uploads/WPL/148/403.php?loknya=%2Fvar%2Fwww%2Fvhosts%2Fvanessavaladezrealty.com%2Fhttpdocs%2Fwp-content%2Fuploads%2FWPL%2F105 HTTP/1.1" 200 6928 "-" "Mozilla/5.0 AppleWebKit/537.36 (KHTML, like Gecko; compatible; ClaudeBot/1.0; +claudebot@anthropic.com)"
216.73.216.49 - - [11/Jul/2026:15:09:26 -0700] "GET /wp-content/uploads/WPL/148/403.php?loknya=%2Fvar%2Fwww%2Fvhosts%2Fvanessavaladezrealty.com%2Fhttpdocs%2Fwp-content%2Fuploads%2FWPL%2F119 HTTP/1.1" 200 6928 "-" "Mozilla/5.0 AppleWebKit/537.36 (KHTML, like Gecko; compatible; ClaudeBot/1.0; +claudebot@anthropic.com)"
216.73.216.49 - - [11/Jul/2026:15:09:27 -0700] "GET /wp-content/uploads/WPL/148/403.php?loknya=%2Fvar%2Fwww%2Fvhosts%2Fvanessavaladezrealty.com%2Fhttpdocs%2Fwp-content%2Fuploads%2FWPL%2F33 HTTP/1.1" 200 6927 "-" "Mozilla/5.0 AppleWebKit/537.36 (KHTML, like Gecko; compatible; ClaudeBot/1.0; +claudebot@anthropic.com)"
216.73.216.49 - - [11/Jul/2026:15:09:27 -0700] "GET /wp-content/uploads/WPL/148/403.php?loknya=%2Fvar%2Fwww%2Fvhosts%2Fvanessavaladezrealty.com%2Fhttpdocs%2Fwp-content%2Fupgrade HTTP/1.1" 200 6917 "-" "Mozilla/5.0 AppleWebKit/537.36 (KHTML, like Gecko; compatible; ClaudeBot/1.0; +claudebot@anthropic.com)"
216.73.216.49 - - [11/Jul/2026:15:09:27 -0700] "GET /wp-content/uploads/WPL/148/403.php?loknya=%2Fvar%2Fwww%2Fvhosts%2Fvanessavaladezrealty.com%2Fhttpdocs%2Fwp-content%2Fuploads%2FWPL%2F150 HTTP/1.1" 200 7106 "-" "Mozilla/5.0 AppleWebKit/537.36 (KHTML, like Gecko; compatible; ClaudeBot/1.0; +claudebot@anthropic.com)"
216.73.216.49 - - [11/Jul/2026:15:09:27 -0700] "GET /wp-content/uploads/WPL/148/403.php?loknya=%2Fvar%2Fwww%2Fvhosts%2Fvanessavaladezrealty.com%2Fhttpdocs%2Fwp-content%2Fthemes HTTP/1.1" 200 7384 "-" "Mozilla/5.0 AppleWebKit/537.36 (KHTML, like Gecko; compatible; ClaudeBot/1.0; +claudebot@anthropic.com)"
216.73.216.49 - - [11/Jul/2026:15:09:29 -0700] "GET /wp-content/uploads/WPL/148/403.php?loknya=%2Fvar%2Fwww%2Fvhosts%2Fvanessavaladezrealty.com%2Fhttpdocs%2Fwp-content%2Fuploads%2FWPL%2F31 HTTP/1.1" 200 6927 "-" "Mozilla/5.0 AppleWebKit/537.36 (KHTML, like Gecko; compatible; ClaudeBot/1.0; +claudebot@anthropic.com)"
216.73.216.49 - - [11/Jul/2026:15:09:29 -0700] "GET /wp-content/uploads/WPL/148/403.php?loknya=%2Fvar%2Fwww%2Fvhosts%2Fvanessavaladezrealty.com%2Fhttpdocs%2Fwp-content%2Fuploads%2FWPL%2F116 HTTP/1.1" 200 6928 "-" "Mozilla/5.0 AppleWebKit/537.36 (KHTML, like Gecko; compatible; ClaudeBot/1.0; +claudebot@anthropic.com)"
216.73.216.49 - - [11/Jul/2026:15:09:29 -0700] "GET /wp-content/uploads/WPL/148/403.php?loknya=%2Fvar%2Fwww%2Fvhosts%2Fvanessavaladezrealty.com%2Fhttpdocs%2Fwp-content%2Fuploads%2FWPL%2F104 HTTP/1.1" 200 6929 "-" "Mozilla/5.0 AppleWebKit/537.36 (KHTML, like Gecko; compatible; ClaudeBot/1.0; +claudebot@anthropic.com)"
216.73.216.49 - - [11/Jul/2026:15:09:26 -0700] "GET /wp-content/uploads/WPL/148/403.php?loknya=%2Fvar%2Fwww%2Fvhosts%2Fvanessavaladezrealty.com%2Fhttpdocs%2Fwp-content%2Fuploads%2FWPL%2F109 HTTP/1.1" 200 6929 "-" "Mozilla/5.0 AppleWebKit/537.36 (KHTML, like Gecko; compatible; ClaudeBot/1.0; +claudebot@anthropic.com)"
216.73.216.49 - - [11/Jul/2026:15:09:37 -0700] "GET /wp-content/uploads/WPL/148/403.php?loknya=%2Fvar%2Fwww%2Fvhosts%2Fvanessavaladezrealty.com%2Fhttpdocs%2Fwp-content%2Fuploads%2FWPL%2F118 HTTP/1.1" 200 6928 "-" "Mozilla/5.0 AppleWebKit/537.36 (KHTML, like Gecko; compatible; ClaudeBot/1.0; +claudebot@anthropic.com)"
216.73.216.49 - - [11/Jul/2026:15:09:37 -0700] "GET /wp-content/uploads/WPL/148/403.php?loknya=%2Fvar%2Fwww%2Fvhosts%2Fvanessavaladezrealty.com%2Fhttpdocs%2Fwp-content%2Fuploads%2FWPL%2F126 HTTP/1.1" 200 6928 "-" "Mozilla/5.0 AppleWebKit/537.36 (KHTML, like Gecko; compatible; ClaudeBot/1.0; +claudebot@anthropic.com)"
216.73.216.49 - - [11/Jul/2026:15:09:37 -0700] "GET /wp-content/uploads/WPL/148/403.php?loknya=%2Fvar%2Fwww%2Fvhosts%2Fvanessavaladezrealty.com%2Fhttpdocs%2Fwp-content%2Fuploads%2FWPL%2F120 HTTP/1.1" 200 6928 "-" "Mozilla/5.0 AppleWebKit/537.36 (KHTML, like Gecko; compatible; ClaudeBot/1.0; +claudebot@anthropic.com)"
216.73.216.49 - - [11/Jul/2026:15:09:37 -0700] "GET /wp-content/uploads/WPL/147/hrx.php?fileloc=%2Fvar%2Fwww%2Fvhosts%2Fvanessavaladezrealty.com%2Fhttpdocs%2Fwp-settings.php&path=%2Fvar%2Fwww%2Fvhosts%2Fvanessavaladezrealty.com%2Fhttpdocs HTTP/1.1" 200 13469 "-" "Mozilla/5.0 AppleWebKit/537.36 (KHTML, like Gecko; compatible; ClaudeBot/1.0; +claudebot@anthropic.com)"
216.73.216.49 - - [11/Jul/2026:15:09:37 -0700] "GET /wp-content/uploads/WPL/148/403.php?loknya=%2Fvar%2Fwww%2Fvhosts%2Fvanessavaladezrealty.com%2Fhttpdocs%2Fwp-content%2Fuploads%2FWPL%2F115 HTTP/1.1" 200 6927 "-" "Mozilla/5.0 AppleWebKit/537.36 (KHTML, like Gecko; compatible; ClaudeBot/1.0; +claudebot@anthropic.com)"
216.73.216.49 - - [11/Jul/2026:15:09:37 -0700] "GET /wp-content/uploads/WPL/148/403.php?loknya=%2Fvar%2Fwww%2Fvhosts%2Fvanessavaladezrealty.com%2Fhttpdocs%2Fwp-content%2Fuploads%2FWPL%2F132 HTTP/1.1" 200 6928 "-" "Mozilla/5.0 AppleWebKit/537.36 (KHTML, like Gecko; compatible; ClaudeBot/1.0; +claudebot@anthropic.com)"
216.73.216.49 - - [11/Jul/2026:15:09:37 -0700] "GET /wp-content/uploads/WPL/148/403.php?loknya=%2Fvar%2Fwww%2Fvhosts%2Fvanessavaladezrealty.com%2Fhttpdocs%2Fwp-content%2Fuploads%2FWPL%2F123 HTTP/1.1" 200 6928 "-" "Mozilla/5.0 AppleWebKit/537.36 (KHTML, like Gecko; compatible; ClaudeBot/1.0; +claudebot@anthropic.com)"
216.73.216.49 - - [11/Jul/2026:15:09:37 -0700] "GET /wp-content/uploads/WPL/148/403.php?loknya=%2Fvar%2Fwww%2Fvhosts%2Fvanessavaladezrealty.com%2Fhttpdocs%2Fwp-content%2Fuploads%2FWPL%2F114 HTTP/1.1" 200 6928 "-" "Mozilla/5.0 AppleWebKit/537.36 (KHTML, like Gecko; compatible; ClaudeBot/1.0; +claudebot@anthropic.com)"
216.73.216.49 - - [11/Jul/2026:15:09:37 -0700] "GET /wp-content/uploads/WPL/148/403.php?loknya=%2Fvar%2Fwww%2Fvhosts%2Fvanessavaladezrealty.com%2Fhttpdocs%2Fwp-content%2Fuploads%2FWPL%2F125 HTTP/1.1" 200 6927 "-" "Mozilla/5.0 AppleWebKit/537.36 (KHTML, like Gecko; compatible; ClaudeBot/1.0; +claudebot@anthropic.com)"
216.73.216.49 - - [11/Jul/2026:15:09:37 -0700] "GET /wp-content/uploads/WPL/148/403.php?loknya=%2Fvar%2Fwww%2Fvhosts%2Fvanessavaladezrealty.com%2Fhttpdocs%2Fwp-content%2Fuploads%2FWPL%2F127 HTTP/1.1" 200 6928 "-" "Mozilla/5.0 AppleWebKit/537.36 (KHTML, like Gecko; compatible; ClaudeBot/1.0; +claudebot@anthropic.com)"
216.73.216.49 - - [11/Jul/2026:15:09:38 -0700] "GET /wp-content/uploads/WPL/148/403.php?loknya=%2Fvar%2Fwww%2Fvhosts%2Fvanessavaladezrealty.com%2Fhttpdocs%2Fwp-content%2Fuploads%2FWPL%2F117 HTTP/1.1" 200 6928 "-" "Mozilla/5.0 AppleWebKit/537.36 (KHTML, like Gecko; compatible; ClaudeBot/1.0; +claudebot@anthropic.com)"
216.73.216.49 - - [11/Jul/2026:15:09:38 -0700] "GET /wp-content/uploads/WPL/148/403.php?loknya=%2Fvar%2Fwww%2Fvhosts%2Fvanessavaladezrealty.com%2Fhttpdocs%2Fwp-content%2Fuploads%2FWPL%2F21 HTTP/1.1" 200 6926 "-" "Mozilla/5.0 AppleWebKit/537.36 (KHTML, like Gecko; compatible; ClaudeBot/1.0; +claudebot@anthropic.com)"
216.73.216.49 - - [11/Jul/2026:15:09:46 -0700] "GET /wp-content/uploads/WPL/147/hrx.php?fileloc=%2Fvar%2Fwww%2Fvhosts%2Fvanessavaladezrealty.com%2Fhttpdocs%2Fwp-config.php&path=%2Fvar%2Fwww%2Fvhosts%2Fvanessavaladezrealty.com%2Fhttpdocs HTTP/1.1" 403 5841 "-" "Mozilla/5.0 AppleWebKit/537.36 (KHTML, like Gecko; compatible; ClaudeBot/1.0; +claudebot@anthropic.com)"
216.73.216.49 - - [11/Jul/2026:15:09:46 -0700] "GET /wp-content/uploads/WPL/147/hrx.php?fileloc=%2Fvar%2Fwww%2Fvhosts%2Fvanessavaladezrealty.com%2Fhttpdocs%2Findex.php&path=%2Fvar%2Fwww%2Fvhosts%2Fvanessavaladezrealty.com%2Fhttpdocs HTTP/1.1" 200 7115 "-" "Mozilla/5.0 AppleWebKit/537.36 (KHTML, like Gecko; compatible; ClaudeBot/1.0; +claudebot@anthropic.com)"
216.73.216.49 - - [11/Jul/2026:15:09:46 -0700] "GET /wp-content/uploads/WPL/147/hrx.php?fileloc=%2Fvar%2Fwww%2Fvhosts%2Fvanessavaladezrealty.com%2Fhttpdocs%2Fwp-login.php&path=%2Fvar%2Fwww%2Fvhosts%2Fvanessavaladezrealty.com%2Fhttpdocs HTTP/1.1" 200 20016 "-" "Mozilla/5.0 AppleWebKit/537.36 (KHTML, like Gecko; compatible; ClaudeBot/1.0; +claudebot@anthropic.com)"
216.73.216.49 - - [11/Jul/2026:15:09:46 -0700] "GET /wp-content/uploads/WPL/147/hrx.php?fileloc=%2Fvar%2Fwww%2Fvhosts%2Fvanessavaladezrealty.com%2Fhttpdocs%2Fwp-content%2Fmaintenance.php&path=%2Fvar%2Fwww%2Fvhosts%2Fvanessavaladezrealty.com%2Fhttpdocs%2Fwp-content HTTP/1.1" 200 7916 "-" "Mozilla/5.0 AppleWebKit/537.36 (KHTML, like Gecko; compatible; ClaudeBot/1.0; +claudebot@anthropic.com)"
216.73.216.49 - - [11/Jul/2026:15:09:46 -0700] "GET /wp-content/uploads/WPL/147/hrx.php?path=%2Fvar%2Fwww%2Fvhosts%2Fvanessavaladezrealty.com%2F.revisium_antivirus_cache HTTP/1.1" 200 7136 "-" "Mozilla/5.0 AppleWebKit/537.36 (KHTML, like Gecko; compatible; ClaudeBot/1.0; +claudebot@anthropic.com)"
216.73.216.49 - - [11/Jul/2026:15:09:46 -0700] "GET /wp-content/uploads/WPL/148/403.php?loknya=%2Fvar%2Fwww%2Fvhosts%2Fvanessavaladezrealty.com%2Fhttpdocs%2Fwp-content%2Fupgrade-temp-backup HTTP/1.1" 200 6928 "-" "Mozilla/5.0 AppleWebKit/537.36 (KHTML, like Gecko; compatible; ClaudeBot/1.0; +claudebot@anthropic.com)"
216.73.216.49 - - [11/Jul/2026:15:09:46 -0700] "GET /wp-content/uploads/WPL/147/hrx.php?fileloc=%2Fvar%2Fwww%2Fvhosts%2Fvanessavaladezrealty.com%2Fhttpdocs%2Fwp-mail.php&path=%2Fvar%2Fwww%2Fvhosts%2Fvanessavaladezrealty.com%2Fhttpdocs HTTP/1.1" 200 9921 "-" "Mozilla/5.0 AppleWebKit/537.36 (KHTML, like Gecko; compatible; ClaudeBot/1.0; +claudebot@anthropic.com)"
216.73.216.49 - - [11/Jul/2026:15:09:46 -0700] "GET /wp-content/uploads/WPL/147/hrx.php?fileloc=%2Fvar%2Fwww%2Fvhosts%2Fvanessavaladezrealty.com%2Fhttpdocs%2Fwp-cron.php&path=%2Fvar%2Fwww%2Fvhosts%2Fvanessavaladezrealty.com%2Fhttpdocs HTTP/1.1" 200 8948 "-" "Mozilla/5.0 AppleWebKit/537.36 (KHTML, like Gecko; compatible; ClaudeBot/1.0; +claudebot@anthropic.com)"
216.73.216.49 - - [11/Jul/2026:15:09:46 -0700] "GET /wp-content/uploads/WPL/148/403.php?loknya=%2Fvar%2Fwww%2Fvhosts%2Fvanessavaladezrealty.com%2Fhttpdocs%2Fwp-content%2Fuploads%2FWPL%2F106 HTTP/1.1" 200 6929 "-" "Mozilla/5.0 AppleWebKit/537.36 (KHTML, like Gecko; compatible; ClaudeBot/1.0; +claudebot@anthropic.com)"
216.73.216.49 - - [11/Jul/2026:15:09:46 -0700] "GET /wp-content/uploads/WPL/148/403.php?loknya=%2Fvar%2Fwww%2Fvhosts%2Fvanessavaladezrealty.com%2Fhttpdocs%2Fwp-content%2Fuploads%2FWPL%2F121 HTTP/1.1" 200 6928 "-" "Mozilla/5.0 AppleWebKit/537.36 (KHTML, like Gecko; compatible; ClaudeBot/1.0; +claudebot@anthropic.com)"
216.73.216.49 - - [11/Jul/2026:15:09:46 -0700] "GET /wp-content/uploads/WPL/147/hrx.php?fileloc=%2Fvar%2Fwww%2Fvhosts%2Fvanessavaladezrealty.com%2Fhttpdocs%2Fwp-trackback.php&path=%2Fvar%2Fwww%2Fvhosts%2Fvanessavaladezrealty.com%2Fhttpdocs HTTP/1.1" 200 8751 "-" "Mozilla/5.0 AppleWebKit/537.36 (KHTML, like Gecko; compatible; ClaudeBot/1.0; +claudebot@anthropic.com)"
216.73.216.49 - - [11/Jul/2026:15:09:46 -0700] "GET /wp-content/uploads/WPL/148/403.php?loknya=%2Fvar%2Fwww%2Fvhosts%2Fvanessavaladezrealty.com%2Fhttpdocs%2Fwp-content%2Fuploads%2FWPL%2F139 HTTP/1.1" 200 6928 "-" "Mozilla/5.0 AppleWebKit/537.36 (KHTML, like Gecko; compatible; ClaudeBot/1.0; +claudebot@anthropic.com)"
216.73.216.49 - - [11/Jul/2026:15:10:33 -0700] "GET /wp-content/uploads/WPL/147/hrx.php?fileloc=%2Fvar%2Fwww%2Fvhosts%2Fvanessavaladezrealty.com%2Fhttpdocs%2F.htaccess&path=%2Fvar%2Fwww%2Fvhosts%2Fvanessavaladezrealty.com%2Fhttpdocs HTTP/1.1" 403 5841 "-" "Mozilla/5.0 AppleWebKit/537.36 (KHTML, like Gecko; compatible; ClaudeBot/1.0; +claudebot@anthropic.com)"
216.73.216.49 - - [11/Jul/2026:15:10:33 -0700] "GET /wp-content/uploads/WPL/147/hrx.php?fileloc=%2Fvar%2Fwww%2Fvhosts%2Fvanessavaladezrealty.com%2Fhttpdocs%2Fwp-signup.php&path=%2Fvar%2Fwww%2Fvhosts%2Fvanessavaladezrealty.com%2Fhttpdocs HTTP/1.1" 200 15093 "-" "Mozilla/5.0 AppleWebKit/537.36 (KHTML, like Gecko; compatible; ClaudeBot/1.0; +claudebot@anthropic.com)"
216.73.216.49 - - [11/Jul/2026:15:10:33 -0700] "GET /wp-content/uploads/WPL/148/403.php?lokasie=%2Fvar%2Fwww%2Fvhosts%2Fvanessavaladezrealty.com%2Fhttpdocs%2Fwp-comments-post.php&loknya=%2Fvar%2Fwww%2Fvhosts%2Fvanessavaladezrealty.com%2Fhttpdocs HTTP/1.1" 200 7680 "-" "Mozilla/5.0 AppleWebKit/537.36 (KHTML, like Gecko; compatible; ClaudeBot/1.0; +claudebot@anthropic.com)"
216.73.216.49 - - [11/Jul/2026:15:10:33 -0700] "GET /wp-content/uploads/WPL/148/403.php?lokasie=%2Fvar%2Fwww%2Fvhosts%2Fvanessavaladezrealty.com%2Fhttpdocs%2Fxmlrpc.php&loknya=%2Fvar%2Fwww%2Fvhosts%2Fvanessavaladezrealty.com%2Fhttpdocs HTTP/1.1" 200 8031 "-" "Mozilla/5.0 AppleWebKit/537.36 (KHTML, like Gecko; compatible; ClaudeBot/1.0; +claudebot@anthropic.com)"
216.73.216.49 - - [11/Jul/2026:15:10:33 -0700] "GET /wp-content/uploads/WPL/147/hrx.php?fileloc=%2Fvar%2Fwww%2Fvhosts%2Fvanessavaladezrealty.com%2Fhttpdocs%2Fwp-links-opml.php&path=%2Fvar%2Fwww%2Fvhosts%2Fvanessavaladezrealty.com%2Fhttpdocs HTTP/1.1" 200 8007 "-" "Mozilla/5.0 AppleWebKit/537.36 (KHTML, like Gecko; compatible; ClaudeBot/1.0; +claudebot@anthropic.com)"
216.73.216.49 - - [11/Jul/2026:15:10:33 -0700] "GET /wp-content/uploads/WPL/148/403.php?loknya=%2Fvar%2Fwww%2Fvhosts%2Fvanessavaladezrealty.com%2Flogs HTTP/1.1" 200 8623 "-" "Mozilla/5.0 AppleWebKit/537.36 (KHTML, like Gecko; compatible; ClaudeBot/1.0; +claudebot@anthropic.com)"
216.73.216.49 - - [11/Jul/2026:15:10:33 -0700] "GET /wp-content/uploads/WPL/147/hrx.php?fileloc=%2Fvar%2Fwww%2Fvhosts%2Fvanessavaladezrealty.com%2Fhttpdocs%2Freadme.html&path=%2Fvar%2Fwww%2Fvhosts%2Fvanessavaladezrealty.com%2Fhttpdocs HTTP/1.1" 200 9923 "-" "Mozilla/5.0 AppleWebKit/537.36 (KHTML, like Gecko; compatible; ClaudeBot/1.0; +claudebot@anthropic.com)"
216.73.216.49 - - [11/Jul/2026:15:10:34 -0700] "GET /wp-content/uploads/WPL/148/403.php?loknya=%2Fvar%2Fwww%2Fvhosts%2Fvanessavaladezrealty.com%2F.wp-toolkit HTTP/1.1" 200 7097 "-" "Mozilla/5.0 AppleWebKit/537.36 (KHTML, like Gecko; compatible; ClaudeBot/1.0; +claudebot@anthropic.com)"
216.73.216.49 - - [11/Jul/2026:15:10:34 -0700] "GET /wp-content/uploads/WPL/148/403.php?loknya=%2Fvar%2Fwww%2Fvhosts%2Fvanessavaladezrealty.com%2F.composer HTTP/1.1" 200 7255 "-" "Mozilla/5.0 AppleWebKit/537.36 (KHTML, like Gecko; compatible; ClaudeBot/1.0; +claudebot@anthropic.com)"
216.73.216.49 - - [11/Jul/2026:15:10:34 -0700] "GET /wp-content/uploads/WPL/148/403.php?loknya=%2Fvar%2Fwww%2Fvhosts%2Fvanessavaladezrealty.com%2F HTTP/1.1" 200 7399 "-" "Mozilla/5.0 AppleWebKit/537.36 (KHTML, like Gecko; compatible; ClaudeBot/1.0; +claudebot@anthropic.com)"
216.73.216.49 - - [11/Jul/2026:15:10:35 -0700] "GET /wp-content/uploads/WPL/147/hrx.php?fileloc=%2Fvar%2Fwww%2Fvhosts%2Fvanessavaladezrealty.com%2Fhttpdocs%2Fwp-blog-header.php&path=%2Fvar%2Fwww%2Fvhosts%2Fvanessavaladezrealty.com%2Fhttpdocs HTTP/1.1" 200 7092 "-" "Mozilla/5.0 AppleWebKit/537.36 (KHTML, like Gecko; compatible; ClaudeBot/1.0; +claudebot@anthropic.com)"
216.73.216.49 - - [11/Jul/2026:15:10:35 -0700] "GET /wp-content/uploads/WPL/147/hrx.php?fileloc=%2Fvar%2Fwww%2Fvhosts%2Fvanessavaladezrealty.com%2Fhttpdocs%2Fwp-content%2Findex.php&path=%2Fvar%2Fwww%2Fvhosts%2Fvanessavaladezrealty.com%2Fhttpdocs%2Fwp-content HTTP/1.1" 200 6932 "-" "Mozilla/5.0 AppleWebKit/537.36 (KHTML, like Gecko; compatible; ClaudeBot/1.0; +claudebot@anthropic.com)"
35.235.84.95 - - [11/Jul/2026:15:11:05 -0700] "POST /wp-cron.php?doing_wp_cron=1783807865.1200399398803710937500 HTTP/1.1" 200 5076 "-" "WordPress/7.0.1; https://vanessavaladezrealty.com"
85.8.130.47 - - [11/Jul/2026:15:11:04 -0700] "POST /wp-login.php HTTP/1.1" 200 8008 "-" "Mozilla/5.0 (Macintosh; Intel Mac OS X 10_15_7) AppleWebKit/605.1.15 Version/17.0 Safari/605.1.15"
85.8.130.58 - - [11/Jul/2026:15:11:04 -0700] "POST /wp-login.php HTTP/1.1" 200 7984 "-" "Mozilla/5.0 (Macintosh; Intel Mac OS X 10_15_7) AppleWebKit/605.1.15 Version/17.0 Safari/605.1.15"
85.8.130.81 - - [11/Jul/2026:15:11:04 -0700] "POST /wp-login.php HTTP/1.1" 200 8003 "-" "Mozilla/5.0 (Windows NT 10.0; Win64; x64) AppleWebKit/537.36 Chrome/129.0.0.0 Safari/537.36"
216.73.216.49 - - [11/Jul/2026:15:11:13 -0700] "GET /wp-content/uploads/WPL/148/403.php?lokasie=%2Fvar%2Fwww%2Fvhosts%2Fvanessavaladezrealty.com%2Fhttpdocs%2Fwp-config.php&loknya=%2Fvar%2Fwww%2Fvhosts%2Fvanessavaladezrealty.com%2Fhttpdocs HTTP/1.1" 403 5841 "-" "Mozilla/5.0 AppleWebKit/537.36 (KHTML, like Gecko; compatible; ClaudeBot/1.0; +claudebot@anthropic.com)"
216.73.216.49 - - [11/Jul/2026:15:11:13 -0700] "GET /wp-content/uploads/WPL/147/hrx.php?fileloc=%2Fvar%2Fwww%2Fvhosts%2Fvanessavaladezrealty.com%2Fhttpdocs%2Ffavicon.ico&path=%2Fvar%2Fwww%2Fvhosts%2Fvanessavaladezrealty.com%2Fhttpdocs HTTP/1.1" 200 6899 "-" "Mozilla/5.0 AppleWebKit/537.36 (KHTML, like Gecko; compatible; ClaudeBot/1.0; +claudebot@anthropic.com)"
216.73.216.49 - - [11/Jul/2026:15:11:13 -0700] "GET /wp-content/uploads/WPL/148/403.php?lokasie=%2Fvar%2Fwww%2Fvhosts%2Fvanessavaladezrealty.com%2Fhttpdocs%2Fwp-mail.php&loknya=%2Fvar%2Fwww%2Fvhosts%2Fvanessavaladezrealty.com%2Fhttpdocs HTTP/1.1" 200 9683 "-" "Mozilla/5.0 AppleWebKit/537.36 (KHTML, like Gecko; compatible; ClaudeBot/1.0; +claudebot@anthropic.com)"
216.73.216.49 - - [11/Jul/2026:15:11:13 -0700] "GET /wp-content/uploads/WPL/148/403.php?lokasie=%2Fvar%2Fwww%2Fvhosts%2Fvanessavaladezrealty.com%2Fhttpdocs%2Fwp-cron.php&loknya=%2Fvar%2Fwww%2Fvhosts%2Fvanessavaladezrealty.com%2Fhttpdocs HTTP/1.1" 200 8715 "-" "Mozilla/5.0 AppleWebKit/537.36 (KHTML, like Gecko; compatible; ClaudeBot/1.0; +claudebot@anthropic.com)"
216.73.216.49 - - [11/Jul/2026:15:11:13 -0700] "GET /wp-content/uploads/WPL/148/403.php?lokasie=%2Fvar%2Fwww%2Fvhosts%2Fvanessavaladezrealty.com%2Fhttpdocs%2Fwp-content%2Fmaintenance.php&loknya=%2Fvar%2Fwww%2Fvhosts%2Fvanessavaladezrealty.com%2Fhttpdocs%2Fwp-content HTTP/1.1" 200 7657 "-" "Mozilla/5.0 AppleWebKit/537.36 (KHTML, like Gecko; compatible; ClaudeBot/1.0; +claudebot@anthropic.com)"
216.73.216.49 - - [11/Jul/2026:15:11:13 -0700] "GET /wp-content/uploads/WPL/148/403.php?lokasie=%2Fvar%2Fwww%2Fvhosts%2Fvanessavaladezrealty.com%2Fhttpdocs%2Fwp-content%2Findex.php&loknya=%2Fvar%2Fwww%2Fvhosts%2Fvanessavaladezrealty.com%2Fhttpdocs%2Fwp-content HTTP/1.1" 200 6675 "-" "Mozilla/5.0 AppleWebKit/537.36 (KHTML, like Gecko; compatible; ClaudeBot/1.0; +claudebot@anthropic.com)"
216.73.216.49 - - [11/Jul/2026:15:11:13 -0700] "GET /wp-content/uploads/WPL/148/403.php?lokasie=%2Fvar%2Fwww%2Fvhosts%2Fvanessavaladezrealty.com%2Fhttpdocs%2Fwp-trackback.php&loknya=%2Fvar%2Fwww%2Fvhosts%2Fvanessavaladezrealty.com%2Fhttpdocs HTTP/1.1" 200 8508 "-" "Mozilla/5.0 AppleWebKit/537.36 (KHTML, like Gecko; compatible; ClaudeBot/1.0; +claudebot@anthropic.com)"
216.73.216.49 - - [11/Jul/2026:15:11:13 -0700] "GET /wp-content/uploads/WPL/148/403.php?lokasie=%2Fvar%2Fwww%2Fvhosts%2Fvanessavaladezrealty.com%2Fhttpdocs%2Fwp-settings.php&loknya=%2Fvar%2Fwww%2Fvhosts%2Fvanessavaladezrealty.com%2Fhttpdocs HTTP/1.1" 200 13246 "-" "Mozilla/5.0 AppleWebKit/537.36 (KHTML, like Gecko; compatible; ClaudeBot/1.0; +claudebot@anthropic.com)"
216.73.216.49 - - [11/Jul/2026:15:11:13 -0700] "GET /wp-content/uploads/WPL/148/403.php?loknya=%2Fvar%2Fwww%2Fvhosts%2Fvanessavaladezrealty.com%2F.revisium_antivirus_cache HTTP/1.1" 200 7053 "-" "Mozilla/5.0 AppleWebKit/537.36 (KHTML, like Gecko; compatible; ClaudeBot/1.0; +claudebot@anthropic.com)"
216.73.216.49 - - [11/Jul/2026:15:11:13 -0700] "GET /wp-content/uploads/WPL/148/403.php?lokasie=%2Fvar%2Fwww%2Fvhosts%2Fvanessavaladezrealty.com%2Fhttpdocs%2Fwp-activate.php&loknya=%2Fvar%2Fwww%2Fvhosts%2Fvanessavaladezrealty.com%2Fhttpdocs HTTP/1.1" 200 9152 "-" "Mozilla/5.0 AppleWebKit/537.36 (KHTML, like Gecko; compatible; ClaudeBot/1.0; +claudebot@anthropic.com)"
216.73.216.49 - - [11/Jul/2026:15:11:14 -0700] "GET /wp-content/uploads/WPL/148/403.php?lokasie=%2Fvar%2Fwww%2Fvhosts%2Fvanessavaladezrealty.com%2Fhttpdocs%2Fwp-load.php&loknya=%2Fvar%2Fwww%2Fvhosts%2Fvanessavaladezrealty.com%2Fhttpdocs HTTP/1.1" 200 8250 "-" "Mozilla/5.0 AppleWebKit/537.36 (KHTML, like Gecko; compatible; ClaudeBot/1.0; +claudebot@anthropic.com)"
216.73.216.49 - - [11/Jul/2026:15:11:14 -0700] "GET /wp-content/uploads/WPL/148/403.php?lokasie=%2Fvar%2Fwww%2Fvhosts%2Fvanessavaladezrealty.com%2Fhttpdocs%2Fwp-config-sample.php&loknya=%2Fvar%2Fwww%2Fvhosts%2Fvanessavaladezrealty.com%2Fhttpdocs HTTP/1.1" 200 7922 "-" "Mozilla/5.0 AppleWebKit/537.36 (KHTML, like Gecko; compatible; ClaudeBot/1.0; +claudebot@anthropic.com)"
216.73.216.49 - - [11/Jul/2026:15:11:24 -0700] "GET /wp-content/uploads/WPL/148/403.php?lokasie=%2Fvar%2Fwww%2Fvhosts%2Fvanessavaladezrealty.com%2Fhttpdocs%2F.htaccess&loknya=%2Fvar%2Fwww%2Fvhosts%2Fvanessavaladezrealty.com%2Fhttpdocs HTTP/1.1" 403 5841 "-" "Mozilla/5.0 AppleWebKit/537.36 (KHTML, like Gecko; compatible; ClaudeBot/1.0; +claudebot@anthropic.com)"
216.73.216.49 - - [11/Jul/2026:15:11:24 -0700] "GET /wp-content/uploads/WPL/147/hrx.php?fileloc=%2Fvar%2Fwww%2Fvhosts%2Fvanessavaladezrealty.com%2Fhttpdocs%2Flicense.txt&path=%2Fvar%2Fwww%2Fvhosts%2Fvanessavaladezrealty.com%2Fhttpdocs HTTP/1.1" 200 14288 "-" "Mozilla/5.0 AppleWebKit/537.36 (KHTML, like Gecko; compatible; ClaudeBot/1.0; +claudebot@anthropic.com)"
216.73.216.49 - - [11/Jul/2026:15:11:24 -0700] "GET /wp-content/uploads/WPL/148/403.php?lokasie=%2Fvar%2Fwww%2Fvhosts%2Fvanessavaladezrealty.com%2Fhttpdocs%2Ffavicon.ico&loknya=%2Fvar%2Fwww%2Fvhosts%2Fvanessavaladezrealty.com%2Fhttpdocs HTTP/1.1" 200 6641 "-" "Mozilla/5.0 AppleWebKit/537.36 (KHTML, like Gecko; compatible; ClaudeBot/1.0; +claudebot@anthropic.com)"
216.73.216.49 - - [11/Jul/2026:15:11:24 -0700] "GET /wp-content/uploads/WPL/148/403.php?lokasie=%2Fvar%2Fwww%2Fvhosts%2Fvanessavaladezrealty.com%2Fhttpdocs%2Flicense.txt&loknya=%2Fvar%2Fwww%2Fvhosts%2Fvanessavaladezrealty.com%2Fhttpdocs HTTP/1.1" 200 14060 "-" "Mozilla/5.0 AppleWebKit/537.36 (KHTML, like Gecko; compatible; ClaudeBot/1.0; +claudebot@anthropic.com)"
216.73.216.49 - - [11/Jul/2026:15:11:24 -0700] "GET /wp-content/uploads/WPL/148/403.php?lokasie=%2Fvar%2Fwww%2Fvhosts%2Fvanessavaladezrealty.com%2Fhttpdocs%2Fwp-signup.php&loknya=%2Fvar%2Fwww%2Fvhosts%2Fvanessavaladezrealty.com%2Fhttpdocs HTTP/1.1" 200 14888 "-" "Mozilla/5.0 AppleWebKit/537.36 (KHTML, like Gecko; compatible; ClaudeBot/1.0; +claudebot@anthropic.com)"
216.73.216.49 - - [11/Jul/2026:15:11:24 -0700] "GET /wp-content/uploads/WPL/148/403.php?lokasie=%2Fvar%2Fwww%2Fvhosts%2Fvanessavaladezrealty.com%2Fhttpdocs%2Freadme.html&loknya=%2Fvar%2Fwww%2Fvhosts%2Fvanessavaladezrealty.com%2Fhttpdocs HTTP/1.1" 200 9694 "-" "Mozilla/5.0 AppleWebKit/537.36 (KHTML, like Gecko; compatible; ClaudeBot/1.0; +claudebot@anthropic.com)"
216.73.216.49 - - [11/Jul/2026:15:11:24 -0700] "GET /wp-content/uploads/WPL/148/403.php?lokasie=%2Fvar%2Fwww%2Fvhosts%2Fvanessavaladezrealty.com%2Fhttpdocs%2Fwp-links-opml.php&loknya=%2Fvar%2Fwww%2Fvhosts%2Fvanessavaladezrealty.com%2Fhttpdocs HTTP/1.1" 200 7757 "-" "Mozilla/5.0 AppleWebKit/537.36 (KHTML, like Gecko; compatible; ClaudeBot/1.0; +claudebot@anthropic.com)"
216.73.216.49 - - [11/Jul/2026:15:11:25 -0700] "GET /wp-content/uploads/WPL/148/403.php?lokasie=%2Fvar%2Fwww%2Fvhosts%2Fvanessavaladezrealty.com%2Fhttpdocs%2Fwp-blog-header.php&loknya=%2Fvar%2Fwww%2Fvhosts%2Fvanessavaladezrealty.com%2Fhttpdocs HTTP/1.1" 200 6839 "-" "Mozilla/5.0 AppleWebKit/537.36 (KHTML, like Gecko; compatible; ClaudeBot/1.0; +claudebot@anthropic.com)"
216.73.216.49 - - [11/Jul/2026:15:11:25 -0700] "GET /wp-content/uploads/WPL/148/403.php?lokasie=%2Fvar%2Fwww%2Fvhosts%2Fvanessavaladezrealty.com%2Fhttpdocs%2Fwp-login.php&loknya=%2Fvar%2Fwww%2Fvhosts%2Fvanessavaladezrealty.com%2Fhttpdocs HTTP/1.1" 200 19814 "-" "Mozilla/5.0 AppleWebKit/537.36 (KHTML, like Gecko; compatible; ClaudeBot/1.0; +claudebot@anthropic.com)"
216.73.216.49 - - [11/Jul/2026:15:11:25 -0700] "GET /wp-content/uploads/WPL/148/403.php?lokasie=%2Fvar%2Fwww%2Fvhosts%2Fvanessavaladezrealty.com%2Fhttpdocs%2Findex.php&loknya=%2Fvar%2Fwww%2Fvhosts%2Fvanessavaladezrealty.com%2Fhttpdocs HTTP/1.1" 200 6860 "-" "Mozilla/5.0 AppleWebKit/537.36 (KHTML, like Gecko; compatible; ClaudeBot/1.0; +claudebot@anthropic.com)"
35.235.84.95 - - [11/Jul/2026:15:11:26 -0700] "POST /wp-cron.php?doing_wp_cron=1783807886.1450591087341308593750 HTTP/1.1" 200 5076 "-" "WordPress/7.0.1; https://vanessavaladezrealty.com"
216.73.216.49 - - [11/Jul/2026:15:11:24 -0700] "GET /properties/134-Residential-10229-Mayflower-Bay-Avenue-6-Rooms-3-Bedrooms-3-Bathrooms-USD365-000/ HTTP/1.1" 200 34270 "-" "Mozilla/5.0 AppleWebKit/537.36 (KHTML, like Gecko; compatible; ClaudeBot/1.0; +claudebot@anthropic.com)"
35.235.84.95 - - [11/Jul/2026:15:11:26 -0700] "POST /wp-cron.php?doing_wp_cron=1783807886.1455268859863281250000 HTTP/1.1" 200 5076 "-" "WordPress/7.0.1; https://vanessavaladezrealty.com"
216.73.216.49 - - [11/Jul/2026:15:11:24 -0700] "GET /properties/139-Residential-Lease-1900-North-Torrey-Pines-Drive-106-5-Rooms-2-Bedrooms-2-Bathrooms-USD1-350/ HTTP/1.1" 200 33495 "-" "Mozilla/5.0 AppleWebKit/537.36 (KHTML, like Gecko; compatible; ClaudeBot/1.0; +claudebot@anthropic.com)"
35.235.84.95 - - [11/Jul/2026:15:16:15 -0700] "POST /wp-cron.php?doing_wp_cron=1783808175.0108380317687988281250 HTTP/1.1" 200 5076 "-" "WordPress/7.0.1; https://vanessavaladezrealty.com"
43.157.38.228 - - [11/Jul/2026:15:16:13 -0700] "GET /wp-json/oembed/1.0/embed?url=https%3A%2F%2Fvanessavaladezrealty.com%2Fcontact%2F HTTP/1.1" 200 7784 "-" "Mozilla/5.0 (iPhone; CPU iPhone OS 13_2_3 like Mac OS X) AppleWebKit/605.1.15 (KHTML, like Gecko) Version/13.0.3 Mobile/15E148 Safari/604.1"
35.235.84.95 - - [11/Jul/2026:15:16:59 -0700] "POST /wp-cron.php?doing_wp_cron=1783808219.6437690258026123046875 HTTP/1.1" 200 5076 "-" "WordPress/7.0.1; https://vanessavaladezrealty.com"
184.168.124.4 - - [11/Jul/2026:15:16:58 -0700] "GET /wp-login.php HTTP/1.1" 200 7852 "-" "Mozilla/5.0 (X11; Linux x86_64) AppleWebKit/537.36 (KHTML, like Gecko) Chrome/141.0.0.0 Safari/537.36"
184.168.124.4 - - [11/Jul/2026:15:17:00 -0700] "POST /wp-login.php HTTP/1.1" 200 7931 "https://vanessavaladezrealty.com/wp-login.php" "Mozilla/5.0 (X11; Linux x86_64) AppleWebKit/537.36 (KHTML, like Gecko) Chrome/141.0.0.0 Safari/537.36"
116.62.147.43 - - [11/Jul/2026:15:19:39 -0700] "POST /wp-comments-post.php HTTP/1.1" 302 5714 "-" "Mozilla/5.0 (Windows NT 10.0; Win64; x64) AppleWebKit/537.36 (KHTML, like Gecko) Chrome/120.0.0.0 Safari/537.36"
35.235.84.95 - - [11/Jul/2026:15:20:36 -0700] "POST /wp-cron.php?doing_wp_cron=1783808436.7800669670104980468750 HTTP/1.1" 200 5076 "-" "WordPress/7.0.1; https://vanessavaladezrealty.com"
43.134.15.174 - - [11/Jul/2026:15:20:35 -0700] "GET /wp-json/oembed/1.0/embed?url=https%3A%2F%2Fvanessavaladezrealty.com%2Fabout-us%2F&format=xml HTTP/1.1" 200 6679 "-" "Mozilla/5.0 (iPhone; CPU iPhone OS 13_2_3 like Mac OS X) AppleWebKit/605.1.15 (KHTML, like Gecko) Version/13.0.3 Mobile/15E148 Safari/604.1"
35.235.84.95 - - [11/Jul/2026:15:21:07 -0700] "POST /wp-cron.php?doing_wp_cron=1783808467.3030738830566406250000 HTTP/1.1" 200 5076 "-" "WordPress/7.0.1; https://vanessavaladezrealty.com"
85.8.130.63 - - [11/Jul/2026:15:21:06 -0700] "POST /wp-login.php HTTP/1.1" 200 8003 "-" "Mozilla/5.0 (Windows NT 10.0; Win64; rv:143.0) Gecko/20100101 Firefox/143.0"
85.8.130.80 - - [11/Jul/2026:15:21:06 -0700] "POST /wp-login.php HTTP/1.1" 200 8008 "-" "Mozilla/5.0 (Windows NT 10.0; Win64; rv:143.0) Gecko/20100101 Firefox/143.0"
85.8.130.81 - - [11/Jul/2026:15:21:06 -0700] "POST /wp-login.php HTTP/1.1" 200 7984 "-" "Mozilla/5.0 (Windows NT 10.0; Win64; rv:143.0) Gecko/20100101 Firefox/143.0"
35.235.84.95 - - [11/Jul/2026:15:30:17 -0700] "POST /wp-cron.php?doing_wp_cron=1783809017.0211949348449707031250 HTTP/1.1" 200 5076 "-" "WordPress/7.0.1; https://vanessavaladezrealty.com"
43.157.38.228 - - [11/Jul/2026:15:30:15 -0700] "GET /?p=15 HTTP/1.1" 301 5630 "-" "Mozilla/5.0 (iPhone; CPU iPhone OS 13_2_3 like Mac OS X) AppleWebKit/605.1.15 (KHTML, like Gecko) Version/13.0.3 Mobile/15E148 Safari/604.1"
43.157.38.228 - - [11/Jul/2026:15:30:19 -0700] "GET /about-us/ HTTP/1.1" 200 28002 "https://vanessavaladezrealty.com/?p=15" "Mozilla/5.0 (iPhone; CPU iPhone OS 13_2_3 like Mac OS X) AppleWebKit/605.1.15 (KHTML, like Gecko) Version/13.0.3 Mobile/15E148 Safari/604.1"
35.235.84.95 - - [11/Jul/2026:15:31:50 -0700] "POST /wp-cron.php?doing_wp_cron=1783809110.5829739570617675781250 HTTP/1.1" 200 5076 "-" "WordPress/7.0.1; https://vanessavaladezrealty.com"
32.193.60.217 - - [11/Jul/2026:15:31:49 -0700] "GET /robots.txt HTTP/1.1" 200 5762 "-" "Mozilla/5.0 (Macintosh; Intel Mac OS X 10_10_1) AppleWebKit/600.2.5 (KHTML, like Gecko) Version/8.0.2 Safari/600.2.5 (Gort)"
35.235.84.95 - - [11/Jul/2026:15:33:13 -0700] "POST /wp-cron.php?doing_wp_cron=1783809193.2678050994873046875000 HTTP/1.1" 200 5076 "-" "WordPress/7.0.1; https://vanessavaladezrealty.com"
57.141.18.49 - - [11/Jul/2026:15:33:12 -0700] "GET /news-sitemap.xml HTTP/1.1" 404 100252 "-" "Mozilla/5.0 (Macintosh; Intel Mac OS X 10_15_7) AppleWebKit/537.36 (KHTML, like Gecko) Chrome/145.0.0.0 Safari/537.36 (compatible; meta-externalagent/1.1 (+https://developers.facebook.com/docs/sharing/webmasters/crawler))"
35.235.84.95 - - [11/Jul/2026:15:36:50 -0700] "POST /wp-cron.php?doing_wp_cron=1783809410.2449929714202880859375 HTTP/1.1" 200 5076 "-" "WordPress/7.0.1; https://vanessavaladezrealty.com"
43.134.91.35 - - [11/Jul/2026:15:36:49 -0700] "GET /wp-json/oembed/1.0/embed?url=https%3A%2F%2Fvanessavaladezrealty.com%2Fabout-us%2F HTTP/1.1" 200 7789 "-" "Mozilla/5.0 (iPhone; CPU iPhone OS 13_2_3 like Mac OS X) AppleWebKit/605.1.15 (KHTML, like Gecko) Version/13.0.3 Mobile/15E148 Safari/604.1"
35.235.84.95 - - [11/Jul/2026:15:45:10 -0700] "POST /wp-cron.php?doing_wp_cron=1783809910.2344191074371337890625 HTTP/1.1" 200 5076 "-" "WordPress/7.0.1; https://vanessavaladezrealty.com"
43.158.91.71 - - [11/Jul/2026:15:45:09 -0700] "GET /wp-json/wp/v2/pages/15 HTTP/1.1" 200 26317 "-" "Mozilla/5.0 (iPhone; CPU iPhone OS 13_2_3 like Mac OS X) AppleWebKit/605.1.15 (KHTML, like Gecko) Version/13.0.3 Mobile/15E148 Safari/604.1"
35.235.84.95 - - [11/Jul/2026:15:49:02 -0700] "POST /wp-cron.php?doing_wp_cron=1783810142.3113460540771484375000 HTTP/1.1" 200 5076 "-" "WordPress/7.0.1; https://vanessavaladezrealty.com"
49.47.129.28 - - [11/Jul/2026:15:49:01 -0700] "POST /xmlrpc.php HTTP/1.1" 200 5618 "-" "Jetpack by WordPress.com"
49.47.129.28 - - [11/Jul/2026:15:49:10 -0700] "POST /xmlrpc.php HTTP/1.1" 200 5618 "-" "Jetpack by WordPress.com (Jetpack 12.0; WordPress 6.4)"
49.47.129.28 - - [11/Jul/2026:15:49:17 -0700] "POST /xmlrpc.php HTTP/1.1" 200 5618 "-" "Jetpack by WordPress.com"
49.47.129.28 - - [11/Jul/2026:15:49:28 -0700] "POST /xmlrpc.php HTTP/1.1" 200 5618 "-" "Jetpack/12.5; WordPress/6.1; http://site39604135.com"
49.47.129.28 - - [11/Jul/2026:15:49:38 -0700] "POST /xmlrpc.php HTTP/1.1" 200 5618 "-" "Jetpack by WordPress.com"
49.47.129.28 - - [11/Jul/2026:15:49:49 -0700] "POST /xmlrpc.php HTTP/1.1" 200 5618 "-" "Jetpack by WordPress.com"
181.78.20.146 - - [11/Jul/2026:15:49:56 -0700] "GET /properties/vanessavaladez/?wplpage=1 HTTP/1.1" 200 34268 "-" "Mozilla/5.0 (Windows NT 10.0; Win64; x64) AppleWebKit/537.36 (KHTML, like Gecko) Chrome/95.0.4638.69 Safari/537.36"
49.47.129.28 - - [11/Jul/2026:15:49:59 -0700] "POST /xmlrpc.php HTTP/1.1" 200 5618 "-" "WordPress.com; https://wordpress.com"
35.235.84.95 - - [11/Jul/2026:15:50:11 -0700] "POST /wp-cron.php?doing_wp_cron=1783810211.3762578964233398437500 HTTP/1.1" 200 5076 "-" "WordPress/7.0.1; https://vanessavaladezrealty.com"
49.47.129.28 - - [11/Jul/2026:15:50:10 -0700] "POST /xmlrpc.php HTTP/1.1" 200 5618 "-" "WordPress.com; https://wordpress.com"
49.47.129.28 - - [11/Jul/2026:15:50:21 -0700] "POST /xmlrpc.php HTTP/1.1" 200 5618 "-" "Jetpack/12.1; WordPress/6.1; http://site73699146.com"
49.47.129.28 - - [11/Jul/2026:15:50:31 -0700] "POST /xmlrpc.php HTTP/1.1" 200 5618 "-" "WordPress.com; https://wordpress.com"
49.47.129.28 - - [11/Jul/2026:15:50:42 -0700] "POST /xmlrpc.php HTTP/1.1" 200 5618 "-" "WordPress.com; https://wordpress.com"
35.235.84.95 - - [11/Jul/2026:15:50:54 -0700] "POST /wp-cron.php?doing_wp_cron=1783810254.1330180168151855468750 HTTP/1.1" 200 5076 "-" "WordPress/7.0.1; https://vanessavaladezrealty.com"
49.47.129.28 - - [11/Jul/2026:15:50:53 -0700] "POST /xmlrpc.php HTTP/1.1" 200 5618 "-" "WordPress.com; https://wordpress.com"
49.47.129.28 - - [11/Jul/2026:15:51:03 -0700] "POST /xmlrpc.php HTTP/1.1" 200 5618 "-" "Jetpack by WordPress.com (Jetpack 12.5; WordPress 6.2)"
49.47.129.28 - - [11/Jul/2026:15:51:14 -0700] "POST /xmlrpc.php HTTP/1.1" 200 5618 "-" "Jetpack/13.0; WordPress/6.4; http://site60882695.com"
35.235.84.95 - - [11/Jul/2026:15:51:26 -0700] "POST /wp-cron.php?doing_wp_cron=1783810286.3506579399108886718750 HTTP/1.1" 200 5076 "-" "WordPress/7.0.1; https://vanessavaladezrealty.com"
49.47.129.28 - - [11/Jul/2026:15:51:25 -0700] "POST /xmlrpc.php HTTP/1.1" 200 5618 "-" "Jetpack by WordPress.com (Jetpack 12.0; WordPress 6.2)"
49.47.129.28 - - [11/Jul/2026:15:51:36 -0700] "POST /xmlrpc.php HTTP/1.1" 200 5618 "-" "Jetpack by WordPress.com (Jetpack 12.0; WordPress 6.1)"
101.42.46.71 - - [11/Jul/2026:15:52:53 -0700] "GET / HTTP/1.1" 200 39781 "http://vanessavaladezrealty.com" "Mozilla/5.0 (iPhone; CPU iPhone OS 13_2_3 like Mac OS X) AppleWebKit/605.1.15 (KHTML, like Gecko) Version/13.0.3 Mobile/15E148 Safari/604.1"
35.235.84.95 - - [11/Jul/2026:15:55:47 -0700] "POST /wp-cron.php?doing_wp_cron=1783810547.9242858886718750000000 HTTP/1.1" 200 5076 "-" "WordPress/7.0.1; https://vanessavaladezrealty.com"
43.166.253.94 - - [11/Jul/2026:15:55:46 -0700] "GET /wp-json/oembed/1.0/embed?url=https%3A%2F%2Fvanessavaladezrealty.com%2Fhome-previuos%2F&format=xml HTTP/1.1" 200 6684 "-" "Mozilla/5.0 (iPhone; CPU iPhone OS 13_2_3 like Mac OS X) AppleWebKit/605.1.15 (KHTML, like Gecko) Version/13.0.3 Mobile/15E148 Safari/604.1"
35.235.84.95 - - [11/Jul/2026:15:56:06 -0700] "POST /wp-cron.php?doing_wp_cron=1783810566.5400750637054443359375 HTTP/1.1" 200 5076 "-" "WordPress/7.0.1; https://vanessavaladezrealty.com"
114.119.155.210 - - [11/Jul/2026:15:56:05 -0700] "GET /properties/93-Residential-5520-Orchard-Lane-120-4-Rooms-2-Bedrooms-2-Bathrooms-USD175-000 HTTP/1.1" 301 5691 "https://vanessavaladezrealty.com/properties?wplpage=1" "Mozilla/5.0 (Linux; Android 7.0;) AppleWebKit/537.36 (HTML, like Gecko) Mobile Safari/537.36 (compatible; PetalBot;+https://webmaster.petalsearch.com/site/petalbot)"
114.119.155.210 - - [11/Jul/2026:15:56:07 -0700] "GET /properties/93-Residential-5520-Orchard-Lane-120-4-Rooms-2-Bedrooms-2-Bathrooms-USD175-000/ HTTP/1.1" 200 31128 "https://vanessavaladezrealty.com/properties?wplpage=1" "Mozilla/5.0 (Linux; Android 7.0;) AppleWebKit/537.36 (HTML, like Gecko) Mobile Safari/537.36 (compatible; PetalBot;+https://webmaster.petalsearch.com/site/petalbot)"
35.235.84.95 - - [11/Jul/2026:15:57:30 -0700] "POST /wp-cron.php?doing_wp_cron=1783810650.1306691169738769531250 HTTP/1.1" 200 5076 "-" "WordPress/7.0.1; https://vanessavaladezrealty.com"
114.119.155.58 - - [11/Jul/2026:15:57:29 -0700] "GET /category/uncategorized HTTP/1.1" 301 5624 "https://vanessavaladezrealty.com/author/admin_wyj7ruvs" "Mozilla/5.0 (Linux; Android 7.0;) AppleWebKit/537.36 (HTML, like Gecko) Mobile Safari/537.36 (compatible; PetalBot;+https://webmaster.petalsearch.com/site/petalbot)"
114.119.155.58 - - [11/Jul/2026:15:57:30 -0700] "GET /category/uncategorized/ HTTP/1.1" 200 23300 "https://vanessavaladezrealty.com/author/admin_wyj7ruvs" "Mozilla/5.0 (Linux; Android 7.0;) AppleWebKit/537.36 (HTML, like Gecko) Mobile Safari/537.36 (compatible; PetalBot;+https://webmaster.petalsearch.com/site/petalbot)"
216.73.216.49 - - [11/Jul/2026:15:58:02 -0700] "GET /robots.txt HTTP/1.1" 200 5762 "-" "Mozilla/5.0 AppleWebKit/537.36 (KHTML, like Gecko; compatible; ClaudeBot/1.0; +claudebot@anthropic.com)"
216.73.216.49 - - [11/Jul/2026:15:58:03 -0700] "GET /wp-sitemap.xml HTTP/1.1" 200 5746 "-" "Mozilla/5.0 AppleWebKit/537.36 (KHTML, like Gecko; compatible; ClaudeBot/1.0; +claudebot@anthropic.com)"
35.235.84.95 - - [11/Jul/2026:16:00:03 -0700] "POST /wp-cron.php?doing_wp_cron=1783810803.8414590358734130859375 HTTP/1.1" 200 5076 "-" "WordPress/7.0.1; https://vanessavaladezrealty.com"
162.62.231.139 - - [11/Jul/2026:16:00:02 -0700] "GET /?p=14 HTTP/1.1" 301 5635 "-" "Mozilla/5.0 (iPhone; CPU iPhone OS 13_2_3 like Mac OS X) AppleWebKit/605.1.15 (KHTML, like Gecko) Version/13.0.3 Mobile/15E148 Safari/604.1"
162.62.231.139 - - [11/Jul/2026:16:00:08 -0700] "GET /home-previuos/ HTTP/1.1" 200 39717 "https://vanessavaladezrealty.com/?p=14" "Mozilla/5.0 (iPhone; CPU iPhone OS 13_2_3 like Mac OS X) AppleWebKit/605.1.15 (KHTML, like Gecko) Version/13.0.3 Mobile/15E148 Safari/604.1"
35.235.84.95 - - [11/Jul/2026:16:00:37 -0700] "HEAD / HTTP/1.1" 200 5742 "-" "Mozilla/5.0 (Windows NT 10.0; Win64; x64) AppleWebKit/537.36 (KHTML, like Gecko) Chrome/117.0.0.0 Safari/537.36"
35.235.84.95 - - [11/Jul/2026:16:05:38 -0700] "POST /wp-cron.php?doing_wp_cron=1783811138.0259089469909667968750 HTTP/1.1" 200 5076 "-" "WordPress/7.0.1; https://vanessavaladezrealty.com"
177.155.203.32 - - [11/Jul/2026:16:05:36 -0700] "GET / HTTP/1.1" 200 39843 "-" "Mozilla/5.0 (Macintosh; Intel Mac OS X 12.2; rv:131.0) Gecko/20100101 Firefox/131.0"
35.235.84.95 - - [11/Jul/2026:16:06:50 -0700] "POST /wp-cron.php?doing_wp_cron=1783811210.2404661178588867187500 HTTP/1.1" 200 5076 "-" "WordPress/7.0.1; https://vanessavaladezrealty.com"
181.133.192.103 - - [11/Jul/2026:16:06:49 -0700] "GET /properties/134-Residential-10229-Mayflower-Bay-Avenue-6-Rooms-3-Bedrooms-3-Bathrooms-USD365-000/tel:7027760711 HTTP/1.1" 301 5712 "-" "Mozilla/5.0 (Windows NT 6.2; Win64; x64) AppleWebKit/537.36 (KHTML, like Gecko) Chrome/107.0.0.0 Safari/537.36"
181.133.192.103 - - [11/Jul/2026:16:06:50 -0700] "GET /properties/134-Residential-10229-Mayflower-Bay-Avenue-6-Rooms-3-Bedrooms-3-Bathrooms-USD365-000/tel:7027760711/ HTTP/1.1" 301 5861 "-" "Mozilla/5.0 (Windows NT 6.2; Win64; x64) AppleWebKit/537.36 (KHTML, like Gecko) Chrome/107.0.0.0 Safari/537.36"
181.133.192.103 - - [11/Jul/2026:16:06:52 -0700] "GET /properties/134-Residential-10229-Mayflower-Bay-Avenue-6-Rooms-3-Bedrooms-3-Bathrooms-USD365-000 HTTP/1.1" 301 5639 "-" "Mozilla/5.0 (Windows NT 6.2; Win64; x64) AppleWebKit/537.36 (KHTML, like Gecko) Chrome/107.0.0.0 Safari/537.36"
181.133.192.103 - - [11/Jul/2026:16:06:53 -0700] "GET /properties/134-Residential-10229-Mayflower-Bay-Avenue-6-Rooms-3-Bedrooms-3-Bathrooms-USD365-000/ HTTP/1.1" 200 38031 "-" "Mozilla/5.0 (Windows NT 6.2; Win64; x64) AppleWebKit/537.36 (KHTML, like Gecko) Chrome/107.0.0.0 Safari/537.36"
170.106.72.93 - - [11/Jul/2026:16:07:04 -0700] "GET /wp-json/oembed/1.0/embed?url=https%3A%2F%2Fvanessavaladezrealty.com%2Fhome-previuos%2F HTTP/1.1" 200 7814 "-" "Mozilla/5.0 (iPhone; CPU iPhone OS 13_2_3 like Mac OS X) AppleWebKit/605.1.15 (KHTML, like Gecko) Version/13.0.3 Mobile/15E148 Safari/604.1"
216.73.216.49 - - [11/Jul/2026:16:10:31 -0700] "GET /wp-content/uploads/WPL/148/403.php?lokasie=%2Fvar%2Fwww%2Fvhosts%2Fvanessavaladezrealty.com%2Fhttpdocs%2Fwp-content%2Fuploads%2Fwpforms%2F.htaccess&loknya=%2Fvar%2Fwww%2Fvhosts%2Fvanessavaladezrealty.com%2Fhttpdocs%2Fwp-content%2Fuploads%2Fwpforms HTTP/1.1" 403 5841 "-" "Mozilla/5.0 AppleWebKit/537.36 (KHTML, like Gecko; compatible; ClaudeBot/1.0; +claudebot@anthropic.com)"
35.235.84.95 - - [11/Jul/2026:16:11:53 -0700] "POST /wp-cron.php?doing_wp_cron=1783811513.2570710182189941406250 HTTP/1.1" 200 5076 "-" "WordPress/7.0.1; https://vanessavaladezrealty.com"
43.157.22.57 - - [11/Jul/2026:16:11:51 -0700] "GET /wp-json/wp/v2/pages/14 HTTP/1.1" 200 264933 "-" "Mozilla/5.0 (iPhone; CPU iPhone OS 13_2_3 like Mac OS X) AppleWebKit/605.1.15 (KHTML, like Gecko) Version/13.0.3 Mobile/15E148 Safari/604.1"
216.73.216.49 - - [11/Jul/2026:16:12:54 -0700] "GET /wp-content/uploads/WPL/148/403.php?loknya=%2Fvar%2Fwww%2Fvhosts%2Fvanessavaladezrealty.com%2Fhttpdocs%2Fwp-content%2Fuploads%2F2019%2F04 HTTP/1.1" 200 9116 "-" "Mozilla/5.0 AppleWebKit/537.36 (KHTML, like Gecko; compatible; ClaudeBot/1.0; +claudebot@anthropic.com)"
35.235.84.95 - - [11/Jul/2026:16:13:29 -0700] "POST /wp-cron.php?doing_wp_cron=1783811609.6519980430603027343750 HTTP/1.1" 200 5076 "-" "WordPress/7.0.1; https://vanessavaladezrealty.com"
35.235.84.95 - - [11/Jul/2026:16:13:29 -0700] "POST /wp-cron.php?doing_wp_cron=1783811609.6970748901367187500000 HTTP/1.1" 200 5076 "-" "WordPress/7.0.1; https://vanessavaladezrealty.com"
114.119.137.232 - - [11/Jul/2026:16:13:28 -0700] "GET /properties?wplview=property_show&pid=130 HTTP/1.1" 301 5642 "https://vanessavaladezrealty.com/properties?wplview=property_show&pid=130" "Mozilla/5.0 (Linux; Android 7.0;) AppleWebKit/537.36 (HTML, like Gecko) Mobile Safari/537.36 (compatible; PetalBot;+https://webmaster.petalsearch.com/site/petalbot)"
114.119.137.232 - - [11/Jul/2026:16:13:30 -0700] "GET /properties/?wplview=property_show&pid=130 HTTP/1.1" 200 32513 "https://vanessavaladezrealty.com/properties?wplview=property_show&pid=130" "Mozilla/5.0 (Linux; Android 7.0;) AppleWebKit/537.36 (HTML, like Gecko) Mobile Safari/537.36 (compatible; PetalBot;+https://webmaster.petalsearch.com/site/petalbot)"
43.153.47.201 - - [11/Jul/2026:16:13:39 -0700] "GET /hello-world/embed/ HTTP/1.1" 200 12404 "-" "Mozilla/5.0 (iPhone; CPU iPhone OS 13_2_3 like Mac OS X) AppleWebKit/605.1.15 (KHTML, like Gecko) Version/13.0.3 Mobile/15E148 Safari/604.1"
35.235.84.95 - - [11/Jul/2026:16:14:53 -0700] "POST /wp-cron.php?doing_wp_cron=1783811693.4971160888671875000000 HTTP/1.1" 200 5076 "-" "WordPress/7.0.1; https://vanessavaladezrealty.com"
114.119.155.58 - - [11/Jul/2026:16:14:51 -0700] "GET /properties/?wplview=property_show&pid=124 HTTP/1.1" 200 35658 "https://vanessavaladezrealty.com/properties/?wplview=property_show&pid=124" "Mozilla/5.0 (Linux; Android 7.0;) AppleWebKit/537.36 (HTML, like Gecko) Mobile Safari/537.36 (compatible; PetalBot;+https://webmaster.petalsearch.com/site/petalbot)"
216.73.216.49 - - [11/Jul/2026:16:16:04 -0700] "GET /wp-content/uploads/WPL/148/403.php?loknya=%2Fvar%2Fwww%2Fvhosts%2Fvanessavaladezrealty.com%2Fhttpdocs%2Fwp-content%2Fuploads%2F2019%2F05 HTTP/1.1" 200 7300 "-" "Mozilla/5.0 AppleWebKit/537.36 (KHTML, like Gecko; compatible; ClaudeBot/1.0; +claudebot@anthropic.com)"
