63.135.161.118 - - [11/Jul/2026:10:08:19 -0700] "GET /wp-login.php?redirect_to=https%3A%2F%2Fvanessavaladezrealty.com%2Fwp-admin%2Findex.php&reauth=1 HTTP/1.1" 200 9857 "https://vanessavaladezrealty.com/wp-login.php" "Mozilla/5.0 (X11; Linux x86_64) AppleWebKit/537.36 (KHTML, like Gecko) Chrome/121.0.0.0 Safari/537.36"
63.135.161.118 - - [11/Jul/2026:10:08:16 -0700] "POST /wp-login.php HTTP/1.1" 200 7945 "https://vanessavaladezrealty.com/wp-login.php" "Mozilla/5.0 (Windows NT 11.0; Win64; x64) AppleWebKit/537.36 (KHTML, like Gecko) Chrome/120.0.0.0 Safari/537.36"
63.135.161.118 - - [11/Jul/2026:10:08:10 -0700] "GET /wp-admin/index.php HTTP/1.1" 302 5282 "https://vanessavaladezrealty.com/wp-login.php" "Mozilla/5.0 (Macintosh; Intel Mac OS X 10_15_7; rv:118.0) Gecko/20100101 Firefox/118.0"
85.8.130.65 - - [11/Jul/2026:10:08:21 -0700] "POST /wp-login.php HTTP/1.1" 200 8003 "-" "Mozilla/5.0 (Windows NT 10.0; Win64; x64) AppleWebKit/537.36 Chrome/129.0.0.0 Safari/537.36"
85.8.130.48 - - [11/Jul/2026:10:08:21 -0700] "POST /wp-login.php HTTP/1.1" 200 7984 "-" "Mozilla/5.0 (Windows NT 10.0; Win64; rv:143.0) Gecko/20100101 Firefox/143.0"
63.135.161.118 - - [11/Jul/2026:10:08:21 -0700] "POST /wp-login.php HTTP/1.1" 200 7950 "https://vanessavaladezrealty.com/wp-login.php" "Mozilla/5.0 (Macintosh; Intel Mac OS X 10_15_7) AppleWebKit/605.1.15 (KHTML, like Gecko) Version/16.6 Safari/605.1.15"
63.135.161.118 - - [11/Jul/2026:10:08:23 -0700] "GET /wp-admin/index.php HTTP/1.1" 302 5282 "https://vanessavaladezrealty.com/wp-login.php" "Mozilla/5.0 (Windows NT 11.0; Win64; x64) AppleWebKit/537.36 (KHTML, like Gecko) Chrome/119.0.0.0 Safari/537.36"
63.135.161.118 - - [11/Jul/2026:10:08:25 -0700] "GET /wp-login.php?redirect_to=https%3A%2F%2Fvanessavaladezrealty.com%2Fwp-admin%2Findex.php&reauth=1 HTTP/1.1" 200 9857 "https://vanessavaladezrealty.com/wp-login.php" "Mozilla/5.0 (Windows NT 11.0; Win64; x64) AppleWebKit/537.36 (KHTML, like Gecko) Chrome/119.0.0.0 Safari/537.36"
63.135.161.118 - - [11/Jul/2026:10:08:29 -0700] "GET /wp-admin/index.php HTTP/1.1" 302 5282 "https://vanessavaladezrealty.com/wp-login.php" "Mozilla/5.0 (X11; Linux x86_64) AppleWebKit/537.36 (KHTML, like Gecko) Chrome/121.0.0.0 Safari/537.36"
63.135.161.118 - - [11/Jul/2026:10:08:27 -0700] "POST /wp-login.php HTTP/1.1" 200 7929 "https://vanessavaladezrealty.com/wp-login.php" "Mozilla/5.0 (Macintosh; Intel Mac OS X 13_6_1) AppleWebKit/537.36 (KHTML, like Gecko) Chrome/118.0.0.0 Safari/537.36"
63.135.161.118 - - [11/Jul/2026:10:08:36 -0700] "GET /wp-login.php?redirect_to=https%3A%2F%2Fvanessavaladezrealty.com%2Fwp-admin%2Findex.php&reauth=1 HTTP/1.1" 200 9857 "https://vanessavaladezrealty.com/wp-login.php" "Mozilla/5.0 (X11; Linux x86_64) AppleWebKit/537.36 (KHTML, like Gecko) Chrome/121.0.0.0 Safari/537.36"
35.235.84.95 - - [11/Jul/2026:10:09:34 -0700] "POST /wp-cron.php?doing_wp_cron=1783789774.9198610782623291015625 HTTP/1.1" 200 5076 "-" "WordPress/7.0.1; https://vanessavaladezrealty.com"
63.135.161.118 - - [11/Jul/2026:10:09:35 -0700] "GET /wp-admin/index.php HTTP/1.1" 302 5282 "https://vanessavaladezrealty.com/wp-login.php" "Mozilla/5.0 (X11; Ubuntu; Linux x86_64) AppleWebKit/537.36 (KHTML, like Gecko) Chrome/118.0.0.0 Safari/537.36"
63.135.161.118 - - [11/Jul/2026:10:09:37 -0700] "GET /wp-login.php?redirect_to=https%3A%2F%2Fvanessavaladezrealty.com%2Fwp-admin%2Findex.php&reauth=1 HTTP/1.1" 200 9857 "https://vanessavaladezrealty.com/wp-login.php" "Mozilla/5.0 (X11; Ubuntu; Linux x86_64) AppleWebKit/537.36 (KHTML, like Gecko) Chrome/118.0.0.0 Safari/537.36"
63.135.161.118 - - [11/Jul/2026:10:09:44 -0700] "GET /wp-admin/index.php HTTP/1.1" 302 5282 "https://vanessavaladezrealty.com/wp-login.php" "Mozilla/5.0 (Macintosh; Intel Mac OS X 13_6_1) AppleWebKit/605.1.15 (KHTML, like Gecko) Version/16.6 Safari/605.1.15"
63.135.161.118 - - [11/Jul/2026:10:09:46 -0700] "GET /wp-login.php?redirect_to=https%3A%2F%2Fvanessavaladezrealty.com%2Fwp-admin%2Findex.php&reauth=1 HTTP/1.1" 200 9857 "https://vanessavaladezrealty.com/wp-login.php" "Mozilla/5.0 (Macintosh; Intel Mac OS X 13_6_1) AppleWebKit/605.1.15 (KHTML, like Gecko) Version/16.6 Safari/605.1.15"
63.135.161.118 - - [11/Jul/2026:10:09:33 -0700] "POST /wp-login.php HTTP/1.1" 200 7924 "https://vanessavaladezrealty.com/wp-login.php" "Mozilla/5.0 (Macintosh; Intel Mac OS X 10_15_7) AppleWebKit/605.1.15 (KHTML, like Gecko) Version/16.6 Safari/605.1.15"
63.135.161.118 - - [11/Jul/2026:10:09:40 -0700] "POST /wp-login.php HTTP/1.1" 200 7888 "https://vanessavaladezrealty.com/wp-login.php" "Mozilla/5.0 (Macintosh; Intel Mac OS X 13_6_1; rv:121.0) Gecko/20100101 Firefox/121.0"
35.235.84.95 - - [11/Jul/2026:10:09:50 -0700] "POST /wp-cron.php?doing_wp_cron=1783789790.0097460746765136718750 HTTP/1.1" 200 5076 "-" "WordPress/7.0.1; https://vanessavaladezrealty.com"
63.135.161.118 - - [11/Jul/2026:10:09:49 -0700] "POST /wp-login.php HTTP/1.1" 200 7888 "https://vanessavaladezrealty.com/wp-login.php" "Mozilla/5.0 (Windows NT 11.0; Win64; x64) AppleWebKit/537.36 (KHTML, like Gecko) Chrome/121.0.0.0 Safari/537.36"
63.135.161.118 - - [11/Jul/2026:10:09:50 -0700] "GET /wp-admin/index.php HTTP/1.1" 302 5282 "https://vanessavaladezrealty.com/wp-login.php" "Mozilla/5.0 (Windows NT 10.0; Win64; x64; rv:120.0) Gecko/20100101 Firefox/120.0"
63.135.161.118 - - [11/Jul/2026:10:09:52 -0700] "GET /wp-login.php?redirect_to=https%3A%2F%2Fvanessavaladezrealty.com%2Fwp-admin%2Findex.php&reauth=1 HTTP/1.1" 200 9857 "https://vanessavaladezrealty.com/wp-login.php" "Mozilla/5.0 (Windows NT 10.0; Win64; x64; rv:120.0) Gecko/20100101 Firefox/120.0"
63.135.161.118 - - [11/Jul/2026:10:09:54 -0700] "POST /wp-login.php HTTP/1.1" 200 7949 "https://vanessavaladezrealty.com/wp-login.php" "Mozilla/5.0 (Macintosh; Intel Mac OS X 13_6_1) AppleWebKit/605.1.15 (KHTML, like Gecko) Version/17.1 Safari/605.1.15"
63.135.161.118 - - [11/Jul/2026:10:09:56 -0700] "GET /wp-admin/index.php HTTP/1.1" 302 5282 "https://vanessavaladezrealty.com/wp-login.php" "Mozilla/5.0 (Macintosh; Intel Mac OS X 10_15_7) AppleWebKit/537.36 (KHTML, like Gecko) Chrome/118.0.0.0 Safari/537.36"
63.135.161.118 - - [11/Jul/2026:10:10:01 -0700] "GET /wp-login.php?redirect_to=https%3A%2F%2Fvanessavaladezrealty.com%2Fwp-admin%2Findex.php&reauth=1 HTTP/1.1" 200 9857 "https://vanessavaladezrealty.com/wp-login.php" "Mozilla/5.0 (Macintosh; Intel Mac OS X 10_15_7) AppleWebKit/537.36 (KHTML, like Gecko) Chrome/118.0.0.0 Safari/537.36"
63.135.161.118 - - [11/Jul/2026:10:10:03 -0700] "POST /wp-login.php HTTP/1.1" 200 7945 "https://vanessavaladezrealty.com/wp-login.php" "Mozilla/5.0 (Macintosh; Intel Mac OS X 13_6_1) AppleWebKit/537.36 (KHTML, like Gecko) Chrome/118.0.0.0 Safari/537.36"
63.135.161.118 - - [11/Jul/2026:10:10:05 -0700] "GET /wp-admin/index.php HTTP/1.1" 302 5282 "https://vanessavaladezrealty.com/wp-login.php" "Mozilla/5.0 (X11; Ubuntu; Linux x86_64) AppleWebKit/537.36 (KHTML, like Gecko) Chrome/121.0.0.0 Safari/537.36"
63.135.161.118 - - [11/Jul/2026:10:10:06 -0700] "GET /wp-login.php?redirect_to=https%3A%2F%2Fvanessavaladezrealty.com%2Fwp-admin%2Findex.php&reauth=1 HTTP/1.1" 200 9857 "https://vanessavaladezrealty.com/wp-login.php" "Mozilla/5.0 (X11; Ubuntu; Linux x86_64) AppleWebKit/537.36 (KHTML, like Gecko) Chrome/121.0.0.0 Safari/537.36"
63.135.161.118 - - [11/Jul/2026:10:10:08 -0700] "POST /wp-login.php HTTP/1.1" 200 7945 "https://vanessavaladezrealty.com/wp-login.php" "Mozilla/5.0 (X11; Ubuntu; Linux x86_64) AppleWebKit/537.36 (KHTML, like Gecko) Chrome/119.0.0.0 Safari/537.36"
63.135.161.118 - - [11/Jul/2026:10:10:10 -0700] "GET /wp-admin/index.php HTTP/1.1" 302 5282 "https://vanessavaladezrealty.com/wp-login.php" "Mozilla/5.0 (Macintosh; Intel Mac OS X 10_15_7) AppleWebKit/537.36 (KHTML, like Gecko) Chrome/120.0.0.0 Safari/537.36"
63.135.161.118 - - [11/Jul/2026:10:10:11 -0700] "GET /wp-login.php?redirect_to=https%3A%2F%2Fvanessavaladezrealty.com%2Fwp-admin%2Findex.php&reauth=1 HTTP/1.1" 200 9857 "https://vanessavaladezrealty.com/wp-login.php" "Mozilla/5.0 (Macintosh; Intel Mac OS X 10_15_7) AppleWebKit/537.36 (KHTML, like Gecko) Chrome/120.0.0.0 Safari/537.36"
63.135.161.118 - - [11/Jul/2026:10:10:13 -0700] "POST /wp-login.php HTTP/1.1" 200 7888 "https://vanessavaladezrealty.com/wp-login.php" "Mozilla/5.0 (Macintosh; Intel Mac OS X 13_6_1) AppleWebKit/605.1.15 (KHTML, like Gecko) Version/17.0 Safari/605.1.15"
63.135.161.118 - - [11/Jul/2026:10:10:15 -0700] "GET /wp-login.php?redirect_to=https%3A%2F%2Fvanessavaladezrealty.com%2Fwp-admin%2Findex.php&reauth=1 HTTP/1.1" 200 9857 "https://vanessavaladezrealty.com/wp-login.php" "Mozilla/5.0 (X11; Linux x86_64) AppleWebKit/537.36 (KHTML, like Gecko) Chrome/120.0.0.0 Safari/537.36"
63.135.161.118 - - [11/Jul/2026:10:10:22 -0700] "GET /wp-admin/index.php HTTP/1.1" 302 5282 "https://vanessavaladezrealty.com/wp-login.php" "Mozilla/5.0 (Macintosh; Intel Mac OS X 10_15_7) AppleWebKit/537.36 (KHTML, like Gecko) Chrome/120.0.0.0 Safari/537.36"
63.135.161.118 - - [11/Jul/2026:10:10:19 -0700] "POST /wp-login.php HTTP/1.1" 200 7888 "https://vanessavaladezrealty.com/wp-login.php" "Mozilla/5.0 (Windows NT 10.0; Win64; x64) AppleWebKit/537.36 (KHTML, like Gecko) Chrome/119.0.0.0 Safari/537.36"
63.135.161.118 - - [11/Jul/2026:10:10:25 -0700] "GET /wp-login.php?redirect_to=https%3A%2F%2Fvanessavaladezrealty.com%2Fwp-admin%2Findex.php&reauth=1 HTTP/1.1" 200 9857 "https://vanessavaladezrealty.com/wp-login.php" "Mozilla/5.0 (Macintosh; Intel Mac OS X 10_15_7) AppleWebKit/537.36 (KHTML, like Gecko) Chrome/120.0.0.0 Safari/537.36"
63.135.161.118 - - [11/Jul/2026:10:10:30 -0700] "GET /wp-admin/index.php HTTP/1.1" 302 5282 "https://vanessavaladezrealty.com/wp-login.php" "Mozilla/5.0 (X11; Linux x86_64) AppleWebKit/537.36 (KHTML, like Gecko) Chrome/119.0.0.0 Safari/537.36"
63.135.161.118 - - [11/Jul/2026:10:10:31 -0700] "GET /wp-login.php?redirect_to=https%3A%2F%2Fvanessavaladezrealty.com%2Fwp-admin%2Findex.php&reauth=1 HTTP/1.1" 200 9857 "https://vanessavaladezrealty.com/wp-login.php" "Mozilla/5.0 (X11; Linux x86_64) AppleWebKit/537.36 (KHTML, like Gecko) Chrome/119.0.0.0 Safari/537.36"
63.135.161.118 - - [11/Jul/2026:10:10:27 -0700] "POST /wp-login.php HTTP/1.1" 200 7888 "https://vanessavaladezrealty.com/wp-login.php" "Mozilla/5.0 (X11; Linux x86_64) AppleWebKit/537.36 (KHTML, like Gecko) Chrome/118.0.0.0 Safari/537.36"
63.135.161.118 - - [11/Jul/2026:10:10:33 -0700] "POST /wp-login.php HTTP/1.1" 200 7888 "https://vanessavaladezrealty.com/wp-login.php" "Mozilla/5.0 (Macintosh; Intel Mac OS X 10_15_7) AppleWebKit/605.1.15 (KHTML, like Gecko) Version/17.2 Safari/605.1.15"
63.135.161.118 - - [11/Jul/2026:10:10:14 -0700] "GET /wp-admin/index.php HTTP/1.1" 302 5282 "https://vanessavaladezrealty.com/wp-login.php" "Mozilla/5.0 (X11; Linux x86_64) AppleWebKit/537.36 (KHTML, like Gecko) Chrome/120.0.0.0 Safari/537.36"
63.135.161.118 - - [11/Jul/2026:10:10:35 -0700] "GET /wp-admin/index.php HTTP/1.1" 302 5282 "https://vanessavaladezrealty.com/wp-login.php" "Mozilla/5.0 (Windows NT 10.0; Win64; x64) AppleWebKit/537.36 (KHTML, like Gecko) Chrome/118.0.0.0 Safari/537.36"
63.135.161.118 - - [11/Jul/2026:10:10:37 -0700] "GET /wp-login.php?redirect_to=https%3A%2F%2Fvanessavaladezrealty.com%2Fwp-admin%2Findex.php&reauth=1 HTTP/1.1" 200 9857 "https://vanessavaladezrealty.com/wp-login.php" "Mozilla/5.0 (Windows NT 10.0; Win64; x64) AppleWebKit/537.36 (KHTML, like Gecko) Chrome/118.0.0.0 Safari/537.36"
35.235.84.95 - - [11/Jul/2026:10:11:10 -0700] "POST /wp-cron.php?doing_wp_cron=1783789870.8332331180572509765625 HTTP/1.1" 200 5076 "-" "WordPress/7.0.1; https://vanessavaladezrealty.com"
172.86.119.48 - - [11/Jul/2026:10:11:09 -0700] "GET / HTTP/1.1" 200 362921 "-" "Mozilla/5.0 (Windows NT 10.0; Win64; x64) AppleWebKit/537.36 (KHTML, like Gecko) Chrome/148.0.0.0 Safari/537.36"
172.86.119.48 - - [11/Jul/2026:10:11:10 -0700] "GET /wp-includes/js/jquery/jquery.min.js?ver=3.7.1 HTTP/1.1" 200 5058 "-" "Mozilla/5.0 (Windows NT 10.0; Win64; x64) AppleWebKit/537.36 (KHTML, like Gecko) Chrome/148.0.0.0 Safari/537.36"
172.86.119.48 - - [11/Jul/2026:10:11:11 -0700] "GET /wp-includes/js/jquery/jquery-migrate.min.js?ver=3.4.1 HTTP/1.1" 200 5066 "-" "Mozilla/5.0 (Windows NT 10.0; Win64; x64) AppleWebKit/537.36 (KHTML, like Gecko) Chrome/148.0.0.0 Safari/537.36"
172.86.119.48 - - [11/Jul/2026:10:11:11 -0700] "GET /wp-includes/js/jquery/ui/sortable.min.js?ver=1.13.3 HTTP/1.1" 200 5063 "-" "Mozilla/5.0 (Windows NT 10.0; Win64; x64) AppleWebKit/537.36 (KHTML, like Gecko) Chrome/148.0.0.0 Safari/537.36"
172.86.119.48 - - [11/Jul/2026:10:11:11 -0700] "GET /wp-includes/js/jquery/ui/core.min.js?ver=1.13.3 HTTP/1.1" 200 5059 "-" "Mozilla/5.0 (Windows NT 10.0; Win64; x64) AppleWebKit/537.36 (KHTML, like Gecko) Chrome/148.0.0.0 Safari/537.36"
172.86.119.48 - - [11/Jul/2026:10:11:11 -0700] "GET /wp-content/plugins/real-estate-listing-realtyna-wpl/assets/js/libraries/realtyna/realtyna.min.js?ver=7.0.1 HTTP/1.1" 200 5119 "-" "Mozilla/5.0 (Windows NT 10.0; Win64; x64) AppleWebKit/537.36 (KHTML, like Gecko) Chrome/148.0.0.0 Safari/537.36"
172.86.119.48 - - [11/Jul/2026:10:11:11 -0700] "GET /wp-content/plugins/real-estate-listing-realtyna-wpl/assets/js/frontend.min.js?ver=7.0.1 HTTP/1.1" 200 5100 "-" "Mozilla/5.0 (Windows NT 10.0; Win64; x64) AppleWebKit/537.36 (KHTML, like Gecko) Chrome/148.0.0.0 Safari/537.36"
172.86.119.48 - - [11/Jul/2026:10:11:11 -0700] "GET /wp-content/themes/astra/assets/js/minified/flexibility.min.js?ver=4.12.5 HTTP/1.1" 200 5084 "-" "Mozilla/5.0 (Windows NT 10.0; Win64; x64) AppleWebKit/537.36 (KHTML, like Gecko) Chrome/148.0.0.0 Safari/537.36"
172.86.119.48 - - [11/Jul/2026:10:11:11 -0700] "GET /wp-content/plugins/elementor/assets/lib/font-awesome/js/v4-shims.min.js?ver=3.35.7 HTTP/1.1" 200 5094 "-" "Mozilla/5.0 (Windows NT 10.0; Win64; x64) AppleWebKit/537.36 (KHTML, like Gecko) Chrome/148.0.0.0 Safari/537.36"
172.86.119.48 - - [11/Jul/2026:10:11:11 -0700] "GET /wp-content/plugins/real-estate-listing-realtyna-wpl/assets/js/libraries/wpl.handlebars.min.js?ver=7.0.1 HTTP/1.1" 200 5116 "-" "Mozilla/5.0 (Windows NT 10.0; Win64; x64) AppleWebKit/537.36 (KHTML, like Gecko) Chrome/148.0.0.0 Safari/537.36"
172.86.119.48 - - [11/Jul/2026:10:11:11 -0700] "GET /wp-content/themes/astra/assets/js/minified/frontend.min.js?ver=4.12.5 HTTP/1.1" 200 5081 "-" "Mozilla/5.0 (Windows NT 10.0; Win64; x64) AppleWebKit/537.36 (KHTML, like Gecko) Chrome/148.0.0.0 Safari/537.36"
172.86.119.48 - - [11/Jul/2026:10:11:11 -0700] "GET /wp-includes/js/jquery/ui/mouse.min.js?ver=1.13.3 HTTP/1.1" 200 5060 "-" "Mozilla/5.0 (Windows NT 10.0; Win64; x64) AppleWebKit/537.36 (KHTML, like Gecko) Chrome/148.0.0.0 Safari/537.36"
172.86.119.48 - - [11/Jul/2026:10:11:11 -0700] "GET /wp-includes/js/dist/dom-ready.min.js?ver=a06281ae5cf5500e9317 HTTP/1.1" 200 5909 "-" "Mozilla/5.0 (Windows NT 10.0; Win64; x64) AppleWebKit/537.36 (KHTML, like Gecko) Chrome/148.0.0.0 Safari/537.36"
172.86.119.48 - - [11/Jul/2026:10:11:11 -0700] "GET /wp-content/plugins/elementor/assets/js/webpack.runtime.min.js?ver=3.35.7 HTTP/1.1" 200 5084 "-" "Mozilla/5.0 (Windows NT 10.0; Win64; x64) AppleWebKit/537.36 (KHTML, like Gecko) Chrome/148.0.0.0 Safari/537.36"
172.86.119.48 - - [11/Jul/2026:10:11:11 -0700] "GET /wp-content/plugins/elementor/assets/js/frontend-modules.min.js?ver=3.35.7 HTTP/1.1" 200 5085 "-" "Mozilla/5.0 (Windows NT 10.0; Win64; x64) AppleWebKit/537.36 (KHTML, like Gecko) Chrome/148.0.0.0 Safari/537.36"
172.86.119.48 - - [11/Jul/2026:10:11:11 -0700] "GET /wp-content/plugins/wpforms-lite/assets/lib/mailcheck.min.js?ver=1.1.2 HTTP/1.1" 200 5082 "-" "Mozilla/5.0 (Windows NT 10.0; Win64; x64) AppleWebKit/537.36 (KHTML, like Gecko) Chrome/148.0.0.0 Safari/537.36"
172.86.119.48 - - [11/Jul/2026:10:11:11 -0700] "GET /wp-content/plugins/astra-sites/inc/lib/onboarding/assets/dist/template-preview/main.js?ver=09382f635556bec359b3 HTTP/1.1" 200 5109 "-" "Mozilla/5.0 (Windows NT 10.0; Win64; x64) AppleWebKit/537.36 (KHTML, like Gecko) Chrome/148.0.0.0 Safari/537.36"
172.86.119.48 - - [11/Jul/2026:10:11:11 -0700] "GET /wp-content/plugins/wpforms-lite/assets/lib/jquery.validate.min.js?ver=1.21.0 HTTP/1.1" 200 5088 "-" "Mozilla/5.0 (Windows NT 10.0; Win64; x64) AppleWebKit/537.36 (KHTML, like Gecko) Chrome/148.0.0.0 Safari/537.36"
172.86.119.48 - - [11/Jul/2026:10:11:11 -0700] "GET /wp-content/plugins/elementor/assets/js/frontend.min.js?ver=3.35.7 HTTP/1.1" 200 5077 "-" "Mozilla/5.0 (Windows NT 10.0; Win64; x64) AppleWebKit/537.36 (KHTML, like Gecko) Chrome/148.0.0.0 Safari/537.36"
172.86.119.48 - - [11/Jul/2026:10:11:11 -0700] "GET /wp-content/plugins/wpforms-lite/assets/js/share/utils.min.js?ver=1.10.0.2 HTTP/1.1" 200 5083 "-" "Mozilla/5.0 (Windows NT 10.0; Win64; x64) AppleWebKit/537.36 (KHTML, like Gecko) Chrome/148.0.0.0 Safari/537.36"
172.86.119.48 - - [11/Jul/2026:10:11:11 -0700] "GET /wp-content/plugins/wpforms-lite/assets/lib/punycode.min.js?ver=1.0.0 HTTP/1.1" 200 5081 "-" "Mozilla/5.0 (Windows NT 10.0; Win64; x64) AppleWebKit/537.36 (KHTML, like Gecko) Chrome/148.0.0.0 Safari/537.36"
172.86.119.48 - - [11/Jul/2026:10:11:11 -0700] "GET /wp-content/plugins/wpforms-lite/assets/js/frontend/wpforms.min.js?ver=1.10.0.2 HTTP/1.1" 200 5088 "-" "Mozilla/5.0 (Windows NT 10.0; Win64; x64) AppleWebKit/537.36 (KHTML, like Gecko) Chrome/148.0.0.0 Safari/537.36"
172.86.119.48 - - [11/Jul/2026:10:11:11 -0700] "GET /wp-content/plugins/wpforms-lite/assets/js/frontend/fields/address.min.js?ver=1.10.0.2 HTTP/1.1" 200 5095 "-" "Mozilla/5.0 (Windows NT 10.0; Win64; x64) AppleWebKit/537.36 (KHTML, like Gecko) Chrome/148.0.0.0 Safari/537.36"
116.76.25.68 - - [11/Jul/2026:10:11:16 -0700] "GET /robots.txt HTTP/1.1" 200 5762 "-" "Mozilla/5.0 (Windows NT 10.0; Win64; x64) AppleWebKit/537.36 (KHTML, like Gecko) Chrome/61.0.3590.156 Safari/537.36"
35.235.84.95 - - [11/Jul/2026:10:11:25 -0700] "POST /wp-cron.php?doing_wp_cron=1783789885.0757579803466796875000 HTTP/1.1" 200 5076 "-" "WordPress/7.0.1; https://vanessavaladezrealty.com"
63.135.161.118 - - [11/Jul/2026:10:11:24 -0700] "POST /wp-login.php HTTP/1.1" 200 7888 "https://vanessavaladezrealty.com/wp-login.php" "Mozilla/5.0 (Windows NT 11.0; Win64; x64; rv:121.0) Gecko/20100101 Firefox/121.0"
63.135.161.118 - - [11/Jul/2026:10:11:25 -0700] "GET /wp-admin/index.php HTTP/1.1" 302 5282 "https://vanessavaladezrealty.com/wp-login.php" "Mozilla/5.0 (Macintosh; Intel Mac OS X 13_6_1; rv:118.0) Gecko/20100101 Firefox/118.0"
63.135.161.118 - - [11/Jul/2026:10:11:27 -0700] "GET /wp-login.php?redirect_to=https%3A%2F%2Fvanessavaladezrealty.com%2Fwp-admin%2Findex.php&reauth=1 HTTP/1.1" 200 9857 "https://vanessavaladezrealty.com/wp-login.php" "Mozilla/5.0 (Macintosh; Intel Mac OS X 13_6_1; rv:118.0) Gecko/20100101 Firefox/118.0"
63.135.161.118 - - [11/Jul/2026:10:11:37 -0700] "GET /wp-admin/index.php HTTP/1.1" 302 5282 "https://vanessavaladezrealty.com/wp-login.php" "Mozilla/5.0 (Macintosh; Intel Mac OS X 10_15_7) AppleWebKit/605.1.15 (KHTML, like Gecko) Version/17.0 Safari/605.1.15"
63.135.161.118 - - [11/Jul/2026:10:11:29 -0700] "POST /wp-login.php HTTP/1.1" 200 7888 "https://vanessavaladezrealty.com/wp-login.php" "Mozilla/5.0 (Macintosh; Intel Mac OS X 10_15_7) AppleWebKit/537.36 (KHTML, like Gecko) Chrome/118.0.0.0 Safari/537.36"
63.135.161.118 - - [11/Jul/2026:10:11:39 -0700] "GET /wp-login.php?redirect_to=https%3A%2F%2Fvanessavaladezrealty.com%2Fwp-admin%2Findex.php&reauth=1 HTTP/1.1" 200 9857 "https://vanessavaladezrealty.com/wp-login.php" "Mozilla/5.0 (Macintosh; Intel Mac OS X 10_15_7) AppleWebKit/605.1.15 (KHTML, like Gecko) Version/17.0 Safari/605.1.15"
63.135.161.118 - - [11/Jul/2026:10:11:43 -0700] "POST /wp-login.php HTTP/1.1" 200 7888 "https://vanessavaladezrealty.com/wp-login.php" "Mozilla/5.0 (Macintosh; Intel Mac OS X 13_6_1) AppleWebKit/537.36 (KHTML, like Gecko) Chrome/120.0.0.0 Safari/537.36"
63.135.161.118 - - [11/Jul/2026:10:11:47 -0700] "GET /wp-admin/index.php HTTP/1.1" 302 5282 "https://vanessavaladezrealty.com/wp-login.php" "Mozilla/5.0 (X11; Ubuntu; Linux x86_64) AppleWebKit/537.36 (KHTML, like Gecko) Chrome/118.0.0.0 Safari/537.36"
63.135.161.118 - - [11/Jul/2026:10:11:50 -0700] "GET /wp-login.php?redirect_to=https%3A%2F%2Fvanessavaladezrealty.com%2Fwp-admin%2Findex.php&reauth=1 HTTP/1.1" 200 9857 "https://vanessavaladezrealty.com/wp-login.php" "Mozilla/5.0 (X11; Ubuntu; Linux x86_64) AppleWebKit/537.36 (KHTML, like Gecko) Chrome/118.0.0.0 Safari/537.36"
63.135.161.118 - - [11/Jul/2026:10:11:52 -0700] "POST /wp-login.php HTTP/1.1" 200 7888 "https://vanessavaladezrealty.com/wp-login.php" "Mozilla/5.0 (X11; Linux x86_64) AppleWebKit/537.36 (KHTML, like Gecko) Chrome/121.0.0.0 Safari/537.36"
63.135.161.118 - - [11/Jul/2026:10:11:54 -0700] "GET /wp-admin/index.php HTTP/1.1" 302 5282 "https://vanessavaladezrealty.com/wp-login.php" "Mozilla/5.0 (Macintosh; Intel Mac OS X 13_6_1) AppleWebKit/605.1.15 (KHTML, like Gecko) Version/17.1 Safari/605.1.15"
63.135.161.118 - - [11/Jul/2026:10:11:56 -0700] "GET /wp-login.php?redirect_to=https%3A%2F%2Fvanessavaladezrealty.com%2Fwp-admin%2Findex.php&reauth=1 HTTP/1.1" 200 9857 "https://vanessavaladezrealty.com/wp-login.php" "Mozilla/5.0 (Macintosh; Intel Mac OS X 13_6_1) AppleWebKit/605.1.15 (KHTML, like Gecko) Version/17.1 Safari/605.1.15"
63.135.161.118 - - [11/Jul/2026:10:11:58 -0700] "POST /wp-login.php HTTP/1.1" 200 7888 "https://vanessavaladezrealty.com/wp-login.php" "Mozilla/5.0 (X11; Ubuntu; Linux x86_64) AppleWebKit/537.36 (KHTML, like Gecko) Chrome/118.0.0.0 Safari/537.36"
63.135.161.118 - - [11/Jul/2026:10:11:59 -0700] "GET /wp-admin/index.php HTTP/1.1" 302 5282 "https://vanessavaladezrealty.com/wp-login.php" "Mozilla/5.0 (Windows NT 10.0; Win64; x64) AppleWebKit/537.36 (KHTML, like Gecko) Chrome/119.0.0.0 Safari/537.36"
63.135.161.118 - - [11/Jul/2026:10:12:01 -0700] "GET /wp-login.php?redirect_to=https%3A%2F%2Fvanessavaladezrealty.com%2Fwp-admin%2Findex.php&reauth=1 HTTP/1.1" 200 9857 "https://vanessavaladezrealty.com/wp-login.php" "Mozilla/5.0 (Windows NT 10.0; Win64; x64) AppleWebKit/537.36 (KHTML, like Gecko) Chrome/119.0.0.0 Safari/537.36"
63.135.161.118 - - [11/Jul/2026:10:12:02 -0700] "POST /wp-login.php HTTP/1.1" 200 7888 "https://vanessavaladezrealty.com/wp-login.php" "Mozilla/5.0 (X11; Ubuntu; Linux x86_64) AppleWebKit/537.36 (KHTML, like Gecko) Chrome/121.0.0.0 Safari/537.36"
63.135.161.118 - - [11/Jul/2026:10:12:04 -0700] "GET /wp-admin/index.php HTTP/1.1" 302 5282 "https://vanessavaladezrealty.com/wp-login.php" "Mozilla/5.0 (Macintosh; Intel Mac OS X 13_6_1) AppleWebKit/605.1.15 (KHTML, like Gecko) Version/17.0 Safari/605.1.15"
63.135.161.118 - - [11/Jul/2026:10:12:06 -0700] "GET /wp-login.php?redirect_to=https%3A%2F%2Fvanessavaladezrealty.com%2Fwp-admin%2Findex.php&reauth=1 HTTP/1.1" 200 9857 "https://vanessavaladezrealty.com/wp-login.php" "Mozilla/5.0 (Macintosh; Intel Mac OS X 13_6_1) AppleWebKit/605.1.15 (KHTML, like Gecko) Version/17.0 Safari/605.1.15"
63.135.161.118 - - [11/Jul/2026:10:12:11 -0700] "GET /wp-admin/index.php HTTP/1.1" 302 5282 "https://vanessavaladezrealty.com/wp-login.php" "Mozilla/5.0 (Windows NT 10.0; Win64; x64) AppleWebKit/537.36 (KHTML, like Gecko) Chrome/119.0.0.0 Safari/537.36"
63.135.161.118 - - [11/Jul/2026:10:12:13 -0700] "GET /wp-login.php?redirect_to=https%3A%2F%2Fvanessavaladezrealty.com%2Fwp-admin%2Findex.php&reauth=1 HTTP/1.1" 200 9857 "https://vanessavaladezrealty.com/wp-login.php" "Mozilla/5.0 (Windows NT 10.0; Win64; x64) AppleWebKit/537.36 (KHTML, like Gecko) Chrome/119.0.0.0 Safari/537.36"
63.135.161.118 - - [11/Jul/2026:10:12:17 -0700] "GET /wp-admin/index.php HTTP/1.1" 302 5282 "https://vanessavaladezrealty.com/wp-login.php" "Mozilla/5.0 (X11; Linux x86_64) AppleWebKit/537.36 (KHTML, like Gecko) Chrome/121.0.0.0 Safari/537.36"
63.135.161.118 - - [11/Jul/2026:10:12:19 -0700] "GET /wp-login.php?redirect_to=https%3A%2F%2Fvanessavaladezrealty.com%2Fwp-admin%2Findex.php&reauth=1 HTTP/1.1" 200 9857 "https://vanessavaladezrealty.com/wp-login.php" "Mozilla/5.0 (X11; Linux x86_64) AppleWebKit/537.36 (KHTML, like Gecko) Chrome/121.0.0.0 Safari/537.36"
63.135.161.118 - - [11/Jul/2026:10:12:23 -0700] "GET /wp-admin/index.php HTTP/1.1" 302 5282 "https://vanessavaladezrealty.com/wp-login.php" "Mozilla/5.0 (Macintosh; Intel Mac OS X 13_6_1) AppleWebKit/605.1.15 (KHTML, like Gecko) Version/16.6 Safari/605.1.15"
35.235.84.95 - - [11/Jul/2026:10:12:26 -0700] "POST /wp-cron.php?doing_wp_cron=1783789946.8824510574340820312500 HTTP/1.1" 200 5076 "-" "WordPress/7.0.1; https://vanessavaladezrealty.com"
63.135.161.118 - - [11/Jul/2026:10:12:25 -0700] "GET /wp-login.php?redirect_to=https%3A%2F%2Fvanessavaladezrealty.com%2Fwp-admin%2Findex.php&reauth=1 HTTP/1.1" 200 9857 "https://vanessavaladezrealty.com/wp-login.php" "Mozilla/5.0 (Macintosh; Intel Mac OS X 13_6_1) AppleWebKit/605.1.15 (KHTML, like Gecko) Version/16.6 Safari/605.1.15"
63.135.161.118 - - [11/Jul/2026:10:12:30 -0700] "GET /wp-admin/index.php HTTP/1.1" 302 5282 "https://vanessavaladezrealty.com/wp-login.php" "Mozilla/5.0 (Macintosh; Intel Mac OS X 10_15_7) AppleWebKit/537.36 (KHTML, like Gecko) Chrome/121.0.0.0 Safari/537.36"
63.135.161.118 - - [11/Jul/2026:10:12:33 -0700] "GET /wp-login.php?redirect_to=https%3A%2F%2Fvanessavaladezrealty.com%2Fwp-admin%2Findex.php&reauth=1 HTTP/1.1" 200 9857 "https://vanessavaladezrealty.com/wp-login.php" "Mozilla/5.0 (Macintosh; Intel Mac OS X 10_15_7) AppleWebKit/537.36 (KHTML, like Gecko) Chrome/121.0.0.0 Safari/537.36"
63.135.161.118 - - [11/Jul/2026:10:12:14 -0700] "POST /wp-login.php HTTP/1.1" 200 7946 "https://vanessavaladezrealty.com/wp-login.php" "Mozilla/5.0 (Macintosh; Intel Mac OS X 10_15_7; rv:118.0) Gecko/20100101 Firefox/118.0"
63.135.161.118 - - [11/Jul/2026:10:12:27 -0700] "POST /wp-login.php HTTP/1.1" 200 7946 "https://vanessavaladezrealty.com/wp-login.php" "Mozilla/5.0 (X11; Linux x86_64) AppleWebKit/537.36 (KHTML, like Gecko) Chrome/121.0.0.0 Safari/537.36"
63.135.161.118 - - [11/Jul/2026:10:12:10 -0700] "POST /wp-login.php HTTP/1.1" 200 7946 "https://vanessavaladezrealty.com/wp-login.php" "Mozilla/5.0 (Macintosh; Intel Mac OS X 10_15_7) AppleWebKit/605.1.15 (KHTML, like Gecko) Version/17.2 Safari/605.1.15"
63.135.161.118 - - [11/Jul/2026:10:12:22 -0700] "POST /wp-login.php HTTP/1.1" 200 7946 "https://vanessavaladezrealty.com/wp-login.php" "Mozilla/5.0 (Macintosh; Intel Mac OS X 10_15_7) AppleWebKit/605.1.15 (KHTML, like Gecko) Version/17.0 Safari/605.1.15"
35.235.84.95 - - [11/Jul/2026:10:12:52 -0700] "POST /wp-cron.php?doing_wp_cron=1783789972.5298540592193603515625 HTTP/1.1" 200 5076 "-" "WordPress/7.0.1; https://vanessavaladezrealty.com"
177.37.42.222 - - [11/Jul/2026:10:12:51 -0700] "GET /properties/vanessavaladez/tel:7027760711/tel:7027760711/tel:7027760711 HTTP/1.1" 301 5672 "-" "Mozilla/5.0 (Macintosh; Intel Mac OS X 10_12_6) AppleWebKit/537.36 (KHTML, like Gecko) Chrome/86.0.4240.183 Safari/537.36"
177.37.42.222 - - [11/Jul/2026:10:12:53 -0700] "GET /properties/vanessavaladez/tel:7027760711/tel:7027760711/tel:7027760711/ HTTP/1.1" 200 34221 "-" "Mozilla/5.0 (Macintosh; Intel Mac OS X 10_12_6) AppleWebKit/537.36 (KHTML, like Gecko) Chrome/86.0.4240.183 Safari/537.36"
35.235.84.95 - - [11/Jul/2026:10:14:43 -0700] "POST /wp-cron.php?doing_wp_cron=1783790083.1352860927581787109375 HTTP/1.1" 200 5076 "-" "WordPress/7.0.1; https://vanessavaladezrealty.com"
114.119.151.126 - - [11/Jul/2026:10:14:41 -0700] "GET /properties/95-Residential-Lease-1421-Santa-Margarita-G-6-Rooms-2-Bedrooms-2-Bathrooms-USD1-250/ HTTP/1.1" 200 32753 "https://vanessavaladezrealty.com/properties/?wplpage=2" "Mozilla/5.0 (Linux; Android 7.0;) AppleWebKit/537.36 (HTML, like Gecko) Mobile Safari/537.36 (compatible; PetalBot;+https://webmaster.petalsearch.com/site/petalbot)"
35.235.84.95 - - [11/Jul/2026:10:15:02 -0700] "POST /wp-cron.php?doing_wp_cron=1783790102.1420900821685791015625 HTTP/1.1" 200 5076 "-" "WordPress/7.0.1; https://vanessavaladezrealty.com"
45.130.83.241 - - [11/Jul/2026:10:15:01 -0700] "POST /wp-login.php HTTP/1.1" 200 7946 "https://vanessavaladezrealty.com/wp-login.php" "Mozilla/5.0 (Windows NT 11.0; Win64; x64; rv:118.0) Gecko/20100101 Firefox/118.0"
45.130.83.241 - - [11/Jul/2026:10:15:05 -0700] "GET /wp-login.php?redirect_to=https%3A%2F%2Fvanessavaladezrealty.com%2Fwp-admin%2Findex.php&reauth=1 HTTP/1.1" 200 9857 "https://vanessavaladezrealty.com/wp-login.php" "Mozilla/5.0 (Macintosh; Intel Mac OS X 13_6_1; rv:118.0) Gecko/20100101 Firefox/118.0"
45.130.83.241 - - [11/Jul/2026:10:15:08 -0700] "GET /wp-admin/index.php HTTP/1.1" 302 5282 "https://vanessavaladezrealty.com/wp-login.php" "Mozilla/5.0 (Windows NT 10.0; Win64; x64; rv:121.0) Gecko/20100101 Firefox/121.0"
45.130.83.241 - - [11/Jul/2026:10:15:10 -0700] "GET /wp-login.php?redirect_to=https%3A%2F%2Fvanessavaladezrealty.com%2Fwp-admin%2Findex.php&reauth=1 HTTP/1.1" 200 9857 "https://vanessavaladezrealty.com/wp-login.php" "Mozilla/5.0 (Windows NT 10.0; Win64; x64; rv:121.0) Gecko/20100101 Firefox/121.0"
45.130.83.241 - - [11/Jul/2026:10:15:12 -0700] "POST /wp-login.php HTTP/1.1" 200 7949 "https://vanessavaladezrealty.com/wp-login.php" "Mozilla/5.0 (Windows NT 11.0; Win64; x64) AppleWebKit/537.36 (KHTML, like Gecko) Chrome/118.0.0.0 Safari/537.36"
45.130.83.241 - - [11/Jul/2026:10:15:07 -0700] "POST /wp-login.php HTTP/1.1" 200 7946 "https://vanessavaladezrealty.com/wp-login.php" "Mozilla/5.0 (Macintosh; Intel Mac OS X 13_6_1) AppleWebKit/605.1.15 (KHTML, like Gecko) Version/17.2 Safari/605.1.15"
45.130.83.241 - - [11/Jul/2026:10:15:16 -0700] "GET /wp-admin/index.php HTTP/1.1" 302 5282 "https://vanessavaladezrealty.com/wp-login.php" "Mozilla/5.0 (X11; Ubuntu; Linux x86_64) AppleWebKit/537.36 (KHTML, like Gecko) Chrome/119.0.0.0 Safari/537.36"
45.130.83.241 - - [11/Jul/2026:10:15:24 -0700] "GET /wp-admin/index.php HTTP/1.1" 302 5282 "https://vanessavaladezrealty.com/wp-login.php" "Mozilla/5.0 (Windows NT 10.0; Win64; x64; rv:118.0) Gecko/20100101 Firefox/118.0"
45.130.83.241 - - [11/Jul/2026:10:15:27 -0700] "GET /wp-login.php?redirect_to=https%3A%2F%2Fvanessavaladezrealty.com%2Fwp-admin%2Findex.php&reauth=1 HTTP/1.1" 200 9857 "https://vanessavaladezrealty.com/wp-login.php" "Mozilla/5.0 (Windows NT 10.0; Win64; x64; rv:118.0) Gecko/20100101 Firefox/118.0"
45.130.83.241 - - [11/Jul/2026:10:15:03 -0700] "GET /wp-admin/index.php HTTP/1.1" 302 5282 "https://vanessavaladezrealty.com/wp-login.php" "Mozilla/5.0 (Macintosh; Intel Mac OS X 13_6_1; rv:118.0) Gecko/20100101 Firefox/118.0"
45.130.83.241 - - [11/Jul/2026:10:15:35 -0700] "GET /wp-admin/index.php HTTP/1.1" 302 5282 "https://vanessavaladezrealty.com/wp-login.php" "Mozilla/5.0 (Macintosh; Intel Mac OS X 10_15_7) AppleWebKit/605.1.15 (KHTML, like Gecko) Version/16.6 Safari/605.1.15"
45.130.83.241 - - [11/Jul/2026:10:15:39 -0700] "GET /wp-login.php?redirect_to=https%3A%2F%2Fvanessavaladezrealty.com%2Fwp-admin%2Findex.php&reauth=1 HTTP/1.1" 200 9857 "https://vanessavaladezrealty.com/wp-login.php" "Mozilla/5.0 (Macintosh; Intel Mac OS X 10_15_7) AppleWebKit/605.1.15 (KHTML, like Gecko) Version/16.6 Safari/605.1.15"
45.130.83.241 - - [11/Jul/2026:10:15:43 -0700] "GET /wp-admin/index.php HTTP/1.1" 302 5282 "https://vanessavaladezrealty.com/wp-login.php" "Mozilla/5.0 (Macintosh; Intel Mac OS X 10_15_7; rv:120.0) Gecko/20100101 Firefox/120.0"
45.130.83.241 - - [11/Jul/2026:10:15:21 -0700] "POST /wp-login.php HTTP/1.1" 200 7948 "https://vanessavaladezrealty.com/wp-login.php" "Mozilla/5.0 (X11; Linux x86_64) AppleWebKit/537.36 (KHTML, like Gecko) Chrome/118.0.0.0 Safari/537.36"
45.130.83.241 - - [11/Jul/2026:10:15:42 -0700] "POST /wp-login.php HTTP/1.1" 200 7945 "https://vanessavaladezrealty.com/wp-login.php" "Mozilla/5.0 (Macintosh; Intel Mac OS X 13_6_1) AppleWebKit/605.1.15 (KHTML, like Gecko) Version/17.0 Safari/605.1.15"
45.130.83.241 - - [11/Jul/2026:10:15:33 -0700] "POST /wp-login.php HTTP/1.1" 200 7947 "https://vanessavaladezrealty.com/wp-login.php" "Mozilla/5.0 (X11; Linux x86_64) AppleWebKit/537.36 (KHTML, like Gecko) Chrome/121.0.0.0 Safari/537.36"
45.130.83.241 - - [11/Jul/2026:10:15:47 -0700] "GET /wp-login.php?redirect_to=https%3A%2F%2Fvanessavaladezrealty.com%2Fwp-admin%2Findex.php&reauth=1 HTTP/1.1" 200 9857 "https://vanessavaladezrealty.com/wp-login.php" "Mozilla/5.0 (Macintosh; Intel Mac OS X 10_15_7; rv:120.0) Gecko/20100101 Firefox/120.0"
35.235.84.95 - - [11/Jul/2026:10:15:50 -0700] "POST /wp-cron.php?doing_wp_cron=1783790150.2907700538635253906250 HTTP/1.1" 200 5076 "-" "WordPress/7.0.1; https://vanessavaladezrealty.com"
45.130.83.241 - - [11/Jul/2026:10:15:52 -0700] "GET /wp-admin/index.php HTTP/1.1" 302 5282 "https://vanessavaladezrealty.com/wp-login.php" "Mozilla/5.0 (Macintosh; Intel Mac OS X 13_6_1; rv:120.0) Gecko/20100101 Firefox/120.0"
45.130.83.241 - - [11/Jul/2026:10:15:54 -0700] "GET /wp-login.php?redirect_to=https%3A%2F%2Fvanessavaladezrealty.com%2Fwp-admin%2Findex.php&reauth=1 HTTP/1.1" 200 9857 "https://vanessavaladezrealty.com/wp-login.php" "Mozilla/5.0 (Macintosh; Intel Mac OS X 13_6_1; rv:120.0) Gecko/20100101 Firefox/120.0"
45.130.83.241 - - [11/Jul/2026:10:15:49 -0700] "POST /wp-login.php HTTP/1.1" 200 7952 "https://vanessavaladezrealty.com/wp-login.php" "Mozilla/5.0 (X11; Ubuntu; Linux x86_64) AppleWebKit/537.36 (KHTML, like Gecko) Chrome/120.0.0.0 Safari/537.36"
45.130.83.241 - - [11/Jul/2026:10:15:17 -0700] "GET /wp-login.php?redirect_to=https%3A%2F%2Fvanessavaladezrealty.com%2Fwp-admin%2Findex.php&reauth=1 HTTP/1.1" 200 9857 "https://vanessavaladezrealty.com/wp-login.php" "Mozilla/5.0 (X11; Ubuntu; Linux x86_64) AppleWebKit/537.36 (KHTML, like Gecko) Chrome/119.0.0.0 Safari/537.36"
45.130.83.241 - - [11/Jul/2026:10:15:55 -0700] "POST /wp-login.php HTTP/1.1" 200 7949 "https://vanessavaladezrealty.com/wp-login.php" "Mozilla/5.0 (Windows NT 11.0; Win64; x64) AppleWebKit/537.36 (KHTML, like Gecko) Chrome/118.0.0.0 Safari/537.36"
45.130.83.241 - - [11/Jul/2026:10:15:56 -0700] "GET /wp-admin/index.php HTTP/1.1" 302 5282 "https://vanessavaladezrealty.com/wp-login.php" "Mozilla/5.0 (Windows NT 11.0; Win64; x64) AppleWebKit/537.36 (KHTML, like Gecko) Chrome/119.0.0.0 Safari/537.36"
45.130.83.241 - - [11/Jul/2026:10:15:58 -0700] "GET /wp-login.php?redirect_to=https%3A%2F%2Fvanessavaladezrealty.com%2Fwp-admin%2Findex.php&reauth=1 HTTP/1.1" 200 9857 "https://vanessavaladezrealty.com/wp-login.php" "Mozilla/5.0 (Windows NT 11.0; Win64; x64) AppleWebKit/537.36 (KHTML, like Gecko) Chrome/119.0.0.0 Safari/537.36"
45.130.83.241 - - [11/Jul/2026:10:16:00 -0700] "POST /wp-login.php HTTP/1.1" 200 7946 "https://vanessavaladezrealty.com/wp-login.php" "Mozilla/5.0 (Macintosh; Intel Mac OS X 10_15_7) AppleWebKit/605.1.15 (KHTML, like Gecko) Version/16.6 Safari/605.1.15"
45.130.83.241 - - [11/Jul/2026:10:16:02 -0700] "GET /wp-admin/index.php HTTP/1.1" 302 5282 "https://vanessavaladezrealty.com/wp-login.php" "Mozilla/5.0 (Macintosh; Intel Mac OS X 13_6_1) AppleWebKit/537.36 (KHTML, like Gecko) Chrome/121.0.0.0 Safari/537.36"
45.130.83.241 - - [11/Jul/2026:10:16:04 -0700] "GET /wp-login.php?redirect_to=https%3A%2F%2Fvanessavaladezrealty.com%2Fwp-admin%2Findex.php&reauth=1 HTTP/1.1" 200 9857 "https://vanessavaladezrealty.com/wp-login.php" "Mozilla/5.0 (Macintosh; Intel Mac OS X 13_6_1) AppleWebKit/537.36 (KHTML, like Gecko) Chrome/121.0.0.0 Safari/537.36"
45.130.83.241 - - [11/Jul/2026:10:16:07 -0700] "POST /wp-login.php HTTP/1.1" 200 7954 "https://vanessavaladezrealty.com/wp-login.php" "Mozilla/5.0 (Macintosh; Intel Mac OS X 13_6_1) AppleWebKit/605.1.15 (KHTML, like Gecko) Version/17.0 Safari/605.1.15"
45.130.83.241 - - [11/Jul/2026:10:16:08 -0700] "GET /wp-admin/index.php HTTP/1.1" 302 5282 "https://vanessavaladezrealty.com/wp-login.php" "Mozilla/5.0 (Windows NT 10.0; Win64; x64) AppleWebKit/537.36 (KHTML, like Gecko) Chrome/119.0.0.0 Safari/537.36"
45.130.83.241 - - [11/Jul/2026:10:16:10 -0700] "GET /wp-login.php?redirect_to=https%3A%2F%2Fvanessavaladezrealty.com%2Fwp-admin%2Findex.php&reauth=1 HTTP/1.1" 200 9857 "https://vanessavaladezrealty.com/wp-login.php" "Mozilla/5.0 (Windows NT 10.0; Win64; x64) AppleWebKit/537.36 (KHTML, like Gecko) Chrome/119.0.0.0 Safari/537.36"
35.235.84.95 - - [11/Jul/2026:10:16:41 -0700] "POST /wp-cron.php?doing_wp_cron=1783790201.2588269710540771484375 HTTP/1.1" 200 5076 "-" "WordPress/7.0.1; https://vanessavaladezrealty.com"
43.157.22.57 - - [11/Jul/2026:10:16:39 -0700] "GET /hello-world/feed/ HTTP/1.1" 200 6394 "-" "Mozilla/5.0 (iPhone; CPU iPhone OS 13_2_3 like Mac OS X) AppleWebKit/605.1.15 (KHTML, like Gecko) Version/13.0.3 Mobile/15E148 Safari/604.1"
45.130.83.241 - - [11/Jul/2026:10:16:58 -0700] "GET /wp-admin/index.php HTTP/1.1" 302 5282 "https://vanessavaladezrealty.com/wp-login.php" "Mozilla/5.0 (X11; Linux x86_64) AppleWebKit/537.36 (KHTML, like Gecko) Chrome/118.0.0.0 Safari/537.36"
45.130.83.241 - - [11/Jul/2026:10:17:01 -0700] "GET /wp-login.php?redirect_to=https%3A%2F%2Fvanessavaladezrealty.com%2Fwp-admin%2Findex.php&reauth=1 HTTP/1.1" 200 9857 "https://vanessavaladezrealty.com/wp-login.php" "Mozilla/5.0 (X11; Linux x86_64) AppleWebKit/537.36 (KHTML, like Gecko) Chrome/118.0.0.0 Safari/537.36"
45.130.83.241 - - [11/Jul/2026:10:17:04 -0700] "POST /wp-login.php HTTP/1.1" 200 7949 "https://vanessavaladezrealty.com/wp-login.php" "Mozilla/5.0 (Macintosh; Intel Mac OS X 10_15_7) AppleWebKit/605.1.15 (KHTML, like Gecko) Version/17.1 Safari/605.1.15"
45.130.83.241 - - [11/Jul/2026:10:16:56 -0700] "POST /wp-login.php HTTP/1.1" 200 7951 "https://vanessavaladezrealty.com/wp-login.php" "Mozilla/5.0 (Windows NT 11.0; Win64; x64) AppleWebKit/537.36 (KHTML, like Gecko) Chrome/120.0.0.0 Safari/537.36"
45.130.83.241 - - [11/Jul/2026:10:17:06 -0700] "GET /wp-admin/index.php HTTP/1.1" 302 5282 "https://vanessavaladezrealty.com/wp-login.php" "Mozilla/5.0 (Windows NT 11.0; Win64; x64; rv:118.0) Gecko/20100101 Firefox/118.0"
45.130.83.241 - - [11/Jul/2026:10:17:08 -0700] "GET /wp-login.php?redirect_to=https%3A%2F%2Fvanessavaladezrealty.com%2Fwp-admin%2Findex.php&reauth=1 HTTP/1.1" 200 9857 "https://vanessavaladezrealty.com/wp-login.php" "Mozilla/5.0 (Windows NT 11.0; Win64; x64; rv:118.0) Gecko/20100101 Firefox/118.0"
45.130.83.241 - - [11/Jul/2026:10:17:10 -0700] "POST /wp-login.php HTTP/1.1" 200 7948 "https://vanessavaladezrealty.com/wp-login.php" "Mozilla/5.0 (Windows NT 10.0; Win64; x64; rv:121.0) Gecko/20100101 Firefox/121.0"
45.130.83.241 - - [11/Jul/2026:10:17:12 -0700] "GET /wp-admin/index.php HTTP/1.1" 302 5282 "https://vanessavaladezrealty.com/wp-login.php" "Mozilla/5.0 (Windows NT 11.0; Win64; x64) AppleWebKit/537.36 (KHTML, like Gecko) Chrome/119.0.0.0 Safari/537.36"
45.130.83.241 - - [11/Jul/2026:10:17:14 -0700] "GET /wp-login.php?redirect_to=https%3A%2F%2Fvanessavaladezrealty.com%2Fwp-admin%2Findex.php&reauth=1 HTTP/1.1" 200 9857 "https://vanessavaladezrealty.com/wp-login.php" "Mozilla/5.0 (Windows NT 11.0; Win64; x64) AppleWebKit/537.36 (KHTML, like Gecko) Chrome/119.0.0.0 Safari/537.36"
45.130.83.241 - - [11/Jul/2026:10:17:19 -0700] "POST /wp-login.php HTTP/1.1" 200 7949 "https://vanessavaladezrealty.com/wp-login.php" "Mozilla/5.0 (Macintosh; Intel Mac OS X 13_6_1) AppleWebKit/605.1.15 (KHTML, like Gecko) Version/17.2 Safari/605.1.15"
45.130.83.241 - - [11/Jul/2026:10:17:20 -0700] "GET /wp-admin/index.php HTTP/1.1" 302 5282 "https://vanessavaladezrealty.com/wp-login.php" "Mozilla/5.0 (Macintosh; Intel Mac OS X 13_6_1; rv:119.0) Gecko/20100101 Firefox/119.0"
45.130.83.241 - - [11/Jul/2026:10:17:21 -0700] "GET /wp-login.php?redirect_to=https%3A%2F%2Fvanessavaladezrealty.com%2Fwp-admin%2Findex.php&reauth=1 HTTP/1.1" 200 9857 "https://vanessavaladezrealty.com/wp-login.php" "Mozilla/5.0 (Macintosh; Intel Mac OS X 13_6_1; rv:119.0) Gecko/20100101 Firefox/119.0"
45.130.83.241 - - [11/Jul/2026:10:17:25 -0700] "GET /wp-admin/index.php HTTP/1.1" 302 5282 "https://vanessavaladezrealty.com/wp-login.php" "Mozilla/5.0 (Macintosh; Intel Mac OS X 13_6_1) AppleWebKit/537.36 (KHTML, like Gecko) Chrome/118.0.0.0 Safari/537.36"
45.130.83.241 - - [11/Jul/2026:10:17:28 -0700] "GET /wp-login.php?redirect_to=https%3A%2F%2Fvanessavaladezrealty.com%2Fwp-admin%2Findex.php&reauth=1 HTTP/1.1" 200 9857 "https://vanessavaladezrealty.com/wp-login.php" "Mozilla/5.0 (Macintosh; Intel Mac OS X 13_6_1) AppleWebKit/537.36 (KHTML, like Gecko) Chrome/118.0.0.0 Safari/537.36"
45.130.83.241 - - [11/Jul/2026:10:17:31 -0700] "GET /wp-admin/index.php HTTP/1.1" 302 5282 "https://vanessavaladezrealty.com/wp-login.php" "Mozilla/5.0 (X11; Linux x86_64) AppleWebKit/537.36 (KHTML, like Gecko) Chrome/120.0.0.0 Safari/537.36"
45.130.83.241 - - [11/Jul/2026:10:17:29 -0700] "POST /wp-login.php HTTP/1.1" 200 7888 "https://vanessavaladezrealty.com/wp-login.php" "Mozilla/5.0 (Macintosh; Intel Mac OS X 10_15_7) AppleWebKit/605.1.15 (KHTML, like Gecko) Version/17.0 Safari/605.1.15"
45.130.83.241 - - [11/Jul/2026:10:17:23 -0700] "POST /wp-login.php HTTP/1.1" 200 7888 "https://vanessavaladezrealty.com/wp-login.php" "Mozilla/5.0 (Macintosh; Intel Mac OS X 10_15_7; rv:118.0) Gecko/20100101 Firefox/118.0"
45.130.83.241 - - [11/Jul/2026:10:17:32 -0700] "GET /wp-login.php?redirect_to=https%3A%2F%2Fvanessavaladezrealty.com%2Fwp-admin%2Findex.php&reauth=1 HTTP/1.1" 200 9857 "https://vanessavaladezrealty.com/wp-login.php" "Mozilla/5.0 (X11; Linux x86_64) AppleWebKit/537.36 (KHTML, like Gecko) Chrome/120.0.0.0 Safari/537.36"
45.130.83.241 - - [11/Jul/2026:10:17:34 -0700] "POST /wp-login.php HTTP/1.1" 200 7888 "https://vanessavaladezrealty.com/wp-login.php" "Mozilla/5.0 (Windows NT 11.0; Win64; x64; rv:118.0) Gecko/20100101 Firefox/118.0"
45.130.83.241 - - [11/Jul/2026:10:17:35 -0700] "GET /wp-admin/index.php HTTP/1.1" 302 5282 "https://vanessavaladezrealty.com/wp-login.php" "Mozilla/5.0 (Macintosh; Intel Mac OS X 13_6_1) AppleWebKit/537.36 (KHTML, like Gecko) Chrome/119.0.0.0 Safari/537.36"
45.130.83.241 - - [11/Jul/2026:10:17:37 -0700] "GET /wp-login.php?redirect_to=https%3A%2F%2Fvanessavaladezrealty.com%2Fwp-admin%2Findex.php&reauth=1 HTTP/1.1" 200 9857 "https://vanessavaladezrealty.com/wp-login.php" "Mozilla/5.0 (Macintosh; Intel Mac OS X 13_6_1) AppleWebKit/537.36 (KHTML, like Gecko) Chrome/119.0.0.0 Safari/537.36"
35.235.84.95 - - [11/Jul/2026:10:17:42 -0700] "POST /wp-cron.php?doing_wp_cron=1783790262.0878999233245849609375 HTTP/1.1" 200 5076 "-" "WordPress/7.0.1; https://vanessavaladezrealty.com"
45.130.83.241 - - [11/Jul/2026:10:17:40 -0700] "GET /wp-admin/index.php HTTP/1.1" 302 5282 "https://vanessavaladezrealty.com/wp-login.php" "Mozilla/5.0 (Windows NT 11.0; Win64; x64) AppleWebKit/537.36 (KHTML, like Gecko) Chrome/121.0.0.0 Safari/537.36"
45.130.83.241 - - [11/Jul/2026:10:17:42 -0700] "GET /wp-login.php?redirect_to=https%3A%2F%2Fvanessavaladezrealty.com%2Fwp-admin%2Findex.php&reauth=1 HTTP/1.1" 200 9857 "https://vanessavaladezrealty.com/wp-login.php" "Mozilla/5.0 (Windows NT 11.0; Win64; x64) AppleWebKit/537.36 (KHTML, like Gecko) Chrome/121.0.0.0 Safari/537.36"
45.130.83.241 - - [11/Jul/2026:10:17:39 -0700] "POST /wp-login.php HTTP/1.1" 200 7888 "https://vanessavaladezrealty.com/wp-login.php" "Mozilla/5.0 (Macintosh; Intel Mac OS X 10_15_7) AppleWebKit/537.36 (KHTML, like Gecko) Chrome/120.0.0.0 Safari/537.36"
45.130.83.241 - - [11/Jul/2026:10:17:44 -0700] "POST /wp-login.php HTTP/1.1" 200 7948 "https://vanessavaladezrealty.com/wp-login.php" "Mozilla/5.0 (Macintosh; Intel Mac OS X 10_15_7) AppleWebKit/537.36 (KHTML, like Gecko) Chrome/118.0.0.0 Safari/537.36"
45.130.83.241 - - [11/Jul/2026:10:17:46 -0700] "GET /wp-admin/index.php HTTP/1.1" 302 5282 "https://vanessavaladezrealty.com/wp-login.php" "Mozilla/5.0 (X11; Linux x86_64) AppleWebKit/537.36 (KHTML, like Gecko) Chrome/121.0.0.0 Safari/537.36"
35.235.84.95 - - [11/Jul/2026:10:17:50 -0700] "POST /wp-cron.php?doing_wp_cron=1783790270.0577909946441650390625 HTTP/1.1" 200 5076 "-" "WordPress/7.0.1; https://vanessavaladezrealty.com"
45.130.83.241 - - [11/Jul/2026:10:17:49 -0700] "GET /wp-login.php?redirect_to=https%3A%2F%2Fvanessavaladezrealty.com%2Fwp-admin%2Findex.php&reauth=1 HTTP/1.1" 200 9857 "https://vanessavaladezrealty.com/wp-login.php" "Mozilla/5.0 (X11; Linux x86_64) AppleWebKit/537.36 (KHTML, like Gecko) Chrome/121.0.0.0 Safari/537.36"
45.130.83.241 - - [11/Jul/2026:10:17:51 -0700] "POST /wp-login.php HTTP/1.1" 200 7888 "https://vanessavaladezrealty.com/wp-login.php" "Mozilla/5.0 (Windows NT 10.0; Win64; x64; rv:118.0) Gecko/20100101 Firefox/118.0"
45.130.83.241 - - [11/Jul/2026:10:17:54 -0700] "GET /wp-admin/index.php HTTP/1.1" 302 5282 "https://vanessavaladezrealty.com/wp-login.php" "Mozilla/5.0 (Windows NT 11.0; Win64; x64; rv:118.0) Gecko/20100101 Firefox/118.0"
45.130.83.241 - - [11/Jul/2026:10:17:56 -0700] "GET /wp-login.php?redirect_to=https%3A%2F%2Fvanessavaladezrealty.com%2Fwp-admin%2Findex.php&reauth=1 HTTP/1.1" 200 9857 "https://vanessavaladezrealty.com/wp-login.php" "Mozilla/5.0 (Windows NT 11.0; Win64; x64; rv:118.0) Gecko/20100101 Firefox/118.0"
85.8.130.58 - - [11/Jul/2026:10:18:20 -0700] "POST /wp-login.php HTTP/1.1" 200 8008 "-" "Mozilla/5.0 (Windows NT 10.0; Win64; rv:143.0) Gecko/20100101 Firefox/143.0"
85.8.130.54 - - [11/Jul/2026:10:18:20 -0700] "POST /wp-login.php HTTP/1.1" 200 7984 "-" "Mozilla/5.0 (Windows NT 10.0; Win64; rv:143.0) Gecko/20100101 Firefox/143.0"
85.8.130.73 - - [11/Jul/2026:10:18:20 -0700] "POST /wp-login.php HTTP/1.1" 200 8003 "-" "Mozilla/5.0 (Windows NT 10.0; Win64; rv:143.0) Gecko/20100101 Firefox/143.0"
35.235.84.95 - - [11/Jul/2026:10:19:07 -0700] "POST /wp-cron.php?doing_wp_cron=1783790346.9850149154663085937500 HTTP/1.1" 200 5076 "-" "WordPress/7.0.1; https://vanessavaladezrealty.com"
63.135.161.129 - - [11/Jul/2026:10:19:05 -0700] "POST /wp-login.php HTTP/1.1" 200 7951 "https://vanessavaladezrealty.com/wp-login.php" "Mozilla/5.0 (Windows NT 11.0; Win64; x64; rv:118.0) Gecko/20100101 Firefox/118.0"
63.135.161.129 - - [11/Jul/2026:10:19:07 -0700] "GET /wp-admin/index.php HTTP/1.1" 302 5282 "https://vanessavaladezrealty.com/wp-login.php" "Mozilla/5.0 (Windows NT 11.0; Win64; x64) AppleWebKit/537.36 (KHTML, like Gecko) Chrome/119.0.0.0 Safari/537.36"
63.135.161.129 - - [11/Jul/2026:10:19:08 -0700] "GET /wp-login.php?redirect_to=https%3A%2F%2Fvanessavaladezrealty.com%2Fwp-admin%2Findex.php&reauth=1 HTTP/1.1" 200 9857 "https://vanessavaladezrealty.com/wp-login.php" "Mozilla/5.0 (Windows NT 11.0; Win64; x64) AppleWebKit/537.36 (KHTML, like Gecko) Chrome/119.0.0.0 Safari/537.36"
63.135.161.129 - - [11/Jul/2026:10:19:11 -0700] "POST /wp-login.php HTTP/1.1" 200 7946 "https://vanessavaladezrealty.com/wp-login.php" "Mozilla/5.0 (Macintosh; Intel Mac OS X 10_15_7) AppleWebKit/605.1.15 (KHTML, like Gecko) Version/16.6 Safari/605.1.15"
200.239.146.253 - - [11/Jul/2026:10:19:13 -0700] "GET /wp-json/wp/v2/users HTTP/1.1" 403 5841 "-" "Mozilla/4.0 (compatible; Win32; WinHttp.WinHttpRequest.5)"
63.135.161.129 - - [11/Jul/2026:10:19:15 -0700] "GET /wp-admin/index.php HTTP/1.1" 302 5282 "https://vanessavaladezrealty.com/wp-login.php" "Mozilla/5.0 (Macintosh; Intel Mac OS X 10_15_7) AppleWebKit/605.1.15 (KHTML, like Gecko) Version/17.2 Safari/605.1.15"
103.61.240.236 - - [11/Jul/2026:10:19:15 -0700] "POST /xmlrpc.php HTTP/1.1" 200 5618 "-" "WordPress.com; https://wordpress.com"
63.135.161.129 - - [11/Jul/2026:10:19:17 -0700] "GET /wp-login.php?redirect_to=https%3A%2F%2Fvanessavaladezrealty.com%2Fwp-admin%2Findex.php&reauth=1 HTTP/1.1" 200 9857 "https://vanessavaladezrealty.com/wp-login.php" "Mozilla/5.0 (Macintosh; Intel Mac OS X 10_15_7) AppleWebKit/605.1.15 (KHTML, like Gecko) Version/17.2 Safari/605.1.15"
63.135.161.129 - - [11/Jul/2026:10:19:19 -0700] "POST /wp-login.php HTTP/1.1" 200 7949 "https://vanessavaladezrealty.com/wp-login.php" "Mozilla/5.0 (Windows NT 11.0; Win64; x64) AppleWebKit/537.36 (KHTML, like Gecko) Chrome/119.0.0.0 Safari/537.36"
63.135.161.129 - - [11/Jul/2026:10:19:20 -0700] "GET /wp-admin/index.php HTTP/1.1" 302 5282 "https://vanessavaladezrealty.com/wp-login.php" "Mozilla/5.0 (Windows NT 11.0; Win64; x64; rv:119.0) Gecko/20100101 Firefox/119.0"
63.135.161.129 - - [11/Jul/2026:10:19:23 -0700] "GET /wp-login.php?redirect_to=https%3A%2F%2Fvanessavaladezrealty.com%2Fwp-admin%2Findex.php&reauth=1 HTTP/1.1" 200 9857 "https://vanessavaladezrealty.com/wp-login.php" "Mozilla/5.0 (Windows NT 11.0; Win64; x64; rv:119.0) Gecko/20100101 Firefox/119.0"
63.135.161.129 - - [11/Jul/2026:10:19:27 -0700] "GET /wp-admin/index.php HTTP/1.1" 302 5282 "https://vanessavaladezrealty.com/wp-login.php" "Mozilla/5.0 (Macintosh; Intel Mac OS X 10_15_7; rv:120.0) Gecko/20100101 Firefox/120.0"
103.61.240.236 - - [11/Jul/2026:10:19:25 -0700] "POST /xmlrpc.php HTTP/1.1" 200 5618 "-" "Jetpack by WordPress.com (Jetpack 12.0; WordPress 6.4)"
63.135.161.129 - - [11/Jul/2026:10:19:25 -0700] "POST /wp-login.php HTTP/1.1" 200 7950 "https://vanessavaladezrealty.com/wp-login.php" "Mozilla/5.0 (Windows NT 10.0; Win64; x64) AppleWebKit/537.36 (KHTML, like Gecko) Chrome/118.0.0.0 Safari/537.36"
63.135.161.129 - - [11/Jul/2026:10:19:32 -0700] "GET /wp-login.php?redirect_to=https%3A%2F%2Fvanessavaladezrealty.com%2Fwp-admin%2Findex.php&reauth=1 HTTP/1.1" 200 9857 "https://vanessavaladezrealty.com/wp-login.php" "Mozilla/5.0 (Macintosh; Intel Mac OS X 10_15_7; rv:120.0) Gecko/20100101 Firefox/120.0"
63.135.161.129 - - [11/Jul/2026:10:19:34 -0700] "POST /wp-login.php HTTP/1.1" 200 7947 "https://vanessavaladezrealty.com/wp-login.php" "Mozilla/5.0 (Windows NT 11.0; Win64; x64; rv:119.0) Gecko/20100101 Firefox/119.0"
63.135.161.129 - - [11/Jul/2026:10:19:35 -0700] "GET /wp-admin/index.php HTTP/1.1" 302 5282 "https://vanessavaladezrealty.com/wp-login.php" "Mozilla/5.0 (Macintosh; Intel Mac OS X 10_15_7; rv:120.0) Gecko/20100101 Firefox/120.0"
103.61.240.236 - - [11/Jul/2026:10:19:36 -0700] "POST /xmlrpc.php HTTP/1.1" 200 5618 "-" "WordPress.com; https://wordpress.com"
