35.235.84.95 - - [11/Jul/2026:12:32:49 -0700] "POST /wp-cron.php?doing_wp_cron=1783798369.0110321044921875000000 HTTP/1.1" 200 5076 "-" "WordPress/7.0.1; https://vanessavaladezrealty.com"
216.73.216.49 - - [11/Jul/2026:12:32:47 -0700] "GET /properties/151-0-0-0-%240/ HTTP/1.1" 200 30830 "-" "Mozilla/5.0 AppleWebKit/537.36 (KHTML, like Gecko; compatible; ClaudeBot/1.0; +claudebot@anthropic.com)"
37.239.222.18 - - [11/Jul/2026:12:33:48 -0700] "GET /properties/vanessavaladez/?wplpage=4 HTTP/1.1" 200 34557 "-" "Mozilla/5.0 (Windows NT 6.1) AppleWebKit/537.36 (KHTML, like Gecko) Chrome/68.0.3440.84 Safari/537.36"
85.8.130.84 - - [11/Jul/2026:12:39:05 -0700] "POST /wp-login.php HTTP/1.1" 200 8008 "-" "Mozilla/5.0 (Macintosh; Intel Mac OS X 10_15_7) AppleWebKit/605.1.15 Version/17.0 Safari/605.1.15"
35.235.84.95 - - [11/Jul/2026:12:39:06 -0700] "POST /wp-cron.php?doing_wp_cron=1783798746.5091269016265869140625 HTTP/1.1" 200 5076 "-" "WordPress/7.0.1; https://vanessavaladezrealty.com"
85.8.130.81 - - [11/Jul/2026:12:39:05 -0700] "POST /wp-login.php HTTP/1.1" 200 7984 "-" "Mozilla/5.0 (Macintosh; Intel Mac OS X 10_15_7) AppleWebKit/605.1.15 Version/17.0 Safari/605.1.15"
85.8.130.62 - - [11/Jul/2026:12:39:06 -0700] "POST /wp-login.php HTTP/1.1" 200 8003 "-" "Mozilla/5.0 (Windows NT 10.0; Win64; x64) AppleWebKit/537.36 Chrome/129.0.0.0 Safari/537.36"
35.235.84.95 - - [11/Jul/2026:12:41:13 -0700] "POST /wp-cron.php?doing_wp_cron=1783798873.0794389247894287109375 HTTP/1.1" 200 5076 "-" "WordPress/7.0.1; https://vanessavaladezrealty.com"
168.196.209.28 - - [11/Jul/2026:12:41:11 -0700] "GET /properties/95-Residential-Lease-1421-Santa-Margarita-G-6-Rooms-2-Bedrooms-2-Bathrooms-USD1-250/ HTTP/1.1" 200 36571 "-" "Mozilla/5.0 (Macintosh; Intel Mac OS X 10_11_3) AppleWebKit/537.36 (KHTML, like Gecko) Chrome/65.0.3325.6 Safari/537.36"
35.235.84.95 - - [11/Jul/2026:12:47:49 -0700] "POST /wp-cron.php?doing_wp_cron=1783799269.0926671028137207031250 HTTP/1.1" 200 5076 "-" "WordPress/7.0.1; https://vanessavaladezrealty.com"
177.124.11.110 - - [11/Jul/2026:12:47:47 -0700] "GET /properties/?pid=97&wplview=property_show HTTP/1.1" 200 38462 "-" "Mozilla/5.0 (Windows NT 10.0; Win64; x64) AppleWebKit/537.36 (KHTML, like Gecko) Chrome/89.0.4389.82 Safari/537.36"
43.157.149.188 - - [11/Jul/2026:12:48:46 -0700] "GET /contact/ HTTP/1.1" 200 29471 "-" "Mozilla/5.0 (iPhone; CPU iPhone OS 13_2_3 like Mac OS X) AppleWebKit/605.1.15 (KHTML, like Gecko) Version/13.0.3 Mobile/15E148 Safari/604.1"
35.235.84.95 - - [11/Jul/2026:12:49:16 -0700] "POST /wp-cron.php?doing_wp_cron=1783799356.6805179119110107421875 HTTP/1.1" 200 5076 "-" "WordPress/7.0.1; https://vanessavaladezrealty.com"
85.8.130.44 - - [11/Jul/2026:12:49:15 -0700] "POST /wp-login.php HTTP/1.1" 200 7984 "-" "Mozilla/5.0 (Macintosh; Intel Mac OS X 10_15_7) AppleWebKit/605.1.15 Version/17.0 Safari/605.1.15"
35.235.84.95 - - [11/Jul/2026:12:49:16 -0700] "POST /wp-cron.php?doing_wp_cron=1783799356.7209250926971435546875 HTTP/1.1" 200 5076 "-" "WordPress/7.0.1; https://vanessavaladezrealty.com"
85.8.130.70 - - [11/Jul/2026:12:49:15 -0700] "POST /wp-login.php HTTP/1.1" 200 8008 "-" "Mozilla/5.0 (Windows NT 10.0; Win64; rv:143.0) Gecko/20100101 Firefox/143.0"
35.235.84.95 - - [11/Jul/2026:12:49:17 -0700] "POST /wp-cron.php?doing_wp_cron=1783799357.5759260654449462890625 HTTP/1.1" 200 5076 "-" "WordPress/7.0.1; https://vanessavaladezrealty.com"
85.8.130.95 - - [11/Jul/2026:12:49:16 -0700] "POST /wp-login.php HTTP/1.1" 200 8003 "-" "Mozilla/5.0 (Windows NT 10.0; Win64; x64) AppleWebKit/537.36 Chrome/129.0.0.0 Safari/537.36"
35.235.84.95 - - [11/Jul/2026:12:50:58 -0700] "POST /wp-cron.php?doing_wp_cron=1783799458.5676379203796386718750 HTTP/1.1" 200 5076 "-" "WordPress/7.0.1; https://vanessavaladezrealty.com"
49.51.183.220 - - [11/Jul/2026:12:50:57 -0700] "GET /about-us/ HTTP/1.1" 200 28002 "-" "Mozilla/5.0 (iPhone; CPU iPhone OS 13_2_3 like Mac OS X) AppleWebKit/605.1.15 (KHTML, like Gecko) Version/13.0.3 Mobile/15E148 Safari/604.1"
35.235.84.95 - - [11/Jul/2026:12:54:52 -0700] "POST /wp-cron.php?doing_wp_cron=1783799692.3944621086120605468750 HTTP/1.1" 200 5076 "-" "WordPress/7.0.1; https://vanessavaladezrealty.com"
216.73.216.49 - - [11/Jul/2026:12:54:51 -0700] "GET /wp-sitemap.xml HTTP/1.1" 200 5804 "-" "Mozilla/5.0 AppleWebKit/537.36 (KHTML, like Gecko; compatible; ClaudeBot/1.0; +claudebot@anthropic.com)"
35.235.84.95 - - [11/Jul/2026:12:59:22 -0700] "POST /wp-cron.php?doing_wp_cron=1783799962.8537430763244628906250 HTTP/1.1" 200 5076 "-" "WordPress/7.0.1; https://vanessavaladezrealty.com"
35.235.84.95 - - [11/Jul/2026:12:59:22 -0700] "POST /wp-cron.php?doing_wp_cron=1783799962.9499800205230712890625 HTTP/1.1" 200 5076 "-" "WordPress/7.0.1; https://vanessavaladezrealty.com"
35.235.84.95 - - [11/Jul/2026:12:59:23 -0700] "POST /wp-cron.php?doing_wp_cron=1783799963.1385679244995117187500 HTTP/1.1" 200 5076 "-" "WordPress/7.0.1; https://vanessavaladezrealty.com"
85.8.130.92 - - [11/Jul/2026:12:59:21 -0700] "POST /wp-login.php HTTP/1.1" 200 8008 "-" "Mozilla/5.0 (Macintosh; Intel Mac OS X 10_15_7) AppleWebKit/605.1.15 Version/17.0 Safari/605.1.15"
85.8.130.88 - - [11/Jul/2026:12:59:21 -0700] "POST /wp-login.php HTTP/1.1" 200 8003 "-" "Mozilla/5.0 (Windows NT 10.0; Win64; x64) AppleWebKit/537.36 Chrome/129.0.0.0 Safari/537.36"
85.8.130.84 - - [11/Jul/2026:12:59:21 -0700] "POST /wp-login.php HTTP/1.1" 200 7984 "-" "Mozilla/5.0 (Windows NT 10.0; Win64; x64) AppleWebKit/537.36 Chrome/129.0.0.0 Safari/537.36"
35.235.84.95 - - [11/Jul/2026:13:00:40 -0700] "HEAD / HTTP/1.1" 200 5742 "-" "Mozilla/5.0 (Windows NT 10.0; Win64; x64) AppleWebKit/537.36 (KHTML, like Gecko) Chrome/117.0.0.0 Safari/537.36"
35.235.84.95 - - [11/Jul/2026:13:01:17 -0700] "POST /wp-cron.php?doing_wp_cron=1783800077.9274981021881103515625 HTTP/1.1" 200 5076 "-" "WordPress/7.0.1; https://vanessavaladezrealty.com"
35.235.84.95 - - [11/Jul/2026:13:01:17 -0700] "POST /wp-cron.php?doing_wp_cron=1783800077.9793400764465332031250 HTTP/1.1" 200 5076 "-" "WordPress/7.0.1; https://vanessavaladezrealty.com"
173.252.87.37 - - [11/Jul/2026:13:01:16 -0700] "GET /robots.txt HTTP/1.1" 200 5761 "-" "facebookexternalhit/1.1 (+http://www.facebook.com/externalhit_uatext.php)"
35.235.84.95 - - [11/Jul/2026:13:04:26 -0700] "POST /wp-cron.php?doing_wp_cron=1783800266.6122128963470458984375 HTTP/1.1" 200 5076 "-" "WordPress/7.0.1; https://vanessavaladezrealty.com"
170.106.192.3 - - [11/Jul/2026:13:04:25 -0700] "GET /home-previuos/ HTTP/1.1" 200 39717 "-" "Mozilla/5.0 (iPhone; CPU iPhone OS 13_2_3 like Mac OS X) AppleWebKit/605.1.15 (KHTML, like Gecko) Version/13.0.3 Mobile/15E148 Safari/604.1"
35.235.84.95 - - [11/Jul/2026:13:06:06 -0700] "POST /wp-cron.php?doing_wp_cron=1783800366.1624190807342529296875 HTTP/1.1" 200 5076 "-" "WordPress/7.0.1; https://vanessavaladezrealty.com"
43.157.181.189 - - [11/Jul/2026:13:06:05 -0700] "GET /author/jarthur/feed/ HTTP/1.1" 200 6467 "-" "Mozilla/5.0 (iPhone; CPU iPhone OS 13_2_3 like Mac OS X) AppleWebKit/605.1.15 (KHTML, like Gecko) Version/13.0.3 Mobile/15E148 Safari/604.1"
85.8.130.70 - - [11/Jul/2026:13:09:27 -0700] "POST /wp-login.php HTTP/1.1" 200 7984 "-" "Mozilla/5.0 (Macintosh; Intel Mac OS X 10_15_7) AppleWebKit/605.1.15 Version/17.0 Safari/605.1.15"
85.8.130.82 - - [11/Jul/2026:13:09:27 -0700] "POST /wp-login.php HTTP/1.1" 200 8003 "-" "Mozilla/5.0 (Windows NT 10.0; Win64; rv:143.0) Gecko/20100101 Firefox/143.0"
35.235.84.95 - - [11/Jul/2026:13:09:28 -0700] "POST /wp-cron.php?doing_wp_cron=1783800568.0289049148559570312500 HTTP/1.1" 200 5076 "-" "WordPress/7.0.1; https://vanessavaladezrealty.com"
85.8.130.72 - - [11/Jul/2026:13:09:27 -0700] "POST /wp-login.php HTTP/1.1" 200 8008 "-" "Mozilla/5.0 (Macintosh; Intel Mac OS X 10_15_7) AppleWebKit/605.1.15 Version/17.0 Safari/605.1.15"
35.235.84.95 - - [11/Jul/2026:13:14:46 -0700] "POST /wp-cron.php?doing_wp_cron=1783800886.6088109016418457031250 HTTP/1.1" 200 5076 "-" "WordPress/7.0.1; https://vanessavaladezrealty.com"
92.208.62.241 - - [11/Jul/2026:13:14:45 -0700] "GET /contact/ HTTP/1.1" 200 29471 "-" "Mozilla/5.0 (Macintosh; Intel Mac OS X 10_15_7) AppleWebKit/537.36 (KHTML, like Gecko) Chrome/130.0.6723.69 Safari/537.36"
35.235.84.95 - - [11/Jul/2026:13:16:59 -0700] "POST /wp-cron.php?doing_wp_cron=1783801019.6523079872131347656250 HTTP/1.1" 200 5076 "-" "WordPress/7.0.1; https://vanessavaladezrealty.com"
160.187.68.214 - - [11/Jul/2026:13:16:58 -0700] "GET /wp-login.php HTTP/1.1" 200 7852 "-" "Mozilla/5.0 (X11; Linux x86_64) AppleWebKit/537.36 (KHTML, like Gecko) Chrome/133.0.0.0 Safari/537.36"
160.187.68.214 - - [11/Jul/2026:13:17:00 -0700] "POST /wp-login.php HTTP/1.1" 200 7932 "https://vanessavaladezrealty.com/wp-login.php" "Mozilla/5.0 (X11; Linux x86_64) AppleWebKit/537.36 (KHTML, like Gecko) Chrome/133.0.0.0 Safari/537.36"
35.235.84.95 - - [11/Jul/2026:13:18:15 -0700] "POST /wp-cron.php?doing_wp_cron=1783801095.7680809497833251953125 HTTP/1.1" 200 5076 "-" "WordPress/7.0.1; https://vanessavaladezrealty.com"
123.20.157.74 - - [11/Jul/2026:13:18:14 -0700] "GET /properties/?wplpage=5 HTTP/1.1" 200 33679 "-" "Mozilla/5.0 (Windows NT 6.1) AppleWebKit/537.36 (KHTML, like Gecko) Chrome/87.0.4280.88 Safari/537.36"
123.19.95.8 - - [11/Jul/2026:13:18:27 -0700] "GET /properties/?pid=113&wplview=property_show HTTP/1.1" 200 38058 "-" "Mozilla/5.0 (Macintosh; Intel Mac OS X 10_15_2) AppleWebKit/537.36 (KHTML, like Gecko) Chrome/79.0.3945.130 Safari/537.36"
35.235.84.95 - - [11/Jul/2026:13:19:42 -0700] "POST /wp-cron.php?doing_wp_cron=1783801182.8737490177154541015625 HTTP/1.1" 200 5076 "-" "WordPress/7.0.1; https://vanessavaladezrealty.com"
85.8.130.54 - - [11/Jul/2026:13:19:41 -0700] "POST /wp-login.php HTTP/1.1" 200 8008 "-" "Mozilla/5.0 (Windows NT 10.0; Win64; x64) AppleWebKit/537.36 Chrome/129.0.0.0 Safari/537.36"
85.8.130.73 - - [11/Jul/2026:13:19:41 -0700] "POST /wp-login.php HTTP/1.1" 200 8003 "-" "Mozilla/5.0 (Windows NT 10.0; Win64; rv:143.0) Gecko/20100101 Firefox/143.0"
85.8.130.44 - - [11/Jul/2026:13:19:41 -0700] "POST /wp-login.php HTTP/1.1" 200 7984 "-" "Mozilla/5.0 (Macintosh; Intel Mac OS X 10_15_7) AppleWebKit/605.1.15 Version/17.0 Safari/605.1.15"
43.166.136.202 - - [11/Jul/2026:13:19:45 -0700] "GET /wp-json/wp/v2/users/4 HTTP/1.1" 403 5841 "-" "Mozilla/5.0 (iPhone; CPU iPhone OS 13_2_3 like Mac OS X) AppleWebKit/605.1.15 (KHTML, like Gecko) Version/13.0.3 Mobile/15E148 Safari/604.1"
35.235.84.95 - - [11/Jul/2026:13:22:29 -0700] "POST /wp-cron.php?doing_wp_cron=1783801349.2495770454406738281250 HTTP/1.1" 200 5076 "-" "WordPress/7.0.1; https://vanessavaladezrealty.com"
43.134.100.175 - - [11/Jul/2026:13:22:28 -0700] "GET /wp-json/oembed/1.0/embed?url=https%3A%2F%2Fvanessavaladezrealty.com%2Fhello-world%2F&format=xml HTTP/1.1" 200 6683 "-" "Mozilla/5.0 (iPhone; CPU iPhone OS 13_2_3 like Mac OS X) AppleWebKit/605.1.15 (KHTML, like Gecko) Version/13.0.3 Mobile/15E148 Safari/604.1"
35.235.84.95 - - [11/Jul/2026:13:29:26 -0700] "POST /wp-cron.php?doing_wp_cron=1783801766.6317451000213623046875 HTTP/1.1" 200 5076 "-" "WordPress/7.0.1; https://vanessavaladezrealty.com"
5.182.209.54 - - [11/Jul/2026:13:29:25 -0700] "GET /wp-login.php HTTP/1.1" 200 7852 "-" "Mozilla/5.0 (iPhone; CPU iPhone OS 26_4_2 like Mac OS X) AppleWebKit/605.1.15 (KHTML, like Gecko) CriOS/148.0.7778.47 Mobile/15E148 Safari/604.1"
5.182.209.54 - - [11/Jul/2026:13:29:27 -0700] "POST /wp-login.php HTTP/1.1" 200 7932 "https://vanessavaladezrealty.com/wp-login.php" "Mozilla/5.0 (iPhone; CPU iPhone OS 26_4_2 like Mac OS X) AppleWebKit/605.1.15 (KHTML, like Gecko) CriOS/148.0.7778.47 Mobile/15E148 Safari/604.1"
85.8.130.77 - - [11/Jul/2026:13:29:52 -0700] "POST /wp-login.php HTTP/1.1" 200 8008 "-" "Mozilla/5.0 (Windows NT 10.0; Win64; rv:143.0) Gecko/20100101 Firefox/143.0"
85.8.130.53 - - [11/Jul/2026:13:29:52 -0700] "POST /wp-login.php HTTP/1.1" 200 7984 "-" "Mozilla/5.0 (Windows NT 10.0; Win64; rv:143.0) Gecko/20100101 Firefox/143.0"
85.8.130.91 - - [11/Jul/2026:13:29:52 -0700] "POST /wp-login.php HTTP/1.1" 200 8003 "-" "Mozilla/5.0 (Windows NT 10.0; Win64; rv:143.0) Gecko/20100101 Firefox/143.0"
211.21.61.225 - - [11/Jul/2026:13:30:07 -0700] "GET /wp-login.php HTTP/1.1" 200 7852 "-" "Mozilla/5.0 (Macintosh; Intel Mac OS X 10_15_7) AppleWebKit/605.1.15 (KHTML, like Gecko) Version/18.0 Safari/605.1.15"
211.21.61.225 - - [11/Jul/2026:13:30:09 -0700] "POST /wp-login.php HTTP/1.1" 200 7931 "https://vanessavaladezrealty.com/wp-login.php" "Mozilla/5.0 (Macintosh; Intel Mac OS X 10_15_7) AppleWebKit/605.1.15 (KHTML, like Gecko) Version/18.0 Safari/605.1.15"
35.235.84.95 - - [11/Jul/2026:13:30:40 -0700] "POST /wp-cron.php?doing_wp_cron=1783801840.7892129421234130859375 HTTP/1.1" 200 5076 "-" "WordPress/7.0.1; https://vanessavaladezrealty.com"
85.137.57.233 - - [11/Jul/2026:13:30:39 -0700] "GET / HTTP/1.1" 200 39841 "-" "Mozilla/5.0 (Macintosh; Intel Mac OS X 10_15_7) AppleWebKit/537.36 (KHTML, like Gecko) Chrome/124.0.0.0 Safari/537.36"
35.235.84.95 - - [11/Jul/2026:13:31:39 -0700] "POST /wp-cron.php?doing_wp_cron=1783801899.0817449092864990234375 HTTP/1.1" 200 5076 "-" "WordPress/7.0.1; https://vanessavaladezrealty.com"
14.226.221.154 - - [11/Jul/2026:13:31:37 -0700] "GET /properties/vanessavaladez/tel:7027760711/tel:7027760711/tel:7027760711/tel:7027760711/?wplpage=3 HTTP/1.1" 200 34285 "-" "Mozilla/5.0 (Macintosh; Intel Mac OS X 11_2_0) AppleWebKit/537.36 (KHTML, like Gecko) Chrome/88.0.4324.146 Safari/537.36"
35.235.84.95 - - [11/Jul/2026:13:33:43 -0700] "POST /wp-cron.php?doing_wp_cron=1783802023.4316349029541015625000 HTTP/1.1" 200 5076 "-" "WordPress/7.0.1; https://vanessavaladezrealty.com"
170.106.143.6 - - [11/Jul/2026:13:33:42 -0700] "GET /?p=1 HTTP/1.1" 301 5670 "-" "Mozilla/5.0 (iPhone; CPU iPhone OS 13_2_3 like Mac OS X) AppleWebKit/605.1.15 (KHTML, like Gecko) Version/13.0.3 Mobile/15E148 Safari/604.1"
170.106.143.6 - - [11/Jul/2026:13:33:46 -0700] "GET /hello-world/ HTTP/1.1" 200 26240 "https://vanessavaladezrealty.com/?p=1" "Mozilla/5.0 (iPhone; CPU iPhone OS 13_2_3 like Mac OS X) AppleWebKit/605.1.15 (KHTML, like Gecko) Version/13.0.3 Mobile/15E148 Safari/604.1"
35.235.84.95 - - [11/Jul/2026:13:39:25 -0700] "POST /wp-cron.php?doing_wp_cron=1783802365.2692248821258544921875 HTTP/1.1" 200 5076 "-" "WordPress/7.0.1; https://vanessavaladezrealty.com"
216.73.216.49 - - [11/Jul/2026:13:39:24 -0700] "GET /robots.txt HTTP/1.1" 200 5762 "-" "Mozilla/5.0 AppleWebKit/537.36 (KHTML, like Gecko; compatible; ClaudeBot/1.0; +claudebot@anthropic.com)"
216.73.216.49 - - [11/Jul/2026:13:39:25 -0700] "GET /wp-content/uploads/WPL/148/403.php?loknya=%2Fvar%2Fwww%2Fvhosts%2Fvanessavaladezrealty.com%2Fhttpdocs%2Fwp-content%2Fuploads%2FWPL%2F148 HTTP/1.1" 200 7103 "-" "Mozilla/5.0 AppleWebKit/537.36 (KHTML, like Gecko; compatible; ClaudeBot/1.0; +claudebot@anthropic.com)"
216.73.216.49 - - [11/Jul/2026:13:39:25 -0700] "GET /wp-content/uploads/WPL/148/403.php?loknya=%2Fvar HTTP/1.1" 200 6836 "-" "Mozilla/5.0 AppleWebKit/537.36 (KHTML, like Gecko; compatible; ClaudeBot/1.0; +claudebot@anthropic.com)"
85.8.130.80 - - [11/Jul/2026:13:39:56 -0700] "POST /wp-login.php HTTP/1.1" 200 8008 "-" "Mozilla/5.0 (Windows NT 10.0; Win64; rv:143.0) Gecko/20100101 Firefox/143.0"
85.8.130.95 - - [11/Jul/2026:13:39:56 -0700] "POST /wp-login.php HTTP/1.1" 200 7984 "-" "Mozilla/5.0 (Windows NT 10.0; Win64; x64) AppleWebKit/537.36 Chrome/129.0.0.0 Safari/537.36"
85.8.130.47 - - [11/Jul/2026:13:39:56 -0700] "POST /wp-login.php HTTP/1.1" 200 8003 "-" "Mozilla/5.0 (Macintosh; Intel Mac OS X 10_15_7) AppleWebKit/605.1.15 Version/17.0 Safari/605.1.15"
216.73.216.49 - - [11/Jul/2026:13:40:00 -0700] "GET /wp-content/uploads/WPL/148/403.php?loknya=%2Fvar%2Fwww%2Fvhosts%2Fvanessavaladezrealty.com%2Fhttpdocs%2Fwp-content%2Fuploads HTTP/1.1" 200 7572 "-" "Mozilla/5.0 AppleWebKit/537.36 (KHTML, like Gecko; compatible; ClaudeBot/1.0; +claudebot@anthropic.com)"
35.235.84.95 - - [11/Jul/2026:13:40:25 -0700] "POST /wp-cron.php?doing_wp_cron=1783802425.3918259143829345703125 HTTP/1.1" 200 5076 "-" "WordPress/7.0.1; https://vanessavaladezrealty.com"
65.98.12.5 - - [11/Jul/2026:13:40:24 -0700] "GET /wp-login.php HTTP/1.1" 200 7852 "-" "Mozilla/5.0 (X11; Linux x86_64; rv:148.0) Gecko/20100101 Firefox/148.0"
65.98.12.5 - - [11/Jul/2026:13:40:26 -0700] "POST /wp-login.php HTTP/1.1" 200 7934 "https://vanessavaladezrealty.com/wp-login.php" "Mozilla/5.0 (X11; Linux x86_64; rv:148.0) Gecko/20100101 Firefox/148.0"
216.73.216.49 - - [11/Jul/2026:13:41:45 -0700] "GET /wp-content/uploads/WPL/148/403.php?loknya=%2Fvar%2Fwww%2Fvhosts HTTP/1.1" 200 6858 "-" "Mozilla/5.0 AppleWebKit/537.36 (KHTML, like Gecko; compatible; ClaudeBot/1.0; +claudebot@anthropic.com)"
216.73.216.49 - - [11/Jul/2026:13:41:59 -0700] "GET /wp-content/uploads/WPL/148/403.php?lokasie=%2Fvar%2Fwww%2Fvhosts%2Fvanessavaladezrealty.com%2Fhttpdocs%2Fwp-content%2Fuploads%2FWPL%2F148%2F403.php&loknya=%2Fvar%2Fwww%2Fvhosts%2Fvanessavaladezrealty.com%2Fhttpdocs%2Fwp-content%2Fuploads%2FWPL%2F148 HTTP/1.1" 200 26082 "-" "Mozilla/5.0 AppleWebKit/537.36 (KHTML, like Gecko; compatible; ClaudeBot/1.0; +claudebot@anthropic.com)"
216.73.216.49 - - [11/Jul/2026:13:42:48 -0700] "GET /wp-content/uploads/WPL/148/403.php?loknya=%2Fvar%2Fwww%2Fvhosts%2Fvanessavaladezrealty.com%2Fhttpdocs%2Fwp-content HTTP/1.1" 200 7560 "-" "Mozilla/5.0 AppleWebKit/537.36 (KHTML, like Gecko; compatible; ClaudeBot/1.0; +claudebot@anthropic.com)"
216.73.216.49 - - [11/Jul/2026:13:42:48 -0700] "GET /wp-content/uploads/WPL/148/403.php?loknya=%2Fvar%2Fwww%2Fvhosts%2Fvanessavaladezrealty.com%2Fhttpdocs HTTP/1.1" 200 8251 "-" "Mozilla/5.0 AppleWebKit/537.36 (KHTML, like Gecko; compatible; ClaudeBot/1.0; +claudebot@anthropic.com)"
216.73.216.49 - - [11/Jul/2026:13:43:01 -0700] "GET /wp-content/uploads/WPL/148/403.php?loknya=%2F HTTP/1.1" 200 6826 "-" "Mozilla/5.0 AppleWebKit/537.36 (KHTML, like Gecko; compatible; ClaudeBot/1.0; +claudebot@anthropic.com)"
35.235.84.95 - - [11/Jul/2026:13:43:05 -0700] "POST /wp-cron.php?doing_wp_cron=1783802585.9491341114044189453125 HTTP/1.1" 200 5076 "-" "WordPress/7.0.1; https://vanessavaladezrealty.com"
43.135.185.59 - - [11/Jul/2026:13:43:04 -0700] "GET /wp-json/oembed/1.0/embed?url=https%3A%2F%2Fvanessavaladezrealty.com%2Fhello-world%2F HTTP/1.1" 200 7807 "-" "Mozilla/5.0 (iPhone; CPU iPhone OS 13_2_3 like Mac OS X) AppleWebKit/605.1.15 (KHTML, like Gecko) Version/13.0.3 Mobile/15E148 Safari/604.1"
216.73.216.49 - - [11/Jul/2026:13:44:24 -0700] "GET /wp-content/uploads/WPL/148/403.php?loknya=%2Fvar%2Fwww HTTP/1.1" 200 6851 "-" "Mozilla/5.0 AppleWebKit/537.36 (KHTML, like Gecko; compatible; ClaudeBot/1.0; +claudebot@anthropic.com)"
216.73.216.49 - - [11/Jul/2026:13:44:41 -0700] "GET /wp-content/uploads/WPL/148/403.php?loknya=%2Fvar%2Fwww%2Fvhosts%2Fvanessavaladezrealty.com HTTP/1.1" 200 7397 "-" "Mozilla/5.0 AppleWebKit/537.36 (KHTML, like Gecko; compatible; ClaudeBot/1.0; +claudebot@anthropic.com)"
216.73.216.49 - - [11/Jul/2026:13:45:18 -0700] "GET /wp-content/uploads/WPL/148/403.php?loknya=%2Fvar%2Fwww%2Fvhosts%2Fvanessavaladezrealty.com%2Fhttpdocs%2Fwp-content%2Fuploads%2FWPL%2F HTTP/1.1" 200 9790 "-" "Mozilla/5.0 AppleWebKit/537.36 (KHTML, like Gecko; compatible; ClaudeBot/1.0; +claudebot@anthropic.com)"
216.73.216.49 - - [11/Jul/2026:13:45:18 -0700] "GET /wp-content/uploads/WPL/148/403.php?loknya=%2Fvar%2Fwww%2Fvhosts%2Fvanessavaladezrealty.com%2Fhttpdocs%2Fwp-content%2Fuploads%2FWPL HTTP/1.1" 200 9788 "-" "Mozilla/5.0 AppleWebKit/537.36 (KHTML, like Gecko; compatible; ClaudeBot/1.0; +claudebot@anthropic.com)"
216.73.216.49 - - [11/Jul/2026:13:46:06 -0700] "GET /wp-content/uploads/WPL/147/hrx.php?path=%2F HTTP/1.1" 200 6882 "-" "Mozilla/5.0 AppleWebKit/537.36 (KHTML, like Gecko; compatible; ClaudeBot/1.0; +claudebot@anthropic.com)"
35.235.84.95 - - [11/Jul/2026:13:46:07 -0700] "POST /wp-cron.php?doing_wp_cron=1783802767.8859040737152099609375 HTTP/1.1" 200 5076 "-" "WordPress/7.0.1; https://vanessavaladezrealty.com"
216.73.216.49 - - [11/Jul/2026:13:46:06 -0700] "GET /properties/admin_wyj7ruvs/ HTTP/1.1" 200 30491 "-" "Mozilla/5.0 AppleWebKit/537.36 (KHTML, like Gecko; compatible; ClaudeBot/1.0; +claudebot@anthropic.com)"
216.73.216.49 - - [11/Jul/2026:13:46:13 -0700] "GET /wp-content/uploads/WPL/users/1/second_email.png HTTP/1.1" 200 5343 "-" "Mozilla/5.0 AppleWebKit/537.36 (KHTML, like Gecko; compatible; ClaudeBot/1.0; +claudebot@anthropic.com)"
216.73.216.49 - - [11/Jul/2026:13:46:13 -0700] "GET /wp-content/uploads/WPL/147/hrx.php?path=%2Fvar HTTP/1.1" 200 6892 "-" "Mozilla/5.0 AppleWebKit/537.36 (KHTML, like Gecko; compatible; ClaudeBot/1.0; +claudebot@anthropic.com)"
216.73.216.49 - - [11/Jul/2026:13:46:27 -0700] "GET /wp-content/uploads/WPL/users/1/main_email.png HTTP/1.1" 200 5343 "-" "Mozilla/5.0 AppleWebKit/537.36 (KHTML, like Gecko; compatible; ClaudeBot/1.0; +claudebot@anthropic.com)"
216.73.216.49 - - [11/Jul/2026:13:46:27 -0700] "GET /wp-content/uploads/WPL/147/hrx.php?path=%2Fvar%2Fwww HTTP/1.1" 200 6903 "-" "Mozilla/5.0 AppleWebKit/537.36 (KHTML, like Gecko; compatible; ClaudeBot/1.0; +claudebot@anthropic.com)"
43.160.225.169 - - [11/Jul/2026:13:46:41 -0700] "GET / HTTP/1.1" 200 39843 "http://www.vanessavaladezrealty.com" "Mozilla/5.0 (iPhone; CPU iPhone OS 13_2_3 like Mac OS X) AppleWebKit/605.1.15 (KHTML, like Gecko) Version/13.0.3 Mobile/15E148 Safari/604.1"
216.73.216.49 - - [11/Jul/2026:13:47:04 -0700] "GET /wp-content/uploads/WPL/147/hrx.php?path=%2Fvar%2Fwww%2Fvhosts%2Fvanessavaladezrealty.com%2Fhttpdocs%2Fwp-content HTTP/1.1" 200 7478 "-" "Mozilla/5.0 AppleWebKit/537.36 (KHTML, like Gecko; compatible; ClaudeBot/1.0; +claudebot@anthropic.com)"
216.73.216.49 - - [11/Jul/2026:13:47:04 -0700] "GET /wp-content/uploads/WPL/147/hrx.php?path=%2Fvar%2Fwww%2Fvhosts%2Fvanessavaladezrealty.com%2Fhttpdocs%2Fwp-content%2Fuploads HTTP/1.1" 200 7491 "-" "Mozilla/5.0 AppleWebKit/537.36 (KHTML, like Gecko; compatible; ClaudeBot/1.0; +claudebot@anthropic.com)"
216.73.216.49 - - [11/Jul/2026:13:47:08 -0700] "GET /wp-content/uploads/WPL/147/hrx.php?path=%2Fvar%2Fwww%2Fvhosts HTTP/1.1" 200 6912 "-" "Mozilla/5.0 AppleWebKit/537.36 (KHTML, like Gecko; compatible; ClaudeBot/1.0; +claudebot@anthropic.com)"
216.73.216.49 - - [11/Jul/2026:13:47:08 -0700] "GET /wp-content/uploads/WPL/147/hrx.php?path=%2Fvar%2Fwww%2Fvhosts%2Fvanessavaladezrealty.com%2Fhttpdocs HTTP/1.1" 200 7933 "-" "Mozilla/5.0 AppleWebKit/537.36 (KHTML, like Gecko; compatible; ClaudeBot/1.0; +claudebot@anthropic.com)"
216.73.216.49 - - [11/Jul/2026:13:47:47 -0700] "GET /wp-content/uploads/WPL/147/hrx.php?path=%2Fvar%2Fwww%2Fvhosts%2Fvanessavaladezrealty.com%2Fhttpdocs%2Fwp-content%2Fuploads%2FWPL HTTP/1.1" 200 9173 "-" "Mozilla/5.0 AppleWebKit/537.36 (KHTML, like Gecko; compatible; ClaudeBot/1.0; +claudebot@anthropic.com)"
216.73.216.49 - - [11/Jul/2026:13:47:53 -0700] "GET /wp-content/uploads/WPL/147/hrx.php?path=%2Fvar%2Fwww%2Fvhosts%2Fvanessavaladezrealty.com%2Fhttpdocs%2Fwp-content%2Fuploads%2FWPL%2F147 HTTP/1.1" 200 7178 "-" "Mozilla/5.0 AppleWebKit/537.36 (KHTML, like Gecko; compatible; ClaudeBot/1.0; +claudebot@anthropic.com)"
216.73.216.49 - - [11/Jul/2026:13:48:01 -0700] "GET /wp-content/uploads/WPL/147/hrx.php?path=%2Fvar%2Fwww%2Fvhosts%2Fvanessavaladezrealty.com HTTP/1.1" 200 7347 "-" "Mozilla/5.0 AppleWebKit/537.36 (KHTML, like Gecko; compatible; ClaudeBot/1.0; +claudebot@anthropic.com)"
216.73.216.49 - - [11/Jul/2026:13:48:26 -0700] "GET /wp-content/uploads/WPL/147/hrx.php?fileloc=%2Fvar%2Fwww%2Fvhosts%2Fvanessavaladezrealty.com%2Fhttpdocs%2Fwp-content%2Fuploads%2FWPL%2F147%2Fhrx.php&path=%2Fvar%2Fwww%2Fvhosts%2Fvanessavaladezrealty.com%2Fhttpdocs%2Fwp-content%2Fuploads%2FWPL%2F147 HTTP/1.1" 200 10062 "-" "Mozilla/5.0 AppleWebKit/537.36 (KHTML, like Gecko; compatible; ClaudeBot/1.0; +claudebot@anthropic.com)"
35.235.84.95 - - [11/Jul/2026:13:49:20 -0700] "POST /wp-cron.php?doing_wp_cron=1783802960.6405758857727050781250 HTTP/1.1" 200 5076 "-" "WordPress/7.0.1; https://vanessavaladezrealty.com"
216.73.216.49 - - [11/Jul/2026:13:49:19 -0700] "GET /wp-sitemap.xml HTTP/1.1" 200 5804 "-" "Mozilla/5.0 AppleWebKit/537.36 (KHTML, like Gecko; compatible; ClaudeBot/1.0; +claudebot@anthropic.com)"
216.73.216.49 - - [11/Jul/2026:13:49:28 -0700] "GET /properties/?wplpage=5 HTTP/1.1" 200 33679 "-" "Mozilla/5.0 AppleWebKit/537.36 (KHTML, like Gecko; compatible; ClaudeBot/1.0; +claudebot@anthropic.com)"
216.73.216.49 - - [11/Jul/2026:13:49:42 -0700] "GET /properties/?wplpage=1 HTTP/1.1" 200 32334 "-" "Mozilla/5.0 AppleWebKit/537.36 (KHTML, like Gecko; compatible; ClaudeBot/1.0; +claudebot@anthropic.com)"
35.235.84.95 - - [11/Jul/2026:13:49:58 -0700] "POST /wp-cron.php?doing_wp_cron=1783802998.5698568820953369140625 HTTP/1.1" 200 5076 "-" "WordPress/7.0.1; https://vanessavaladezrealty.com"
43.166.7.113 - - [11/Jul/2026:13:49:57 -0700] "GET /wp-json/wp/v2/posts/1 HTTP/1.1" 200 10207 "-" "Mozilla/5.0 (iPhone; CPU iPhone OS 13_2_3 like Mac OS X) AppleWebKit/605.1.15 (KHTML, like Gecko) Version/13.0.3 Mobile/15E148 Safari/604.1"
216.73.216.49 - - [11/Jul/2026:13:50:00 -0700] "GET /properties/137-Land-365-East-Trail-Road-USD57-900/ HTTP/1.1" 200 34188 "-" "Mozilla/5.0 AppleWebKit/537.36 (KHTML, like Gecko; compatible; ClaudeBot/1.0; +claudebot@anthropic.com)"
85.8.130.95 - - [11/Jul/2026:13:50:02 -0700] "POST /wp-login.php HTTP/1.1" 200 8008 "-" "Mozilla/5.0 (Windows NT 10.0; Win64; rv:143.0) Gecko/20100101 Firefox/143.0"
85.8.130.66 - - [11/Jul/2026:13:50:02 -0700] "POST /wp-login.php HTTP/1.1" 200 7984 "-" "Mozilla/5.0 (Windows NT 10.0; Win64; x64) AppleWebKit/537.36 Chrome/129.0.0.0 Safari/537.36"
85.8.130.52 - - [11/Jul/2026:13:50:02 -0700] "POST /wp-login.php HTTP/1.1" 200 8003 "-" "Mozilla/5.0 (Windows NT 10.0; Win64; x64) AppleWebKit/537.36 Chrome/129.0.0.0 Safari/537.36"
190.52.74.111 - - [11/Jul/2026:13:50:26 -0700] "GET /contact/tel:7027760711 HTTP/1.1" 404 100252 "-" "Mozilla/5.0 (Macintosh; Intel Mac OS X 10_15_7) AppleWebKit/537.36 (KHTML, like Gecko) Chrome/108.0.0.0 Safari/537.36"
216.73.216.49 - - [11/Jul/2026:13:50:42 -0700] "GET /properties/113-Residential-1470-Rancho-View-Drive-5-Rooms-3-Bedrooms-4-Bathrooms-USD230-000/ HTTP/1.1" 200 34223 "-" "Mozilla/5.0 AppleWebKit/537.36 (KHTML, like Gecko; compatible; ClaudeBot/1.0; +claudebot@anthropic.com)"
35.235.84.95 - - [11/Jul/2026:13:51:28 -0700] "POST /wp-cron.php?doing_wp_cron=1783803088.5770471096038818359375 HTTP/1.1" 200 5076 "-" "WordPress/7.0.1; https://vanessavaladezrealty.com"
216.73.216.49 - - [11/Jul/2026:13:51:27 -0700] "GET /properties/112-Residential-405-Cactus-Bloom-Lane-7-Rooms-3-Bedrooms-2-Bathrooms-USD240-000/ HTTP/1.1" 200 31929 "-" "Mozilla/5.0 AppleWebKit/537.36 (KHTML, like Gecko; compatible; ClaudeBot/1.0; +claudebot@anthropic.com)"
216.73.216.49 - - [11/Jul/2026:13:51:54 -0700] "GET /properties/93-Residential-5520-Orchard-Lane-120-4-Rooms-2-Bedrooms-2-Bathrooms-USD175-000/ HTTP/1.1" 200 31189 "-" "Mozilla/5.0 AppleWebKit/537.36 (KHTML, like Gecko; compatible; ClaudeBot/1.0; +claudebot@anthropic.com)"
216.73.216.49 - - [11/Jul/2026:13:52:07 -0700] "GET /properties/109-Residential-7213-Tame-Place-6-Rooms-3-Bedrooms-2-Bathrooms-USD325-000/ HTTP/1.1" 200 33664 "-" "Mozilla/5.0 AppleWebKit/537.36 (KHTML, like Gecko; compatible; ClaudeBot/1.0; +claudebot@anthropic.com)"
216.73.216.49 - - [11/Jul/2026:13:52:12 -0700] "GET /properties/99-Residential-3240-Little-Stream-Street-7-Rooms-3-Bedrooms-2-Bathrooms-USD378-900/ HTTP/1.1" 200 34594 "-" "Mozilla/5.0 AppleWebKit/537.36 (KHTML, like Gecko; compatible; ClaudeBot/1.0; +claudebot@anthropic.com)"
35.235.84.95 - - [11/Jul/2026:13:52:46 -0700] "POST /wp-cron.php?doing_wp_cron=1783803166.3111190795898437500000 HTTP/1.1" 200 5076 "-" "WordPress/7.0.1; https://vanessavaladezrealty.com"
216.73.216.49 - - [11/Jul/2026:13:52:44 -0700] "GET /properties/106-Residential-2768-Wild-Cactus-Court-8-Rooms-3-Bedrooms-3-Bathrooms-USD330-000/ HTTP/1.1" 200 35128 "-" "Mozilla/5.0 AppleWebKit/537.36 (KHTML, like Gecko; compatible; ClaudeBot/1.0; +claudebot@anthropic.com)"
35.235.84.95 - - [11/Jul/2026:13:52:56 -0700] "POST /wp-cron.php?doing_wp_cron=1783803176.3895831108093261718750 HTTP/1.1" 200 5076 "-" "WordPress/7.0.1; https://vanessavaladezrealty.com"
123.19.43.128 - - [11/Jul/2026:13:52:55 -0700] "GET /properties/129-Residential-2726-River-Ranch-Place-8-Rooms-3-Bedrooms-3-Bathrooms-USD363-900/ HTTP/1.1" 200 38451 "-" "Mozilla/5.0 (Windows NT 10.0; Win64; x64) AppleWebKit/537.36 (KHTML, like Gecko) Chrome/80.0.3987.132 Safari/537.36"
216.73.216.49 - - [11/Jul/2026:13:52:56 -0700] "GET /properties/103-Residential-7050-West-Pebble-Road-9-Rooms-4-Bedrooms-2-Bathrooms-USD1-600-000/ HTTP/1.1" 200 35609 "-" "Mozilla/5.0 AppleWebKit/537.36 (KHTML, like Gecko; compatible; ClaudeBot/1.0; +claudebot@anthropic.com)"
216.73.216.49 - - [11/Jul/2026:13:53:22 -0700] "GET /properties/105-Residential-Lease-10910-Calm-Desert-Court-3-Rooms-3-Bedrooms-3-Bathrooms-USD3-750/ HTTP/1.1" 200 34953 "-" "Mozilla/5.0 AppleWebKit/537.36 (KHTML, like Gecko; compatible; ClaudeBot/1.0; +claudebot@anthropic.com)"
35.235.84.95 - - [11/Jul/2026:13:53:50 -0700] "POST /wp-cron.php?doing_wp_cron=1783803230.5355041027069091796875 HTTP/1.1" 200 5076 "-" "WordPress/7.0.1; https://vanessavaladezrealty.com"
216.73.216.49 - - [11/Jul/2026:13:53:49 -0700] "GET /properties/139-Residential-Lease-1900-North-Torrey-Pines-Drive-106-5-Rooms-2-Bedrooms-2-Bathrooms-USD1-350/ HTTP/1.1" 200 33495 "-" "Mozilla/5.0 AppleWebKit/537.36 (KHTML, like Gecko; compatible; ClaudeBot/1.0; +claudebot@anthropic.com)"
45.241.78.105 - - [11/Jul/2026:13:53:42 -0700] "POST /xmlrpc.php HTTP/1.1" 200 5618 "-" "Jetpack by WordPress.com (Jetpack 13.0; WordPress 6.3)"
45.241.78.105 - - [11/Jul/2026:13:53:52 -0700] "POST /xmlrpc.php HTTP/1.1" 200 5618 "-" "Jetpack by WordPress.com"
45.241.78.105 - - [11/Jul/2026:13:54:02 -0700] "POST /xmlrpc.php HTTP/1.1" 200 5618 "-" "Jetpack by WordPress.com"
216.73.216.49 - - [11/Jul/2026:13:54:08 -0700] "GET /properties/136-Residential-9722-West-Richmar-Avenue-5-Rooms-3-Bedrooms-3-Bathrooms-USD454-950/ HTTP/1.1" 200 33144 "-" "Mozilla/5.0 AppleWebKit/537.36 (KHTML, like Gecko; compatible; ClaudeBot/1.0; +claudebot@anthropic.com)"
45.241.78.105 - - [11/Jul/2026:13:54:13 -0700] "POST /xmlrpc.php HTTP/1.1" 200 5618 "-" "Jetpack by WordPress.com"
45.241.78.105 - - [11/Jul/2026:13:54:24 -0700] "POST /xmlrpc.php HTTP/1.1" 200 5618 "-" "Jetpack/12.5; WordPress/6.3; http://site62106818.com"
45.241.78.105 - - [11/Jul/2026:13:54:35 -0700] "POST /xmlrpc.php HTTP/1.1" 200 5618 "-" "Jetpack by WordPress.com (Jetpack 12.1; WordPress 6.1)"
216.73.216.49 - - [11/Jul/2026:13:54:37 -0700] "GET /properties/134-Residential-10229-Mayflower-Bay-Avenue-6-Rooms-3-Bedrooms-3-Bathrooms-USD365-000/ HTTP/1.1" 200 34270 "-" "Mozilla/5.0 AppleWebKit/537.36 (KHTML, like Gecko; compatible; ClaudeBot/1.0; +claudebot@anthropic.com)"
216.73.216.49 - - [11/Jul/2026:13:54:44 -0700] "GET /properties/97-Residential-5249-Auborn-Avenue-6-Rooms-5-Bedrooms-5-Bathrooms-USD638-000/ HTTP/1.1" 200 34604 "-" "Mozilla/5.0 AppleWebKit/537.36 (KHTML, like Gecko; compatible; ClaudeBot/1.0; +claudebot@anthropic.com)"
45.241.78.105 - - [11/Jul/2026:13:54:45 -0700] "POST /xmlrpc.php HTTP/1.1" 200 5618 "-" "Jetpack by WordPress.com (Jetpack 12.5; WordPress 6.4)"
35.235.84.95 - - [11/Jul/2026:13:54:57 -0700] "POST /wp-cron.php?doing_wp_cron=1783803297.1001560688018798828125 HTTP/1.1" 200 5076 "-" "WordPress/7.0.1; https://vanessavaladezrealty.com"
45.241.78.105 - - [11/Jul/2026:13:54:56 -0700] "POST /xmlrpc.php HTTP/1.1" 200 5618 "-" "Jetpack/12.1; WordPress/6.1; http://site89354281.com"
45.241.78.105 - - [11/Jul/2026:13:55:06 -0700] "POST /xmlrpc.php HTTP/1.1" 200 5618 "-" "Jetpack/12.1; WordPress/6.1; http://site50152116.com"
45.241.78.105 - - [11/Jul/2026:13:55:17 -0700] "POST /xmlrpc.php HTTP/1.1" 200 5618 "-" "Jetpack by WordPress.com (Jetpack 12.1; WordPress 6.3)"
45.241.78.105 - - [11/Jul/2026:13:55:28 -0700] "POST /xmlrpc.php HTTP/1.1" 200 5618 "-" "Jetpack by WordPress.com"
45.241.78.105 - - [11/Jul/2026:13:55:38 -0700] "POST /xmlrpc.php HTTP/1.1" 200 5618 "-" "Jetpack by WordPress.com"
45.241.78.105 - - [11/Jul/2026:13:55:49 -0700] "POST /xmlrpc.php HTTP/1.1" 403 5841 "-" "Jetpack by WordPress.com"
35.235.84.95 - - [11/Jul/2026:13:56:00 -0700] "POST /wp-cron.php?doing_wp_cron=1783803360.8794109821319580078125 HTTP/1.1" 200 5076 "-" "WordPress/7.0.1; https://vanessavaladezrealty.com"
45.241.78.105 - - [11/Jul/2026:13:55:59 -0700] "POST /xmlrpc.php HTTP/1.1" 200 5618 "-" "WordPress.com; https://wordpress.com"
45.241.78.105 - - [11/Jul/2026:13:56:10 -0700] "POST /xmlrpc.php HTTP/1.1" 403 5841 "-" "Jetpack by WordPress.com"
45.241.78.105 - - [11/Jul/2026:13:56:21 -0700] "POST /xmlrpc.php HTTP/1.1" 200 5618 "-" "WordPress.com; https://wordpress.com"
35.235.84.95 - - [11/Jul/2026:13:56:32 -0700] "POST /wp-cron.php?doing_wp_cron=1783803392.7649130821228027343750 HTTP/1.1" 200 5076 "-" "WordPress/7.0.1; https://vanessavaladezrealty.com"
45.241.78.105 - - [11/Jul/2026:13:56:31 -0700] "POST /xmlrpc.php HTTP/1.1" 200 5618 "-" "WordPress.com; https://wordpress.com"
45.241.78.105 - - [11/Jul/2026:13:56:42 -0700] "POST /xmlrpc.php HTTP/1.1" 200 5618 "-" "WordPress.com; https://wordpress.com"
45.241.78.105 - - [11/Jul/2026:13:56:53 -0700] "POST /xmlrpc.php HTTP/1.1" 200 5618 "-" "Jetpack/12.5; WordPress/6.4; http://site64181937.com"
45.241.78.105 - - [11/Jul/2026:13:57:03 -0700] "POST /xmlrpc.php HTTP/1.1" 200 5618 "-" "WordPress.com; https://wordpress.com"
129.226.174.80 - - [11/Jul/2026:13:57:07 -0700] "GET /xmlrpc.php HTTP/1.1" 405 5242 "-" "Mozilla/5.0 (iPhone; CPU iPhone OS 13_2_3 like Mac OS X) AppleWebKit/605.1.15 (KHTML, like Gecko) Version/13.0.3 Mobile/15E148 Safari/604.1"
45.241.78.105 - - [11/Jul/2026:13:57:14 -0700] "POST /xmlrpc.php HTTP/1.1" 200 5618 "-" "Jetpack by WordPress.com (Jetpack 12.1; WordPress 6.2)"
45.241.78.105 - - [11/Jul/2026:13:57:24 -0700] "POST /xmlrpc.php HTTP/1.1" 200 5618 "-" "Jetpack/12.1; WordPress/6.4; http://site27226783.com"
45.241.78.105 - - [11/Jul/2026:13:57:35 -0700] "POST /xmlrpc.php HTTP/1.1" 403 5841 "-" "Jetpack by WordPress.com"
35.235.84.95 - - [11/Jul/2026:13:57:47 -0700] "POST /wp-cron.php?doing_wp_cron=1783803467.1872789859771728515625 HTTP/1.1" 200 5076 "-" "WordPress/7.0.1; https://vanessavaladezrealty.com"
45.241.78.105 - - [11/Jul/2026:13:57:46 -0700] "POST /xmlrpc.php HTTP/1.1" 200 5618 "-" "Jetpack/12.1; WordPress/6.4; http://site74742199.com"
35.235.84.95 - - [11/Jul/2026:13:57:57 -0700] "POST /wp-cron.php?doing_wp_cron=1783803477.8661649227142333984375 HTTP/1.1" 200 5076 "-" "WordPress/7.0.1; https://vanessavaladezrealty.com"
45.241.78.105 - - [11/Jul/2026:13:57:56 -0700] "POST /xmlrpc.php HTTP/1.1" 200 5618 "-" "Jetpack/12.5; WordPress/6.3; http://site73367802.com"
45.241.78.105 - - [11/Jul/2026:13:58:07 -0700] "POST /xmlrpc.php HTTP/1.1" 200 5618 "-" "Jetpack by WordPress.com (Jetpack 12.5; WordPress 6.3)"
129.211.218.71 - - [11/Jul/2026:13:58:15 -0700] "GET /wp-login.php HTTP/1.1" 200 7852 "-" "Mozilla/5.0 (Windows NT 10.0; Win64; x64) AppleWebKit/537.36 (KHTML, like Gecko) Chrome/143.0.0.0 Safari/537.36"
45.241.78.105 - - [11/Jul/2026:13:58:18 -0700] "POST /xmlrpc.php HTTP/1.1" 403 5841 "-" "WordPress.com; https://wordpress.com"
129.211.218.71 - - [11/Jul/2026:13:58:18 -0700] "POST /wp-login.php HTTP/1.1" 200 7937 "https://vanessavaladezrealty.com/wp-login.php" "Mozilla/5.0 (Windows NT 10.0; Win64; x64) AppleWebKit/537.36 (KHTML, like Gecko) Chrome/143.0.0.0 Safari/537.36"
45.241.78.105 - - [11/Jul/2026:13:58:28 -0700] "POST /xmlrpc.php HTTP/1.1" 403 5841 "-" "Jetpack by WordPress.com"
45.241.78.105 - - [11/Jul/2026:13:58:39 -0700] "POST /xmlrpc.php HTTP/1.1" 403 5841 "-" "Jetpack by WordPress.com"
45.241.78.105 - - [11/Jul/2026:13:58:50 -0700] "POST /xmlrpc.php HTTP/1.1" 403 5841 "-" "Jetpack by WordPress.com"
35.235.84.95 - - [11/Jul/2026:13:59:01 -0700] "POST /wp-cron.php?doing_wp_cron=1783803541.6121149063110351562500 HTTP/1.1" 200 5076 "-" "WordPress/7.0.1; https://vanessavaladezrealty.com"
45.241.78.105 - - [11/Jul/2026:13:59:00 -0700] "POST /xmlrpc.php HTTP/1.1" 200 5618 "-" "Jetpack/13.0; WordPress/6.4; http://site16977783.com"
45.241.78.105 - - [11/Jul/2026:13:59:11 -0700] "POST /xmlrpc.php HTTP/1.1" 200 5618 "-" "Jetpack by WordPress.com (Jetpack 13.0; WordPress 6.2)"
45.241.78.105 - - [11/Jul/2026:13:59:21 -0700] "POST /xmlrpc.php HTTP/1.1" 403 5841 "-" "WordPress.com; https://wordpress.com"
45.241.78.105 - - [11/Jul/2026:13:59:32 -0700] "POST /xmlrpc.php HTTP/1.1" 200 5618 "-" "Jetpack by WordPress.com (Jetpack 12.1; WordPress 6.2)"
45.241.78.105 - - [11/Jul/2026:13:59:43 -0700] "POST /xmlrpc.php HTTP/1.1" 200 5618 "-" "Jetpack by WordPress.com (Jetpack 13.0; WordPress 6.4)"
45.241.78.105 - - [11/Jul/2026:13:59:53 -0700] "POST /xmlrpc.php HTTP/1.1" 403 5841 "-" "Jetpack by WordPress.com"
85.8.130.53 - - [11/Jul/2026:14:00:02 -0700] "POST /wp-login.php HTTP/1.1" 200 8003 "-" "Mozilla/5.0 (Macintosh; Intel Mac OS X 10_15_7) AppleWebKit/605.1.15 Version/17.0 Safari/605.1.15"
35.235.84.95 - - [11/Jul/2026:14:00:03 -0700] "POST /wp-cron.php?doing_wp_cron=1783803603.4015290737152099609375 HTTP/1.1" 200 5076 "-" "WordPress/7.0.1; https://vanessavaladezrealty.com"
85.8.130.75 - - [11/Jul/2026:14:00:02 -0700] "POST /wp-login.php HTTP/1.1" 200 8008 "-" "Mozilla/5.0 (Windows NT 10.0; Win64; x64) AppleWebKit/537.36 Chrome/129.0.0.0 Safari/537.36"
45.241.78.105 - - [11/Jul/2026:14:00:04 -0700] "POST /xmlrpc.php HTTP/1.1" 403 5841 "-" "Jetpack by WordPress.com"
85.8.130.52 - - [11/Jul/2026:14:00:02 -0700] "POST /wp-login.php HTTP/1.1" 200 7984 "-" "Mozilla/5.0 (Macintosh; Intel Mac OS X 10_15_7) AppleWebKit/605.1.15 Version/17.0 Safari/605.1.15"
45.241.78.105 - - [11/Jul/2026:14:00:15 -0700] "POST /xmlrpc.php HTTP/1.1" 403 5841 "-" "Jetpack by WordPress.com"
45.241.78.105 - - [11/Jul/2026:14:00:25 -0700] "POST /xmlrpc.php HTTP/1.1" 200 5618 "-" "Jetpack/12.5; WordPress/6.3; http://site84466451.com"
45.241.78.105 - - [11/Jul/2026:14:00:36 -0700] "POST /xmlrpc.php HTTP/1.1" 200 5618 "-" "Jetpack by WordPress.com (Jetpack 12.5; WordPress 6.2)"
35.235.84.95 - - [11/Jul/2026:14:00:37 -0700] "HEAD / HTTP/1.1" 200 5742 "-" "Mozilla/5.0 (Windows NT 10.0; Win64; x64) AppleWebKit/537.36 (KHTML, like Gecko) Chrome/117.0.0.0 Safari/537.36"
45.241.78.105 - - [11/Jul/2026:14:00:47 -0700] "POST /xmlrpc.php HTTP/1.1" 403 5841 "-" "Jetpack by WordPress.com"
45.241.78.105 - - [11/Jul/2026:14:00:57 -0700] "POST /xmlrpc.php HTTP/1.1" 403 5841 "-" "WordPress.com; https://wordpress.com"
45.241.78.105 - - [11/Jul/2026:14:01:08 -0700] "POST /xmlrpc.php HTTP/1.1" 403 5841 "-" "Jetpack by WordPress.com"
35.235.84.95 - - [11/Jul/2026:14:01:20 -0700] "POST /wp-cron.php?doing_wp_cron=1783803680.2915039062500000000000 HTTP/1.1" 200 5076 "-" "WordPress/7.0.1; https://vanessavaladezrealty.com"
45.241.78.105 - - [11/Jul/2026:14:01:18 -0700] "POST /xmlrpc.php HTTP/1.1" 200 5618 "-" "Jetpack by WordPress.com (Jetpack 12.0; WordPress 6.2)"
35.235.84.95 - - [11/Jul/2026:14:01:30 -0700] "POST /wp-cron.php?doing_wp_cron=1783803690.5906679630279541015625 HTTP/1.1" 200 5076 "-" "WordPress/7.0.1; https://vanessavaladezrealty.com"
45.241.78.105 - - [11/Jul/2026:14:01:29 -0700] "POST /xmlrpc.php HTTP/1.1" 200 5618 "-" "Jetpack by WordPress.com (Jetpack 12.0; WordPress 6.1)"
45.241.78.105 - - [11/Jul/2026:14:01:40 -0700] "POST /xmlrpc.php HTTP/1.1" 200 5618 "-" "Jetpack by WordPress.com (Jetpack 12.5; WordPress 6.2)"
45.241.78.105 - - [11/Jul/2026:14:01:50 -0700] "POST /xmlrpc.php HTTP/1.1" 403 5841 "-" "WordPress.com; https://wordpress.com"
45.241.78.105 - - [11/Jul/2026:14:02:01 -0700] "POST /xmlrpc.php HTTP/1.1" 403 5841 "-" "WordPress.com; https://wordpress.com"
45.241.78.105 - - [11/Jul/2026:14:02:11 -0700] "POST /xmlrpc.php HTTP/1.1" 200 5618 "-" "Jetpack by WordPress.com (Jetpack 12.1; WordPress 6.2)"
45.241.78.105 - - [11/Jul/2026:14:02:22 -0700] "POST /xmlrpc.php HTTP/1.1" 403 5841 "-" "Jetpack by WordPress.com"
45.241.78.105 - - [11/Jul/2026:14:02:33 -0700] "POST /xmlrpc.php HTTP/1.1" 403 5841 "-" "WordPress.com; https://wordpress.com"
35.235.84.95 - - [11/Jul/2026:14:02:44 -0700] "POST /wp-cron.php?doing_wp_cron=1783803764.8417129516601562500000 HTTP/1.1" 200 5076 "-" "WordPress/7.0.1; https://vanessavaladezrealty.com"
45.241.78.105 - - [11/Jul/2026:14:02:43 -0700] "POST /xmlrpc.php HTTP/1.1" 200 5618 "-" "Jetpack/12.1; WordPress/6.4; http://site30550550.com"
45.241.78.105 - - [11/Jul/2026:14:02:54 -0700] "POST /xmlrpc.php HTTP/1.1" 403 5841 "-" "WordPress.com; https://wordpress.com"
45.241.78.105 - - [11/Jul/2026:14:03:05 -0700] "POST /xmlrpc.php HTTP/1.1" 403 5841 "-" "Jetpack by WordPress.com"
45.241.78.105 - - [11/Jul/2026:14:03:15 -0700] "POST /xmlrpc.php HTTP/1.1" 403 5841 "-" "Jetpack by WordPress.com"
45.241.78.105 - - [11/Jul/2026:14:03:26 -0700] "POST /xmlrpc.php HTTP/1.1" 403 5841 "-" "Jetpack by WordPress.com"
35.235.84.95 - - [11/Jul/2026:14:03:38 -0700] "POST /wp-cron.php?doing_wp_cron=1783803818.3505299091339111328125 HTTP/1.1" 200 5076 "-" "WordPress/7.0.1; https://vanessavaladezrealty.com"
45.241.78.105 - - [11/Jul/2026:14:03:36 -0700] "POST /xmlrpc.php HTTP/1.1" 200 5618 "-" "Jetpack by WordPress.com (Jetpack 13.0; WordPress 6.4)"
45.241.78.105 - - [11/Jul/2026:14:03:47 -0700] "POST /xmlrpc.php HTTP/1.1" 200 5618 "-" "Jetpack/12.5; WordPress/6.3; http://site48586244.com"
45.241.78.105 - - [11/Jul/2026:14:03:58 -0700] "POST /xmlrpc.php HTTP/1.1" 403 5841 "-" "Jetpack by WordPress.com"
35.235.84.95 - - [11/Jul/2026:14:04:07 -0700] "POST /wp-cron.php?doing_wp_cron=1783803847.6411979198455810546875 HTTP/1.1" 200 5076 "-" "WordPress/7.0.1; https://vanessavaladezrealty.com"
35.235.84.95 - - [11/Jul/2026:14:04:07 -0700] "POST /wp-cron.php?doing_wp_cron=1783803847.7187490463256835937500 HTTP/1.1" 200 5076 "-" "WordPress/7.0.1; https://vanessavaladezrealty.com"
43.130.3.120 - - [11/Jul/2026:14:04:06 -0700] "GET /hello-world/feed/ HTTP/1.1" 200 6394 "-" "Mozilla/5.0 (iPhone; CPU iPhone OS 13_2_3 like Mac OS X) AppleWebKit/605.1.15 (KHTML, like Gecko) Version/13.0.3 Mobile/15E148 Safari/604.1"
45.241.78.105 - - [11/Jul/2026:14:04:08 -0700] "POST /xmlrpc.php HTTP/1.1" 403 5841 "-" "Jetpack by WordPress.com"
45.241.78.105 - - [11/Jul/2026:14:04:19 -0700] "POST /xmlrpc.php HTTP/1.1" 403 5841 "-" "Jetpack by WordPress.com"
45.241.78.105 - - [11/Jul/2026:14:04:30 -0700] "POST /xmlrpc.php HTTP/1.1" 200 5618 "-" "Jetpack by WordPress.com (Jetpack 12.5; WordPress 6.4)"
45.241.78.105 - - [11/Jul/2026:14:04:40 -0700] "POST /xmlrpc.php HTTP/1.1" 403 5841 "-" "WordPress.com; https://wordpress.com"
45.241.78.105 - - [11/Jul/2026:14:04:51 -0700] "POST /xmlrpc.php HTTP/1.1" 403 5841 "-" "WordPress.com; https://wordpress.com"
45.241.78.105 - - [11/Jul/2026:14:05:02 -0700] "POST /xmlrpc.php HTTP/1.1" 403 5841 "-" "WordPress.com; https://wordpress.com"
35.235.84.95 - - [11/Jul/2026:14:05:13 -0700] "POST /wp-cron.php?doing_wp_cron=1783803913.8654470443725585937500 HTTP/1.1" 200 5076 "-" "WordPress/7.0.1; https://vanessavaladezrealty.com"
45.241.78.105 - - [11/Jul/2026:14:05:23 -0700] "POST /xmlrpc.php HTTP/1.1" 403 5841 "-" "WordPress.com; https://wordpress.com"
45.241.78.105 - - [11/Jul/2026:14:05:34 -0700] "POST /xmlrpc.php HTTP/1.1" 403 5841 "-" "WordPress.com; https://wordpress.com"
45.241.78.105 - - [11/Jul/2026:14:05:12 -0700] "POST /xmlrpc.php HTTP/1.1" 200 5618 "-" "Jetpack by WordPress.com (Jetpack 12.0; WordPress 6.1)"
45.241.78.105 - - [11/Jul/2026:14:05:44 -0700] "POST /xmlrpc.php HTTP/1.1" 200 5618 "-" "Jetpack/12.1; WordPress/6.4; http://site92226525.com"
35.235.84.95 - - [11/Jul/2026:14:05:56 -0700] "POST /wp-cron.php?doing_wp_cron=1783803956.2491838932037353515625 HTTP/1.1" 200 5076 "-" "WordPress/7.0.1; https://vanessavaladezrealty.com"
45.241.78.105 - - [11/Jul/2026:14:05:55 -0700] "POST /xmlrpc.php HTTP/1.1" 200 5618 "-" "Jetpack/12.1; WordPress/6.1; http://site61033726.com"
45.241.78.105 - - [11/Jul/2026:14:06:05 -0700] "POST /xmlrpc.php HTTP/1.1" 200 5618 "-" "Jetpack by WordPress.com (Jetpack 12.1; WordPress 6.3)"
45.241.78.105 - - [11/Jul/2026:14:06:16 -0700] "POST /xmlrpc.php HTTP/1.1" 200 5618 "-" "Jetpack/12.0; WordPress/6.4; http://site38608378.com"
35.235.84.95 - - [11/Jul/2026:14:06:28 -0700] "POST /wp-cron.php?doing_wp_cron=1783803988.2076699733734130859375 HTTP/1.1" 200 5076 "-" "WordPress/7.0.1; https://vanessavaladezrealty.com"
45.241.78.105 - - [11/Jul/2026:14:06:27 -0700] "POST /xmlrpc.php HTTP/1.1" 200 5618 "-" "Jetpack/12.1; WordPress/6.4; http://site99549395.com"
45.241.78.105 - - [11/Jul/2026:14:06:37 -0700] "POST /xmlrpc.php HTTP/1.1" 200 5618 "-" "Jetpack/12.5; WordPress/6.4; http://site84370754.com"
45.241.78.105 - - [11/Jul/2026:14:06:48 -0700] "POST /xmlrpc.php HTTP/1.1" 403 5841 "-" "WordPress.com; https://wordpress.com"
45.241.78.105 - - [11/Jul/2026:14:06:59 -0700] "POST /xmlrpc.php HTTP/1.1" 200 5618 "-" "Jetpack/13.0; WordPress/6.2; http://site11347578.com"
45.241.78.105 - - [11/Jul/2026:14:07:09 -0700] "POST /xmlrpc.php HTTP/1.1" 200 5618 "-" "Jetpack/12.0; WordPress/6.2; http://site99810622.com"
45.241.78.105 - - [11/Jul/2026:14:07:20 -0700] "POST /xmlrpc.php HTTP/1.1" 403 5841 "-" "Jetpack by WordPress.com"
35.235.84.95 - - [11/Jul/2026:14:07:42 -0700] "POST /wp-cron.php?doing_wp_cron=1783804062.6839599609375000000000 HTTP/1.1" 200 5076 "-" "WordPress/7.0.1; https://vanessavaladezrealty.com"
45.241.78.105 - - [11/Jul/2026:14:07:30 -0700] "POST /xmlrpc.php HTTP/1.1" 403 5841 "-" "WordPress.com; https://wordpress.com"
45.241.78.105 - - [11/Jul/2026:14:07:41 -0700] "POST /xmlrpc.php HTTP/1.1" 200 5618 "-" "Jetpack by WordPress.com (Jetpack 12.5; WordPress 6.3)"
35.235.84.95 - - [11/Jul/2026:14:07:53 -0700] "POST /wp-cron.php?doing_wp_cron=1783804073.2571430206298828125000 HTTP/1.1" 200 5076 "-" "WordPress/7.0.1; https://vanessavaladezrealty.com"
45.241.78.105 - - [11/Jul/2026:14:07:52 -0700] "POST /xmlrpc.php HTTP/1.1" 200 5618 "-" "Jetpack by WordPress.com (Jetpack 12.5; WordPress 6.3)"
45.241.78.105 - - [11/Jul/2026:14:08:02 -0700] "POST /xmlrpc.php HTTP/1.1" 200 5618 "-" "Jetpack by WordPress.com (Jetpack 13.0; WordPress 6.1)"
51.79.254.190 - - [11/Jul/2026:14:08:10 -0700] "GET /wp-login.php HTTP/1.1" 200 7852 "-" "Mozilla/5.0 (iPhone; CPU iPhone OS 18_0 like Mac OS X) AppleWebKit/605.1.15 (KHTML, like Gecko) CriOS/146.0.6917.0 Mobile/15E148 Safari/604.1"
51.79.254.190 - - [11/Jul/2026:14:08:11 -0700] "POST /wp-login.php HTTP/1.1" 200 7931 "https://vanessavaladezrealty.com/wp-login.php" "Mozilla/5.0 (iPhone; CPU iPhone OS 18_0 like Mac OS X) AppleWebKit/605.1.15 (KHTML, like Gecko) CriOS/146.0.6917.0 Mobile/15E148 Safari/604.1"
45.241.78.105 - - [11/Jul/2026:14:08:13 -0700] "POST /xmlrpc.php HTTP/1.1" 403 5841 "-" "WordPress.com; https://wordpress.com"
45.241.78.105 - - [11/Jul/2026:14:08:23 -0700] "POST /xmlrpc.php HTTP/1.1" 200 5618 "-" "Jetpack by WordPress.com (Jetpack 13.0; WordPress 6.3)"
45.241.78.105 - - [11/Jul/2026:14:08:34 -0700] "POST /xmlrpc.php HTTP/1.1" 200 5618 "-" "Jetpack by WordPress.com (Jetpack 12.5; WordPress 6.3)"
45.241.78.105 - - [11/Jul/2026:14:08:45 -0700] "POST /xmlrpc.php HTTP/1.1" 200 5618 "-" "Jetpack/12.0; WordPress/6.2; http://site73409339.com"
35.235.84.95 - - [11/Jul/2026:14:08:56 -0700] "POST /wp-cron.php?doing_wp_cron=1783804136.6756219863891601562500 HTTP/1.1" 200 5076 "-" "WordPress/7.0.1; https://vanessavaladezrealty.com"
45.241.78.105 - - [11/Jul/2026:14:08:55 -0700] "POST /xmlrpc.php HTTP/1.1" 200 5618 "-" "Jetpack/12.0; WordPress/6.1; http://site43859865.com"
45.241.78.105 - - [11/Jul/2026:14:09:06 -0700] "POST /xmlrpc.php HTTP/1.1" 200 5618 "-" "Jetpack by WordPress.com (Jetpack 12.0; WordPress 6.1)"
45.241.78.105 - - [11/Jul/2026:14:09:17 -0700] "POST /xmlrpc.php HTTP/1.1" 403 5841 "-" "Jetpack by WordPress.com"
45.241.78.105 - - [11/Jul/2026:14:09:27 -0700] "POST /xmlrpc.php HTTP/1.1" 403 5841 "-" "Jetpack by WordPress.com"
45.241.78.105 - - [11/Jul/2026:14:09:38 -0700] "POST /xmlrpc.php HTTP/1.1" 200 5618 "-" "Jetpack/13.0; WordPress/6.4; http://site13553134.com"
45.241.78.105 - - [11/Jul/2026:14:09:49 -0700] "POST /xmlrpc.php HTTP/1.1" 403 5841 "-" "Jetpack by WordPress.com"
35.235.84.95 - - [11/Jul/2026:14:10:00 -0700] "POST /wp-cron.php?doing_wp_cron=1783804200.9067580699920654296875 HTTP/1.1" 200 5076 "-" "WordPress/7.0.1; https://vanessavaladezrealty.com"
45.241.78.105 - - [11/Jul/2026:14:09:59 -0700] "POST /xmlrpc.php HTTP/1.1" 200 5618 "-" "Jetpack/12.0; WordPress/6.2; http://site85279080.com"
85.8.130.86 - - [11/Jul/2026:14:10:09 -0700] "POST /wp-login.php HTTP/1.1" 200 7984 "-" "Mozilla/5.0 (Windows NT 10.0; Win64; x64) AppleWebKit/537.36 Chrome/129.0.0.0 Safari/537.36"
45.241.78.105 - - [11/Jul/2026:14:10:10 -0700] "POST /xmlrpc.php HTTP/1.1" 200 5618 "-" "Jetpack by WordPress.com (Jetpack 12.0; WordPress 6.2)"
85.8.130.80 - - [11/Jul/2026:14:10:09 -0700] "POST /wp-login.php HTTP/1.1" 200 8008 "-" "Mozilla/5.0 (Macintosh; Intel Mac OS X 10_15_7) AppleWebKit/605.1.15 Version/17.0 Safari/605.1.15"
85.8.130.91 - - [11/Jul/2026:14:10:09 -0700] "POST /wp-login.php HTTP/1.1" 200 8003 "-" "Mozilla/5.0 (Windows NT 10.0; Win64; x64) AppleWebKit/537.36 Chrome/129.0.0.0 Safari/537.36"
45.241.78.105 - - [11/Jul/2026:14:10:21 -0700] "POST /xmlrpc.php HTTP/1.1" 200 5618 "-" "Jetpack by WordPress.com (Jetpack 12.0; WordPress 6.2)"
45.241.78.105 - - [11/Jul/2026:14:10:31 -0700] "POST /xmlrpc.php HTTP/1.1" 403 5841 "-" "Jetpack by WordPress.com"
45.241.78.105 - - [11/Jul/2026:14:10:42 -0700] "POST /xmlrpc.php HTTP/1.1" 403 5841 "-" "Jetpack by WordPress.com"
35.235.84.95 - - [11/Jul/2026:14:10:53 -0700] "POST /wp-cron.php?doing_wp_cron=1783804253.9453680515289306640625 HTTP/1.1" 200 5076 "-" "WordPress/7.0.1; https://vanessavaladezrealty.com"
