45.88.138.44 - - [11/Jul/2026:08:05:56 -0700] "GET / HTTP/1.1" 200 13018 "-" "Go-http-client/2.0"
45.88.138.44 - - [11/Jul/2026:08:05:56 -0700] "GET / HTTP/1.1" 200 13018 "-" "Go-http-client/2.0"
45.88.138.44 - - [11/Jul/2026:08:05:56 -0700] "GET / HTTP/1.1" 200 13018 "-" "Go-http-client/2.0"
45.88.138.44 - - [11/Jul/2026:08:05:56 -0700] "GET / HTTP/1.1" 200 13018 "-" "Go-http-client/2.0"
45.88.138.44 - - [11/Jul/2026:08:06:00 -0700] "GET / HTTP/1.1" 200 13018 "-" "Go-http-client/2.0"
45.88.138.44 - - [11/Jul/2026:08:06:00 -0700] "GET / HTTP/1.1" 200 13018 "-" "Go-http-client/2.0"
45.88.138.44 - - [11/Jul/2026:08:06:00 -0700] "GET / HTTP/1.1" 200 13018 "-" "Go-http-client/2.0"
45.88.138.44 - - [11/Jul/2026:08:06:00 -0700] "GET / HTTP/1.1" 200 13018 "-" "Go-http-client/2.0"
45.88.138.44 - - [11/Jul/2026:08:06:00 -0700] "GET / HTTP/1.1" 200 13018 "-" "Go-http-client/2.0"
45.88.138.44 - - [11/Jul/2026:08:06:00 -0700] "GET / HTTP/1.1" 200 13018 "-" "Go-http-client/2.0"
45.88.138.44 - - [11/Jul/2026:08:06:00 -0700] "GET / HTTP/1.1" 200 13018 "-" "Go-http-client/2.0"
45.88.138.44 - - [11/Jul/2026:08:06:00 -0700] "GET / HTTP/1.1" 200 13018 "-" "Go-http-client/2.0"
45.88.138.44 - - [11/Jul/2026:08:06:00 -0700] "GET / HTTP/1.1" 200 13018 "-" "Go-http-client/2.0"
45.88.138.44 - - [11/Jul/2026:08:06:00 -0700] "GET / HTTP/1.1" 200 13018 "-" "Go-http-client/2.0"
45.88.138.44 - - [11/Jul/2026:08:06:00 -0700] "GET / HTTP/1.1" 200 13018 "-" "Go-http-client/2.0"
45.88.138.44 - - [11/Jul/2026:08:06:00 -0700] "GET / HTTP/1.1" 200 13018 "-" "Go-http-client/2.0"
45.88.138.44 - - [11/Jul/2026:08:06:00 -0700] "GET / HTTP/1.1" 200 13018 "-" "Go-http-client/2.0"
45.88.138.44 - - [11/Jul/2026:08:06:04 -0700] "GET / HTTP/1.1" 200 13018 "-" "Go-http-client/2.0"
45.88.138.44 - - [11/Jul/2026:08:06:00 -0700] "GET / HTTP/1.1" 200 13018 "-" "Go-http-client/2.0"
45.88.138.44 - - [11/Jul/2026:08:06:00 -0700] "GET / HTTP/1.1" 200 13018 "-" "Go-http-client/2.0"
45.88.138.44 - - [11/Jul/2026:08:06:00 -0700] "GET / HTTP/1.1" 200 13018 "-" "Go-http-client/2.0"
45.88.138.44 - - [11/Jul/2026:08:06:04 -0700] "GET / HTTP/1.1" 200 39843 "-" "Go-http-client/2.0"
45.88.138.44 - - [11/Jul/2026:08:06:00 -0700] "GET / HTTP/1.1" 200 13018 "-" "Go-http-client/2.0"
45.88.138.44 - - [11/Jul/2026:08:06:04 -0700] "GET / HTTP/1.1" 200 13018 "-" "Go-http-client/2.0"
45.88.138.44 - - [11/Jul/2026:08:06:04 -0700] "GET / HTTP/1.1" 200 13018 "-" "Go-http-client/2.0"
45.88.138.44 - - [11/Jul/2026:08:06:04 -0700] "GET / HTTP/1.1" 200 13018 "-" "Go-http-client/2.0"
45.88.138.44 - - [11/Jul/2026:08:06:04 -0700] "GET / HTTP/1.1" 200 13018 "-" "Go-http-client/2.0"
45.88.138.44 - - [11/Jul/2026:08:05:56 -0700] "GET / HTTP/1.1" 200 39841 "-" "Go-http-client/2.0"
45.88.138.44 - - [11/Jul/2026:08:06:13 -0700] "GET / HTTP/1.1" 200 39845 "-" "Go-http-client/2.0"
45.88.138.44 - - [11/Jul/2026:08:06:13 -0700] "GET / HTTP/1.1" 200 39844 "-" "Go-http-client/2.0"
45.88.138.44 - - [11/Jul/2026:08:06:13 -0700] "GET / HTTP/1.1" 200 39841 "-" "Go-http-client/2.0"
45.88.138.44 - - [11/Jul/2026:08:06:13 -0700] "GET / HTTP/1.1" 200 39841 "-" "Go-http-client/2.0"
45.88.138.44 - - [11/Jul/2026:08:06:13 -0700] "GET / HTTP/1.1" 200 39841 "-" "Go-http-client/2.0"
45.88.138.44 - - [11/Jul/2026:08:06:13 -0700] "GET / HTTP/1.1" 200 39841 "-" "Go-http-client/2.0"
45.88.138.44 - - [11/Jul/2026:08:06:13 -0700] "GET / HTTP/1.1" 200 39846 "-" "Go-http-client/2.0"
45.88.138.44 - - [11/Jul/2026:08:06:13 -0700] "GET / HTTP/1.1" 200 39841 "-" "Go-http-client/2.0"
45.88.138.44 - - [11/Jul/2026:08:06:13 -0700] "GET / HTTP/1.1" 200 39841 "-" "Go-http-client/2.0"
45.88.138.44 - - [11/Jul/2026:08:06:13 -0700] "GET / HTTP/1.1" 200 39844 "-" "Go-http-client/2.0"
45.88.138.44 - - [11/Jul/2026:08:06:13 -0700] "GET / HTTP/1.1" 200 39845 "-" "Go-http-client/2.0"
45.88.138.44 - - [11/Jul/2026:08:06:13 -0700] "GET / HTTP/1.1" 200 39844 "-" "Go-http-client/2.0"
45.88.138.44 - - [11/Jul/2026:08:06:13 -0700] "GET / HTTP/1.1" 200 39844 "-" "Go-http-client/2.0"
45.88.138.44 - - [11/Jul/2026:08:06:13 -0700] "GET / HTTP/1.1" 200 39845 "-" "Go-http-client/2.0"
45.88.138.44 - - [11/Jul/2026:08:06:13 -0700] "GET / HTTP/1.1" 200 39841 "-" "Go-http-client/2.0"
45.88.138.44 - - [11/Jul/2026:08:06:13 -0700] "GET / HTTP/1.1" 200 39841 "-" "Go-http-client/2.0"
45.88.138.44 - - [11/Jul/2026:08:06:13 -0700] "GET / HTTP/1.1" 200 39841 "-" "Go-http-client/2.0"
45.88.138.44 - - [11/Jul/2026:08:06:13 -0700] "GET / HTTP/1.1" 200 39845 "-" "Go-http-client/2.0"
45.88.138.44 - - [11/Jul/2026:08:06:13 -0700] "GET / HTTP/1.1" 200 39844 "-" "Go-http-client/2.0"
45.88.138.44 - - [11/Jul/2026:08:06:13 -0700] "GET / HTTP/1.1" 200 39841 "-" "Go-http-client/2.0"
45.88.138.44 - - [11/Jul/2026:08:06:19 -0700] "GET / HTTP/1.1" 200 39844 "-" "Go-http-client/2.0"
45.88.138.44 - - [11/Jul/2026:08:06:19 -0700] "GET / HTTP/1.1" 200 39841 "-" "Go-http-client/2.0"
45.88.138.44 - - [11/Jul/2026:08:06:19 -0700] "GET / HTTP/1.1" 200 39843 "-" "Go-http-client/2.0"
45.88.138.44 - - [11/Jul/2026:08:06:19 -0700] "GET / HTTP/1.1" 200 39841 "-" "Go-http-client/2.0"
45.88.138.44 - - [11/Jul/2026:08:06:20 -0700] "GET / HTTP/1.1" 200 39841 "-" "Go-http-client/2.0"
45.88.138.44 - - [11/Jul/2026:08:06:20 -0700] "GET / HTTP/1.1" 200 39841 "-" "Go-http-client/2.0"
45.88.138.44 - - [11/Jul/2026:08:06:20 -0700] "GET / HTTP/1.1" 200 39846 "-" "Go-http-client/2.0"
45.88.138.44 - - [11/Jul/2026:08:06:20 -0700] "GET / HTTP/1.1" 200 39841 "-" "Go-http-client/2.0"
45.88.138.44 - - [11/Jul/2026:08:06:20 -0700] "GET / HTTP/1.1" 200 39844 "-" "Go-http-client/2.0"
45.88.138.44 - - [11/Jul/2026:08:06:22 -0700] "GET / HTTP/1.1" 200 39843 "-" "Go-http-client/2.0"
45.88.138.44 - - [11/Jul/2026:08:06:23 -0700] "GET / HTTP/1.1" 200 39841 "-" "Go-http-client/2.0"
45.88.138.44 - - [11/Jul/2026:08:06:23 -0700] "GET / HTTP/1.1" 200 39844 "-" "Go-http-client/2.0"
35.235.84.95 - - [11/Jul/2026:08:06:25 -0700] "POST /wp-cron.php?doing_wp_cron=1783782385.3143880367279052734375 HTTP/1.1" 200 5076 "-" "WordPress/7.0.1; https://vanessavaladezrealty.com"
45.88.138.44 - - [11/Jul/2026:08:06:23 -0700] "GET / HTTP/1.1" 200 39841 "-" "Go-http-client/2.0"
45.88.138.44 - - [11/Jul/2026:08:06:23 -0700] "GET / HTTP/1.1" 200 39845 "-" "Go-http-client/2.0"
45.88.138.44 - - [11/Jul/2026:08:06:23 -0700] "GET / HTTP/1.1" 200 39845 "-" "Go-http-client/2.0"
45.88.138.44 - - [11/Jul/2026:08:06:23 -0700] "GET / HTTP/1.1" 200 39847 "-" "Go-http-client/2.0"
45.88.138.44 - - [11/Jul/2026:08:06:24 -0700] "GET / HTTP/1.1" 200 39841 "-" "Go-http-client/2.0"
45.88.138.44 - - [11/Jul/2026:08:06:24 -0700] "GET / HTTP/1.1" 200 39841 "-" "Go-http-client/2.0"
45.88.138.44 - - [11/Jul/2026:08:06:25 -0700] "GET / HTTP/1.1" 200 39846 "-" "Go-http-client/2.0"
45.88.138.44 - - [11/Jul/2026:08:06:27 -0700] "GET / HTTP/1.1" 200 39841 "-" "Go-http-client/2.0"
45.88.138.44 - - [11/Jul/2026:08:07:15 -0700] "GET /wp-json/ HTTP/1.1" 200 383923 "-" "Mozilla/5.0 (Windows NT 10.0; Win64; x64; rv:132.0) Gecko/20100101 Firefox/132.0"
45.88.138.44 - - [11/Jul/2026:08:07:15 -0700] "GET /wp-json/ HTTP/1.1" 200 383923 "-" "Mozilla/5.0 (Macintosh; Intel Mac OS X 10_15_7) AppleWebKit/537.36 (KHTML, like Gecko) Chrome/130.0.0.0 Safari/537.36"
45.88.138.44 - - [11/Jul/2026:08:07:15 -0700] "GET /wp-json/ HTTP/1.1" 200 383923 "-" "Mozilla/5.0 (iPhone; CPU iPhone OS 17_0 like Mac OS X) AppleWebKit/605.1.15 (KHTML, like Gecko) Version/17.0 Mobile/15E148 Safari/604.1"
45.88.138.44 - - [11/Jul/2026:08:07:15 -0700] "GET /wp-json/ HTTP/1.1" 200 383923 "-" "Mozilla/5.0 (Windows NT 10.0; Win64; x64) AppleWebKit/537.36 (KHTML, like Gecko) Chrome/133.0.0.0 Safari/537.36"
45.88.138.44 - - [11/Jul/2026:08:07:15 -0700] "GET /wp-json/ HTTP/1.1" 200 383923 "-" "Mozilla/5.0 (Windows NT 10.0; Win64; x64) AppleWebKit/537.36 (KHTML, like Gecko) Chrome/131.0.0.0 Safari/537.36"
35.235.84.95 - - [11/Jul/2026:08:08:28 -0700] "POST /wp-cron.php?doing_wp_cron=1783782508.1110360622406005859375 HTTP/1.1" 200 5076 "-" "WordPress/7.0.1; https://vanessavaladezrealty.com"
83.99.206.63 - - [11/Jul/2026:08:08:26 -0700] "GET /properties/104-Residential-10001-Peace-Way-1186-7-Rooms-3-Bedrooms-2-Bathrooms-USD349-999/ HTTP/1.1" 200 37641 "-" "Mozilla/5.0 (X11; Linux x86_64) AppleWebKit/537.36 (KHTML, like Gecko; GeedoShopProductFinder) Chrome/142.0.0.0 Safari/537.36"
83.99.206.63 - - [11/Jul/2026:08:08:46 -0700] "GET /properties/89-Residential-125-East-Harmon-Avenue-1815-3-Rooms-1-Bathroom-USD299-900/ HTTP/1.1" 200 36927 "-" "Mozilla/5.0 (X11; Linux x86_64) AppleWebKit/537.36 (KHTML, like Gecko; GeedoShopProductFinder) Chrome/142.0.0.0 Safari/537.36"
35.235.84.95 - - [11/Jul/2026:08:09:08 -0700] "POST /wp-cron.php?doing_wp_cron=1783782548.2442080974578857421875 HTTP/1.1" 200 5076 "-" "WordPress/7.0.1; https://vanessavaladezrealty.com"
83.99.206.222 - - [11/Jul/2026:08:09:06 -0700] "GET /properties/?wplview=property_show&pid=97 HTTP/1.1" 200 38462 "-" "Mozilla/5.0 (X11; Linux x86_64) AppleWebKit/537.36 (KHTML, like Gecko; GeedoShopProductFinder) Chrome/142.0.0.0 Safari/537.36"
83.99.206.63 - - [11/Jul/2026:08:09:26 -0700] "GET /properties/?wplpage=5 HTTP/1.1" 200 33679 "-" "Mozilla/5.0 (X11; Linux x86_64) AppleWebKit/537.36 (KHTML, like Gecko; GeedoShopProductFinder) Chrome/142.0.0.0 Safari/537.36"
83.99.206.63 - - [11/Jul/2026:08:09:47 -0700] "GET /properties/?wplview=property_show&pid=90 HTTP/1.1" 200 36886 "-" "Mozilla/5.0 (X11; Linux x86_64) AppleWebKit/537.36 (KHTML, like Gecko; GeedoShopProductFinder) Chrome/142.0.0.0 Safari/537.36"
35.235.84.95 - - [11/Jul/2026:08:10:08 -0700] "POST /wp-cron.php?doing_wp_cron=1783782608.7744059562683105468750 HTTP/1.1" 200 5076 "-" "WordPress/7.0.1; https://vanessavaladezrealty.com"
83.99.206.177 - - [11/Jul/2026:08:10:07 -0700] "GET /properties/90-Residential-Lease-4333-COYOTE-CREST-Court-6-Rooms-3-Bedrooms-2-Bathrooms-USD1-650/ HTTP/1.1" 200 36885 "-" "Mozilla/5.0 (X11; Linux x86_64) AppleWebKit/537.36 (KHTML, like Gecko; GeedoShopProductFinder) Chrome/142.0.0.0 Safari/537.36"
192.241.134.160 - - [11/Jul/2026:08:10:19 -0700] "GET / HTTP/1.1" 200 39848 "http://vanessavaladezrealty.com" "Go-http-client/1.1"
35.235.84.95 - - [11/Jul/2026:08:11:28 -0700] "POST /wp-cron.php?doing_wp_cron=1783782688.8089780807495117187500 HTTP/1.1" 200 5076 "-" "WordPress/7.0.1; https://vanessavaladezrealty.com"
34.245.183.174 - - [11/Jul/2026:08:11:27 -0700] "GET / HTTP/1.1" 200 39841 "-" "Mozilla/5.0 (X11; Linux x86_64) AppleWebKit/537.36 Chrome/120 Safari/537.36"
91.231.89.100 - - [11/Jul/2026:08:11:45 -0700] "GET / HTTP/1.1" 200 362924 "-" "Mozilla/5.0 (X11; Ubuntu; Linux x86_64; rv:134.0) Gecko/20100101 Firefox/134.0"
83.99.206.172 - - [11/Jul/2026:08:12:07 -0700] "GET /properties/?wplview=property_show&pid=140 HTTP/1.1" 200 34961 "-" "Mozilla/5.0 (X11; Linux x86_64) AppleWebKit/537.36 (KHTML, like Gecko; GeedoShopProductFinder) Chrome/142.0.0.0 Safari/537.36"
83.99.206.172 - - [11/Jul/2026:08:12:27 -0700] "GET /properties/128-Residential-8774-Stockholm-Avenue-9-Rooms-3-Bedrooms-3-Bathrooms-USD698-000/ HTTP/1.1" 200 39036 "-" "Mozilla/5.0 (X11; Linux x86_64) AppleWebKit/537.36 (KHTML, like Gecko; GeedoShopProductFinder) Chrome/142.0.0.0 Safari/537.36"
35.235.84.95 - - [11/Jul/2026:08:12:48 -0700] "POST /wp-cron.php?doing_wp_cron=1783782768.5353429317474365234375 HTTP/1.1" 200 5076 "-" "WordPress/7.0.1; https://vanessavaladezrealty.com"
83.99.206.172 - - [11/Jul/2026:08:12:47 -0700] "GET /properties/?wplview=property_show&pid=88 HTTP/1.1" 200 37975 "-" "Mozilla/5.0 (X11; Linux x86_64) AppleWebKit/537.36 (KHTML, like Gecko; GeedoShopProductFinder) Chrome/142.0.0.0 Safari/537.36"
35.235.84.95 - - [11/Jul/2026:08:13:08 -0700] "POST /wp-cron.php?doing_wp_cron=1783782788.6384599208831787109375 HTTP/1.1" 200 5076 "-" "WordPress/7.0.1; https://vanessavaladezrealty.com"
83.99.206.172 - - [11/Jul/2026:08:13:07 -0700] "GET /properties/138-Residential-Lease-4471-Dean-Martin-Drive-4209-3-Rooms-2-Bedrooms-2-Bathrooms-USD5-000/ HTTP/1.1" 200 37911 "-" "Mozilla/5.0 (X11; Linux x86_64) AppleWebKit/537.36 (KHTML, like Gecko; GeedoShopProductFinder) Chrome/142.0.0.0 Safari/537.36"
83.99.206.172 - - [11/Jul/2026:08:13:27 -0700] "GET /properties/99-Residential-3240-Little-Stream-Street-7-Rooms-3-Bedrooms-2-Bathrooms-USD378-900/ HTTP/1.1" 200 38453 "-" "Mozilla/5.0 (X11; Linux x86_64) AppleWebKit/537.36 (KHTML, like Gecko; GeedoShopProductFinder) Chrome/142.0.0.0 Safari/537.36"
91.196.152.227 - - [11/Jul/2026:08:13:34 -0700] "GET / HTTP/1.1" 200 362922 "-" "Mozilla/5.0 (X11; Ubuntu; Linux x86_64; rv:134.0) Gecko/20100101 Firefox/134.0"
83.99.206.172 - - [11/Jul/2026:08:13:46 -0700] "GET /properties/?wplview=property_show&pid=112 HTTP/1.1" 200 35752 "-" "Mozilla/5.0 (X11; Linux x86_64) AppleWebKit/537.36 (KHTML, like Gecko; GeedoShopProductFinder) Chrome/142.0.0.0 Safari/537.36"
35.235.84.95 - - [11/Jul/2026:08:14:41 -0700] "POST /wp-cron.php?doing_wp_cron=1783782881.5738520622253417968750 HTTP/1.1" 200 5076 "-" "WordPress/7.0.1; https://vanessavaladezrealty.com"
91.231.89.103 - - [11/Jul/2026:08:14:40 -0700] "GET / HTTP/1.1" 200 362922 "-" "Mozilla/5.0 (X11; Ubuntu; Linux x86_64; rv:134.0) Gecko/20100101 Firefox/134.0"
35.235.84.95 - - [11/Jul/2026:08:15:40 -0700] "POST /wp-cron.php?doing_wp_cron=1783782940.6507909297943115234375 HTTP/1.1" 200 5076 "-" "WordPress/7.0.1; https://vanessavaladezrealty.com"
83.99.206.200 - - [11/Jul/2026:08:15:39 -0700] "GET /properties/?wplview=property_show&pid=100 HTTP/1.1" 200 37442 "-" "Mozilla/5.0 (X11; Linux x86_64) AppleWebKit/537.36 (KHTML, like Gecko; GeedoShopProductFinder) Chrome/142.0.0.0 Safari/537.36"
35.235.84.95 - - [11/Jul/2026:08:16:00 -0700] "POST /wp-cron.php?doing_wp_cron=1783782960.7872550487518310546875 HTTP/1.1" 200 5076 "-" "WordPress/7.0.1; https://vanessavaladezrealty.com"
83.99.206.172 - - [11/Jul/2026:08:15:59 -0700] "GET /properties/?wplview=property_show&pid=103 HTTP/1.1" 200 39477 "-" "Mozilla/5.0 (X11; Linux x86_64) AppleWebKit/537.36 (KHTML, like Gecko; GeedoShopProductFinder) Chrome/142.0.0.0 Safari/537.36"
91.196.152.225 - - [11/Jul/2026:08:16:11 -0700] "GET / HTTP/1.1" 200 362921 "-" "Mozilla/5.0 (X11; Ubuntu; Linux x86_64; rv:134.0) Gecko/20100101 Firefox/134.0"
83.99.206.172 - - [11/Jul/2026:08:16:18 -0700] "GET /properties/135-Residential-1809-Shadow-Mountain-Place-4-Rooms-3-Bedrooms-2-Bathrooms-USD314-998/ HTTP/1.1" 200 37493 "-" "Mozilla/5.0 (X11; Linux x86_64) AppleWebKit/537.36 (KHTML, like Gecko; GeedoShopProductFinder) Chrome/142.0.0.0 Safari/537.36"
35.235.84.95 - - [11/Jul/2026:08:16:39 -0700] "POST /wp-cron.php?doing_wp_cron=1783782999.6448130607604980468750 HTTP/1.1" 200 5076 "-" "WordPress/7.0.1; https://vanessavaladezrealty.com"
83.99.206.172 - - [11/Jul/2026:08:16:38 -0700] "GET /?page_id=16 HTTP/1.1" 301 5612 "-" "Mozilla/5.0 (X11; Linux x86_64) AppleWebKit/537.36 (KHTML, like Gecko; GeedoShopProductFinder) Chrome/142.0.0.0 Safari/537.36"
83.99.206.172 - - [11/Jul/2026:08:16:39 -0700] "GET /properties/ HTTP/1.1" 200 32334 "-" "Mozilla/5.0 (X11; Linux x86_64) AppleWebKit/537.36 (KHTML, like Gecko; GeedoShopProductFinder) Chrome/142.0.0.0 Safari/537.36"
91.231.89.38 - - [11/Jul/2026:08:16:40 -0700] "GET /wp-json/ HTTP/1.1" 200 383923 "-" "Mozilla/5.0 (X11; Ubuntu; Linux x86_64; rv:134.0) Gecko/20100101 Firefox/134.0"
83.99.206.132 - - [11/Jul/2026:08:16:58 -0700] "GET /properties/?wplview=property_show&pid=102 HTTP/1.1" 200 38027 "-" "Mozilla/5.0 (X11; Linux x86_64) AppleWebKit/537.36 (KHTML, like Gecko; GeedoShopProductFinder) Chrome/142.0.0.0 Safari/537.36"
91.231.89.120 - - [11/Jul/2026:08:17:00 -0700] "GET /wp-json/wp/v2/pages/1295 HTTP/1.1" 200 266738 "-" "Mozilla/5.0 (X11; Ubuntu; Linux x86_64; rv:134.0) Gecko/20100101 Firefox/134.0"
83.99.206.172 - - [11/Jul/2026:08:17:19 -0700] "GET /properties/139-Residential-Lease-1900-North-Torrey-Pines-Drive-106-5-Rooms-2-Bedrooms-2-Bathrooms-USD1-350/ HTTP/1.1" 200 37316 "-" "Mozilla/5.0 (X11; Linux x86_64) AppleWebKit/537.36 (KHTML, like Gecko; GeedoShopProductFinder) Chrome/142.0.0.0 Safari/537.36"
78.142.18.172 - - [11/Jul/2026:08:17:21 -0700] "GET /wp-login.php HTTP/1.1" 200 7852 "-" "Mozilla/5.0 (Linux; Android 10; K) AppleWebKit/537.36 (KHTML, like Gecko) Chrome/146.0.0.0 Mobile Safari/537.36"
78.142.18.172 - - [11/Jul/2026:08:17:22 -0700] "POST /wp-login.php HTTP/1.1" 200 7953 "https://vanessavaladezrealty.com/wp-login.php" "Mozilla/5.0 (Linux; Android 10; K) AppleWebKit/537.36 (KHTML, like Gecko) Chrome/146.0.0.0 Mobile Safari/537.36"
35.235.84.95 - - [11/Jul/2026:08:18:52 -0700] "POST /wp-cron.php?doing_wp_cron=1783783132.2942171096801757812500 HTTP/1.1" 200 5076 "-" "WordPress/7.0.1; https://vanessavaladezrealty.com"
91.231.89.21 - - [11/Jul/2026:08:18:51 -0700] "GET / HTTP/1.1" 200 362924 "-" "Mozilla/5.0 (X11; Ubuntu; Linux x86_64; rv:134.0) Gecko/20100101 Firefox/134.0"
83.99.206.104 - - [11/Jul/2026:08:19:14 -0700] "GET /properties/?wplview=property_show&pid=109 HTTP/1.1" 200 37492 "-" "Mozilla/5.0 (X11; Linux x86_64) AppleWebKit/537.36 (KHTML, like Gecko; GeedoShopProductFinder) Chrome/142.0.0.0 Safari/537.36"
91.231.89.101 - - [11/Jul/2026:08:19:27 -0700] "GET /wp-json/wp/v2/pages/1295 HTTP/1.1" 200 266739 "-" "Mozilla/5.0 (X11; Ubuntu; Linux x86_64; rv:134.0) Gecko/20100101 Firefox/134.0"
91.231.89.99 - - [11/Jul/2026:08:19:33 -0700] "GET /wp-json/ HTTP/1.1" 200 383923 "-" "Mozilla/5.0 (X11; Ubuntu; Linux x86_64; rv:134.0) Gecko/20100101 Firefox/134.0"
83.99.206.179 - - [11/Jul/2026:08:19:34 -0700] "GET /properties/?wplview=property_show&pid=118 HTTP/1.1" 200 37119 "-" "Mozilla/5.0 (X11; Linux x86_64) AppleWebKit/537.36 (KHTML, like Gecko; GeedoShopProductFinder) Chrome/142.0.0.0 Safari/537.36"
35.235.84.95 - - [11/Jul/2026:08:19:56 -0700] "POST /wp-cron.php?doing_wp_cron=1783783196.2302260398864746093750 HTTP/1.1" 200 5076 "-" "WordPress/7.0.1; https://vanessavaladezrealty.com"
83.99.206.71 - - [11/Jul/2026:08:19:54 -0700] "GET /properties/vanessavaladez/ HTTP/1.1" 200 34268 "-" "Mozilla/5.0 (X11; Linux x86_64) AppleWebKit/537.36 (KHTML, like Gecko; GeedoShopProductFinder) Chrome/142.0.0.0 Safari/537.36"
83.99.206.71 - - [11/Jul/2026:08:20:14 -0700] "GET /properties/?wplview=property_show&pid=135 HTTP/1.1" 200 37494 "-" "Mozilla/5.0 (X11; Linux x86_64) AppleWebKit/537.36 (KHTML, like Gecko; GeedoShopProductFinder) Chrome/142.0.0.0 Safari/537.36"
83.99.206.71 - - [11/Jul/2026:08:20:35 -0700] "GET /properties/103-Residential-7050-West-Pebble-Road-9-Rooms-4-Bedrooms-2-Bathrooms-USD1-600-000/ HTTP/1.1" 200 39475 "-" "Mozilla/5.0 (X11; Linux x86_64) AppleWebKit/537.36 (KHTML, like Gecko; GeedoShopProductFinder) Chrome/142.0.0.0 Safari/537.36"
35.235.84.95 - - [11/Jul/2026:08:20:56 -0700] "POST /wp-cron.php?doing_wp_cron=1783783256.4629940986633300781250 HTTP/1.1" 200 5076 "-" "WordPress/7.0.1; https://vanessavaladezrealty.com"
83.99.206.229 - - [11/Jul/2026:08:20:55 -0700] "GET /properties/admin_wyj7ruvs/ HTTP/1.1" 200 30491 "-" "Mozilla/5.0 (X11; Linux x86_64) AppleWebKit/537.36 (KHTML, like Gecko; GeedoShopProductFinder) Chrome/142.0.0.0 Safari/537.36"
35.235.84.95 - - [11/Jul/2026:08:22:23 -0700] "POST /wp-cron.php?doing_wp_cron=1783783343.0465381145477294921875 HTTP/1.1" 200 5076 "-" "WordPress/7.0.1; https://vanessavaladezrealty.com"
91.231.89.96 - - [11/Jul/2026:08:22:21 -0700] "GET /wp-json/ HTTP/1.1" 200 383923 "-" "Mozilla/5.0 (X11; Ubuntu; Linux x86_64; rv:134.0) Gecko/20100101 Firefox/134.0"
83.99.206.71 - - [11/Jul/2026:08:22:49 -0700] "GET /properties/?wplview=property_show&pid=89 HTTP/1.1" 200 36928 "-" "Mozilla/5.0 (X11; Linux x86_64) AppleWebKit/537.36 (KHTML, like Gecko; GeedoShopProductFinder) Chrome/142.0.0.0 Safari/537.36"
83.99.206.71 - - [11/Jul/2026:08:23:09 -0700] "GET /properties/?wplview=property_show&pid=108 HTTP/1.1" 200 39804 "-" "Mozilla/5.0 (X11; Linux x86_64) AppleWebKit/537.36 (KHTML, like Gecko; GeedoShopProductFinder) Chrome/142.0.0.0 Safari/537.36"
35.235.84.95 - - [11/Jul/2026:08:23:30 -0700] "POST /wp-cron.php?doing_wp_cron=1783783409.9888110160827636718750 HTTP/1.1" 200 5076 "-" "WordPress/7.0.1; https://vanessavaladezrealty.com"
83.99.206.101 - - [11/Jul/2026:08:23:28 -0700] "GET /properties/?wplview=property_show&pid=116 HTTP/1.1" 200 40174 "-" "Mozilla/5.0 (X11; Linux x86_64) AppleWebKit/537.36 (KHTML, like Gecko; GeedoShopProductFinder) Chrome/142.0.0.0 Safari/537.36"
35.235.84.95 - - [11/Jul/2026:08:23:50 -0700] "POST /wp-cron.php?doing_wp_cron=1783783430.1040079593658447265625 HTTP/1.1" 200 5076 "-" "WordPress/7.0.1; https://vanessavaladezrealty.com"
83.99.206.71 - - [11/Jul/2026:08:23:48 -0700] "GET /properties/151-0-0-0-%240/ HTTP/1.1" 200 34578 "-" "Mozilla/5.0 (X11; Linux x86_64) AppleWebKit/537.36 (KHTML, like Gecko; GeedoShopProductFinder) Chrome/142.0.0.0 Safari/537.36"
91.231.89.98 - - [11/Jul/2026:08:23:51 -0700] "GET /wp-json/ HTTP/1.1" 200 383923 "-" "Mozilla/5.0 (X11; Ubuntu; Linux x86_64; rv:134.0) Gecko/20100101 Firefox/134.0"
83.99.206.71 - - [11/Jul/2026:08:24:08 -0700] "GET /properties/?wplview=property_show&pid=117 HTTP/1.1" 200 39025 "-" "Mozilla/5.0 (X11; Linux x86_64) AppleWebKit/537.36 (KHTML, like Gecko; GeedoShopProductFinder) Chrome/142.0.0.0 Safari/537.36"
83.99.206.155 - - [11/Jul/2026:08:24:28 -0700] "GET /properties/?wplview=property_show&pid=93 HTTP/1.1" 200 35048 "-" "Mozilla/5.0 (X11; Linux x86_64) AppleWebKit/537.36 (KHTML, like Gecko; GeedoShopProductFinder) Chrome/142.0.0.0 Safari/537.36"
114.119.152.69 - - [11/Jul/2026:08:24:39 -0700] "GET /properties/?wplview=property_show&pid=134 HTTP/1.1" 200 34286 "https://vanessavaladezrealty.com/properties?wplview=property_show&pid=134" "Mozilla/5.0 (Linux; Android 7.0;) AppleWebKit/537.36 (HTML, like Gecko) Mobile Safari/537.36 (compatible; PetalBot;+https://webmaster.petalsearch.com/site/petalbot)"
35.235.84.95 - - [11/Jul/2026:08:26:03 -0700] "POST /wp-cron.php?doing_wp_cron=1783783563.0727870464324951171875 HTTP/1.1" 200 5076 "-" "WordPress/7.0.1; https://vanessavaladezrealty.com"
114.119.153.188 - - [11/Jul/2026:08:26:01 -0700] "GET /properties/?wplview=property_show&pid=127 HTTP/1.1" 200 33498 "https://vanessavaladezrealty.com/home-previuos" "Mozilla/5.0 (Linux; Android 7.0;) AppleWebKit/537.36 (HTML, like Gecko) Mobile Safari/537.36 (compatible; PetalBot;+https://webmaster.petalsearch.com/site/petalbot)"
35.235.84.95 - - [11/Jul/2026:08:26:38 -0700] "POST /wp-cron.php?doing_wp_cron=1783783598.6113989353179931640625 HTTP/1.1" 200 5076 "-" "WordPress/7.0.1; https://vanessavaladezrealty.com"
83.99.206.243 - - [11/Jul/2026:08:26:37 -0700] "GET /properties/?wplview=property_show&pid=98 HTTP/1.1" 200 38521 "-" "Mozilla/5.0 (X11; Linux x86_64) AppleWebKit/537.36 (KHTML, like Gecko; GeedoShopProductFinder) Chrome/142.0.0.0 Safari/537.36"
91.231.89.39 - - [11/Jul/2026:08:26:52 -0700] "GET /wp-json/wp/v2/pages/1295 HTTP/1.1" 200 266736 "-" "Mozilla/5.0 (X11; Ubuntu; Linux x86_64; rv:134.0) Gecko/20100101 Firefox/134.0"
83.99.206.243 - - [11/Jul/2026:08:26:57 -0700] "GET /properties/133-Residential-6603-Brick-House-Avenue-5-Rooms-3-Bedrooms-2-Bathrooms-USD329-500/ HTTP/1.1" 200 38516 "-" "Mozilla/5.0 (X11; Linux x86_64) AppleWebKit/537.36 (KHTML, like Gecko; GeedoShopProductFinder) Chrome/142.0.0.0 Safari/537.36"
181.94.250.73 - - [11/Jul/2026:08:27:07 -0700] "POST /xmlrpc.php HTTP/1.1" 200 5618 "-" "Jetpack by WordPress.com (Jetpack 12.5; WordPress 6.2)"
83.99.206.243 - - [11/Jul/2026:08:27:16 -0700] "GET /properties/?wplview=property_show&pid=91 HTTP/1.1" 200 36072 "-" "Mozilla/5.0 (X11; Linux x86_64) AppleWebKit/537.36 (KHTML, like Gecko; GeedoShopProductFinder) Chrome/142.0.0.0 Safari/537.36"
181.94.250.73 - - [11/Jul/2026:08:27:17 -0700] "POST /xmlrpc.php HTTP/1.1" 200 5618 "-" "Jetpack by WordPress.com (Jetpack 12.0; WordPress 6.3)"
114.119.159.8 - - [11/Jul/2026:08:27:25 -0700] "GET /properties/?wplpage=1 HTTP/1.1" 200 32331 "https://vanessavaladezrealty.com/properties/?wplpage=2" "Mozilla/5.0 (Linux; Android 7.0;) AppleWebKit/537.36 (HTML, like Gecko) Mobile Safari/537.36 (compatible; PetalBot;+https://webmaster.petalsearch.com/site/petalbot)"
181.94.250.73 - - [11/Jul/2026:08:27:28 -0700] "POST /xmlrpc.php HTTP/1.1" 200 5618 "-" "Jetpack by WordPress.com"
83.99.206.73 - - [11/Jul/2026:08:27:36 -0700] "GET /properties/?wplview=property_show&pid=127 HTTP/1.1" 200 37301 "-" "Mozilla/5.0 (X11; Linux x86_64) AppleWebKit/537.36 (KHTML, like Gecko; GeedoShopProductFinder) Chrome/142.0.0.0 Safari/537.36"
35.235.84.95 - - [11/Jul/2026:08:27:40 -0700] "POST /wp-cron.php?doing_wp_cron=1783783660.4253399372100830078125 HTTP/1.1" 200 5076 "-" "WordPress/7.0.1; https://vanessavaladezrealty.com"
181.94.250.73 - - [11/Jul/2026:08:27:39 -0700] "POST /xmlrpc.php HTTP/1.1" 200 5618 "-" "Jetpack by WordPress.com"
35.235.84.95 - - [11/Jul/2026:08:27:51 -0700] "POST /wp-cron.php?doing_wp_cron=1783783671.0974590778350830078125 HTTP/1.1" 200 5076 "-" "WordPress/7.0.1; https://vanessavaladezrealty.com"
181.94.250.73 - - [11/Jul/2026:08:27:49 -0700] "POST /xmlrpc.php HTTP/1.1" 200 5618 "-" "WordPress.com; https://wordpress.com"
83.99.206.243 - - [11/Jul/2026:08:27:57 -0700] "GET /properties/?wplview=property_show&pid=113 HTTP/1.1" 200 38057 "-" "Mozilla/5.0 (X11; Linux x86_64) AppleWebKit/537.36 (KHTML, like Gecko; GeedoShopProductFinder) Chrome/142.0.0.0 Safari/537.36"
181.94.250.73 - - [11/Jul/2026:08:28:00 -0700] "POST /xmlrpc.php HTTP/1.1" 200 5618 "-" "Jetpack by WordPress.com"
181.94.250.73 - - [11/Jul/2026:08:28:11 -0700] "POST /xmlrpc.php HTTP/1.1" 200 5618 "-" "Jetpack by WordPress.com"
83.99.206.243 - - [11/Jul/2026:08:28:17 -0700] "GET /properties/?wplview=property_show&pid=92 HTTP/1.1" 200 37507 "-" "Mozilla/5.0 (X11; Linux x86_64) AppleWebKit/537.36 (KHTML, like Gecko; GeedoShopProductFinder) Chrome/142.0.0.0 Safari/537.36"
181.94.250.73 - - [11/Jul/2026:08:28:22 -0700] "POST /xmlrpc.php HTTP/1.1" 200 5618 "-" "Jetpack by WordPress.com (Jetpack 13.0; WordPress 6.3)"
181.94.250.73 - - [11/Jul/2026:08:28:32 -0700] "POST /xmlrpc.php HTTP/1.1" 200 5618 "-" "WordPress.com; https://wordpress.com"
46.99.32.129 - - [11/Jul/2026:08:28:39 -0700] "GET /properties/?pid=88&wplview=property_show HTTP/1.1" 200 37975 "-" "Mozilla/5.0 (Windows NT 6.1; ) AppleWebKit/537.36 (KHTML, like Gecko) Chrome/83.0.4103.116 Safari/537.36"
181.94.250.73 - - [11/Jul/2026:08:28:43 -0700] "POST /xmlrpc.php HTTP/1.1" 200 5618 "-" "Jetpack by WordPress.com"
35.235.84.95 - - [11/Jul/2026:08:28:55 -0700] "POST /wp-cron.php?doing_wp_cron=1783783735.1719369888305664062500 HTTP/1.1" 200 5076 "-" "WordPress/7.0.1; https://vanessavaladezrealty.com"
181.94.250.73 - - [11/Jul/2026:08:28:54 -0700] "POST /xmlrpc.php HTTP/1.1" 200 5618 "-" "Jetpack/12.1; WordPress/6.2; http://site45937723.com"
181.94.250.73 - - [11/Jul/2026:08:29:04 -0700] "POST /xmlrpc.php HTTP/1.1" 200 5618 "-" "Jetpack by WordPress.com (Jetpack 12.0; WordPress 6.2)"
181.94.250.73 - - [11/Jul/2026:08:29:15 -0700] "POST /xmlrpc.php HTTP/1.1" 200 5618 "-" "Jetpack by WordPress.com (Jetpack 13.0; WordPress 6.3)"
181.94.250.73 - - [11/Jul/2026:08:29:26 -0700] "POST /xmlrpc.php HTTP/1.1" 200 5618 "-" "WordPress.com; https://wordpress.com"
181.94.250.73 - - [11/Jul/2026:08:29:36 -0700] "POST /xmlrpc.php HTTP/1.1" 403 5841 "-" "Jetpack by WordPress.com"
181.94.250.73 - - [11/Jul/2026:08:29:47 -0700] "POST /xmlrpc.php HTTP/1.1" 403 5841 "-" "Jetpack by WordPress.com"
35.235.84.95 - - [11/Jul/2026:08:29:59 -0700] "POST /wp-cron.php?doing_wp_cron=1783783799.8329761028289794921875 HTTP/1.1" 200 5076 "-" "WordPress/7.0.1; https://vanessavaladezrealty.com"
181.94.250.73 - - [11/Jul/2026:08:29:58 -0700] "POST /xmlrpc.php HTTP/1.1" 200 5618 "-" "Jetpack/12.1; WordPress/6.4; http://site98951866.com"
181.94.250.73 - - [11/Jul/2026:08:30:08 -0700] "POST /xmlrpc.php HTTP/1.1" 200 5618 "-" "Jetpack/12.0; WordPress/6.3; http://site53689485.com"
181.94.250.73 - - [11/Jul/2026:08:30:19 -0700] "POST /xmlrpc.php HTTP/1.1" 200 5618 "-" "Jetpack by WordPress.com (Jetpack 12.1; WordPress 6.3)"
83.99.206.205 - - [11/Jul/2026:08:30:20 -0700] "GET /properties/?wplview=property_show&pid=131 HTTP/1.1" 200 36744 "-" "Mozilla/5.0 (X11; Linux x86_64) AppleWebKit/537.36 (KHTML, like Gecko; GeedoShopProductFinder) Chrome/142.0.0.0 Safari/537.36"
181.94.250.73 - - [11/Jul/2026:08:30:30 -0700] "POST /xmlrpc.php HTTP/1.1" 200 5618 "-" "WordPress.com; https://wordpress.com"
83.99.206.205 - - [11/Jul/2026:08:30:40 -0700] "GET /properties/147-0-0-0-%240/ HTTP/1.1" 200 34578 "-" "Mozilla/5.0 (X11; Linux x86_64) AppleWebKit/537.36 (KHTML, like Gecko; GeedoShopProductFinder) Chrome/142.0.0.0 Safari/537.36"
181.94.250.73 - - [11/Jul/2026:08:30:40 -0700] "POST /xmlrpc.php HTTP/1.1" 200 5618 "-" "Jetpack/12.1; WordPress/6.3; http://site49007538.com"
35.235.84.95 - - [11/Jul/2026:08:30:52 -0700] "POST /wp-cron.php?doing_wp_cron=1783783852.7122941017150878906250 HTTP/1.1" 200 5076 "-" "WordPress/7.0.1; https://vanessavaladezrealty.com"
181.94.250.73 - - [11/Jul/2026:08:30:51 -0700] "POST /xmlrpc.php HTTP/1.1" 200 5618 "-" "Jetpack/12.5; WordPress/6.1; http://site60247561.com"
83.99.206.205 - - [11/Jul/2026:08:31:00 -0700] "GET /properties/91-Residential-Lease-5621-Eagle-Claw-Avenue-5-Rooms-3-Bedrooms-2-Bathrooms-USD1-845/ HTTP/1.1" 200 36071 "-" "Mozilla/5.0 (X11; Linux x86_64) AppleWebKit/537.36 (KHTML, like Gecko; GeedoShopProductFinder) Chrome/142.0.0.0 Safari/537.36"
181.94.250.73 - - [11/Jul/2026:08:31:02 -0700] "POST /xmlrpc.php HTTP/1.1" 200 5618 "-" "WordPress.com; https://wordpress.com"
181.94.250.73 - - [11/Jul/2026:08:31:13 -0700] "POST /xmlrpc.php HTTP/1.1" 200 5618 "-" "Jetpack by WordPress.com (Jetpack 13.0; WordPress 6.4)"
83.99.206.205 - - [11/Jul/2026:08:31:20 -0700] "GET /properties/149-0-0-0-%240/ HTTP/1.1" 200 34579 "-" "Mozilla/5.0 (X11; Linux x86_64) AppleWebKit/537.36 (KHTML, like Gecko; GeedoShopProductFinder) Chrome/142.0.0.0 Safari/537.36"
181.94.250.73 - - [11/Jul/2026:08:31:23 -0700] "POST /xmlrpc.php HTTP/1.1" 200 5618 "-" "Jetpack/12.5; WordPress/6.4; http://site42151350.com"
35.235.84.95 - - [11/Jul/2026:08:31:35 -0700] "POST /wp-cron.php?doing_wp_cron=1783783895.3753271102905273437500 HTTP/1.1" 200 5076 "-" "WordPress/7.0.1; https://vanessavaladezrealty.com"
181.94.250.73 - - [11/Jul/2026:08:31:34 -0700] "POST /xmlrpc.php HTTP/1.1" 200 5618 "-" "Jetpack/12.5; WordPress/6.2; http://site38244687.com"
83.99.206.115 - - [11/Jul/2026:08:31:40 -0700] "GET /properties/?wplview=property_show&pid=134 HTTP/1.1" 200 38092 "-" "Mozilla/5.0 (X11; Linux x86_64) AppleWebKit/537.36 (KHTML, like Gecko; GeedoShopProductFinder) Chrome/142.0.0.0 Safari/537.36"
181.94.250.73 - - [11/Jul/2026:08:31:44 -0700] "POST /xmlrpc.php HTTP/1.1" 200 5618 "-" "Jetpack/12.1; WordPress/6.3; http://site77344191.com"
181.94.250.73 - - [11/Jul/2026:08:31:55 -0700] "POST /xmlrpc.php HTTP/1.1" 200 5618 "-" "Jetpack/12.0; WordPress/6.3; http://site48999581.com"
83.99.206.205 - - [11/Jul/2026:08:32:00 -0700] "GET /properties/?wplpage=4 HTTP/1.1" 200 34347 "-" "Mozilla/5.0 (X11; Linux x86_64) AppleWebKit/537.36 (KHTML, like Gecko; GeedoShopProductFinder) Chrome/142.0.0.0 Safari/537.36"
181.94.250.73 - - [11/Jul/2026:08:32:06 -0700] "POST /xmlrpc.php HTTP/1.1" 403 5841 "-" "WordPress.com; https://wordpress.com"
181.94.250.73 - - [11/Jul/2026:08:32:16 -0700] "POST /xmlrpc.php HTTP/1.1" 200 5618 "-" "Jetpack by WordPress.com (Jetpack 12.5; WordPress 6.3)"
181.94.250.73 - - [11/Jul/2026:08:32:27 -0700] "POST /xmlrpc.php HTTP/1.1" 403 5841 "-" "Jetpack by WordPress.com"
35.235.84.95 - - [11/Jul/2026:08:32:39 -0700] "POST /wp-cron.php?doing_wp_cron=1783783959.5308029651641845703125 HTTP/1.1" 200 5076 "-" "WordPress/7.0.1; https://vanessavaladezrealty.com"
181.94.250.73 - - [11/Jul/2026:08:32:38 -0700] "POST /xmlrpc.php HTTP/1.1" 200 5618 "-" "Jetpack/12.0; WordPress/6.4; http://site38194845.com"
181.94.250.73 - - [11/Jul/2026:08:32:49 -0700] "POST /xmlrpc.php HTTP/1.1" 403 5841 "-" "Jetpack by WordPress.com"
181.94.250.73 - - [11/Jul/2026:08:32:59 -0700] "POST /xmlrpc.php HTTP/1.1" 403 5841 "-" "WordPress.com; https://wordpress.com"
35.235.84.95 - - [11/Jul/2026:08:33:11 -0700] "POST /wp-cron.php?doing_wp_cron=1783783991.9239420890808105468750 HTTP/1.1" 200 5076 "-" "WordPress/7.0.1; https://vanessavaladezrealty.com"
181.94.250.73 - - [11/Jul/2026:08:33:10 -0700] "POST /xmlrpc.php HTTP/1.1" 200 5618 "-" "Jetpack/12.1; WordPress/6.4; http://site40562984.com"
181.94.250.73 - - [11/Jul/2026:08:33:21 -0700] "POST /xmlrpc.php HTTP/1.1" 200 5618 "-" "Jetpack/12.1; WordPress/6.3; http://site32581653.com"
181.94.250.73 - - [11/Jul/2026:08:33:32 -0700] "POST /xmlrpc.php HTTP/1.1" 403 5841 "-" "Jetpack by WordPress.com"
181.94.250.73 - - [11/Jul/2026:08:33:42 -0700] "POST /xmlrpc.php HTTP/1.1" 200 5618 "-" "Jetpack/13.0; WordPress/6.3; http://site35285486.com"
181.94.250.73 - - [11/Jul/2026:08:33:53 -0700] "POST /xmlrpc.php HTTP/1.1" 403 5841 "-" "Jetpack by WordPress.com"
181.94.250.73 - - [11/Jul/2026:08:34:04 -0700] "POST /xmlrpc.php HTTP/1.1" 403 5841 "-" "Jetpack by WordPress.com"
35.235.84.95 - - [11/Jul/2026:08:34:06 -0700] "POST /wp-cron.php?doing_wp_cron=1783784046.4446089267730712890625 HTTP/1.1" 200 5076 "-" "WordPress/7.0.1; https://vanessavaladezrealty.com"
83.99.206.63 - - [11/Jul/2026:08:34:05 -0700] "GET /properties/?wplview=property_show&pid=120 HTTP/1.1" 200 38656 "-" "Mozilla/5.0 (X11; Linux x86_64) AppleWebKit/537.36 (KHTML, like Gecko; GeedoShopProductFinder) Chrome/142.0.0.0 Safari/537.36"
181.94.250.73 - - [11/Jul/2026:08:34:14 -0700] "POST /xmlrpc.php HTTP/1.1" 200 5618 "-" "Jetpack by WordPress.com (Jetpack 12.0; WordPress 6.1)"
181.94.250.73 - - [11/Jul/2026:08:34:25 -0700] "POST /xmlrpc.php HTTP/1.1" 403 5841 "-" "Jetpack by WordPress.com"
83.99.206.63 - - [11/Jul/2026:08:34:25 -0700] "GET /properties/?wplview=property_show&pid=121 HTTP/1.1" 200 37282 "-" "Mozilla/5.0 (X11; Linux x86_64) AppleWebKit/537.36 (KHTML, like Gecko; GeedoShopProductFinder) Chrome/142.0.0.0 Safari/537.36"
181.94.250.73 - - [11/Jul/2026:08:34:35 -0700] "POST /xmlrpc.php HTTP/1.1" 403 5841 "-" "WordPress.com; https://wordpress.com"
83.99.206.63 - - [11/Jul/2026:08:34:45 -0700] "GET /properties/?wplview=property_show&pid=128 HTTP/1.1" 200 39037 "-" "Mozilla/5.0 (X11; Linux x86_64) AppleWebKit/537.36 (KHTML, like Gecko; GeedoShopProductFinder) Chrome/142.0.0.0 Safari/537.36"
181.94.250.73 - - [11/Jul/2026:08:34:46 -0700] "POST /xmlrpc.php HTTP/1.1" 200 5618 "-" "Jetpack by WordPress.com (Jetpack 12.1; WordPress 6.3)"
35.235.84.95 - - [11/Jul/2026:08:34:58 -0700] "POST /wp-cron.php?doing_wp_cron=1783784098.2664780616760253906250 HTTP/1.1" 200 5076 "-" "WordPress/7.0.1; https://vanessavaladezrealty.com"
181.94.250.73 - - [11/Jul/2026:08:34:57 -0700] "POST /xmlrpc.php HTTP/1.1" 200 5618 "-" "Jetpack/12.5; WordPress/6.3; http://site39240158.com"
83.99.206.89 - - [11/Jul/2026:08:35:05 -0700] "GET /properties/?wplview=property_show&pid=115 HTTP/1.1" 200 37620 "-" "Mozilla/5.0 (X11; Linux x86_64) AppleWebKit/537.36 (KHTML, like Gecko; GeedoShopProductFinder) Chrome/142.0.0.0 Safari/537.36"
181.94.250.73 - - [11/Jul/2026:08:35:07 -0700] "POST /xmlrpc.php HTTP/1.1" 403 5841 "-" "Jetpack by WordPress.com"
181.94.250.73 - - [11/Jul/2026:08:35:18 -0700] "POST /xmlrpc.php HTTP/1.1" 403 5841 "-" "WordPress.com; https://wordpress.com"
83.99.206.63 - - [11/Jul/2026:08:35:25 -0700] "GET /properties/102-Residential-Lease-7289-Mer-Soliel-Court-7-Rooms-4-Bedrooms-3-Bathrooms-USD2-100/ HTTP/1.1" 200 38025 "-" "Mozilla/5.0 (X11; Linux x86_64) AppleWebKit/537.36 (KHTML, like Gecko; GeedoShopProductFinder) Chrome/142.0.0.0 Safari/537.36"
181.94.250.73 - - [11/Jul/2026:08:35:29 -0700] "POST /xmlrpc.php HTTP/1.1" 403 5841 "-" "Jetpack by WordPress.com"
181.94.250.73 - - [11/Jul/2026:08:35:40 -0700] "POST /xmlrpc.php HTTP/1.1" 200 5618 "-" "Jetpack by WordPress.com (Jetpack 12.5; WordPress 6.1)"
83.99.206.63 - - [11/Jul/2026:08:35:45 -0700] "GET /properties/93-Residential-5520-Orchard-Lane-120-4-Rooms-2-Bedrooms-2-Bathrooms-USD175-000/ HTTP/1.1" 200 35047 "-" "Mozilla/5.0 (X11; Linux x86_64) AppleWebKit/537.36 (KHTML, like Gecko; GeedoShopProductFinder) Chrome/142.0.0.0 Safari/537.36"
35.235.84.95 - - [11/Jul/2026:08:35:51 -0700] "POST /wp-cron.php?doing_wp_cron=1783784151.8631410598754882812500 HTTP/1.1" 200 5076 "-" "WordPress/7.0.1; https://vanessavaladezrealty.com"
181.94.250.73 - - [11/Jul/2026:08:35:50 -0700] "POST /xmlrpc.php HTTP/1.1" 200 5618 "-" "Jetpack/12.1; WordPress/6.3; http://site49116788.com"
181.94.250.73 - - [11/Jul/2026:08:36:01 -0700] "POST /xmlrpc.php HTTP/1.1" 403 5841 "-" "WordPress.com; https://wordpress.com"
181.94.250.73 - - [11/Jul/2026:08:36:12 -0700] "POST /xmlrpc.php HTTP/1.1" 403 5841 "-" "Jetpack by WordPress.com"
181.94.250.73 - - [11/Jul/2026:08:36:22 -0700] "POST /xmlrpc.php HTTP/1.1" 403 5841 "-" "WordPress.com; https://wordpress.com"
181.94.250.73 - - [11/Jul/2026:08:36:33 -0700] "POST /xmlrpc.php HTTP/1.1" 403 5841 "-" "Jetpack by WordPress.com"
35.235.84.95 - - [11/Jul/2026:08:36:45 -0700] "POST /wp-cron.php?doing_wp_cron=1783784205.3765161037445068359375 HTTP/1.1" 200 5076 "-" "WordPress/7.0.1; https://vanessavaladezrealty.com"
181.94.250.73 - - [11/Jul/2026:08:36:44 -0700] "POST /xmlrpc.php HTTP/1.1" 200 5618 "-" "Jetpack/12.0; WordPress/6.1; http://site49810252.com"
181.94.250.73 - - [11/Jul/2026:08:36:55 -0700] "POST /xmlrpc.php HTTP/1.1" 200 5618 "-" "Jetpack/13.0; WordPress/6.3; http://site85975900.com"
157.100.142.16 - - [11/Jul/2026:08:36:59 -0700] "GET /properties/vanessavaladez/tel:7027760711/tel:7027760711/tel:7027760711/tel:7027760711/tel:7027760711/tel:7027760711/tel:7027760711/?wplpage=5 HTTP/1.1" 200 31933 "-" "Mozilla/5.0 (Windows NT 6.1; Win64; x64) AppleWebKit/537.36 (KHTML, like Gecko) Chrome/88.0.4324.190 Safari/537.36"
181.94.250.73 - - [11/Jul/2026:08:37:05 -0700] "POST /xmlrpc.php HTTP/1.1" 403 5841 "-" "Jetpack by WordPress.com"
181.94.250.73 - - [11/Jul/2026:08:37:16 -0700] "POST /xmlrpc.php HTTP/1.1" 403 5841 "-" "WordPress.com; https://wordpress.com"
181.94.250.73 - - [11/Jul/2026:08:37:27 -0700] "POST /xmlrpc.php HTTP/1.1" 200 5618 "-" "Jetpack/12.0; WordPress/6.3; http://site47084272.com"
156.201.215.171 - - [11/Jul/2026:08:37:30 -0700] "GET /properties/vanessavaladez/tel:7027760711/tel:7027760711/tel:7027760711/?wplpage=4 HTTP/1.1" 200 34568 "-" "Mozilla/5.0 (Windows NT 6.1; WOW64) AppleWebKit/537.36 (KHTML, like Gecko) Chrome/67.0.3396.62 Safari/537.36"
181.94.250.73 - - [11/Jul/2026:08:37:38 -0700] "POST /xmlrpc.php HTTP/1.1" 200 5618 "-" "Jetpack by WordPress.com (Jetpack 13.0; WordPress 6.2)"
35.235.84.95 - - [11/Jul/2026:08:37:49 -0700] "POST /wp-cron.php?doing_wp_cron=1783784269.8223969936370849609375 HTTP/1.1" 200 5076 "-" "WordPress/7.0.1; https://vanessavaladezrealty.com"
181.94.250.73 - - [11/Jul/2026:08:37:48 -0700] "POST /xmlrpc.php HTTP/1.1" 200 5618 "-" "Jetpack/12.5; WordPress/6.1; http://site26775459.com"
83.99.206.104 - - [11/Jul/2026:08:37:49 -0700] "GET /properties/97-Residential-5249-Auborn-Avenue-6-Rooms-5-Bedrooms-5-Bathrooms-USD638-000/ HTTP/1.1" 200 38458 "-" "Mozilla/5.0 (X11; Linux x86_64) AppleWebKit/537.36 (KHTML, like Gecko; GeedoShopProductFinder) Chrome/142.0.0.0 Safari/537.36"
181.94.250.73 - - [11/Jul/2026:08:37:59 -0700] "POST /xmlrpc.php HTTP/1.1" 403 5841 "-" "Jetpack by WordPress.com"
181.94.250.73 - - [11/Jul/2026:08:38:10 -0700] "POST /xmlrpc.php HTTP/1.1" 200 5618 "-" "Jetpack by WordPress.com (Jetpack 12.5; WordPress 6.4)"
83.99.206.104 - - [11/Jul/2026:08:38:09 -0700] "GET /properties/132-Residential-3325-Plaza-Del-Paz-6-Rooms-3-Bedrooms-3-Bathrooms-USD575-000/ HTTP/1.1" 200 38402 "-" "Mozilla/5.0 (X11; Linux x86_64) AppleWebKit/537.36 (KHTML, like Gecko; GeedoShopProductFinder) Chrome/142.0.0.0 Safari/537.36"
181.94.250.73 - - [11/Jul/2026:08:38:20 -0700] "POST /xmlrpc.php HTTP/1.1" 200 5618 "-" "Jetpack/12.1; WordPress/6.3; http://site35934130.com"
83.99.206.104 - - [11/Jul/2026:08:38:30 -0700] "GET /properties/116-Residential-4575-Dean-Martin-Drive-305-5-Rooms-2-Bedrooms-3-Bathrooms-USD578-000/ HTTP/1.1" 200 40173 "-" "Mozilla/5.0 (X11; Linux x86_64) AppleWebKit/537.36 (KHTML, like Gecko; GeedoShopProductFinder) Chrome/142.0.0.0 Safari/537.36"
181.94.250.73 - - [11/Jul/2026:08:38:31 -0700] "POST /xmlrpc.php HTTP/1.1" 200 5618 "-" "Jetpack by WordPress.com (Jetpack 12.1; WordPress 6.1)"
181.94.250.73 - - [11/Jul/2026:08:38:42 -0700] "POST /xmlrpc.php HTTP/1.1" 403 5841 "-" "Jetpack by WordPress.com"
35.235.84.95 - - [11/Jul/2026:08:38:51 -0700] "POST /wp-cron.php?doing_wp_cron=1783784331.2786939144134521484375 HTTP/1.1" 200 5076 "-" "WordPress/7.0.1; https://vanessavaladezrealty.com"
83.99.206.104 - - [11/Jul/2026:08:38:49 -0700] "GET /properties/?wplview=property_show&pid=99 HTTP/1.1" 200 38455 "-" "Mozilla/5.0 (X11; Linux x86_64) AppleWebKit/537.36 (KHTML, like Gecko; GeedoShopProductFinder) Chrome/142.0.0.0 Safari/537.36"
181.94.250.73 - - [11/Jul/2026:08:38:52 -0700] "POST /xmlrpc.php HTTP/1.1" 200 5618 "-" "Jetpack by WordPress.com (Jetpack 12.1; WordPress 6.4)"
181.94.250.73 - - [11/Jul/2026:08:39:03 -0700] "POST /xmlrpc.php HTTP/1.1" 403 5841 "-" "Jetpack by WordPress.com"
83.99.206.104 - - [11/Jul/2026:08:39:09 -0700] "GET /properties/?wplview=property_show&pid=137 HTTP/1.1" 200 38021 "-" "Mozilla/5.0 (X11; Linux x86_64) AppleWebKit/537.36 (KHTML, like Gecko; GeedoShopProductFinder) Chrome/142.0.0.0 Safari/537.36"
181.94.250.73 - - [11/Jul/2026:08:39:14 -0700] "POST /xmlrpc.php HTTP/1.1" 200 5618 "-" "Jetpack/12.5; WordPress/6.1; http://site21768964.com"
181.94.250.73 - - [11/Jul/2026:08:39:25 -0700] "POST /xmlrpc.php HTTP/1.1" 403 5841 "-" "Jetpack by WordPress.com"
83.99.206.104 - - [11/Jul/2026:08:39:30 -0700] "GET /properties/127-Residential-3651-Arville-Street-426-6-Rooms-2-Bedrooms-2-Bathrooms-USD139-000/ HTTP/1.1" 200 37298 "-" "Mozilla/5.0 (X11; Linux x86_64) AppleWebKit/537.36 (KHTML, like Gecko; GeedoShopProductFinder) Chrome/142.0.0.0 Safari/537.36"
181.94.250.73 - - [11/Jul/2026:08:39:35 -0700] "POST /xmlrpc.php HTTP/1.1" 200 5618 "-" "Jetpack by WordPress.com (Jetpack 12.1; WordPress 6.2)"
181.94.250.73 - - [11/Jul/2026:08:39:46 -0700] "POST /xmlrpc.php HTTP/1.1" 403 5841 "-" "Jetpack by WordPress.com"
35.235.84.95 - - [11/Jul/2026:08:39:58 -0700] "POST /wp-cron.php?doing_wp_cron=1783784398.3242509365081787109375 HTTP/1.1" 200 5076 "-" "WordPress/7.0.1; https://vanessavaladezrealty.com"
181.94.250.73 - - [11/Jul/2026:08:39:57 -0700] "POST /xmlrpc.php HTTP/1.1" 200 5618 "-" "Jetpack by WordPress.com (Jetpack 12.5; WordPress 6.4)"
181.94.250.73 - - [11/Jul/2026:08:40:07 -0700] "POST /xmlrpc.php HTTP/1.1" 403 5841 "-" "Jetpack by WordPress.com"
181.94.250.73 - - [11/Jul/2026:08:40:29 -0700] "POST /xmlrpc.php HTTP/1.1" 403 5841 "-" "Jetpack by WordPress.com"
181.94.250.73 - - [11/Jul/2026:08:40:18 -0700] "POST /xmlrpc.php HTTP/1.1" 403 5841 "-" "WordPress.com; https://wordpress.com"
181.94.250.73 - - [11/Jul/2026:08:40:39 -0700] "POST /xmlrpc.php HTTP/1.1" 403 5841 "-" "WordPress.com; https://wordpress.com"
35.235.84.95 - - [11/Jul/2026:08:40:51 -0700] "POST /wp-cron.php?doing_wp_cron=1783784451.7081570625305175781250 HTTP/1.1" 200 5076 "-" "WordPress/7.0.1; https://vanessavaladezrealty.com"
181.94.250.73 - - [11/Jul/2026:08:40:50 -0700] "POST /xmlrpc.php HTTP/1.1" 200 5618 "-" "Jetpack by WordPress.com (Jetpack 12.0; WordPress 6.1)"
129.211.218.71 - - [11/Jul/2026:08:40:55 -0700] "GET /wp-login.php HTTP/1.1" 200 7852 "-" "Mozilla/5.0 (Macintosh; Intel Mac OS X 10_15_7) AppleWebKit/537.36 (KHTML, like Gecko) Chrome/149.0.0.0 Safari/537.36"
181.94.250.73 - - [11/Jul/2026:08:41:01 -0700] "POST /xmlrpc.php HTTP/1.1" 200 5618 "-" "Jetpack/12.0; WordPress/6.3; http://site97081355.com"
181.94.250.73 - - [11/Jul/2026:08:41:12 -0700] "POST /xmlrpc.php HTTP/1.1" 200 5618 "-" "Jetpack by WordPress.com (Jetpack 12.1; WordPress 6.4)"
181.94.250.73 - - [11/Jul/2026:08:41:22 -0700] "POST /xmlrpc.php HTTP/1.1" 200 5618 "-" "Jetpack by WordPress.com (Jetpack 12.1; WordPress 6.3)"
35.235.84.95 - - [11/Jul/2026:08:41:32 -0700] "POST /wp-cron.php?doing_wp_cron=1783784492.8074140548706054687500 HTTP/1.1" 200 5076 "-" "WordPress/7.0.1; https://vanessavaladezrealty.com"
83.99.206.1 - - [11/Jul/2026:08:41:31 -0700] "GET /properties/136-Residential-9722-West-Richmar-Avenue-5-Rooms-3-Bedrooms-3-Bathrooms-USD454-950/ HTTP/1.1" 200 36961 "-" "Mozilla/5.0 (X11; Linux x86_64) AppleWebKit/537.36 (KHTML, like Gecko; GeedoShopProductFinder) Chrome/142.0.0.0 Safari/537.36"
181.94.250.73 - - [11/Jul/2026:08:41:33 -0700] "POST /xmlrpc.php HTTP/1.1" 403 5841 "-" "WordPress.com; https://wordpress.com"
181.94.250.73 - - [11/Jul/2026:08:41:44 -0700] "POST /xmlrpc.php HTTP/1.1" 403 5841 "-" "Jetpack by WordPress.com"
83.99.206.1 - - [11/Jul/2026:08:41:50 -0700] "GET /properties/125-Residential-Lease-605-Sand-Sage-Avenue-6-Rooms-4-Bedrooms-3-Bathrooms-USD2-350/ HTTP/1.1" 200 38856 "-" "Mozilla/5.0 (X11; Linux x86_64) AppleWebKit/537.36 (KHTML, like Gecko; GeedoShopProductFinder) Chrome/142.0.0.0 Safari/537.36"
181.94.250.73 - - [11/Jul/2026:08:41:54 -0700] "POST /xmlrpc.php HTTP/1.1" 200 5618 "-" "Jetpack by WordPress.com (Jetpack 13.0; WordPress 6.4)"
181.94.250.73 - - [11/Jul/2026:08:42:05 -0700] "POST /xmlrpc.php HTTP/1.1" 200 5618 "-" "Jetpack/12.1; WordPress/6.4; http://site99928541.com"
202.76.170.46 - - [11/Jul/2026:08:42:19 -0700] "GET /wp-sitemap-users-1.xml HTTP/1.1" 200 5772 "-" "Mozilla/5.0 (Macintosh; Intel Mac OS X 11_3_1) AppleWebKit/537.36 (KHTML, like Gecko) Chrome/130.0.6723.116 Safari/537.36"
78.148.139.5 - - [11/Jul/2026:08:42:20 -0700] "GET /wp-sitemap-posts-page-1.xml HTTP/1.1" 200 5877 "-" "Mozilla/5.0 (Macintosh; Intel Mac OS X 15_1_0) AppleWebKit/537.36 (KHTML, like Gecko) Chrome/131.0.6778.265 Safari/537.36"
181.94.250.73 - - [11/Jul/2026:08:42:16 -0700] "POST /xmlrpc.php HTTP/1.1" 200 5618 "-" "Jetpack by WordPress.com (Jetpack 12.0; WordPress 6.3)"
83.99.206.1 - - [11/Jul/2026:08:42:10 -0700] "GET /properties/88-Residential-2539-Tuskegee-Street-6-Rooms-5-Bedrooms-2-Bathrooms-USD299-995/ HTTP/1.1" 200 37973 "-" "Mozilla/5.0 (X11; Linux x86_64) AppleWebKit/537.36 (KHTML, like Gecko; GeedoShopProductFinder) Chrome/142.0.0.0 Safari/537.36"
181.94.250.73 - - [11/Jul/2026:08:42:26 -0700] "POST /xmlrpc.php HTTP/1.1" 403 5841 "-" "WordPress.com; https://wordpress.com"
83.99.206.1 - - [11/Jul/2026:08:42:30 -0700] "GET /properties/101-Residential-7224-Scenic-Desert-Court-7-Rooms-3-Bedrooms-3-Bathrooms-USD357-000/ HTTP/1.1" 200 36558 "-" "Mozilla/5.0 (X11; Linux x86_64) AppleWebKit/537.36 (KHTML, like Gecko; GeedoShopProductFinder) Chrome/142.0.0.0 Safari/537.36"
35.235.84.95 - - [11/Jul/2026:08:42:38 -0700] "POST /wp-cron.php?doing_wp_cron=1783784558.5665879249572753906250 HTTP/1.1" 200 5076 "-" "WordPress/7.0.1; https://vanessavaladezrealty.com"
181.94.250.73 - - [11/Jul/2026:08:42:37 -0700] "POST /xmlrpc.php HTTP/1.1" 200 5618 "-" "Jetpack by WordPress.com (Jetpack 12.1; WordPress 6.2)"
35.235.84.95 - - [11/Jul/2026:08:42:51 -0700] "POST /wp-cron.php?doing_wp_cron=1783784571.8730490207672119140625 HTTP/1.1" 200 5076 "-" "WordPress/7.0.1; https://vanessavaladezrealty.com"
83.99.206.1 - - [11/Jul/2026:08:42:50 -0700] "GET /properties/92-Residential-Las-Vegas-NV-89121-6-Rooms-2-Bedrooms-2-Bathrooms-USD265-000/ HTTP/1.1" 200 37502 "-" "Mozilla/5.0 (X11; Linux x86_64) AppleWebKit/537.36 (KHTML, like Gecko; GeedoShopProductFinder) Chrome/142.0.0.0 Safari/537.36"
181.94.250.73 - - [11/Jul/2026:08:42:48 -0700] "POST /xmlrpc.php HTTP/1.1" 200 5618 "-" "Jetpack/12.0; WordPress/6.2; http://site74426209.com"
181.94.250.73 - - [11/Jul/2026:08:42:59 -0700] "POST /xmlrpc.php HTTP/1.1" 200 5618 "-" "Jetpack by WordPress.com (Jetpack 12.5; WordPress 6.4)"
181.94.250.73 - - [11/Jul/2026:08:43:09 -0700] "POST /xmlrpc.php HTTP/1.1" 200 5618 "-" "Jetpack/12.1; WordPress/6.1; http://site20170238.com"
83.99.206.1 - - [11/Jul/2026:08:43:10 -0700] "GET /properties/?wplview=property_show&pid=123 HTTP/1.1" 200 37069 "-" "Mozilla/5.0 (X11; Linux x86_64) AppleWebKit/537.36 (KHTML, like Gecko; GeedoShopProductFinder) Chrome/142.0.0.0 Safari/537.36"
181.94.250.73 - - [11/Jul/2026:08:43:20 -0700] "POST /xmlrpc.php HTTP/1.1" 403 5841 "-" "WordPress.com; https://wordpress.com"
181.94.250.73 - - [11/Jul/2026:08:43:31 -0700] "POST /xmlrpc.php HTTP/1.1" 200 5618 "-" "Jetpack/12.5; WordPress/6.1; http://site93362187.com"
181.94.250.73 - - [11/Jul/2026:08:43:41 -0700] "POST /xmlrpc.php HTTP/1.1" 200 5618 "-" "Jetpack by WordPress.com (Jetpack 12.5; WordPress 6.1)"
161.49.161.52 - - [11/Jul/2026:08:43:41 -0700] "POST /xmlrpc.php HTTP/1.1" 200 5618 "-" "Jetpack/12.0; WordPress/6.3; http://site29930917.com"
160.179.166.124 - - [11/Jul/2026:08:43:43 -0700] "GET /.env HTTP/1.1" 403 5841 "-" "-"
181.94.250.73 - - [11/Jul/2026:08:43:52 -0700] "POST /xmlrpc.php HTTP/1.1" 403 5841 "-" "WordPress.com; https://wordpress.com"
35.235.84.95 - - [11/Jul/2026:08:43:53 -0700] "POST /wp-cron.php?doing_wp_cron=1783784633.3039178848266601562500 HTTP/1.1" 200 5076 "-" "WordPress/7.0.1; https://vanessavaladezrealty.com"
161.49.161.52 - - [11/Jul/2026:08:43:52 -0700] "POST /xmlrpc.php HTTP/1.1" 200 5618 "-" "Jetpack by WordPress.com (Jetpack 12.5; WordPress 6.4)"
181.94.250.73 - - [11/Jul/2026:08:44:03 -0700] "POST /xmlrpc.php HTTP/1.1" 403 5841 "-" "WordPress.com; https://wordpress.com"
161.49.161.52 - - [11/Jul/2026:08:44:03 -0700] "POST /xmlrpc.php HTTP/1.1" 200 5618 "-" "Jetpack by WordPress.com (Jetpack 12.0; WordPress 6.3)"
181.94.250.73 - - [11/Jul/2026:08:44:13 -0700] "POST /xmlrpc.php HTTP/1.1" 403 5841 "-" "Jetpack by WordPress.com"
161.49.161.52 - - [11/Jul/2026:08:44:13 -0700] "POST /xmlrpc.php HTTP/1.1" 200 5618 "-" "Jetpack by WordPress.com"
181.94.250.73 - - [11/Jul/2026:08:44:24 -0700] "POST /xmlrpc.php HTTP/1.1" 200 5618 "-" "Jetpack by WordPress.com (Jetpack 12.5; WordPress 6.3)"
