35.235.84.95 - - [10/Jul/2026:12:23:23 -0700] "POST /wp-cron.php?doing_wp_cron=1783711403.0100181102752685546875 HTTP/1.1" 200 3587 "-" "WordPress/7.0.1; https://vanessavaladezrealty.com"
51.79.254.190 - - [10/Jul/2026:12:23:21 -0700] "GET /wp-login.php HTTP/1.1" 200 6364 "-" "Mozilla/5.0 (Windows NT 10.0; Win64; x64) AppleWebKit/537.36 (KHTML, like Gecko) Chrome/133.0.0.0 Safari/537.36"
51.79.254.190 - - [10/Jul/2026:12:23:23 -0700] "POST /wp-login.php HTTP/1.1" 200 6466 "https://vanessavaladezrealty.com/wp-login.php" "Mozilla/5.0 (Windows NT 10.0; Win64; x64) AppleWebKit/537.36 (KHTML, like Gecko) Chrome/133.0.0.0 Safari/537.36"
157.55.39.60 - - [10/Jul/2026:12:23:49 -0700] "GET /cropped-Vanessa_Valadez_Logo-removebg-preview-5.png/ HTTP/1.1" 200 24623 "-" "Mozilla/5.0 AppleWebKit/537.36 (KHTML, like Gecko; compatible; bingbot/2.0; +http://www.bing.com/bingbot.htm) Chrome/116.0.1938.76 Safari/537.36"
157.55.39.60 - - [10/Jul/2026:12:23:47 -0700] "GET /cropped-Vanessa_Valadez_Logo-removebg-preview-5.png HTTP/1.1" 301 4164 "-" "Mozilla/5.0 AppleWebKit/537.36 (KHTML, like Gecko; compatible; bingbot/2.0; +http://www.bing.com/bingbot.htm) Chrome/116.0.1938.76 Safari/537.36"
35.235.84.95 - - [10/Jul/2026:12:26:00 -0700] "POST /wp-cron.php?doing_wp_cron=1783711560.9671359062194824218750 HTTP/1.1" 200 3587 "-" "WordPress/7.0.1; https://vanessavaladezrealty.com"
67.43.12.67 - - [10/Jul/2026:12:25:59 -0700] "GET /wp-login.php HTTP/1.1" 200 6364 "-" "Mozilla/5.0 (Windows NT 10.0; Win64; x64) AppleWebKit/537.36 (KHTML, like Gecko) Chrome/133.0.0.0 Safari/537.36"
67.43.12.67 - - [10/Jul/2026:12:26:02 -0700] "POST /wp-login.php HTTP/1.1" 200 6450 "https://vanessavaladezrealty.com/wp-login.php" "Mozilla/5.0 (Windows NT 10.0; Win64; x64) AppleWebKit/537.36 (KHTML, like Gecko) Chrome/133.0.0.0 Safari/537.36"
35.235.84.95 - - [10/Jul/2026:12:29:57 -0700] "POST /wp-cron.php?doing_wp_cron=1783711797.1230790615081787109375 HTTP/1.1" 200 3587 "-" "WordPress/7.0.1; https://vanessavaladezrealty.com"
78.142.18.172 - - [10/Jul/2026:12:29:56 -0700] "GET /wp-login.php HTTP/1.1" 200 6364 "-" "Mozilla/5.0 (Windows NT 10.0; Win64; x64) AppleWebKit/537.36 (KHTML, like Gecko) Chrome/133.0.0.0 Safari/537.36"
78.142.18.172 - - [10/Jul/2026:12:29:57 -0700] "POST /wp-login.php HTTP/1.1" 200 6445 "https://vanessavaladezrealty.com/wp-login.php" "Mozilla/5.0 (Windows NT 10.0; Win64; x64) AppleWebKit/537.36 (KHTML, like Gecko) Chrome/133.0.0.0 Safari/537.36"
35.235.84.95 - - [10/Jul/2026:12:32:38 -0700] "POST /wp-cron.php?doing_wp_cron=1783711958.9661369323730468750000 HTTP/1.1" 200 3587 "-" "WordPress/7.0.1; https://vanessavaladezrealty.com"
41.158.161.137 - - [10/Jul/2026:12:32:37 -0700] "GET /properties/vanessavaladez/tel:7027760711/tel:7027760711/tel:7027760711/tel:7027760711/tel:7027760711/?wplpage=2 HTTP/1.1" 200 33548 "-" "Mozilla/5.0 (Windows NT 6.3; Win64; x64) AppleWebKit/537.36 (KHTML, like Gecko) Chrome/96.0.4664.45 Safari/537.36"
35.235.84.95 - - [10/Jul/2026:12:35:52 -0700] "POST /wp-cron.php?doing_wp_cron=1783712152.2663381099700927734375 HTTP/1.1" 200 3587 "-" "WordPress/7.0.1; https://vanessavaladezrealty.com"
35.235.84.95 - - [10/Jul/2026:12:35:52 -0700] "POST /wp-cron.php?doing_wp_cron=1783712152.3444120883941650390625 HTTP/1.1" 200 3587 "-" "WordPress/7.0.1; https://vanessavaladezrealty.com"
157.10.6.54 - - [10/Jul/2026:12:35:51 -0700] "GET /robots.txt HTTP/1.1" 200 4273 "-" "Mozilla/5.0 (Macintosh; Intel Mac OS X 12.5; rv:135.0) Gecko/20100101 Firefox/135.0"
35.235.84.95 - - [10/Jul/2026:12:42:30 -0700] "POST /wp-cron.php?doing_wp_cron=1783712550.3473780155181884765625 HTTP/1.1" 200 3587 "-" "WordPress/7.0.1; https://vanessavaladezrealty.com"
67.43.12.67 - - [10/Jul/2026:12:42:29 -0700] "GET /wp-login.php HTTP/1.1" 200 6364 "-" "Mozilla/5.0 (Windows NT 10.0; Win64; x64) AppleWebKit/537.36 (KHTML, like Gecko) Chrome/133.0.0.0 Safari/537.36"
67.43.12.67 - - [10/Jul/2026:12:42:30 -0700] "POST /wp-login.php HTTP/1.1" 200 6446 "https://vanessavaladezrealty.com/wp-login.php" "Mozilla/5.0 (Windows NT 10.0; Win64; x64) AppleWebKit/537.36 (KHTML, like Gecko) Chrome/133.0.0.0 Safari/537.36"
35.235.84.95 - - [10/Jul/2026:12:44:00 -0700] "POST /wp-cron.php?doing_wp_cron=1783712640.5013670921325683593750 HTTP/1.1" 200 3587 "-" "WordPress/7.0.1; https://vanessavaladezrealty.com"
196.96.42.39 - - [10/Jul/2026:12:43:58 -0700] "GET /properties/?pid=103&wplview=property_show HTTP/1.1" 200 37989 "-" "Mozilla/5.0 (Windows NT 6.1; Win64; x64) AppleWebKit/537.36 (KHTML, like Gecko) Chrome/85.0.4183.121 Safari/537.36"
35.235.84.95 - - [10/Jul/2026:12:47:55 -0700] "POST /wp-cron.php?doing_wp_cron=1783712875.8351008892059326171875 HTTP/1.1" 200 3587 "-" "WordPress/7.0.1; https://vanessavaladezrealty.com"
67.43.12.67 - - [10/Jul/2026:12:47:54 -0700] "GET /wp-login.php HTTP/1.1" 200 6364 "-" "Mozilla/5.0 (Windows NT 10.0; Win64; x64) AppleWebKit/537.36 (KHTML, like Gecko) Chrome/133.0.0.0 Safari/537.36"
67.43.12.67 - - [10/Jul/2026:12:47:56 -0700] "POST /wp-login.php HTTP/1.1" 200 6466 "https://vanessavaladezrealty.com/wp-login.php" "Mozilla/5.0 (Windows NT 10.0; Win64; x64) AppleWebKit/537.36 (KHTML, like Gecko) Chrome/133.0.0.0 Safari/537.36"
35.235.84.95 - - [10/Jul/2026:12:50:52 -0700] "POST /wp-cron.php?doing_wp_cron=1783713052.4373478889465332031250 HTTP/1.1" 200 3587 "-" "WordPress/7.0.1; https://vanessavaladezrealty.com"
148.66.159.112 - - [10/Jul/2026:12:50:51 -0700] "GET /wp-login.php HTTP/1.1" 200 6364 "-" "Mozilla/5.0 (Windows NT 10.0; Win64; x64) AppleWebKit/537.36 (KHTML, like Gecko) Chrome/133.0.0.0 Safari/537.36"
148.66.159.112 - - [10/Jul/2026:12:50:52 -0700] "POST /wp-login.php HTTP/1.1" 200 6450 "https://vanessavaladezrealty.com/wp-login.php" "Mozilla/5.0 (Windows NT 10.0; Win64; x64) AppleWebKit/537.36 (KHTML, like Gecko) Chrome/133.0.0.0 Safari/537.36"
203.76.222.92 - - [10/Jul/2026:12:57:01 -0700] "GET /wp-json/wp/v2/users HTTP/1.1" 403 4352 "-" "Mozilla/4.0 (compatible; Win32; WinHttp.WinHttpRequest.5)"
35.235.84.95 - - [10/Jul/2026:12:57:42 -0700] "POST /wp-cron.php?doing_wp_cron=1783713462.0527410507202148437500 HTTP/1.1" 200 3587 "-" "WordPress/7.0.1; https://vanessavaladezrealty.com"
203.76.222.92 - - [10/Jul/2026:12:57:40 -0700] "POST /xmlrpc.php HTTP/1.1" 200 4129 "-" "Mozilla/5.0 (Windows NT 10.0; x86) AppleWebKit/537.36 (KHTML, like Gecko) Safari/11.0.0.0 Safari/537.36"
203.76.222.92 - - [10/Jul/2026:12:58:18 -0700] "POST /xmlrpc.php HTTP/1.1" 200 4129 "-" "Mozilla/5.0 (Windows NT 10.0; x64) AppleWebKit/537.36 (KHTML, like Gecko) Safari/13.0.0.0 Safari/537.36"
35.235.84.95 - - [10/Jul/2026:12:58:52 -0700] "POST /wp-cron.php?doing_wp_cron=1783713532.9331669807434082031250 HTTP/1.1" 200 3587 "-" "WordPress/7.0.1; https://vanessavaladezrealty.com"
203.76.222.92 - - [10/Jul/2026:12:58:51 -0700] "POST /xmlrpc.php HTTP/1.1" 200 4129 "-" "Mozilla/5.0 (Macintosh; Intel Mac OS X 10_15_7; arm64) AppleWebKit/537.36 (KHTML, like Gecko) Edge/99.0.0.0 Safari/537.36"
203.76.222.92 - - [10/Jul/2026:12:59:20 -0700] "POST /xmlrpc.php HTTP/1.1" 200 4129 "-" "Mozilla/5.0 (Windows NT 6.2; x64) AppleWebKit/537.36 (KHTML, like Gecko) Edge/83.0.0.0 Safari/537.36"
35.235.84.95 - - [10/Jul/2026:13:00:01 -0700] "POST /wp-cron.php?doing_wp_cron=1783713601.1052649021148681640625 HTTP/1.1" 200 3587 "-" "WordPress/7.0.1; https://vanessavaladezrealty.com"
203.76.222.92 - - [10/Jul/2026:13:00:00 -0700] "POST /xmlrpc.php HTTP/1.1" 200 4129 "-" "Mozilla/5.0 (Windows NT 10.0; x64) AppleWebKit/537.36 (KHTML, like Gecko) Firefox/79.0.0.0 Safari/537.36"
203.76.222.92 - - [10/Jul/2026:13:00:36 -0700] "POST /xmlrpc.php HTTP/1.1" 200 4129 "-" "Mozilla/5.0 (Windows NT 6.3; x86) AppleWebKit/537.36 (KHTML, like Gecko) Safari/14.0.0.0 Safari/537.36"
35.235.84.95 - - [10/Jul/2026:13:00:42 -0700] "HEAD / HTTP/1.1" 200 4253 "-" "Mozilla/5.0 (Windows NT 10.0; Win64; x64) AppleWebKit/537.36 (KHTML, like Gecko) Chrome/117.0.0.0 Safari/537.36"
35.235.84.95 - - [10/Jul/2026:13:01:09 -0700] "POST /wp-cron.php?doing_wp_cron=1783713669.0831410884857177734375 HTTP/1.1" 200 3587 "-" "WordPress/7.0.1; https://vanessavaladezrealty.com"
203.76.222.92 - - [10/Jul/2026:13:01:08 -0700] "POST /xmlrpc.php HTTP/1.1" 200 4129 "-" "Mozilla/5.0 (Windows NT 10.0; arm64) AppleWebKit/537.36 (KHTML, like Gecko) Opera/66.0.0.0 Safari/537.36"
35.235.84.95 - - [10/Jul/2026:13:01:43 -0700] "POST /wp-cron.php?doing_wp_cron=1783713703.0545411109924316406250 HTTP/1.1" 200 3587 "-" "WordPress/7.0.1; https://vanessavaladezrealty.com"
203.76.222.92 - - [10/Jul/2026:13:01:41 -0700] "POST /xmlrpc.php HTTP/1.1" 200 4129 "-" "Mozilla/5.0 (Windows NT 6.3; x86) AppleWebKit/537.36 (KHTML, like Gecko) Firefox/83.0.0.0 Safari/537.36"
203.76.222.92 - - [10/Jul/2026:13:02:20 -0700] "POST /xmlrpc.php HTTP/1.1" 200 4129 "-" "Mozilla/5.0 (Windows NT 6.3; arm64) AppleWebKit/537.36 (KHTML, like Gecko) Opera/74.0.0.0 Safari/537.36"
35.235.84.95 - - [10/Jul/2026:13:02:57 -0700] "POST /wp-cron.php?doing_wp_cron=1783713777.7387270927429199218750 HTTP/1.1" 200 3587 "-" "WordPress/7.0.1; https://vanessavaladezrealty.com"
203.76.222.92 - - [10/Jul/2026:13:02:56 -0700] "POST /xmlrpc.php HTTP/1.1" 200 4129 "-" "Mozilla/5.0 (Windows NT 10.0; arm64) AppleWebKit/537.36 (KHTML, like Gecko) Chrome/90.0.0.0 Safari/537.36"
203.76.222.92 - - [10/Jul/2026:13:03:40 -0700] "POST /xmlrpc.php HTTP/1.1" 200 4129 "-" "Mozilla/5.0 (Macintosh; Intel Mac OS X 10_15_7; x64) AppleWebKit/537.36 (KHTML, like Gecko) Edge/92.0.0.0 Safari/537.36"
35.235.84.95 - - [10/Jul/2026:13:04:10 -0700] "POST /wp-cron.php?doing_wp_cron=1783713850.8781099319458007812500 HTTP/1.1" 200 3587 "-" "WordPress/7.0.1; https://vanessavaladezrealty.com"
203.76.222.92 - - [10/Jul/2026:13:04:09 -0700] "POST /xmlrpc.php HTTP/1.1" 200 4129 "-" "Mozilla/5.0 (Macintosh; Intel Mac OS X 10_15_7; x86) AppleWebKit/537.36 (KHTML, like Gecko) Safari/13.0.0.0 Safari/537.36"
203.76.222.92 - - [10/Jul/2026:13:04:43 -0700] "POST /xmlrpc.php HTTP/1.1" 200 4129 "-" "Mozilla/5.0 (Linux; Android 10; x86) AppleWebKit/537.36 (KHTML, like Gecko) Edge/84.0.0.0 Safari/537.36"
35.235.84.95 - - [10/Jul/2026:13:05:14 -0700] "POST /wp-cron.php?doing_wp_cron=1783713914.7373769283294677734375 HTTP/1.1" 200 3587 "-" "WordPress/7.0.1; https://vanessavaladezrealty.com"
203.76.222.92 - - [10/Jul/2026:13:05:13 -0700] "POST /xmlrpc.php HTTP/1.1" 200 4129 "-" "Mozilla/5.0 (Windows NT 6.3; x64) AppleWebKit/537.36 (KHTML, like Gecko) Safari/10.0.0.0 Safari/537.36"
203.76.222.92 - - [10/Jul/2026:13:05:44 -0700] "POST /xmlrpc.php HTTP/1.1" 200 4129 "-" "Mozilla/5.0 (Windows NT 6.3; arm64) AppleWebKit/537.36 (KHTML, like Gecko) Firefox/97.0.0.0 Safari/537.36"
35.235.84.95 - - [10/Jul/2026:13:06:13 -0700] "POST /wp-cron.php?doing_wp_cron=1783713973.7047100067138671875000 HTTP/1.1" 200 3587 "-" "WordPress/7.0.1; https://vanessavaladezrealty.com"
203.76.222.92 - - [10/Jul/2026:13:06:12 -0700] "POST /xmlrpc.php HTTP/1.1" 200 4129 "-" "Mozilla/5.0 (X11; Ubuntu; Linux x86_64; x86) AppleWebKit/537.36 (KHTML, like Gecko) Opera/66.0.0.0 Safari/537.36"
35.235.84.95 - - [10/Jul/2026:13:06:38 -0700] "POST /wp-cron.php?doing_wp_cron=1783713998.2832579612731933593750 HTTP/1.1" 200 3587 "-" "WordPress/7.0.1; https://vanessavaladezrealty.com"
203.76.222.92 - - [10/Jul/2026:13:06:37 -0700] "POST /xmlrpc.php HTTP/1.1" 200 4129 "-" "Mozilla/5.0 (Windows NT 6.2; arm64) AppleWebKit/537.36 (KHTML, like Gecko) Edge/82.0.0.0 Safari/537.36"
203.76.222.92 - - [10/Jul/2026:13:07:06 -0700] "POST /xmlrpc.php HTTP/1.1" 200 4129 "-" "Mozilla/5.0 (Linux; Android 10; x64) AppleWebKit/537.36 (KHTML, like Gecko) Chrome/110.0.0.0 Safari/537.36"
35.235.84.95 - - [10/Jul/2026:13:07:38 -0700] "POST /wp-cron.php?doing_wp_cron=1783714058.8366069793701171875000 HTTP/1.1" 200 3587 "-" "WordPress/7.0.1; https://vanessavaladezrealty.com"
203.76.222.92 - - [10/Jul/2026:13:07:37 -0700] "POST /xmlrpc.php HTTP/1.1" 200 4129 "-" "Mozilla/5.0 (Windows NT 6.3; x86) AppleWebKit/537.36 (KHTML, like Gecko) Chrome/94.0.0.0 Safari/537.36"
35.235.84.95 - - [10/Jul/2026:13:08:10 -0700] "POST /wp-cron.php?doing_wp_cron=1783714090.9059159755706787109375 HTTP/1.1" 200 3587 "-" "WordPress/7.0.1; https://vanessavaladezrealty.com"
203.76.222.92 - - [10/Jul/2026:13:08:09 -0700] "POST /xmlrpc.php HTTP/1.1" 200 4129 "-" "Mozilla/5.0 (Linux; Android 10; x64) AppleWebKit/537.36 (KHTML, like Gecko) Chrome/108.0.0.0 Safari/537.36"
203.76.222.92 - - [10/Jul/2026:13:08:37 -0700] "POST /xmlrpc.php HTTP/1.1" 200 4129 "-" "Mozilla/5.0 (Windows NT 6.3; arm64) AppleWebKit/537.36 (KHTML, like Gecko) Safari/14.0.0.0 Safari/537.36"
35.235.84.95 - - [10/Jul/2026:13:09:07 -0700] "POST /wp-cron.php?doing_wp_cron=1783714147.7139120101928710937500 HTTP/1.1" 200 3587 "-" "WordPress/7.0.1; https://vanessavaladezrealty.com"
203.76.222.92 - - [10/Jul/2026:13:09:06 -0700] "POST /xmlrpc.php HTTP/1.1" 200 4129 "-" "Mozilla/5.0 (Windows NT 6.3; x86) AppleWebKit/537.36 (KHTML, like Gecko) Firefox/95.0.0.0 Safari/537.36"
67.43.12.67 - - [10/Jul/2026:13:09:30 -0700] "GET /wp-json/wp/v2/users/me HTTP/1.1" 403 4352 "-" "Mozilla/5.0 (Windows NT 10.0; Win64; x64) AppleWebKit/537.36 (KHTML, like Gecko) Chrome/133.0.0.0 Safari/537.36"
203.76.222.92 - - [10/Jul/2026:13:09:40 -0700] "POST /xmlrpc.php HTTP/1.1" 200 4129 "-" "Mozilla/5.0 (Linux; Android 10; arm64) AppleWebKit/537.36 (KHTML, like Gecko) Safari/14.0.0.0 Safari/537.36"
35.235.84.95 - - [10/Jul/2026:13:10:18 -0700] "POST /wp-cron.php?doing_wp_cron=1783714218.4664049148559570312500 HTTP/1.1" 200 3587 "-" "WordPress/7.0.1; https://vanessavaladezrealty.com"
203.76.222.92 - - [10/Jul/2026:13:10:17 -0700] "POST /xmlrpc.php HTTP/1.1" 200 4129 "-" "Mozilla/5.0 (X11; Ubuntu; Linux x86_64; x64) AppleWebKit/537.36 (KHTML, like Gecko) Opera/62.0.0.0 Safari/537.36"
79.112.109.195 - - [10/Jul/2026:13:10:13 -0700] "GET /wp-json/wp/v2/users/me HTTP/1.1" 403 4352 "-" "Mozilla/5.0 (Windows NT 10.0; Win64; x64) AppleWebKit/537.36 (KHTML, like Gecko) Chrome/133.0.0.0 Safari/537.36"
35.235.84.95 - - [10/Jul/2026:13:10:54 -0700] "POST /wp-cron.php?doing_wp_cron=1783714254.5065469741821289062500 HTTP/1.1" 200 3587 "-" "WordPress/7.0.1; https://vanessavaladezrealty.com"
203.76.222.92 - - [10/Jul/2026:13:10:53 -0700] "POST /xmlrpc.php HTTP/1.1" 200 4129 "-" "Mozilla/5.0 (Windows NT 10.0; arm64) AppleWebKit/537.36 (KHTML, like Gecko) Chrome/109.0.0.0 Safari/537.36"
35.235.84.95 - - [10/Jul/2026:13:11:30 -0700] "POST /wp-cron.php?doing_wp_cron=1783714290.2296841144561767578125 HTTP/1.1" 200 3587 "-" "WordPress/7.0.1; https://vanessavaladezrealty.com"
203.76.222.92 - - [10/Jul/2026:13:11:29 -0700] "POST /xmlrpc.php HTTP/1.1" 200 4129 "-" "Mozilla/5.0 (Windows NT 6.2; arm64) AppleWebKit/537.36 (KHTML, like Gecko) Firefox/93.0.0.0 Safari/537.36"
203.76.222.92 - - [10/Jul/2026:13:12:01 -0700] "POST /xmlrpc.php HTTP/1.1" 200 4129 "-" "Mozilla/5.0 (Linux; Android 10; arm64) AppleWebKit/537.36 (KHTML, like Gecko) Safari/14.0.0.0 Safari/537.36"
203.76.222.92 - - [10/Jul/2026:13:12:24 -0700] "POST /xmlrpc.php HTTP/1.1" 200 4129 "-" "Mozilla/5.0 (Windows NT 10.0; x64) AppleWebKit/537.36 (KHTML, like Gecko) Opera/72.0.0.0 Safari/537.36"
35.235.84.95 - - [10/Jul/2026:13:12:51 -0700] "POST /wp-cron.php?doing_wp_cron=1783714371.5414350032806396484375 HTTP/1.1" 200 3587 "-" "WordPress/7.0.1; https://vanessavaladezrealty.com"
203.76.222.92 - - [10/Jul/2026:13:12:50 -0700] "POST /xmlrpc.php HTTP/1.1" 200 4129 "-" "Mozilla/5.0 (Linux; Android 10; arm64) AppleWebKit/537.36 (KHTML, like Gecko) Safari/12.0.0.0 Safari/537.36"
203.76.222.92 - - [10/Jul/2026:13:13:19 -0700] "POST /xmlrpc.php HTTP/1.1" 200 4129 "-" "Mozilla/5.0 (Macintosh; Intel Mac OS X 10_15_7; x86) AppleWebKit/537.36 (KHTML, like Gecko) Safari/11.0.0.0 Safari/537.36"
203.76.222.92 - - [10/Jul/2026:13:13:46 -0700] "POST /xmlrpc.php HTTP/1.1" 200 4129 "-" "Mozilla/5.0 (Windows NT 6.3; x64) AppleWebKit/537.36 (KHTML, like Gecko) Firefox/94.0.0.0 Safari/537.36"
35.235.84.95 - - [10/Jul/2026:13:14:19 -0700] "POST /wp-cron.php?doing_wp_cron=1783714459.5914011001586914062500 HTTP/1.1" 200 3587 "-" "WordPress/7.0.1; https://vanessavaladezrealty.com"
203.76.222.92 - - [10/Jul/2026:13:14:18 -0700] "POST /xmlrpc.php HTTP/1.1" 200 4129 "-" "Mozilla/5.0 (X11; Ubuntu; Linux x86_64; arm64) AppleWebKit/537.36 (KHTML, like Gecko) Firefox/85.0.0.0 Safari/537.36"
203.76.222.92 - - [10/Jul/2026:13:14:45 -0700] "POST /xmlrpc.php HTTP/1.1" 200 4129 "-" "Mozilla/5.0 (Windows NT 6.2; arm64) AppleWebKit/537.36 (KHTML, like Gecko) Chrome/94.0.0.0 Safari/537.36"
35.235.84.95 - - [10/Jul/2026:13:15:10 -0700] "POST /wp-cron.php?doing_wp_cron=1783714510.8504240512847900390625 HTTP/1.1" 200 3587 "-" "WordPress/7.0.1; https://vanessavaladezrealty.com"
203.76.222.92 - - [10/Jul/2026:13:15:09 -0700] "POST /xmlrpc.php HTTP/1.1" 200 4129 "-" "Mozilla/5.0 (Windows NT 6.3; arm64) AppleWebKit/537.36 (KHTML, like Gecko) Opera/62.0.0.0 Safari/537.36"
203.76.222.92 - - [10/Jul/2026:13:15:27 -0700] "POST /xmlrpc.php HTTP/1.1" 200 4129 "-" "Mozilla/5.0 (Linux; Android 10; x64) AppleWebKit/537.36 (KHTML, like Gecko) Safari/10.0.0.0 Safari/537.36"
35.235.84.95 - - [10/Jul/2026:13:15:51 -0700] "POST /wp-cron.php?doing_wp_cron=1783714551.2629408836364746093750 HTTP/1.1" 200 3587 "-" "WordPress/7.0.1; https://vanessavaladezrealty.com"
203.76.222.92 - - [10/Jul/2026:13:15:50 -0700] "POST /xmlrpc.php HTTP/1.1" 200 4129 "-" "Mozilla/5.0 (Macintosh; Intel Mac OS X 10_15_7; x86) AppleWebKit/537.36 (KHTML, like Gecko) Safari/14.0.0.0 Safari/537.36"
203.76.222.92 - - [10/Jul/2026:13:16:10 -0700] "POST /xmlrpc.php HTTP/1.1" 200 4129 "-" "Mozilla/5.0 (X11; Ubuntu; Linux x86_64; x64) AppleWebKit/537.36 (KHTML, like Gecko) Edge/93.0.0.0 Safari/537.36"
35.235.84.95 - - [10/Jul/2026:13:16:30 -0700] "POST /wp-cron.php?doing_wp_cron=1783714590.9575901031494140625000 HTTP/1.1" 200 3587 "-" "WordPress/7.0.1; https://vanessavaladezrealty.com"
203.76.222.92 - - [10/Jul/2026:13:16:29 -0700] "POST /xmlrpc.php HTTP/1.1" 200 4129 "-" "Mozilla/5.0 (Windows NT 6.3; x86) AppleWebKit/537.36 (KHTML, like Gecko) Firefox/75.0.0.0 Safari/537.36"
216.222.196.20 - - [10/Jul/2026:13:16:32 -0700] "GET /wp-login.php HTTP/1.1" 200 6364 "-" "Mozilla/5.0 (Windows NT 10.0; Win64; x64) AppleWebKit/537.36 (KHTML, like Gecko) Chrome/133.0.0.0 Safari/537.36"
216.222.196.20 - - [10/Jul/2026:13:16:33 -0700] "POST /wp-login.php HTTP/1.1" 200 6466 "https://vanessavaladezrealty.com/wp-login.php" "Mozilla/5.0 (Windows NT 10.0; Win64; x64) AppleWebKit/537.36 (KHTML, like Gecko) Chrome/133.0.0.0 Safari/537.36"
203.76.222.92 - - [10/Jul/2026:13:16:51 -0700] "POST /xmlrpc.php HTTP/1.1" 200 4129 "-" "Mozilla/5.0 (Linux; Android 10; arm64) AppleWebKit/537.36 (KHTML, like Gecko) Edge/88.0.0.0 Safari/537.36"
203.76.222.92 - - [10/Jul/2026:13:17:12 -0700] "POST /xmlrpc.php HTTP/1.1" 200 4129 "-" "Mozilla/5.0 (X11; Ubuntu; Linux x86_64; x64) AppleWebKit/537.36 (KHTML, like Gecko) Edge/84.0.0.0 Safari/537.36"
35.235.84.95 - - [10/Jul/2026:13:17:43 -0700] "POST /wp-cron.php?doing_wp_cron=1783714663.4682590961456298828125 HTTP/1.1" 200 3587 "-" "WordPress/7.0.1; https://vanessavaladezrealty.com"
203.76.222.92 - - [10/Jul/2026:13:17:42 -0700] "POST /xmlrpc.php HTTP/1.1" 200 4129 "-" "Mozilla/5.0 (Macintosh; Intel Mac OS X 10_15_7; x86) AppleWebKit/537.36 (KHTML, like Gecko) Safari/14.0.0.0 Safari/537.36"
35.235.84.95 - - [10/Jul/2026:13:18:03 -0700] "POST /wp-cron.php?doing_wp_cron=1783714683.8653800487518310546875 HTTP/1.1" 200 3587 "-" "WordPress/7.0.1; https://vanessavaladezrealty.com"
203.76.222.92 - - [10/Jul/2026:13:18:02 -0700] "POST /xmlrpc.php HTTP/1.1" 200 4129 "-" "Mozilla/5.0 (Macintosh; Intel Mac OS X 10_15_7; x86) AppleWebKit/537.36 (KHTML, like Gecko) Opera/72.0.0.0 Safari/537.36"
203.76.222.92 - - [10/Jul/2026:13:18:20 -0700] "POST /xmlrpc.php HTTP/1.1" 200 4129 "-" "Mozilla/5.0 (Windows NT 6.2; x64) AppleWebKit/537.36 (KHTML, like Gecko) Firefox/91.0.0.0 Safari/537.36"
203.76.222.92 - - [10/Jul/2026:13:18:38 -0700] "POST /xmlrpc.php HTTP/1.1" 200 4129 "-" "Mozilla/5.0 (Macintosh; Intel Mac OS X 10_15_7; arm64) AppleWebKit/537.36 (KHTML, like Gecko) Opera/79.0.0.0 Safari/537.36"
35.235.84.95 - - [10/Jul/2026:13:19:06 -0700] "POST /wp-cron.php?doing_wp_cron=1783714746.3173570632934570312500 HTTP/1.1" 200 3587 "-" "WordPress/7.0.1; https://vanessavaladezrealty.com"
203.76.222.92 - - [10/Jul/2026:13:19:05 -0700] "POST /xmlrpc.php HTTP/1.1" 200 4129 "-" "Mozilla/5.0 (Windows NT 10.0; x64) AppleWebKit/537.36 (KHTML, like Gecko) Safari/14.0.0.0 Safari/537.36"
203.76.222.92 - - [10/Jul/2026:13:19:24 -0700] "POST /xmlrpc.php HTTP/1.1" 200 4129 "-" "Mozilla/5.0 (Macintosh; Intel Mac OS X 10_15_7; x86) AppleWebKit/537.36 (KHTML, like Gecko) Firefox/70.0.0.0 Safari/537.36"
203.76.222.92 - - [10/Jul/2026:13:19:45 -0700] "POST /xmlrpc.php HTTP/1.1" 200 4129 "-" "Mozilla/5.0 (X11; Ubuntu; Linux x86_64; x64) AppleWebKit/537.36 (KHTML, like Gecko) Chrome/115.0.0.0 Safari/537.36"
35.235.84.95 - - [10/Jul/2026:13:20:04 -0700] "POST /wp-cron.php?doing_wp_cron=1783714804.7283430099487304687500 HTTP/1.1" 200 3587 "-" "WordPress/7.0.1; https://vanessavaladezrealty.com"
203.76.222.92 - - [10/Jul/2026:13:20:03 -0700] "POST /xmlrpc.php HTTP/1.1" 200 4129 "-" "Mozilla/5.0 (Windows NT 10.0; x64) AppleWebKit/537.36 (KHTML, like Gecko) Safari/12.0.0.0 Safari/537.36"
203.76.222.92 - - [10/Jul/2026:13:20:26 -0700] "POST /xmlrpc.php HTTP/1.1" 200 4129 "-" "Mozilla/5.0 (Windows NT 6.2; arm64) AppleWebKit/537.36 (KHTML, like Gecko) Edge/80.0.0.0 Safari/537.36"
203.76.222.92 - - [10/Jul/2026:13:20:45 -0700] "POST /xmlrpc.php HTTP/1.1" 200 4129 "-" "Mozilla/5.0 (Windows NT 10.0; x86) AppleWebKit/537.36 (KHTML, like Gecko) Opera/64.0.0.0 Safari/537.36"
35.235.84.95 - - [10/Jul/2026:13:21:05 -0700] "POST /wp-cron.php?doing_wp_cron=1783714865.0917339324951171875000 HTTP/1.1" 200 3587 "-" "WordPress/7.0.1; https://vanessavaladezrealty.com"
203.76.222.92 - - [10/Jul/2026:13:21:04 -0700] "POST /xmlrpc.php HTTP/1.1" 200 4129 "-" "Mozilla/5.0 (Windows NT 6.3; x64) AppleWebKit/537.36 (KHTML, like Gecko) Chrome/88.0.0.0 Safari/537.36"
35.235.84.95 - - [10/Jul/2026:13:21:25 -0700] "POST /wp-cron.php?doing_wp_cron=1783714885.7550649642944335937500 HTTP/1.1" 200 3587 "-" "WordPress/7.0.1; https://vanessavaladezrealty.com"
203.76.222.92 - - [10/Jul/2026:13:21:24 -0700] "POST /xmlrpc.php HTTP/1.1" 200 4129 "-" "Mozilla/5.0 (Windows NT 10.0; x86) AppleWebKit/537.36 (KHTML, like Gecko) Chrome/90.0.0.0 Safari/537.36"
203.76.222.92 - - [10/Jul/2026:13:21:44 -0700] "POST /xmlrpc.php HTTP/1.1" 200 4129 "-" "Mozilla/5.0 (Linux; Android 10; arm64) AppleWebKit/537.36 (KHTML, like Gecko) Firefox/78.0.0.0 Safari/537.36"
203.76.222.92 - - [10/Jul/2026:13:22:10 -0700] "POST /xmlrpc.php HTTP/1.1" 200 4129 "-" "Mozilla/5.0 (X11; Ubuntu; Linux x86_64; x86) AppleWebKit/537.36 (KHTML, like Gecko) Edge/96.0.0.0 Safari/537.36"
35.235.84.95 - - [10/Jul/2026:13:22:34 -0700] "POST /wp-cron.php?doing_wp_cron=1783714954.0465009212493896484375 HTTP/1.1" 200 3587 "-" "WordPress/7.0.1; https://vanessavaladezrealty.com"
203.76.222.92 - - [10/Jul/2026:13:22:33 -0700] "POST /xmlrpc.php HTTP/1.1" 200 4129 "-" "Mozilla/5.0 (X11; Ubuntu; Linux x86_64; arm64) AppleWebKit/537.36 (KHTML, like Gecko) Safari/11.0.0.0 Safari/537.36"
35.235.84.95 - - [10/Jul/2026:13:22:52 -0700] "POST /wp-cron.php?doing_wp_cron=1783714972.5085990428924560546875 HTTP/1.1" 200 3587 "-" "WordPress/7.0.1; https://vanessavaladezrealty.com"
203.76.222.92 - - [10/Jul/2026:13:22:51 -0700] "POST /xmlrpc.php HTTP/1.1" 200 4129 "-" "Mozilla/5.0 (Windows NT 10.0; x86) AppleWebKit/537.36 (KHTML, like Gecko) Opera/72.0.0.0 Safari/537.36"
203.76.222.92 - - [10/Jul/2026:13:23:16 -0700] "POST /xmlrpc.php HTTP/1.1" 200 4129 "-" "Mozilla/5.0 (Macintosh; Intel Mac OS X 10_15_7; arm64) AppleWebKit/537.36 (KHTML, like Gecko) Chrome/114.0.0.0 Safari/537.36"
203.76.222.92 - - [10/Jul/2026:13:23:33 -0700] "POST /xmlrpc.php HTTP/1.1" 200 4129 "-" "Mozilla/5.0 (Linux; Android 10; arm64) AppleWebKit/537.36 (KHTML, like Gecko) Edge/83.0.0.0 Safari/537.36"
35.235.84.95 - - [10/Jul/2026:13:23:55 -0700] "POST /wp-cron.php?doing_wp_cron=1783715035.4045779705047607421875 HTTP/1.1" 200 3587 "-" "WordPress/7.0.1; https://vanessavaladezrealty.com"
203.76.222.92 - - [10/Jul/2026:13:23:54 -0700] "POST /xmlrpc.php HTTP/1.1" 200 4129 "-" "Mozilla/5.0 (Windows NT 6.3; arm64) AppleWebKit/537.36 (KHTML, like Gecko) Chrome/111.0.0.0 Safari/537.36"
203.76.222.92 - - [10/Jul/2026:13:24:13 -0700] "POST /xmlrpc.php HTTP/1.1" 200 4129 "-" "Mozilla/5.0 (Windows NT 6.3; x64) AppleWebKit/537.36 (KHTML, like Gecko) Chrome/86.0.0.0 Safari/537.36"
203.76.222.92 - - [10/Jul/2026:13:24:31 -0700] "POST /xmlrpc.php HTTP/1.1" 200 4129 "-" "Mozilla/5.0 (Windows NT 10.0; x86) AppleWebKit/537.36 (KHTML, like Gecko) Edge/86.0.0.0 Safari/537.36"
35.235.84.95 - - [10/Jul/2026:13:24:51 -0700] "POST /wp-cron.php?doing_wp_cron=1783715091.0611131191253662109375 HTTP/1.1" 200 3587 "-" "WordPress/7.0.1; https://vanessavaladezrealty.com"
203.76.222.92 - - [10/Jul/2026:13:24:50 -0700] "POST /xmlrpc.php HTTP/1.1" 200 4129 "-" "Mozilla/5.0 (Windows NT 10.0; x64) AppleWebKit/537.36 (KHTML, like Gecko) Safari/14.0.0.0 Safari/537.36"
203.76.222.92 - - [10/Jul/2026:13:25:07 -0700] "POST /xmlrpc.php HTTP/1.1" 200 4129 "-" "Mozilla/5.0 (Windows NT 10.0; arm64) AppleWebKit/537.36 (KHTML, like Gecko) Opera/79.0.0.0 Safari/537.36"
203.76.222.92 - - [10/Jul/2026:13:25:27 -0700] "POST /xmlrpc.php HTTP/1.1" 200 4129 "-" "Mozilla/5.0 (Macintosh; Intel Mac OS X 10_15_7; x64) AppleWebKit/537.36 (KHTML, like Gecko) Safari/12.0.0.0 Safari/537.36"
35.235.84.95 - - [10/Jul/2026:13:25:50 -0700] "POST /wp-cron.php?doing_wp_cron=1783715150.0029010772705078125000 HTTP/1.1" 200 3587 "-" "WordPress/7.0.1; https://vanessavaladezrealty.com"
203.76.222.92 - - [10/Jul/2026:13:25:48 -0700] "POST /xmlrpc.php HTTP/1.1" 200 4129 "-" "Mozilla/5.0 (Macintosh; Intel Mac OS X 10_15_7; x86) AppleWebKit/537.36 (KHTML, like Gecko) Safari/12.0.0.0 Safari/537.36"
203.76.222.92 - - [10/Jul/2026:13:26:07 -0700] "POST /xmlrpc.php HTTP/1.1" 200 4129 "-" "Mozilla/5.0 (X11; Ubuntu; Linux x86_64; arm64) AppleWebKit/537.36 (KHTML, like Gecko) Chrome/115.0.0.0 Safari/537.36"
14.243.131.156 - - [10/Jul/2026:13:26:11 -0700] "GET /properties/vanessavaladez/tel:7027760711/tel:7027760711/tel:7027760711/tel:7027760711/tel:7027760711/tel:7027760711/tel:7027760711/?wplpage=3 HTTP/1.1" 200 32823 "-" "Mozilla/5.0 (Windows NT 6.1) AppleWebKit/537.36 (KHTML, like Gecko) Chrome/85.0.4183.121 Safari/537.36"
35.235.84.95 - - [10/Jul/2026:13:26:25 -0700] "POST /wp-cron.php?doing_wp_cron=1783715185.6968760490417480468750 HTTP/1.1" 200 3587 "-" "WordPress/7.0.1; https://vanessavaladezrealty.com"
203.76.222.92 - - [10/Jul/2026:13:26:24 -0700] "POST /xmlrpc.php HTTP/1.1" 200 4129 "-" "Mozilla/5.0 (Windows NT 6.2; x86) AppleWebKit/537.36 (KHTML, like Gecko) Chrome/110.0.0.0 Safari/537.36"
203.76.222.92 - - [10/Jul/2026:13:26:48 -0700] "POST /xmlrpc.php HTTP/1.1" 200 4129 "-" "Mozilla/5.0 (Windows NT 6.3; x86) AppleWebKit/537.36 (KHTML, like Gecko) Firefox/92.0.0.0 Safari/537.36"
203.76.222.92 - - [10/Jul/2026:13:27:09 -0700] "POST /xmlrpc.php HTTP/1.1" 200 4129 "-" "Mozilla/5.0 (Windows NT 6.2; x64) AppleWebKit/537.36 (KHTML, like Gecko) Edge/100.0.0.0 Safari/537.36"
35.235.84.95 - - [10/Jul/2026:13:27:30 -0700] "POST /wp-cron.php?doing_wp_cron=1783715250.5532610416412353515625 HTTP/1.1" 200 3587 "-" "WordPress/7.0.1; https://vanessavaladezrealty.com"
203.76.222.92 - - [10/Jul/2026:13:27:29 -0700] "POST /xmlrpc.php HTTP/1.1" 200 4129 "-" "Mozilla/5.0 (Linux; Android 10; arm64) AppleWebKit/537.36 (KHTML, like Gecko) Safari/14.0.0.0 Safari/537.36"
203.76.222.92 - - [10/Jul/2026:13:27:47 -0700] "POST /xmlrpc.php HTTP/1.1" 200 4129 "-" "Mozilla/5.0 (Windows NT 6.2; x86) AppleWebKit/537.36 (KHTML, like Gecko) Opera/75.0.0.0 Safari/537.36"
35.235.84.95 - - [10/Jul/2026:13:28:14 -0700] "POST /wp-cron.php?doing_wp_cron=1783715294.0824921131134033203125 HTTP/1.1" 200 3587 "-" "WordPress/7.0.1; https://vanessavaladezrealty.com"
203.76.222.92 - - [10/Jul/2026:13:28:13 -0700] "POST /xmlrpc.php HTTP/1.1" 200 4129 "-" "Mozilla/5.0 (Windows NT 6.2; x64) AppleWebKit/537.36 (KHTML, like Gecko) Edge/81.0.0.0 Safari/537.36"
203.76.222.92 - - [10/Jul/2026:13:28:31 -0700] "POST /xmlrpc.php HTTP/1.1" 200 4129 "-" "Mozilla/5.0 (Windows NT 6.2; x86) AppleWebKit/537.36 (KHTML, like Gecko) Edge/96.0.0.0 Safari/537.36"
35.235.84.95 - - [10/Jul/2026:13:28:53 -0700] "POST /wp-cron.php?doing_wp_cron=1783715333.0518860816955566406250 HTTP/1.1" 200 3587 "-" "WordPress/7.0.1; https://vanessavaladezrealty.com"
203.76.222.92 - - [10/Jul/2026:13:28:51 -0700] "POST /xmlrpc.php HTTP/1.1" 200 4129 "-" "Mozilla/5.0 (Windows NT 10.0; arm64) AppleWebKit/537.36 (KHTML, like Gecko) Opera/79.0.0.0 Safari/537.36"
203.76.222.92 - - [10/Jul/2026:13:29:10 -0700] "POST /xmlrpc.php HTTP/1.1" 200 4129 "-" "Mozilla/5.0 (Linux; Android 10; arm64) AppleWebKit/537.36 (KHTML, like Gecko) Opera/66.0.0.0 Safari/537.36"
203.76.222.92 - - [10/Jul/2026:13:29:28 -0700] "POST /xmlrpc.php HTTP/1.1" 200 4129 "-" "Mozilla/5.0 (Linux; Android 10; x86) AppleWebKit/537.36 (KHTML, like Gecko) Chrome/89.0.0.0 Safari/537.36"
203.76.222.92 - - [10/Jul/2026:13:29:44 -0700] "POST /xmlrpc.php HTTP/1.1" 200 4129 "-" "Mozilla/5.0 (Windows NT 6.2; x86) AppleWebKit/537.36 (KHTML, like Gecko) Chrome/104.0.0.0 Safari/537.36"
35.235.84.95 - - [10/Jul/2026:13:30:06 -0700] "POST /wp-cron.php?doing_wp_cron=1783715406.0832259654998779296875 HTTP/1.1" 200 3587 "-" "WordPress/7.0.1; https://vanessavaladezrealty.com"
203.76.222.92 - - [10/Jul/2026:13:30:05 -0700] "POST /xmlrpc.php HTTP/1.1" 200 4129 "-" "Mozilla/5.0 (X11; Ubuntu; Linux x86_64; x86) AppleWebKit/537.36 (KHTML, like Gecko) Chrome/114.0.0.0 Safari/537.36"
203.76.222.92 - - [10/Jul/2026:13:30:25 -0700] "POST /xmlrpc.php HTTP/1.1" 200 4129 "-" "Mozilla/5.0 (Windows NT 6.2; x64) AppleWebKit/537.36 (KHTML, like Gecko) Chrome/114.0.0.0 Safari/537.36"
35.235.84.95 - - [10/Jul/2026:13:30:50 -0700] "POST /wp-cron.php?doing_wp_cron=1783715450.2038199901580810546875 HTTP/1.1" 200 3587 "-" "WordPress/7.0.1; https://vanessavaladezrealty.com"
203.76.222.92 - - [10/Jul/2026:13:30:49 -0700] "POST /xmlrpc.php HTTP/1.1" 200 4129 "-" "Mozilla/5.0 (X11; Ubuntu; Linux x86_64; arm64) AppleWebKit/537.36 (KHTML, like Gecko) Chrome/83.0.0.0 Safari/537.36"
203.76.222.92 - - [10/Jul/2026:13:31:08 -0700] "POST /xmlrpc.php HTTP/1.1" 200 4129 "-" "Mozilla/5.0 (Windows NT 10.0; x86) AppleWebKit/537.36 (KHTML, like Gecko) Opera/80.0.0.0 Safari/537.36"
35.235.84.95 - - [10/Jul/2026:13:31:27 -0700] "POST /wp-cron.php?doing_wp_cron=1783715487.6055250167846679687500 HTTP/1.1" 200 3587 "-" "WordPress/7.0.1; https://vanessavaladezrealty.com"
203.76.222.92 - - [10/Jul/2026:13:31:26 -0700] "POST /xmlrpc.php HTTP/1.1" 200 4129 "-" "Mozilla/5.0 (Windows NT 10.0; x64) AppleWebKit/537.36 (KHTML, like Gecko) Firefox/74.0.0.0 Safari/537.36"
203.76.222.92 - - [10/Jul/2026:13:31:45 -0700] "POST /xmlrpc.php HTTP/1.1" 200 4129 "-" "Mozilla/5.0 (Windows NT 10.0; x86) AppleWebKit/537.36 (KHTML, like Gecko) Safari/15.0.0.0 Safari/537.36"
203.76.222.92 - - [10/Jul/2026:13:32:04 -0700] "POST /xmlrpc.php HTTP/1.1" 200 4129 "-" "Mozilla/5.0 (Macintosh; Intel Mac OS X 10_15_7; x86) AppleWebKit/537.36 (KHTML, like Gecko) Opera/76.0.0.0 Safari/537.36"
203.76.222.92 - - [10/Jul/2026:13:32:20 -0700] "POST /xmlrpc.php HTTP/1.1" 200 4129 "-" "Mozilla/5.0 (Windows NT 6.2; arm64) AppleWebKit/537.36 (KHTML, like Gecko) Firefox/86.0.0.0 Safari/537.36"
35.235.84.95 - - [10/Jul/2026:13:32:39 -0700] "POST /wp-cron.php?doing_wp_cron=1783715559.6214430332183837890625 HTTP/1.1" 200 3587 "-" "WordPress/7.0.1; https://vanessavaladezrealty.com"
203.76.222.92 - - [10/Jul/2026:13:32:38 -0700] "POST /xmlrpc.php HTTP/1.1" 200 4129 "-" "Mozilla/5.0 (Windows NT 10.0; arm64) AppleWebKit/537.36 (KHTML, like Gecko) Chrome/101.0.0.0 Safari/537.36"
35.235.84.95 - - [10/Jul/2026:13:32:57 -0700] "POST /wp-cron.php?doing_wp_cron=1783715577.6134610176086425781250 HTTP/1.1" 200 3587 "-" "WordPress/7.0.1; https://vanessavaladezrealty.com"
203.76.222.92 - - [10/Jul/2026:13:32:56 -0700] "POST /xmlrpc.php HTTP/1.1" 200 4129 "-" "Mozilla/5.0 (Windows NT 6.2; x64) AppleWebKit/537.36 (KHTML, like Gecko) Chrome/114.0.0.0 Safari/537.36"
203.76.222.92 - - [10/Jul/2026:13:33:21 -0700] "POST /xmlrpc.php HTTP/1.1" 200 4129 "-" "Mozilla/5.0 (Macintosh; Intel Mac OS X 10_15_7; arm64) AppleWebKit/537.36 (KHTML, like Gecko) Firefox/74.0.0.0 Safari/537.36"
203.76.222.92 - - [10/Jul/2026:13:33:40 -0700] "POST /xmlrpc.php HTTP/1.1" 200 4129 "-" "Mozilla/5.0 (Windows NT 6.3; arm64) AppleWebKit/537.36 (KHTML, like Gecko) Edge/87.0.0.0 Safari/537.36"
35.235.84.95 - - [10/Jul/2026:13:34:04 -0700] "POST /wp-cron.php?doing_wp_cron=1783715644.6807379722595214843750 HTTP/1.1" 200 3587 "-" "WordPress/7.0.1; https://vanessavaladezrealty.com"
203.76.222.92 - - [10/Jul/2026:13:34:03 -0700] "POST /xmlrpc.php HTTP/1.1" 200 4129 "-" "Mozilla/5.0 (Windows NT 6.3; x86) AppleWebKit/537.36 (KHTML, like Gecko) Opera/72.0.0.0 Safari/537.36"
203.76.222.92 - - [10/Jul/2026:13:34:20 -0700] "POST /xmlrpc.php HTTP/1.1" 200 4129 "-" "Mozilla/5.0 (X11; Ubuntu; Linux x86_64; x64) AppleWebKit/537.36 (KHTML, like Gecko) Firefox/98.0.0.0 Safari/537.36"
203.76.222.92 - - [10/Jul/2026:13:34:37 -0700] "POST /xmlrpc.php HTTP/1.1" 200 4129 "-" "Mozilla/5.0 (Linux; Android 10; x64) AppleWebKit/537.36 (KHTML, like Gecko) Opera/72.0.0.0 Safari/537.36"
35.235.84.95 - - [10/Jul/2026:13:34:56 -0700] "POST /wp-cron.php?doing_wp_cron=1783715696.5661320686340332031250 HTTP/1.1" 200 3587 "-" "WordPress/7.0.1; https://vanessavaladezrealty.com"
203.76.222.92 - - [10/Jul/2026:13:34:55 -0700] "POST /xmlrpc.php HTTP/1.1" 200 4129 "-" "Mozilla/5.0 (X11; Ubuntu; Linux x86_64; x86) AppleWebKit/537.36 (KHTML, like Gecko) Firefox/76.0.0.0 Safari/537.36"
203.76.222.92 - - [10/Jul/2026:13:35:18 -0700] "POST /xmlrpc.php HTTP/1.1" 200 4129 "-" "Mozilla/5.0 (Windows NT 6.3; arm64) AppleWebKit/537.36 (KHTML, like Gecko) Edge/80.0.0.0 Safari/537.36"
203.76.222.92 - - [10/Jul/2026:13:35:37 -0700] "POST /xmlrpc.php HTTP/1.1" 200 4129 "-" "Mozilla/5.0 (Windows NT 10.0; arm64) AppleWebKit/537.36 (KHTML, like Gecko) Opera/74.0.0.0 Safari/537.36"
35.235.84.95 - - [10/Jul/2026:13:35:58 -0700] "POST /wp-cron.php?doing_wp_cron=1783715758.7648661136627197265625 HTTP/1.1" 200 3587 "-" "WordPress/7.0.1; https://vanessavaladezrealty.com"
203.76.222.92 - - [10/Jul/2026:13:35:57 -0700] "POST /xmlrpc.php HTTP/1.1" 200 4129 "-" "Mozilla/5.0 (Windows NT 6.2; arm64) AppleWebKit/537.36 (KHTML, like Gecko) Firefox/84.0.0.0 Safari/537.36"
203.76.222.92 - - [10/Jul/2026:13:36:15 -0700] "POST /xmlrpc.php HTTP/1.1" 200 4129 "-" "Mozilla/5.0 (Windows NT 6.2; arm64) AppleWebKit/537.36 (KHTML, like Gecko) Edge/86.0.0.0 Safari/537.36"
35.235.84.95 - - [10/Jul/2026:13:36:41 -0700] "POST /wp-cron.php?doing_wp_cron=1783715801.5817470550537109375000 HTTP/1.1" 200 3587 "-" "WordPress/7.0.1; https://vanessavaladezrealty.com"
203.76.222.92 - - [10/Jul/2026:13:36:40 -0700] "POST /xmlrpc.php HTTP/1.1" 200 4129 "-" "Mozilla/5.0 (Windows NT 6.2; x86) AppleWebKit/537.36 (KHTML, like Gecko) Chrome/93.0.0.0 Safari/537.36"
203.76.222.92 - - [10/Jul/2026:13:37:01 -0700] "POST /xmlrpc.php HTTP/1.1" 200 4129 "-" "Mozilla/5.0 (Linux; Android 10; x64) AppleWebKit/537.36 (KHTML, like Gecko) Firefox/82.0.0.0 Safari/537.36"
203.76.222.92 - - [10/Jul/2026:13:37:20 -0700] "POST /xmlrpc.php HTTP/1.1" 200 4129 "-" "Mozilla/5.0 (Windows NT 6.2; x86) AppleWebKit/537.36 (KHTML, like Gecko) Edge/95.0.0.0 Safari/537.36"
35.235.84.95 - - [10/Jul/2026:13:37:47 -0700] "POST /wp-cron.php?doing_wp_cron=1783715867.8761579990386962890625 HTTP/1.1" 200 3587 "-" "WordPress/7.0.1; https://vanessavaladezrealty.com"
203.76.222.92 - - [10/Jul/2026:13:37:42 -0700] "POST /xmlrpc.php HTTP/1.1" 200 4129 "-" "Mozilla/5.0 (Windows NT 6.2; x86) AppleWebKit/537.36 (KHTML, like Gecko) Firefox/76.0.0.0 Safari/537.36"
203.76.222.92 - - [10/Jul/2026:13:38:11 -0700] "POST /xmlrpc.php HTTP/1.1" 200 4129 "-" "Mozilla/5.0 (Windows NT 6.2; x64) AppleWebKit/537.36 (KHTML, like Gecko) Safari/15.0.0.0 Safari/537.36"
203.76.222.92 - - [10/Jul/2026:13:38:28 -0700] "POST /xmlrpc.php HTTP/1.1" 200 4129 "-" "Mozilla/5.0 (Windows NT 6.2; x64) AppleWebKit/537.36 (KHTML, like Gecko) Edge/93.0.0.0 Safari/537.36"
35.235.84.95 - - [10/Jul/2026:13:38:53 -0700] "POST /wp-cron.php?doing_wp_cron=1783715933.3426361083984375000000 HTTP/1.1" 200 3587 "-" "WordPress/7.0.1; https://vanessavaladezrealty.com"
203.76.222.92 - - [10/Jul/2026:13:38:52 -0700] "POST /xmlrpc.php HTTP/1.1" 200 4129 "-" "Mozilla/5.0 (Windows NT 6.2; x64) AppleWebKit/537.36 (KHTML, like Gecko) Firefox/80.0.0.0 Safari/537.36"
203.76.222.92 - - [10/Jul/2026:13:39:09 -0700] "POST /xmlrpc.php HTTP/1.1" 200 4129 "-" "Mozilla/5.0 (Windows NT 6.3; arm64) AppleWebKit/537.36 (KHTML, like Gecko) Chrome/97.0.0.0 Safari/537.36"
67.43.12.67 - - [10/Jul/2026:13:39:11 -0700] "GET /wp-login.php HTTP/1.1" 200 6364 "-" "Mozilla/5.0 (Windows NT 10.0; Win64; x64) AppleWebKit/537.36 (KHTML, like Gecko) Chrome/133.0.0.0 Safari/537.36"
67.43.12.67 - - [10/Jul/2026:13:39:12 -0700] "POST /wp-login.php HTTP/1.1" 200 6446 "https://vanessavaladezrealty.com/wp-login.php" "Mozilla/5.0 (Windows NT 10.0; Win64; x64) AppleWebKit/537.36 (KHTML, like Gecko) Chrome/133.0.0.0 Safari/537.36"
203.76.222.92 - - [10/Jul/2026:13:39:26 -0700] "POST /xmlrpc.php HTTP/1.1" 200 4129 "-" "Mozilla/5.0 (Linux; Android 10; x86) AppleWebKit/537.36 (KHTML, like Gecko) Safari/12.0.0.0 Safari/537.36"
203.76.222.92 - - [10/Jul/2026:13:39:44 -0700] "POST /xmlrpc.php HTTP/1.1" 200 4129 "-" "Mozilla/5.0 (Macintosh; Intel Mac OS X 10_15_7; x86) AppleWebKit/537.36 (KHTML, like Gecko) Edge/85.0.0.0 Safari/537.36"
35.235.84.95 - - [10/Jul/2026:13:40:04 -0700] "POST /wp-cron.php?doing_wp_cron=1783716004.3335719108581542968750 HTTP/1.1" 200 3587 "-" "WordPress/7.0.1; https://vanessavaladezrealty.com"
203.76.222.92 - - [10/Jul/2026:13:40:03 -0700] "POST /xmlrpc.php HTTP/1.1" 200 4129 "-" "Mozilla/5.0 (Windows NT 6.3; arm64) AppleWebKit/537.36 (KHTML, like Gecko) Edge/90.0.0.0 Safari/537.36"
203.76.222.92 - - [10/Jul/2026:13:40:19 -0700] "POST /xmlrpc.php HTTP/1.1" 200 4129 "-" "Mozilla/5.0 (Windows NT 10.0; x86) AppleWebKit/537.36 (KHTML, like Gecko) Firefox/97.0.0.0 Safari/537.36"
203.76.222.92 - - [10/Jul/2026:13:40:38 -0700] "POST /xmlrpc.php HTTP/1.1" 200 4129 "-" "Mozilla/5.0 (Linux; Android 10; x86) AppleWebKit/537.36 (KHTML, like Gecko) Edge/82.0.0.0 Safari/537.36"
35.235.84.95 - - [10/Jul/2026:13:40:58 -0700] "POST /wp-cron.php?doing_wp_cron=1783716058.1483569145202636718750 HTTP/1.1" 200 3587 "-" "WordPress/7.0.1; https://vanessavaladezrealty.com"
203.76.222.92 - - [10/Jul/2026:13:40:56 -0700] "POST /xmlrpc.php HTTP/1.1" 200 4129 "-" "Mozilla/5.0 (Windows NT 6.2; x64) AppleWebKit/537.36 (KHTML, like Gecko) Firefox/96.0.0.0 Safari/537.36"
203.76.222.92 - - [10/Jul/2026:13:41:18 -0700] "POST /xmlrpc.php HTTP/1.1" 200 4129 "-" "Mozilla/5.0 (Windows NT 6.2; arm64) AppleWebKit/537.36 (KHTML, like Gecko) Safari/14.0.0.0 Safari/537.36"
35.235.84.95 - - [10/Jul/2026:13:41:38 -0700] "POST /wp-cron.php?doing_wp_cron=1783716098.8508720397949218750000 HTTP/1.1" 200 3587 "-" "WordPress/7.0.1; https://vanessavaladezrealty.com"
203.76.222.92 - - [10/Jul/2026:13:41:37 -0700] "POST /xmlrpc.php HTTP/1.1" 200 4129 "-" "Mozilla/5.0 (Linux; Android 10; x86) AppleWebKit/537.36 (KHTML, like Gecko) Opera/66.0.0.0 Safari/537.36"
203.76.222.92 - - [10/Jul/2026:13:42:02 -0700] "POST /xmlrpc.php HTTP/1.1" 200 4129 "-" "Mozilla/5.0 (Windows NT 6.2; arm64) AppleWebKit/537.36 (KHTML, like Gecko) Chrome/103.0.0.0 Safari/537.36"
203.76.222.92 - - [10/Jul/2026:13:42:21 -0700] "POST /xmlrpc.php HTTP/1.1" 200 4129 "-" "Mozilla/5.0 (Windows NT 6.2; x86) AppleWebKit/537.36 (KHTML, like Gecko) Firefox/93.0.0.0 Safari/537.36"
35.235.84.95 - - [10/Jul/2026:13:42:41 -0700] "POST /wp-cron.php?doing_wp_cron=1783716161.1189379692077636718750 HTTP/1.1" 200 3587 "-" "WordPress/7.0.1; https://vanessavaladezrealty.com"
203.76.222.92 - - [10/Jul/2026:13:42:40 -0700] "POST /xmlrpc.php HTTP/1.1" 200 4129 "-" "Mozilla/5.0 (Windows NT 6.3; arm64) AppleWebKit/537.36 (KHTML, like Gecko) Opera/69.0.0.0 Safari/537.36"
35.235.84.95 - - [10/Jul/2026:13:43:01 -0700] "POST /wp-cron.php?doing_wp_cron=1783716181.8727459907531738281250 HTTP/1.1" 200 3587 "-" "WordPress/7.0.1; https://vanessavaladezrealty.com"
203.76.222.92 - - [10/Jul/2026:13:43:00 -0700] "POST /xmlrpc.php HTTP/1.1" 200 4129 "-" "Mozilla/5.0 (Windows NT 10.0; arm64) AppleWebKit/537.36 (KHTML, like Gecko) Edge/87.0.0.0 Safari/537.36"
203.76.222.92 - - [10/Jul/2026:13:43:17 -0700] "POST /xmlrpc.php HTTP/1.1" 200 4129 "-" "Mozilla/5.0 (Linux; Android 10; x64) AppleWebKit/537.36 (KHTML, like Gecko) Chrome/102.0.0.0 Safari/537.36"
203.76.222.92 - - [10/Jul/2026:13:43:38 -0700] "POST /xmlrpc.php HTTP/1.1" 200 4129 "-" "Mozilla/5.0 (X11; Ubuntu; Linux x86_64; x64) AppleWebKit/537.36 (KHTML, like Gecko) Firefox/81.0.0.0 Safari/537.36"
35.235.84.95 - - [10/Jul/2026:13:43:58 -0700] "POST /wp-cron.php?doing_wp_cron=1783716238.4031860828399658203125 HTTP/1.1" 200 3587 "-" "WordPress/7.0.1; https://vanessavaladezrealty.com"
203.76.222.92 - - [10/Jul/2026:13:43:57 -0700] "POST /xmlrpc.php HTTP/1.1" 200 4129 "-" "Mozilla/5.0 (Linux; Android 10; arm64) AppleWebKit/537.36 (KHTML, like Gecko) Safari/11.0.0.0 Safari/537.36"
203.76.222.92 - - [10/Jul/2026:13:44:16 -0700] "POST /xmlrpc.php HTTP/1.1" 200 4129 "-" "Mozilla/5.0 (Linux; Android 10; x86) AppleWebKit/537.36 (KHTML, like Gecko) Edge/93.0.0.0 Safari/537.36"
203.76.222.92 - - [10/Jul/2026:13:44:34 -0700] "POST /xmlrpc.php HTTP/1.1" 200 4129 "-" "Mozilla/5.0 (X11; Ubuntu; Linux x86_64; arm64) AppleWebKit/537.36 (KHTML, like Gecko) Chrome/112.0.0.0 Safari/537.36"
35.235.84.95 - - [10/Jul/2026:13:44:53 -0700] "POST /wp-cron.php?doing_wp_cron=1783716293.3985359668731689453125 HTTP/1.1" 200 3587 "-" "WordPress/7.0.1; https://vanessavaladezrealty.com"
203.76.222.92 - - [10/Jul/2026:13:44:52 -0700] "POST /xmlrpc.php HTTP/1.1" 200 4129 "-" "Mozilla/5.0 (Macintosh; Intel Mac OS X 10_15_7; x64) AppleWebKit/537.36 (KHTML, like Gecko) Opera/63.0.0.0 Safari/537.36"
203.76.222.92 - - [10/Jul/2026:13:45:20 -0700] "POST /xmlrpc.php HTTP/1.1" 200 4129 "-" "Mozilla/5.0 (X11; Ubuntu; Linux x86_64; x86) AppleWebKit/537.36 (KHTML, like Gecko) Edge/95.0.0.0 Safari/537.36"
35.235.84.95 - - [10/Jul/2026:13:45:33 -0700] "POST /wp-cron.php?doing_wp_cron=1783716333.5550720691680908203125 HTTP/1.1" 200 3587 "-" "WordPress/7.0.1; https://vanessavaladezrealty.com"
52.167.144.147 - - [10/Jul/2026:13:45:32 -0700] "GET /sitemaps.xml HTTP/1.1" 301 4144 "-" "Mozilla/5.0 AppleWebKit/537.36 (KHTML, like Gecko; compatible; bingbot/2.0; +http://www.bing.com/bingbot.htm) Chrome/116.0.1938.76 Safari/537.36"
203.76.222.92 - - [10/Jul/2026:13:45:38 -0700] "POST /xmlrpc.php HTTP/1.1" 200 4129 "-" "Mozilla/5.0 (Macintosh; Intel Mac OS X 10_15_7; x86) AppleWebKit/537.36 (KHTML, like Gecko) Opera/62.0.0.0 Safari/537.36"
199.189.225.167 - - [10/Jul/2026:13:45:38 -0700] "GET /wp-login.php HTTP/1.1" 200 6364 "-" "Mozilla/5.0 (Windows NT 10.0; Win64; x64) AppleWebKit/537.36 (KHTML, like Gecko) Chrome/133.0.0.0 Safari/537.36"
199.189.225.167 - - [10/Jul/2026:13:45:40 -0700] "POST /wp-login.php HTTP/1.1" 200 6450 "https://vanessavaladezrealty.com/wp-login.php" "Mozilla/5.0 (Windows NT 10.0; Win64; x64) AppleWebKit/537.36 (KHTML, like Gecko) Chrome/133.0.0.0 Safari/537.36"
52.167.144.216 - - [10/Jul/2026:13:45:42 -0700] "GET /sitemaps.xml HTTP/1.1" 404 98763 "-" "Mozilla/5.0 AppleWebKit/537.36 (KHTML, like Gecko; compatible; bingbot/2.0; +http://www.bing.com/bingbot.htm) Chrome/116.0.1938.76 Safari/537.36"
196.96.86.32 - - [10/Jul/2026:13:45:45 -0700] "GET /properties/tel:7027760711/tel:7027760711/tel:7027760711/tel:7027760711/tel:7027760711/tel:7027760711 HTTP/1.1" 301 4213 "-" "Mozilla/5.0 (Windows NT 6.1; Win64; x64) AppleWebKit/537.36 (KHTML, like Gecko) Brave Chrome/86.0.4240.183 Safari/537.36"
196.96.86.32 - - [10/Jul/2026:13:45:46 -0700] "GET /properties/tel:7027760711/tel:7027760711/tel:7027760711/tel:7027760711/tel:7027760711/tel:7027760711/ HTTP/1.1" 200 27467 "-" "Mozilla/5.0 (Windows NT 6.1; Win64; x64) AppleWebKit/537.36 (KHTML, like Gecko) Brave Chrome/86.0.4240.183 Safari/537.36"
35.235.84.95 - - [10/Jul/2026:13:46:02 -0700] "POST /wp-cron.php?doing_wp_cron=1783716362.2169489860534667968750 HTTP/1.1" 200 3587 "-" "WordPress/7.0.1; https://vanessavaladezrealty.com"
203.76.222.92 - - [10/Jul/2026:13:46:01 -0700] "POST /xmlrpc.php HTTP/1.1" 200 4129 "-" "Mozilla/5.0 (X11; Ubuntu; Linux x86_64; arm64) AppleWebKit/537.36 (KHTML, like Gecko) Firefox/77.0.0.0 Safari/537.36"
35.235.84.95 - - [10/Jul/2026:13:46:27 -0700] "POST /wp-cron.php?doing_wp_cron=1783716387.1147470474243164062500 HTTP/1.1" 200 3587 "-" "WordPress/7.0.1; https://vanessavaladezrealty.com"
203.76.222.92 - - [10/Jul/2026:13:46:26 -0700] "POST /xmlrpc.php HTTP/1.1" 200 4129 "-" "Mozilla/5.0 (Windows NT 6.3; x86) AppleWebKit/537.36 (KHTML, like Gecko) Opera/62.0.0.0 Safari/537.36"
203.76.222.92 - - [10/Jul/2026:13:46:43 -0700] "POST /xmlrpc.php HTTP/1.1" 200 4129 "-" "Mozilla/5.0 (Windows NT 10.0; x86) AppleWebKit/537.36 (KHTML, like Gecko) Edge/95.0.0.0 Safari/537.36"
104.210.140.128 - - [10/Jul/2026:13:47:07 -0700] "GET /robots.txt HTTP/1.1" 200 4273 "-" "Mozilla/5.0 (Macintosh; Intel Mac OS X 10_15_7) AppleWebKit/537.36 (KHTML, like Gecko) Chrome/131.0.0.0 Safari/537.36; compatible; OAI-SearchBot/1.0; +https://openai.com/searchbot"
35.235.84.95 - - [10/Jul/2026:13:49:28 -0700] "POST /wp-cron.php?doing_wp_cron=1783716568.3261859416961669921875 HTTP/1.1" 200 3587 "-" "WordPress/7.0.1; https://vanessavaladezrealty.com"
114.119.140.206 - - [10/Jul/2026:13:49:27 -0700] "GET /robots.txt HTTP/1.1" 200 4273 "https://vanessavaladezrealty.com/robots.txt" "Mozilla/5.0 (compatible;PetalBot;+https://webmaster.petalsearch.com/site/petalbot)"
35.235.84.95 - - [10/Jul/2026:13:52:17 -0700] "POST /wp-cron.php?doing_wp_cron=1783716737.3374888896942138671875 HTTP/1.1" 200 3587 "-" "WordPress/7.0.1; https://vanessavaladezrealty.com"
78.142.18.172 - - [10/Jul/2026:13:52:16 -0700] "GET /wp-login.php HTTP/1.1" 200 6364 "-" "Mozilla/5.0 (Windows NT 10.0; Win64; x64) AppleWebKit/537.36 (KHTML, like Gecko) Chrome/133.0.0.0 Safari/537.36"
78.142.18.172 - - [10/Jul/2026:13:52:17 -0700] "POST /wp-login.php HTTP/1.1" 200 6445 "https://vanessavaladezrealty.com/wp-login.php" "Mozilla/5.0 (Windows NT 10.0; Win64; x64) AppleWebKit/537.36 (KHTML, like Gecko) Chrome/133.0.0.0 Safari/537.36"
35.235.84.95 - - [10/Jul/2026:13:55:29 -0700] "POST /wp-cron.php?doing_wp_cron=1783716929.7720758914947509765625 HTTP/1.1" 200 3587 "-" "WordPress/7.0.1; https://vanessavaladezrealty.com"
216.73.217.88 - - [10/Jul/2026:13:55:28 -0700] "GET /robots.txt HTTP/1.1" 200 4273 "-" "Mozilla/5.0 AppleWebKit/537.36 (KHTML, like Gecko; compatible; ClaudeBot/1.0; +claudebot@anthropic.com)"
216.73.217.88 - - [10/Jul/2026:13:55:29 -0700] "GET /wp-sitemap.xml HTTP/1.1" 200 4257 "-" "Mozilla/5.0 AppleWebKit/537.36 (KHTML, like Gecko; compatible; ClaudeBot/1.0; +claudebot@anthropic.com)"
35.235.84.95 - - [10/Jul/2026:14:00:40 -0700] "HEAD / HTTP/1.1" 200 4253 "-" "Mozilla/5.0 (Windows NT 10.0; Win64; x64) AppleWebKit/537.36 (KHTML, like Gecko) Chrome/117.0.0.0 Safari/537.36"
35.235.84.95 - - [10/Jul/2026:14:03:41 -0700] "POST /wp-cron.php?doing_wp_cron=1783717421.7589440345764160156250 HTTP/1.1" 200 3587 "-" "WordPress/7.0.1; https://vanessavaladezrealty.com"
91.106.62.150 - - [10/Jul/2026:14:03:40 -0700] "GET /properties/embed/tel:7027760711/tel:7027760711/tel:7027760711/tel:7027760711/ HTTP/1.1" 200 24547 "-" "Mozilla/5.0 (Macintosh; Intel Mac OS X 11_2_3) AppleWebKit/537.36 (KHTML, like Gecko) Chrome/88.0.4324.152 Safari/537.36"
35.235.84.95 - - [10/Jul/2026:14:07:22 -0700] "POST /wp-cron.php?doing_wp_cron=1783717642.5393669605255126953125 HTTP/1.1" 200 3587 "-" "WordPress/7.0.1; https://vanessavaladezrealty.com"
103.77.160.92 - - [10/Jul/2026:14:07:21 -0700] "GET /wp-login.php HTTP/1.1" 200 6364 "-" "Mozilla/5.0 (Windows NT 10.0; Win64; x64) AppleWebKit/537.36 (KHTML, like Gecko) Chrome/133.0.0.0 Safari/537.36"
103.77.160.92 - - [10/Jul/2026:14:07:23 -0700] "POST /wp-login.php HTTP/1.1" 200 6446 "https://vanessavaladezrealty.com/wp-login.php" "Mozilla/5.0 (Windows NT 10.0; Win64; x64) AppleWebKit/537.36 (KHTML, like Gecko) Chrome/133.0.0.0 Safari/537.36"
186.48.42.84 - - [10/Jul/2026:14:08:06 -0700] "GET /properties/?pid=94&wplview=property_show HTTP/1.1" 200 33678 "-" "Mozilla/5.0 (Macintosh; Intel Mac OS X 10_13_6) AppleWebKit/537.36 (KHTML, like Gecko) Chrome/84.0.4147.125 Safari/537.36"
35.235.84.95 - - [10/Jul/2026:14:10:16 -0700] "POST /wp-cron.php?doing_wp_cron=1783717816.6258459091186523437500 HTTP/1.1" 200 3587 "-" "WordPress/7.0.1; https://vanessavaladezrealty.com"
102.0.12.198 - - [10/Jul/2026:14:10:15 -0700] "GET /properties/vanessavaladez/ HTTP/1.1" 200 32780 "-" "Mozilla/5.0 (Windows NT 6.3; WOW64) AppleWebKit/537.36 (KHTML, like Gecko) Chrome/41.0.2226.0 Safari/537.36"
35.235.84.95 - - [10/Jul/2026:14:17:42 -0700] "POST /wp-cron.php?doing_wp_cron=1783718262.3089079856872558593750 HTTP/1.1" 200 3587 "-" "WordPress/7.0.1; https://vanessavaladezrealty.com"
74.7.242.14 - - [10/Jul/2026:14:17:41 -0700] "GET /wp-sitemap.xml HTTP/1.1" 200 4315 "-" "Mozilla/5.0 AppleWebKit/537.36 (KHTML, like Gecko; compatible; GPTBot/1.4; +https://openai.com/gptbot)"
35.235.84.95 - - [10/Jul/2026:14:21:00 -0700] "POST /wp-cron.php?doing_wp_cron=1783718460.7586879730224609375000 HTTP/1.1" 200 3587 "-" "WordPress/7.0.1; https://vanessavaladezrealty.com"
