106.51.36.67 - - [11/Jul/2026:03:42:22 -0700] "POST /xmlrpc.php HTTP/1.1" 403 4352 "-" "WordPress.com; https://wordpress.com"
106.51.36.67 - - [11/Jul/2026:03:42:32 -0700] "POST /xmlrpc.php HTTP/1.1" 403 4352 "-" "WordPress.com; https://wordpress.com"
106.51.36.67 - - [11/Jul/2026:03:42:43 -0700] "POST /xmlrpc.php HTTP/1.1" 403 4352 "-" "Jetpack by WordPress.com"
185.242.3.25 - - [11/Jul/2026:03:47:34 -0700] "GET / HTTP/1.1" 200 361433 "-" "-"
185.242.3.25 - - [11/Jul/2026:03:47:43 -0700] "GET / HTTP/1.1" 200 361432 "-" "-"
185.242.3.25 - - [11/Jul/2026:03:47:45 -0700] "GET /wp-admin/install.php HTTP/1.1" 200 5095 "-" "-"
185.242.3.25 - - [11/Jul/2026:03:47:45 -0700] "GET /wp-admin/setup-config.php HTTP/1.1" 403 146 "-" "-"
35.235.84.95 - - [11/Jul/2026:03:50:19 -0700] "POST /wp-cron.php?doing_wp_cron=1783767019.9500720500946044921875 HTTP/1.1" 200 3587 "-" "WordPress/7.0.1; https://vanessavaladezrealty.com"
72.167.132.114 - - [11/Jul/2026:03:50:18 -0700] "GET /wp-login.php HTTP/1.1" 200 6364 "-" "Mozilla/5.0 (Windows NT 10.0; Win64; x64) AppleWebKit/537.36 (KHTML, like Gecko) Chrome/133.0.0.0 Safari/537.36"
72.167.132.114 - - [11/Jul/2026:03:50:20 -0700] "POST /wp-login.php HTTP/1.1" 200 6446 "https://vanessavaladezrealty.com/wp-login.php" "Mozilla/5.0 (Windows NT 10.0; Win64; x64) AppleWebKit/537.36 (KHTML, like Gecko) Chrome/133.0.0.0 Safari/537.36"
35.235.84.95 - - [11/Jul/2026:03:57:03 -0700] "POST /wp-cron.php?doing_wp_cron=1783767423.7589640617370605468750 HTTP/1.1" 200 3587 "-" "WordPress/7.0.1; https://vanessavaladezrealty.com"
161.97.129.228 - - [11/Jul/2026:03:57:02 -0700] "GET /wp-login.php HTTP/1.1" 200 6364 "-" "Mozilla/5.0 (Windows NT 10.0; Win64; x64) AppleWebKit/537.36 (KHTML, like Gecko) Chrome/133.0.0.0 Safari/537.36"
161.97.129.228 - - [11/Jul/2026:03:57:03 -0700] "POST /wp-login.php HTTP/1.1" 200 6466 "https://vanessavaladezrealty.com/wp-login.php" "Mozilla/5.0 (Windows NT 10.0; Win64; x64) AppleWebKit/537.36 (KHTML, like Gecko) Chrome/133.0.0.0 Safari/537.36"
35.235.84.95 - - [11/Jul/2026:04:00:36 -0700] "HEAD / HTTP/1.1" 200 4253 "-" "Mozilla/5.0 (Windows NT 10.0; Win64; x64) AppleWebKit/537.36 (KHTML, like Gecko) Chrome/117.0.0.0 Safari/537.36"
68.178.160.25 - - [11/Jul/2026:04:00:48 -0700] "GET /wp-login.php HTTP/1.1" 200 6364 "-" "Mozilla/5.0 (Windows NT 10.0; Win64; x64) AppleWebKit/537.36 (KHTML, like Gecko) Chrome/133.0.0.0 Safari/537.36"
35.235.84.95 - - [11/Jul/2026:04:00:51 -0700] "POST /wp-cron.php?doing_wp_cron=1783767651.3764441013336181640625 HTTP/1.1" 200 3587 "-" "WordPress/7.0.1; https://vanessavaladezrealty.com"
68.178.160.25 - - [11/Jul/2026:04:00:50 -0700] "POST /wp-login.php HTTP/1.1" 200 6444 "https://vanessavaladezrealty.com/wp-login.php" "Mozilla/5.0 (Windows NT 10.0; Win64; x64) AppleWebKit/537.36 (KHTML, like Gecko) Chrome/133.0.0.0 Safari/537.36"
144.217.135.190 - - [11/Jul/2026:04:06:03 -0700] "GET / HTTP/1.1" 200 361377 "-" "Mozilla/5.0 (compatible; Dataprovider.com)"
144.217.135.190 - - [11/Jul/2026:04:06:05 -0700] "GET /robots.txt HTTP/1.1" 200 4272 "-" "Mozilla/5.0 (compatible; Dataprovider.com)"
144.217.135.190 - - [11/Jul/2026:04:06:08 -0700] "GET /wp-sitemap.xml HTTP/1.1" 200 4600 "-" "Mozilla/5.0 (compatible; Dataprovider.com)"
144.217.135.190 - - [11/Jul/2026:04:06:09 -0700] "GET / HTTP/1.1" 200 361435 "-" "Mozilla/5.0 (compatible; Dataprovider.com)"
144.217.135.190 - - [11/Jul/2026:04:06:10 -0700] "GET /contact/ HTTP/1.1" 200 145381 "-" "Mozilla/5.0 (compatible; Dataprovider.com)"
144.217.135.190 - - [11/Jul/2026:04:06:12 -0700] "GET /about-us/ HTTP/1.1" 200 138952 "-" "Mozilla/5.0 (compatible; Dataprovider.com)"
144.217.135.190 - - [11/Jul/2026:04:06:14 -0700] "GET /home-previuos/ HTTP/1.1" 200 362303 "-" "Mozilla/5.0 (compatible; Dataprovider.com)"
144.217.135.190 - - [11/Jul/2026:04:06:16 -0700] "GET /properties/ HTTP/1.1" 200 168257 "-" "Mozilla/5.0 (compatible; Dataprovider.com)"
144.217.135.190 - - [11/Jul/2026:04:06:18 -0700] "GET /properties/?wplview=property_show&pid=88 HTTP/1.1" 200 206053 "-" "Mozilla/5.0 (compatible; Dataprovider.com)"
144.217.135.190 - - [11/Jul/2026:04:06:20 -0700] "GET /properties/?wplview=property_show&pid=89 HTTP/1.1" 200 189198 "-" "Mozilla/5.0 (compatible; Dataprovider.com)"
144.217.135.190 - - [11/Jul/2026:04:06:22 -0700] "GET /properties/?wplview=property_show&pid=90 HTTP/1.1" 200 191144 "-" "Mozilla/5.0 (compatible; Dataprovider.com)"
144.217.135.190 - - [11/Jul/2026:04:06:25 -0700] "GET /properties/?wplview=property_show&pid=91 HTTP/1.1" 200 180994 "-" "Mozilla/5.0 (compatible; Dataprovider.com)"
144.217.135.190 - - [11/Jul/2026:04:06:26 -0700] "GET /properties/?wplview=property_show&pid=92 HTTP/1.1" 200 197761 "-" "Mozilla/5.0 (compatible; Dataprovider.com)"
144.217.135.190 - - [11/Jul/2026:04:06:28 -0700] "GET /ads.txt HTTP/1.1" 404 98705 "-" "Mozilla/5.0 (compatible; Dataprovider.com)"
144.217.135.190 - - [11/Jul/2026:04:06:30 -0700] "GET / HTTP/1.1" 200 361388 "-" "Mozilla/5.0 (Linux; Android 10; SM-G981B) AppleWebKit/537.36 (KHTML, like Gecko) Chrome/80.0.3987.162 Mobile Safari/537.36"
144.217.135.190 - - [11/Jul/2026:04:06:31 -0700] "GET /security.txt HTTP/1.1" 404 98705 "-" "Mozilla/5.0 (compatible; Dataprovider.com)"
144.217.135.190 - - [11/Jul/2026:04:06:33 -0700] "GET /.well-known/security.txt HTTP/1.1" 404 98705 "-" "Mozilla/5.0 (compatible; Dataprovider.com)"
144.217.135.190 - - [11/Jul/2026:04:06:34 -0700] "GET /llms.txt HTTP/1.1" 404 98705 "-" "Mozilla/5.0 (compatible; Dataprovider.com)"
144.217.135.190 - - [11/Jul/2026:04:06:35 -0700] "GET /humans.txt HTTP/1.1" 404 98705 "-" "Mozilla/5.0 (compatible; Dataprovider.com)"
103.82.20.130 - - [11/Jul/2026:04:06:46 -0700] "GET /wp-login.php HTTP/1.1" 200 6364 "-" "Mozilla/5.0 (Windows NT 10.0; Win64; x64) AppleWebKit/537.36 (KHTML, like Gecko) Chrome/133.0.0.0 Safari/537.36"
103.82.20.130 - - [11/Jul/2026:04:06:49 -0700] "POST /wp-login.php HTTP/1.1" 200 6450 "https://vanessavaladezrealty.com/wp-login.php" "Mozilla/5.0 (Windows NT 10.0; Win64; x64) AppleWebKit/537.36 (KHTML, like Gecko) Chrome/133.0.0.0 Safari/537.36"
35.235.84.95 - - [11/Jul/2026:04:07:16 -0700] "POST /wp-cron.php?doing_wp_cron=1783768036.8147029876708984375000 HTTP/1.1" 200 3587 "-" "WordPress/7.0.1; https://vanessavaladezrealty.com"
78.142.18.172 - - [11/Jul/2026:04:07:15 -0700] "GET /wp-login.php HTTP/1.1" 200 6364 "-" "Mozilla/5.0 (Windows NT 10.0; Win64; x64) AppleWebKit/537.36 (KHTML, like Gecko) Chrome/133.0.0.0 Safari/537.36"
78.142.18.172 - - [11/Jul/2026:04:07:17 -0700] "POST /wp-login.php HTTP/1.1" 200 6445 "https://vanessavaladezrealty.com/wp-login.php" "Mozilla/5.0 (Windows NT 10.0; Win64; x64) AppleWebKit/537.36 (KHTML, like Gecko) Chrome/133.0.0.0 Safari/537.36"
149.56.150.6 - - [11/Jul/2026:04:07:47 -0700] "GET / HTTP/1.1" 200 38357 "-" "Mozilla/5.0 (compatible; Dataprovider.com)"
149.56.150.6 - - [11/Jul/2026:04:07:48 -0700] "GET /wp-content/themes/astra/assets/css/minified/frontend.min.css?ver=4.12.5 HTTP/1.1" 200 3587 "https://vanessavaladezrealty.com/" "Mozilla/5.0 (compatible; Dataprovider.com)"
149.56.150.6 - - [11/Jul/2026:04:07:48 -0700] "GET /wp-content/plugins/real-estate-listing-realtyna-wpl/assets/css/frontend.css?ver=7.0.1 HTTP/1.1" 200 3602 "https://vanessavaladezrealty.com/" "Mozilla/5.0 (compatible; Dataprovider.com)"
149.56.150.6 - - [11/Jul/2026:04:07:48 -0700] "GET /wp-content/plugins/wpforms-lite/assets/css/frontend/classic/wpforms-base.min.css?ver=1.10.0.2 HTTP/1.1" 200 3607 "https://vanessavaladezrealty.com/" "Mozilla/5.0 (compatible; Dataprovider.com)"
149.56.150.6 - - [11/Jul/2026:04:07:48 -0700] "GET /wp-content/plugins/elementor/assets/lib/eicons/css/elementor-icons.min.css?ver=5.47.0 HTTP/1.1" 200 3601 "https://vanessavaladezrealty.com/" "Mozilla/5.0 (compatible; Dataprovider.com)"
149.56.150.6 - - [11/Jul/2026:04:07:48 -0700] "GET /wp-content/plugins/elementor/assets/css/frontend.min.css?ver=3.35.7 HTTP/1.1" 200 3583 "https://vanessavaladezrealty.com/" "Mozilla/5.0 (compatible; Dataprovider.com)"
149.56.150.6 - - [11/Jul/2026:04:07:48 -0700] "GET /wp-content/uploads/elementor/css/post-386.css?ver=1774535618 HTTP/1.1" 200 3572 "https://vanessavaladezrealty.com/" "Mozilla/5.0 (compatible; Dataprovider.com)"
149.56.150.6 - - [11/Jul/2026:04:07:48 -0700] "GET /wp-content/plugins/elementor/assets/css/widget-image.min.css?ver=3.35.7 HTTP/1.1" 200 3758 "https://vanessavaladezrealty.com/" "Mozilla/5.0 (compatible; Dataprovider.com)"
149.56.150.6 - - [11/Jul/2026:04:07:48 -0700] "GET /wp-content/plugins/elementor/assets/lib/font-awesome/css/all.min.css?ver=3.35.7 HTTP/1.1" 200 3595 "https://vanessavaladezrealty.com/" "Mozilla/5.0 (compatible; Dataprovider.com)"
149.56.150.6 - - [11/Jul/2026:04:07:48 -0700] "GET /wp-content/plugins/elementor/assets/lib/font-awesome/css/v4-shims.min.css?ver=3.35.7 HTTP/1.1" 200 3600 "https://vanessavaladezrealty.com/" "Mozilla/5.0 (compatible; Dataprovider.com)"
149.56.150.6 - - [11/Jul/2026:04:07:48 -0700] "GET /wp-content/plugins/elementor/assets/css/widget-heading.min.css?ver=3.35.7 HTTP/1.1" 200 3784 "https://vanessavaladezrealty.com/" "Mozilla/5.0 (compatible; Dataprovider.com)"
149.56.150.6 - - [11/Jul/2026:04:07:48 -0700] "GET /wp-content/plugins/elementor/assets/css/widget-divider.min.css?ver=3.35.7 HTTP/1.1" 200 3589 "https://vanessavaladezrealty.com/" "Mozilla/5.0 (compatible; Dataprovider.com)"
149.56.150.6 - - [11/Jul/2026:04:07:48 -0700] "GET /wp-content/plugins/real-estate-listing-realtyna-wpl/assets/js/libraries/wpl.handlebars.min.js?ver=7.0.1 HTTP/1.1" 200 3627 "https://vanessavaladezrealty.com/" "Mozilla/5.0 (compatible; Dataprovider.com)"
149.56.150.6 - - [11/Jul/2026:04:07:48 -0700] "GET /wp-content/plugins/elementor/assets/lib/font-awesome/js/v4-shims.min.js?ver=3.35.7 HTTP/1.1" 200 3605 "https://vanessavaladezrealty.com/" "Mozilla/5.0 (compatible; Dataprovider.com)"
149.56.150.6 - - [11/Jul/2026:04:07:48 -0700] "GET /wp-content/plugins/elementor/assets/lib/font-awesome/css/solid.min.css?ver=5.15.3 HTTP/1.1" 200 3933 "https://vanessavaladezrealty.com/" "Mozilla/5.0 (compatible; Dataprovider.com)"
149.56.150.6 - - [11/Jul/2026:04:07:48 -0700] "GET /wp-content/uploads/2021/12/cropped-cropped-Vanessa_Valadez_Logo-removebg-preview-5-e1731966880265.png HTTP/1.1" 200 3629 "https://vanessavaladezrealty.com/" "Mozilla/5.0 (compatible; Dataprovider.com)"
149.56.150.6 - - [11/Jul/2026:04:07:48 -0700] "GET /wp-content/plugins/elementor/assets/css/widget-video.min.css?ver=3.35.7 HTTP/1.1" 200 3587 "https://vanessavaladezrealty.com/" "Mozilla/5.0 (compatible; Dataprovider.com)"
149.56.150.6 - - [11/Jul/2026:04:07:48 -0700] "GET /wp-content/plugins/elementor/assets/css/widget-icon-list.min.css?ver=3.35.7 HTTP/1.1" 200 3591 "https://vanessavaladezrealty.com/" "Mozilla/5.0 (compatible; Dataprovider.com)"
149.56.150.6 - - [11/Jul/2026:04:07:48 -0700] "GET /wp-content/plugins/elementor/assets/lib/font-awesome/css/fontawesome.min.css?ver=5.15.3 HTTP/1.1" 200 3603 "https://vanessavaladezrealty.com/" "Mozilla/5.0 (compatible; Dataprovider.com)"
149.56.150.6 - - [11/Jul/2026:04:07:48 -0700] "GET /wp-content/plugins/elementor/assets/css/widget-spacer.min.css?ver=3.35.7 HTTP/1.1" 200 3588 "https://vanessavaladezrealty.com/" "Mozilla/5.0 (compatible; Dataprovider.com)"
149.56.150.6 - - [11/Jul/2026:04:07:48 -0700] "GET /wp-includes/js/jquery/jquery-migrate.min.js?ver=3.4.1 HTTP/1.1" 200 3577 "https://vanessavaladezrealty.com/" "Mozilla/5.0 (compatible; Dataprovider.com)"
149.56.150.6 - - [11/Jul/2026:04:07:48 -0700] "GET /wp-content/uploads/elementor/css/post-1295.css?ver=1774535618 HTTP/1.1" 200 3573 "https://vanessavaladezrealty.com/" "Mozilla/5.0 (compatible; Dataprovider.com)"
149.56.150.6 - - [11/Jul/2026:04:07:48 -0700] "GET /wp-includes/js/jquery/jquery.min.js?ver=3.7.1 HTTP/1.1" 200 3569 "https://vanessavaladezrealty.com/" "Mozilla/5.0 (compatible; Dataprovider.com)"
149.56.150.6 - - [11/Jul/2026:04:07:48 -0700] "GET /wp-content/themes/astra/assets/js/minified/flexibility.min.js?ver=4.12.5 HTTP/1.1" 200 3595 "https://vanessavaladezrealty.com/" "Mozilla/5.0 (compatible; Dataprovider.com)"
149.56.150.6 - - [11/Jul/2026:04:07:48 -0700] "GET /wp-content/plugins/real-estate-listing-realtyna-wpl/assets/js/frontend.min.js?ver=7.0.1 HTTP/1.1" 200 3611 "https://vanessavaladezrealty.com/" "Mozilla/5.0 (compatible; Dataprovider.com)"
149.56.150.6 - - [11/Jul/2026:04:07:48 -0700] "GET /wp-content/themes/astra/assets/css/minified/frontend.min.css?ver=4.12.5 HTTP/2.0" 200 9073 "https://vanessavaladezrealty.com/" "Mozilla/5.0 (compatible; Dataprovider.com)"
149.56.150.6 - - [11/Jul/2026:04:07:48 -0700] "GET /wp-content/plugins/real-estate-listing-realtyna-wpl/assets/css/frontend.css?ver=7.0.1 HTTP/2.0" 200 74765 "https://vanessavaladezrealty.com/" "Mozilla/5.0 (compatible; Dataprovider.com)"
149.56.150.6 - - [11/Jul/2026:04:07:48 -0700] "GET /wp-content/plugins/wpforms-lite/assets/css/frontend/classic/wpforms-base.min.css?ver=1.10.0.2 HTTP/2.0" 200 6721 "https://vanessavaladezrealty.com/" "Mozilla/5.0 (compatible; Dataprovider.com)"
149.56.150.6 - - [11/Jul/2026:04:07:48 -0700] "GET /wp-content/plugins/elementor/assets/lib/eicons/css/elementor-icons.min.css?ver=5.47.0 HTTP/2.0" 200 4067 "https://vanessavaladezrealty.com/" "Mozilla/5.0 (compatible; Dataprovider.com)"
149.56.150.6 - - [11/Jul/2026:04:07:48 -0700] "GET /wp-content/themes/astra-child/style.css?ver=1.0.0 HTTP/2.0" 200 582 "https://vanessavaladezrealty.com/" "Mozilla/5.0 (compatible; Dataprovider.com)"
149.56.150.6 - - [11/Jul/2026:04:07:48 -0700] "GET /wp-content/plugins/elementor/assets/css/frontend.min.css?ver=3.35.7 HTTP/2.0" 200 6562 "https://vanessavaladezrealty.com/" "Mozilla/5.0 (compatible; Dataprovider.com)"
149.56.150.6 - - [11/Jul/2026:04:07:48 -0700] "GET /wp-content/uploads/elementor/css/post-386.css?ver=1774535618 HTTP/2.0" 200 393 "https://vanessavaladezrealty.com/" "Mozilla/5.0 (compatible; Dataprovider.com)"
149.56.150.6 - - [11/Jul/2026:04:07:48 -0700] "GET /wp-content/plugins/elementor/assets/lib/font-awesome/css/all.min.css?ver=3.35.7 HTTP/2.0" 200 12348 "https://vanessavaladezrealty.com/" "Mozilla/5.0 (compatible; Dataprovider.com)"
149.56.150.6 - - [11/Jul/2026:04:07:48 -0700] "GET /wp-content/plugins/elementor/assets/lib/font-awesome/css/v4-shims.min.css?ver=3.35.7 HTTP/2.0" 200 3954 "https://vanessavaladezrealty.com/" "Mozilla/5.0 (compatible; Dataprovider.com)"
149.56.150.6 - - [11/Jul/2026:04:07:48 -0700] "GET /wp-content/plugins/elementor/assets/css/widget-divider.min.css?ver=3.35.7 HTTP/2.0" 200 674 "https://vanessavaladezrealty.com/" "Mozilla/5.0 (compatible; Dataprovider.com)"
149.56.150.6 - - [11/Jul/2026:04:07:48 -0700] "GET /wp-content/plugins/real-estate-listing-realtyna-wpl/assets/js/libraries/wpl.handlebars.min.js?ver=7.0.1 HTTP/2.0" 200 22341 "https://vanessavaladezrealty.com/" "Mozilla/5.0 (compatible; Dataprovider.com)"
149.56.150.6 - - [11/Jul/2026:04:07:48 -0700] "GET /wp-content/plugins/elementor/assets/lib/font-awesome/js/v4-shims.min.js?ver=3.35.7 HTTP/2.0" 200 4020 "https://vanessavaladezrealty.com/" "Mozilla/5.0 (compatible; Dataprovider.com)"
149.56.150.6 - - [11/Jul/2026:04:07:48 -0700] "GET /wp-content/uploads/2021/12/cropped-cropped-Vanessa_Valadez_Logo-removebg-preview-5-e1731966880265.png HTTP/2.0" 200 213010 "https://vanessavaladezrealty.com/" "Mozilla/5.0 (compatible; Dataprovider.com)"
149.56.150.6 - - [11/Jul/2026:04:07:48 -0700] "GET /wp-content/plugins/elementor/assets/css/widget-video.min.css?ver=3.35.7 HTTP/2.0" 200 329 "https://vanessavaladezrealty.com/" "Mozilla/5.0 (compatible; Dataprovider.com)"
149.56.150.6 - - [11/Jul/2026:04:07:48 -0700] "GET /wp-content/plugins/elementor/assets/css/widget-icon-list.min.css?ver=3.35.7 HTTP/2.0" 200 929 "https://vanessavaladezrealty.com/" "Mozilla/5.0 (compatible; Dataprovider.com)"
149.56.150.6 - - [11/Jul/2026:04:07:48 -0700] "GET /wp-content/plugins/elementor/assets/lib/font-awesome/css/fontawesome.min.css?ver=5.15.3 HTTP/2.0" 200 12129 "https://vanessavaladezrealty.com/" "Mozilla/5.0 (compatible; Dataprovider.com)"
149.56.150.6 - - [11/Jul/2026:04:07:48 -0700] "GET /wp-content/plugins/elementor/assets/css/widget-spacer.min.css?ver=3.35.7 HTTP/2.0" 200 287 "https://vanessavaladezrealty.com/" "Mozilla/5.0 (compatible; Dataprovider.com)"
149.56.150.6 - - [11/Jul/2026:04:07:48 -0700] "GET /wp-includes/js/jquery/jquery-migrate.min.js?ver=3.4.1 HTTP/2.0" 200 4677 "https://vanessavaladezrealty.com/" "Mozilla/5.0 (compatible; Dataprovider.com)"
149.56.150.6 - - [11/Jul/2026:04:07:48 -0700] "GET /wp-content/uploads/elementor/css/post-1295.css?ver=1774535618 HTTP/2.0" 200 3968 "https://vanessavaladezrealty.com/" "Mozilla/5.0 (compatible; Dataprovider.com)"
149.56.150.6 - - [11/Jul/2026:04:07:48 -0700] "GET /wp-includes/js/jquery/jquery.min.js?ver=3.7.1 HTTP/2.0" 200 29597 "https://vanessavaladezrealty.com/" "Mozilla/5.0 (compatible; Dataprovider.com)"
149.56.150.6 - - [11/Jul/2026:04:07:48 -0700] "GET /wp-content/themes/astra/assets/js/minified/flexibility.min.js?ver=4.12.5 HTTP/2.0" 200 3747 "https://vanessavaladezrealty.com/" "Mozilla/5.0 (compatible; Dataprovider.com)"
149.56.150.6 - - [11/Jul/2026:04:07:48 -0700] "GET /wp-content/plugins/real-estate-listing-realtyna-wpl/assets/js/frontend.min.js?ver=7.0.1 HTTP/2.0" 200 7495 "https://vanessavaladezrealty.com/" "Mozilla/5.0 (compatible; Dataprovider.com)"
149.56.150.6 - - [11/Jul/2026:04:07:49 -0700] "GET /wp-includes/js/jquery/ui/mouse.min.js?ver=1.13.3 HTTP/2.0" 200 1011 "https://vanessavaladezrealty.com/" "Mozilla/5.0 (compatible; Dataprovider.com)"
149.56.150.6 - - [11/Jul/2026:04:07:49 -0700] "GET /wp-includes/js/jquery/ui/core.min.js?ver=1.13.3 HTTP/2.0" 200 6791 "https://vanessavaladezrealty.com/" "Mozilla/5.0 (compatible; Dataprovider.com)"
149.56.150.6 - - [11/Jul/2026:04:07:49 -0700] "GET /wp-content/plugins/real-estate-listing-realtyna-wpl/assets/js/libraries/realtyna/realtyna.min.js?ver=7.0.1 HTTP/2.0" 200 30871 "https://vanessavaladezrealty.com/" "Mozilla/5.0 (compatible; Dataprovider.com)"
149.56.150.6 - - [11/Jul/2026:04:07:49 -0700] "GET /wp-content/plugins/elementor/assets/js/frontend.min.js?ver=3.35.7 HTTP/2.0" 200 10017 "https://vanessavaladezrealty.com/" "Mozilla/5.0 (compatible; Dataprovider.com)"
149.56.150.6 - - [11/Jul/2026:04:07:49 -0700] "GET /wp-includes/js/jquery/ui/sortable.min.js?ver=1.13.3 HTTP/2.0" 200 6295 "https://vanessavaladezrealty.com/" "Mozilla/5.0 (compatible; Dataprovider.com)"
149.56.150.6 - - [11/Jul/2026:04:07:49 -0700] "GET /wp-content/themes/astra/assets/js/minified/frontend.min.js?ver=4.12.5 HTTP/2.0" 200 6170 "https://vanessavaladezrealty.com/" "Mozilla/5.0 (compatible; Dataprovider.com)"
149.56.150.6 - - [11/Jul/2026:04:07:49 -0700] "GET /wp-content/plugins/elementor/assets/js/webpack.runtime.min.js?ver=3.35.7 HTTP/2.0" 200 2279 "https://vanessavaladezrealty.com/" "Mozilla/5.0 (compatible; Dataprovider.com)"
149.56.150.6 - - [11/Jul/2026:04:07:49 -0700] "GET /wp-content/plugins/elementor/assets/js/frontend-modules.min.js?ver=3.35.7 HTTP/2.0" 200 15297 "https://vanessavaladezrealty.com/" "Mozilla/5.0 (compatible; Dataprovider.com)"
149.56.150.6 - - [11/Jul/2026:04:07:49 -0700] "GET /wp-content/plugins/astra-sites/inc/lib/onboarding/assets/dist/template-preview/main.js?ver=09382f635556bec359b3 HTTP/2.0" 200 2094 "https://vanessavaladezrealty.com/" "Mozilla/5.0 (compatible; Dataprovider.com)"
149.56.150.6 - - [11/Jul/2026:04:07:49 -0700] "GET /wp-content/plugins/wpforms-lite/assets/lib/jquery.validate.min.js?ver=1.21.0 HTTP/2.0" 200 7762 "https://vanessavaladezrealty.com/" "Mozilla/5.0 (compatible; Dataprovider.com)"
149.56.150.6 - - [11/Jul/2026:04:07:49 -0700] "GET /wp-content/plugins/wpforms-lite/assets/lib/punycode.min.js?ver=1.0.0 HTTP/2.0" 200 834 "https://vanessavaladezrealty.com/" "Mozilla/5.0 (compatible; Dataprovider.com)"
149.56.150.6 - - [11/Jul/2026:04:07:49 -0700] "GET /wp-content/uploads/2024/08/FullSizeRender_copy-e1723560225906.jpg HTTP/2.0" 200 41053 "https://vanessavaladezrealty.com/" "Mozilla/5.0 (compatible; Dataprovider.com)"
149.56.150.6 - - [11/Jul/2026:04:07:49 -0700] "GET /wp-content/plugins/wpforms-lite/assets/js/share/utils.min.js?ver=1.10.0.2 HTTP/2.0" 200 727 "https://vanessavaladezrealty.com/" "Mozilla/5.0 (compatible; Dataprovider.com)"
149.56.150.6 - - [11/Jul/2026:04:07:49 -0700] "GET /wp-content/plugins/wpforms-lite/assets/js/frontend/fields/address.min.js?ver=1.10.0.2 HTTP/2.0" 200 673 "https://vanessavaladezrealty.com/" "Mozilla/5.0 (compatible; Dataprovider.com)"
149.56.150.6 - - [11/Jul/2026:04:07:49 -0700] "GET /wp-content/plugins/wpforms-lite/assets/lib/mailcheck.min.js?ver=1.1.2 HTTP/2.0" 200 1616 "https://vanessavaladezrealty.com/" "Mozilla/5.0 (compatible; Dataprovider.com)"
149.56.150.6 - - [11/Jul/2026:04:07:49 -0700] "GET /wp-content/plugins/wpforms-lite/assets/js/frontend/wpforms.min.js?ver=1.10.0.2 HTTP/2.0" 200 14530 "https://vanessavaladezrealty.com/" "Mozilla/5.0 (compatible; Dataprovider.com)"
149.56.150.6 - - [11/Jul/2026:04:07:49 -0700] "GET /wp-content/uploads/2021/12/Publication1-removebg-preview-5.png HTTP/2.0" 200 34667 "https://vanessavaladezrealty.com/" "Mozilla/5.0 (compatible; Dataprovider.com)"
149.56.150.6 - - [11/Jul/2026:04:07:49 -0700] "GET /wp-content/uploads/2021/12/bg-01-free-img.jpg HTTP/2.0" 200 86421 "https://vanessavaladezrealty.com/wp-content/uploads/elementor/css/post-1295.css?ver=1774535618" "Mozilla/5.0 (compatible; Dataprovider.com)"
149.56.150.6 - - [11/Jul/2026:04:07:49 -0700] "GET /wp-content/uploads/2020/01/estate-pool.jpg HTTP/2.0" 200 1718156 "https://vanessavaladezrealty.com/wp-content/uploads/elementor/css/post-1295.css?ver=1774535618" "Mozilla/5.0 (compatible; Dataprovider.com)"
149.56.150.6 - - [11/Jul/2026:04:07:49 -0700] "GET /wp-content/uploads/elementor/thumbs/cropped-Vanessa_Valadez_Logo-removebg-preview-5-ph6lg27n7560nvvg1mgo64lfcpo3az65w3cname9uk.png HTTP/2.0" 200 20636 "https://vanessavaladezrealty.com/" "Mozilla/5.0 (compatible; Dataprovider.com)"
149.56.150.6 - - [11/Jul/2026:04:07:49 -0700] "GET /wp-content/uploads/2021/12/IMG_0011-200x300.jpg HTTP/2.0" 200 38946 "https://vanessavaladezrealty.com/" "Mozilla/5.0 (compatible; Dataprovider.com)"
149.56.150.6 - - [11/Jul/2026:04:07:49 -0700] "GET /wp-content/uploads/2024/11/IMG_2701.jpg HTTP/2.0" 200 32451 "https://vanessavaladezrealty.com/" "Mozilla/5.0 (compatible; Dataprovider.com)"
149.56.150.6 - - [11/Jul/2026:04:07:49 -0700] "GET /wp-content/plugins/elementor/assets/lib/font-awesome/webfonts/fa-solid-900.woff2 HTTP/2.0" 200 78196 "https://vanessavaladezrealty.com/wp-content/plugins/elementor/assets/lib/font-awesome/css/all.min.css?ver=3.35.7" "Mozilla/5.0 (compatible; Dataprovider.com)"
149.56.150.6 - - [11/Jul/2026:04:07:49 -0700] "GET /wp-content/uploads/2024/11/Untitled-design-2024-11-19T092334.958.png HTTP/2.0" 200 279623 "https://vanessavaladezrealty.com/" "Mozilla/5.0 (compatible; Dataprovider.com)"
149.56.150.6 - - [11/Jul/2026:04:07:49 -0700] "GET /wp-content/uploads/2024/11/IMG_1994.jpg HTTP/2.0" 200 65178 "https://vanessavaladezrealty.com/" "Mozilla/5.0 (compatible; Dataprovider.com)"
149.56.150.6 - - [11/Jul/2026:04:07:49 -0700] "GET /wp-content/uploads/2021/03/building-2.png HTTP/2.0" 200 2499 "https://vanessavaladezrealty.com/" "Mozilla/5.0 (compatible; Dataprovider.com)"
149.56.150.6 - - [11/Jul/2026:04:07:49 -0700] "GET /wp-content/uploads/2021/03/building.png HTTP/2.0" 200 2431 "https://vanessavaladezrealty.com/" "Mozilla/5.0 (compatible; Dataprovider.com)"
149.56.150.6 - - [11/Jul/2026:04:07:49 -0700] "GET /wp-content/uploads/2021/03/building-1.png HTTP/2.0" 200 1865 "https://vanessavaladezrealty.com/" "Mozilla/5.0 (compatible; Dataprovider.com)"
149.56.150.6 - - [11/Jul/2026:04:07:49 -0700] "GET /wp-content/uploads/2020/01/estate-living-window.jpg HTTP/2.0" 200 1831551 "https://vanessavaladezrealty.com/wp-content/uploads/elementor/css/post-1295.css?ver=1774535618" "Mozilla/5.0 (compatible; Dataprovider.com)"
149.56.150.6 - - [11/Jul/2026:04:07:49 -0700] "GET /wp-content/plugins/real-estate-listing-realtyna-wpl/assets/js/js_inline.html HTTP/2.0" 200 1484 "https://vanessavaladezrealty.com/" "Mozilla/5.0 (compatible; Dataprovider.com)"
149.56.150.6 - - [11/Jul/2026:04:07:49 -0700] "GET /wp-content/plugins/elementor/assets/js/shared-frontend-handlers.03caa53373b56d3bab67.bundle.min.js HTTP/2.0" 200 2498 "https://vanessavaladezrealty.com/" "Mozilla/5.0 (compatible; Dataprovider.com)"
149.56.150.6 - - [11/Jul/2026:04:07:49 -0700] "GET /wp-content/plugins/elementor/assets/js/text-editor.45609661e409413f1cef.bundle.min.js HTTP/2.0" 200 593 "https://vanessavaladezrealty.com/" "Mozilla/5.0 (compatible; Dataprovider.com)"
149.56.150.6 - - [11/Jul/2026:04:07:49 -0700] "GET /wp-content/plugins/elementor/assets/js/video.86d44e46e43d0807e708.bundle.min.js HTTP/2.0" 200 1187 "https://vanessavaladezrealty.com/" "Mozilla/5.0 (compatible; Dataprovider.com)"
149.56.150.6 - - [11/Jul/2026:04:07:49 -0700] "GET /wp-includes/js/wp-emoji-release.min.js?ver=7.0.1 HTTP/2.0" 200 4949 "https://vanessavaladezrealty.com/" "Mozilla/5.0 (compatible; Dataprovider.com)"
149.56.150.6 - - [11/Jul/2026:04:07:49 -0700] "GET /wp-includes/js/jquery/ui/mouse.min.js?ver=1.13.3 HTTP/1.1" 200 3571 "https://vanessavaladezrealty.com/" "Mozilla/5.0 (compatible; Dataprovider.com)"
149.56.150.6 - - [11/Jul/2026:04:07:49 -0700] "GET /wp-includes/js/jquery/ui/core.min.js?ver=1.13.3 HTTP/1.1" 200 3570 "https://vanessavaladezrealty.com/" "Mozilla/5.0 (compatible; Dataprovider.com)"
149.56.150.6 - - [11/Jul/2026:04:07:49 -0700] "GET /wp-content/plugins/real-estate-listing-realtyna-wpl/assets/js/libraries/realtyna/realtyna.min.js?ver=7.0.1 HTTP/1.1" 200 3630 "https://vanessavaladezrealty.com/" "Mozilla/5.0 (compatible; Dataprovider.com)"
149.56.150.6 - - [11/Jul/2026:04:07:49 -0700] "GET /wp-content/plugins/elementor/assets/js/frontend.min.js?ver=3.35.7 HTTP/1.1" 200 3588 "https://vanessavaladezrealty.com/" "Mozilla/5.0 (compatible; Dataprovider.com)"
149.56.150.6 - - [11/Jul/2026:04:07:49 -0700] "GET /wp-includes/js/jquery/ui/sortable.min.js?ver=1.13.3 HTTP/1.1" 200 3574 "https://vanessavaladezrealty.com/" "Mozilla/5.0 (compatible; Dataprovider.com)"
149.56.150.6 - - [11/Jul/2026:04:07:49 -0700] "GET /wp-includes/js/dist/dom-ready.min.js?ver=a06281ae5cf5500e9317 HTTP/1.1" 200 4104 "https://vanessavaladezrealty.com/" "Mozilla/5.0 (compatible; Dataprovider.com)"
149.56.150.6 - - [11/Jul/2026:04:07:49 -0700] "GET /wp-content/themes/astra/assets/js/minified/frontend.min.js?ver=4.12.5 HTTP/1.1" 200 3592 "https://vanessavaladezrealty.com/" "Mozilla/5.0 (compatible; Dataprovider.com)"
149.56.150.6 - - [11/Jul/2026:04:07:49 -0700] "GET /wp-content/plugins/elementor/assets/js/webpack.runtime.min.js?ver=3.35.7 HTTP/1.1" 200 3595 "https://vanessavaladezrealty.com/" "Mozilla/5.0 (compatible; Dataprovider.com)"
149.56.150.6 - - [11/Jul/2026:04:07:49 -0700] "GET /wp-content/plugins/elementor/assets/js/frontend-modules.min.js?ver=3.35.7 HTTP/1.1" 200 3596 "https://vanessavaladezrealty.com/" "Mozilla/5.0 (compatible; Dataprovider.com)"
149.56.150.6 - - [11/Jul/2026:04:07:49 -0700] "GET /wp-content/plugins/astra-sites/inc/lib/onboarding/assets/dist/template-preview/main.js?ver=09382f635556bec359b3 HTTP/1.1" 200 3620 "https://vanessavaladezrealty.com/" "Mozilla/5.0 (compatible; Dataprovider.com)"
149.56.150.6 - - [11/Jul/2026:04:07:49 -0700] "GET /wp-content/plugins/wpforms-lite/assets/lib/jquery.validate.min.js?ver=1.21.0 HTTP/1.1" 200 3599 "https://vanessavaladezrealty.com/" "Mozilla/5.0 (compatible; Dataprovider.com)"
149.56.150.6 - - [11/Jul/2026:04:07:49 -0700] "GET /wp-content/plugins/wpforms-lite/assets/lib/punycode.min.js?ver=1.0.0 HTTP/1.1" 200 3592 "https://vanessavaladezrealty.com/" "Mozilla/5.0 (compatible; Dataprovider.com)"
149.56.150.6 - - [11/Jul/2026:04:07:49 -0700] "GET /wp-content/uploads/2024/08/FullSizeRender_copy-e1723560225906.jpg HTTP/1.1" 200 3594 "https://vanessavaladezrealty.com/" "Mozilla/5.0 (compatible; Dataprovider.com)"
149.56.150.6 - - [11/Jul/2026:04:07:49 -0700] "GET /wp-content/plugins/wpforms-lite/assets/js/share/utils.min.js?ver=1.10.0.2 HTTP/1.1" 200 3594 "https://vanessavaladezrealty.com/" "Mozilla/5.0 (compatible; Dataprovider.com)"
149.56.150.6 - - [11/Jul/2026:04:07:49 -0700] "GET /wp-content/plugins/wpforms-lite/assets/js/frontend/fields/address.min.js?ver=1.10.0.2 HTTP/1.1" 200 3606 "https://vanessavaladezrealty.com/" "Mozilla/5.0 (compatible; Dataprovider.com)"
149.56.150.6 - - [11/Jul/2026:04:07:49 -0700] "GET /wp-content/plugins/wpforms-lite/assets/lib/mailcheck.min.js?ver=1.1.2 HTTP/1.1" 200 3593 "https://vanessavaladezrealty.com/" "Mozilla/5.0 (compatible; Dataprovider.com)"
149.56.150.6 - - [11/Jul/2026:04:07:49 -0700] "GET /wp-content/plugins/wpforms-lite/assets/js/frontend/wpforms.min.js?ver=1.10.0.2 HTTP/1.1" 200 3599 "https://vanessavaladezrealty.com/" "Mozilla/5.0 (compatible; Dataprovider.com)"
149.56.150.6 - - [11/Jul/2026:04:07:49 -0700] "GET /wp-content/uploads/2021/12/Publication1-removebg-preview-5.png HTTP/1.1" 200 3590 "https://vanessavaladezrealty.com/" "Mozilla/5.0 (compatible; Dataprovider.com)"
149.56.150.6 - - [11/Jul/2026:04:07:49 -0700] "GET /wp-content/uploads/2021/12/bg-01-free-img.jpg HTTP/1.1" 200 3574 "https://vanessavaladezrealty.com/wp-content/uploads/elementor/css/post-1295.css?ver=1774535618" "Mozilla/5.0 (compatible; Dataprovider.com)"
149.56.150.6 - - [11/Jul/2026:04:07:49 -0700] "GET /wp-content/uploads/elementor/thumbs/cropped-Vanessa_Valadez_Logo-removebg-preview-5-ph6lg27n7560nvvg1mgo64lfcpo3az65w3cname9uk.png HTTP/1.1" 200 3658 "https://vanessavaladezrealty.com/" "Mozilla/5.0 (compatible; Dataprovider.com)"
149.56.150.6 - - [11/Jul/2026:04:07:49 -0700] "GET /wp-content/uploads/2020/01/estate-living-window.jpg HTTP/1.1" 200 3580 "https://vanessavaladezrealty.com/wp-content/uploads/elementor/css/post-1295.css?ver=1774535618" "Mozilla/5.0 (compatible; Dataprovider.com)"
149.56.150.6 - - [11/Jul/2026:04:07:49 -0700] "GET /wp-content/uploads/2021/12/IMG_0011-200x300.jpg HTTP/1.1" 200 3576 "https://vanessavaladezrealty.com/" "Mozilla/5.0 (compatible; Dataprovider.com)"
149.56.150.6 - - [11/Jul/2026:04:07:49 -0700] "GET /wp-content/uploads/2020/01/estate-pool.jpg HTTP/1.1" 200 3571 "https://vanessavaladezrealty.com/wp-content/uploads/elementor/css/post-1295.css?ver=1774535618" "Mozilla/5.0 (compatible; Dataprovider.com)"
149.56.150.6 - - [11/Jul/2026:04:07:49 -0700] "GET /wp-content/uploads/2024/11/IMG_2701.jpg HTTP/1.1" 200 3568 "https://vanessavaladezrealty.com/" "Mozilla/5.0 (compatible; Dataprovider.com)"
149.56.150.6 - - [11/Jul/2026:04:07:49 -0700] "GET /wp-content/plugins/elementor/assets/lib/font-awesome/webfonts/fa-solid-900.woff2 HTTP/1.1" 200 3609 "https://vanessavaladezrealty.com/wp-content/plugins/elementor/assets/lib/font-awesome/css/all.min.css?ver=3.35.7" "Mozilla/5.0 (compatible; Dataprovider.com)"
149.56.150.6 - - [11/Jul/2026:04:07:49 -0700] "GET /wp-content/uploads/2024/11/Untitled-design-2024-11-19T092334.958.png HTTP/1.1" 200 3596 "https://vanessavaladezrealty.com/" "Mozilla/5.0 (compatible; Dataprovider.com)"
149.56.150.6 - - [11/Jul/2026:04:07:49 -0700] "GET /wp-content/uploads/2024/11/IMG_1994.jpg HTTP/1.1" 200 3568 "https://vanessavaladezrealty.com/" "Mozilla/5.0 (compatible; Dataprovider.com)"
149.56.150.6 - - [11/Jul/2026:04:07:49 -0700] "GET /wp-content/uploads/2021/03/building-2.png HTTP/1.1" 200 3569 "https://vanessavaladezrealty.com/" "Mozilla/5.0 (compatible; Dataprovider.com)"
149.56.150.6 - - [11/Jul/2026:04:07:49 -0700] "GET /wp-content/uploads/2021/03/building.png HTTP/1.1" 200 3567 "https://vanessavaladezrealty.com/" "Mozilla/5.0 (compatible; Dataprovider.com)"
149.56.150.6 - - [11/Jul/2026:04:07:49 -0700] "GET /wp-content/uploads/2021/03/building-1.png HTTP/1.1" 200 3569 "https://vanessavaladezrealty.com/" "Mozilla/5.0 (compatible; Dataprovider.com)"
149.56.150.6 - - [11/Jul/2026:04:07:49 -0700] "GET /wp-content/plugins/real-estate-listing-realtyna-wpl/assets/js/js_inline.html HTTP/1.1" 200 3604 "https://vanessavaladezrealty.com/" "Mozilla/5.0 (compatible; Dataprovider.com)"
149.56.150.6 - - [11/Jul/2026:04:07:49 -0700] "GET /wp-content/plugins/elementor/assets/js/shared-frontend-handlers.03caa53373b56d3bab67.bundle.min.js HTTP/1.1" 200 3632 "https://vanessavaladezrealty.com/" "Mozilla/5.0 (compatible; Dataprovider.com)"
149.56.150.6 - - [11/Jul/2026:04:07:49 -0700] "GET /wp-content/plugins/elementor/assets/js/text-editor.45609661e409413f1cef.bundle.min.js HTTP/1.1" 200 3619 "https://vanessavaladezrealty.com/" "Mozilla/5.0 (compatible; Dataprovider.com)"
149.56.150.6 - - [11/Jul/2026:04:07:49 -0700] "GET /wp-content/plugins/elementor/assets/js/section-frontend-handlers.d85ab872da118940910d.bundle.min.js HTTP/1.1" 200 3900 "https://vanessavaladezrealty.com/" "Mozilla/5.0 (compatible; Dataprovider.com)"
149.56.150.6 - - [11/Jul/2026:04:07:49 -0700] "GET /wp-content/plugins/elementor/assets/js/video.86d44e46e43d0807e708.bundle.min.js HTTP/1.1" 200 3613 "https://vanessavaladezrealty.com/" "Mozilla/5.0 (compatible; Dataprovider.com)"
149.56.150.6 - - [11/Jul/2026:04:07:49 -0700] "GET /wp-includes/js/wp-emoji-release.min.js?ver=7.0.1 HTTP/1.1" 200 3572 "https://vanessavaladezrealty.com/" "Mozilla/5.0 (compatible; Dataprovider.com)"
149.56.150.6 - - [11/Jul/2026:04:07:49 -0700] "GET /wp-content/uploads/2021/12/images.jpg HTTP/1.1" 404 98798 "https://vanessavaladezrealty.com/" "Mozilla/5.0 (compatible; Dataprovider.com)"
149.56.150.6 - - [11/Jul/2026:04:07:55 -0700] "GET / HTTP/1.1" 301 4112 "-" "Mozilla/5.0 (compatible; Dataprovider.com)"
149.56.150.6 - - [11/Jul/2026:04:07:57 -0700] "GET / HTTP/1.1" 200 38356 "-" "Mozilla/5.0 (compatible; Dataprovider.com)"
149.56.150.6 - - [11/Jul/2026:04:07:59 -0700] "GET /robots.txt HTTP/1.1" 301 4122 "-" "Mozilla/5.0 (compatible; Dataprovider.com)"
149.56.150.6 - - [11/Jul/2026:04:08:01 -0700] "GET /robots.txt HTTP/1.1" 200 4273 "-" "Mozilla/5.0 (compatible; Dataprovider.com)"
149.56.150.6 - - [11/Jul/2026:04:08:02 -0700] "OPTIONS / HTTP/1.1" 200 38355 "-" "Mozilla/5.0 (compatible; Dataprovider.com)"
149.56.150.6 - - [11/Jul/2026:04:07:48 -0700] "GET /wp-content/themes/astra-child/style.css?ver=1.0.0 HTTP/1.1" 200 3566 "https://vanessavaladezrealty.com/" "Mozilla/5.0 (compatible; Dataprovider.com)"
35.235.84.95 - - [11/Jul/2026:04:10:29 -0700] "POST /wp-cron.php?doing_wp_cron=1783768229.7744989395141601562500 HTTP/1.1" 200 3587 "-" "WordPress/7.0.1; https://vanessavaladezrealty.com"
57.141.18.122 - - [11/Jul/2026:04:10:28 -0700] "GET /sitemap-index.xml HTTP/1.1" 404 98763 "-" "Mozilla/5.0 (Windows NT 10.0; Win64; x64) AppleWebKit/537.36 (KHTML, like Gecko) Chrome/145.0.0.0 Safari/537.36 (compatible; meta-externalagent/1.1 (+https://developers.facebook.com/docs/sharing/webmasters/crawler))"
35.235.84.95 - - [11/Jul/2026:04:10:55 -0700] "POST /wp-cron.php?doing_wp_cron=1783768255.0613389015197753906250 HTTP/1.1" 200 3587 "-" "WordPress/7.0.1; https://vanessavaladezrealty.com"
89.124.104.131 - - [11/Jul/2026:04:10:53 -0700] "GET /hello-world/ HTTP/1.1" 200 126058 "https://vanessavaladezrealty.com/hello-world/" "Mozilla/5.0 (Windows NT 10.0; Win64; x64) AppleWebKit/537.36 (KHTML, like Gecko) Chrome/130.0.0.0 Safari/537.36 CCleaner/130.0.0.0"
89.124.104.131 - - [11/Jul/2026:04:10:56 -0700] "POST /wp-comments-post.php HTTP/1.1" 302 4299 "https://vanessavaladezrealty.com/hello-world/" "Mozilla/5.0 (Windows NT 10.0; Win64; x64) AppleWebKit/537.36 (KHTML, like Gecko) Chrome/130.0.0.0 Safari/537.36 CCleaner/130.0.0.0"
89.124.104.131 - - [11/Jul/2026:04:10:57 -0700] "GET /hello-world/ HTTP/1.1" 200 129067 "https://vanessavaladezrealty.com/hello-world/#comment-1386" "Mozilla/5.0 (Windows NT 10.0; Win64; x64) AppleWebKit/537.36 (KHTML, like Gecko) Chrome/130.0.0.0 Safari/537.36 CCleaner/130.0.0.0"
35.235.84.95 - - [11/Jul/2026:04:16:30 -0700] "POST /wp-cron.php?doing_wp_cron=1783768590.3308849334716796875000 HTTP/1.1" 200 3587 "-" "WordPress/7.0.1; https://vanessavaladezrealty.com"
78.142.18.172 - - [11/Jul/2026:04:16:29 -0700] "GET /wp-login.php HTTP/1.1" 200 6364 "-" "Mozilla/5.0 (Windows NT 10.0; Win64; x64) AppleWebKit/537.36 (KHTML, like Gecko) Chrome/133.0.0.0 Safari/537.36"
78.142.18.172 - - [11/Jul/2026:04:16:30 -0700] "POST /wp-login.php HTTP/1.1" 200 6446 "https://vanessavaladezrealty.com/wp-login.php" "Mozilla/5.0 (Windows NT 10.0; Win64; x64) AppleWebKit/537.36 (KHTML, like Gecko) Chrome/133.0.0.0 Safari/537.36"
35.235.84.95 - - [11/Jul/2026:04:19:02 -0700] "POST /wp-cron.php?doing_wp_cron=1783768742.5162649154663085937500 HTTP/1.1" 200 3587 "-" "WordPress/7.0.1; https://vanessavaladezrealty.com"
91.186.253.147 - - [11/Jul/2026:04:19:01 -0700] "GET /properties/111-Residential-5618-Vision-Quest-Court-6-Rooms-3-Bedrooms-3-Bathrooms-USD410-000/tel:7027760711 HTTP/1.1" 301 4220 "-" "Mozilla/5.0 (Windows NT 10.0; Win64; x64) AppleWebKit/537.36 (KHTML, like Gecko) Brave Chrome/86.0.4240.99 Safari/537.36"
91.186.253.147 - - [11/Jul/2026:04:19:03 -0700] "GET /properties/111-Residential-5618-Vision-Quest-Court-6-Rooms-3-Bedrooms-3-Bathrooms-USD410-000/tel:7027760711/ HTTP/1.1" 301 4369 "-" "Mozilla/5.0 (Windows NT 10.0; Win64; x64) AppleWebKit/537.36 (KHTML, like Gecko) Brave Chrome/86.0.4240.99 Safari/537.36"
91.186.253.147 - - [11/Jul/2026:04:19:04 -0700] "GET /properties/111-Residential-5618-Vision-Quest-Court-6-Rooms-3-Bedrooms-3-Bathrooms-USD410-000 HTTP/1.1" 301 4147 "-" "Mozilla/5.0 (Windows NT 10.0; Win64; x64) AppleWebKit/537.36 (KHTML, like Gecko) Brave Chrome/86.0.4240.99 Safari/537.36"
91.186.253.147 - - [11/Jul/2026:04:19:08 -0700] "GET /properties/111-Residential-5618-Vision-Quest-Court-6-Rooms-3-Bedrooms-3-Bathrooms-USD410-000/ HTTP/1.1" 200 36614 "-" "Mozilla/5.0 (Windows NT 10.0; Win64; x64) AppleWebKit/537.36 (KHTML, like Gecko) Brave Chrome/86.0.4240.99 Safari/537.36"
35.235.84.95 - - [11/Jul/2026:04:22:11 -0700] "POST /wp-cron.php?doing_wp_cron=1783768931.3620319366455078125000 HTTP/1.1" 200 3587 "-" "WordPress/7.0.1; https://vanessavaladezrealty.com"
143.110.183.208 - - [11/Jul/2026:04:22:10 -0700] "GET /wp-login.php HTTP/1.1" 200 6364 "-" "Mozilla/5.0 (Windows NT 10.0; Win64; x64) AppleWebKit/537.36 (KHTML, like Gecko) Chrome/133.0.0.0 Safari/537.36"
143.110.183.208 - - [11/Jul/2026:04:22:11 -0700] "POST /wp-login.php HTTP/1.1" 200 6466 "https://vanessavaladezrealty.com/wp-login.php" "Mozilla/5.0 (Windows NT 10.0; Win64; x64) AppleWebKit/537.36 (KHTML, like Gecko) Chrome/133.0.0.0 Safari/537.36"
35.235.84.95 - - [11/Jul/2026:04:30:56 -0700] "POST /wp-cron.php?doing_wp_cron=1783769456.4833889007568359375000 HTTP/1.1" 200 3587 "-" "WordPress/7.0.1; https://vanessavaladezrealty.com"
78.142.18.172 - - [11/Jul/2026:04:31:54 -0700] "GET /wp-login.php HTTP/1.1" 200 6364 "-" "Mozilla/5.0 (Windows NT 10.0; Win64; x64) AppleWebKit/537.36 (KHTML, like Gecko) Chrome/133.0.0.0 Safari/537.36"
35.235.84.95 - - [11/Jul/2026:04:31:56 -0700] "POST /wp-cron.php?doing_wp_cron=1783769516.6660320758819580078125 HTTP/1.1" 200 3587 "-" "WordPress/7.0.1; https://vanessavaladezrealty.com"
78.142.18.172 - - [11/Jul/2026:04:31:55 -0700] "POST /wp-login.php HTTP/1.1" 200 6445 "https://vanessavaladezrealty.com/wp-login.php" "Mozilla/5.0 (Windows NT 10.0; Win64; x64) AppleWebKit/537.36 (KHTML, like Gecko) Chrome/133.0.0.0 Safari/537.36"
35.235.84.95 - - [11/Jul/2026:04:41:00 -0700] "POST /wp-cron.php?doing_wp_cron=1783770060.3459661006927490234375 HTTP/1.1" 200 3587 "-" "WordPress/7.0.1; https://vanessavaladezrealty.com"
78.142.18.172 - - [11/Jul/2026:04:41:52 -0700] "GET /wp-login.php HTTP/1.1" 200 6364 "-" "Mozilla/5.0 (Windows NT 10.0; Win64; x64) AppleWebKit/537.36 (KHTML, like Gecko) Chrome/133.0.0.0 Safari/537.36"
78.142.18.172 - - [11/Jul/2026:04:41:54 -0700] "POST /wp-login.php HTTP/1.1" 200 6446 "https://vanessavaladezrealty.com/wp-login.php" "Mozilla/5.0 (Windows NT 10.0; Win64; x64) AppleWebKit/537.36 (KHTML, like Gecko) Chrome/133.0.0.0 Safari/537.36"
35.235.84.95 - - [11/Jul/2026:04:56:06 -0700] "POST /wp-cron.php?doing_wp_cron=1783770966.9370961189270019531250 HTTP/1.1" 200 3587 "-" "WordPress/7.0.1; https://vanessavaladezrealty.com"
35.235.84.95 - - [11/Jul/2026:04:56:07 -0700] "POST /wp-cron.php?doing_wp_cron=1783770967.0054709911346435546875 HTTP/1.1" 200 3587 "-" "WordPress/7.0.1; https://vanessavaladezrealty.com"
216.73.216.49 - - [11/Jul/2026:04:56:05 -0700] "GET /robots.txt HTTP/1.1" 200 4273 "-" "Mozilla/5.0 AppleWebKit/537.36 (KHTML, like Gecko; compatible; ClaudeBot/1.0; +claudebot@anthropic.com)"
216.73.216.49 - - [11/Jul/2026:04:56:07 -0700] "GET /wp-sitemap.xml HTTP/1.1" 200 4257 "-" "Mozilla/5.0 AppleWebKit/537.36 (KHTML, like Gecko; compatible; ClaudeBot/1.0; +claudebot@anthropic.com)"
35.235.84.95 - - [11/Jul/2026:04:57:17 -0700] "POST /wp-cron.php?doing_wp_cron=1783771037.9479410648345947265625 HTTP/1.1" 200 3587 "-" "WordPress/7.0.1; https://vanessavaladezrealty.com"
103.164.255.105 - - [11/Jul/2026:04:57:16 -0700] "GET /properties/95-Residential-Lease-1421-Santa-Margarita-G-6-Rooms-2-Bedrooms-2-Bathrooms-USD1-250/ HTTP/1.1" 200 35083 "-" "Mozilla/5.0 (Windows NT 6.1; WOW64) AppleWebKit/537.36 (KHTML, like Gecko) Chrome/69.0.0.3016 Safari/537.36"
35.235.84.95 - - [11/Jul/2026:05:00:21 -0700] "POST /wp-cron.php?doing_wp_cron=1783771221.2348129749298095703125 HTTP/1.1" 200 3587 "-" "WordPress/7.0.1; https://vanessavaladezrealty.com"
45.189.149.70 - - [11/Jul/2026:05:00:19 -0700] "GET /properties/108-Residential-6422-Point-Isabel-Way-8-Rooms-3-Bedrooms-3-Bathrooms-USD375-000/ HTTP/1.1" 200 38313 "-" "Mozilla/5.0 (Windows NT 6.1; Win64; x64) AppleWebKit/537.36 (KHTML, like Gecko) Chrome/73.0.3683.86 Safari/537.36"
35.235.84.95 - - [11/Jul/2026:05:00:31 -0700] "HEAD / HTTP/1.1" 200 4253 "-" "Mozilla/5.0 (Windows NT 10.0; Win64; x64) AppleWebKit/537.36 (KHTML, like Gecko) Chrome/117.0.0.0 Safari/537.36"
205.210.31.181 - - [11/Jul/2026:05:00:36 -0700] "GET / HTTP/1.1" 200 361433 "-" "Hello from Palo Alto Networks, find out more about our scans in https://docs-cortex.paloaltonetworks.com/r/1/Cortex-Xpanse/Scanning-activity"
35.235.84.95 - - [11/Jul/2026:05:12:59 -0700] "POST /wp-cron.php?doing_wp_cron=1783771979.5957579612731933593750 HTTP/1.1" 200 3587 "-" "WordPress/7.0.1; https://vanessavaladezrealty.com"
79.116.163.250 - - [11/Jul/2026:05:12:58 -0700] "GET /wp-sitemap-posts-post-1.xml HTTP/1.1" 200 4306 "-" "Mozilla/5.0 (Macintosh; Intel Mac OS X 11_6_8) AppleWebKit/537.36 (KHTML, like Gecko) Chrome/126.0.6478.55 Safari/537.36"
35.235.84.95 - - [11/Jul/2026:05:27:41 -0700] "POST /wp-cron.php?doing_wp_cron=1783772861.2703490257263183593750 HTTP/1.1" 200 3587 "-" "WordPress/7.0.1; https://vanessavaladezrealty.com"
185.95.207.92 - - [11/Jul/2026:05:27:39 -0700] "GET /properties/104-Residential-10001-Peace-Way-1186-7-Rooms-3-Bedrooms-2-Bathrooms-USD349-999/tel:7027760711 HTTP/1.1" 301 4217 "-" "Mozilla/5.0 (Windows NT 6.1) AppleWebKit/537.36 (KHTML, like Gecko) Chrome/27.0.1453.90 Safari/537.36"
185.95.207.92 - - [11/Jul/2026:05:27:41 -0700] "GET /properties/104-Residential-10001-Peace-Way-1186-7-Rooms-3-Bedrooms-2-Bathrooms-USD349-999/tel:7027760711/ HTTP/1.1" 301 4366 "-" "Mozilla/5.0 (Windows NT 6.1) AppleWebKit/537.36 (KHTML, like Gecko) Chrome/27.0.1453.90 Safari/537.36"
185.95.207.92 - - [11/Jul/2026:05:27:43 -0700] "GET /properties/104-Residential-10001-Peace-Way-1186-7-Rooms-3-Bedrooms-2-Bathrooms-USD349-999 HTTP/1.1" 301 4144 "-" "Mozilla/5.0 (Windows NT 6.1) AppleWebKit/537.36 (KHTML, like Gecko) Chrome/27.0.1453.90 Safari/537.36"
185.95.207.92 - - [11/Jul/2026:05:27:45 -0700] "GET /properties/104-Residential-10001-Peace-Way-1186-7-Rooms-3-Bedrooms-2-Bathrooms-USD349-999/ HTTP/1.1" 200 36094 "-" "Mozilla/5.0 (Windows NT 6.1) AppleWebKit/537.36 (KHTML, like Gecko) Chrome/27.0.1453.90 Safari/537.36"
35.235.84.95 - - [11/Jul/2026:05:37:48 -0700] "POST /wp-cron.php?doing_wp_cron=1783773468.5088939666748046875000 HTTP/1.1" 200 3587 "-" "WordPress/7.0.1; https://vanessavaladezrealty.com"
114.119.155.58 - - [11/Jul/2026:05:37:46 -0700] "GET /properties/?wplview=property_show&pid=129 HTTP/1.1" 200 33118 "https://vanessavaladezrealty.com/properties?wplview=property_show&pid=129" "Mozilla/5.0 (Linux; Android 7.0;) AppleWebKit/537.36 (HTML, like Gecko) Mobile Safari/537.36 (compatible; PetalBot;+https://webmaster.petalsearch.com/site/petalbot)"
190.53.249.27 - - [11/Jul/2026:05:37:56 -0700] "GET /properties/tel:7027760711/tel:7027760711/ HTTP/1.1" 200 27514 "-" "Mozilla/5.0 (Macintosh; Intel Mac OS X 10_15_5) AppleWebKit/537.36 (KHTML, like Gecko) Brave Chrome/86.0.4240.75 Safari/537.36"
35.235.84.95 - - [11/Jul/2026:05:38:56 -0700] "POST /wp-cron.php?doing_wp_cron=1783773536.2652978897094726562500 HTTP/1.1" 200 3587 "-" "WordPress/7.0.1; https://vanessavaladezrealty.com"
102.152.217.180 - - [11/Jul/2026:05:38:54 -0700] "GET / HTTP/1.1" 200 38355 "-" "Mozilla/5.0 (Macintosh; Intel Mac OS X 12_3_1) AppleWebKit/537.36 (KHTML, like Gecko) Chrome/124.0.6367.155 Safari/537.36"
35.235.84.95 - - [11/Jul/2026:05:47:53 -0700] "POST /wp-cron.php?doing_wp_cron=1783774073.4313919544219970703125 HTTP/1.1" 200 3587 "-" "WordPress/7.0.1; https://vanessavaladezrealty.com"
120.89.66.1 - - [11/Jul/2026:05:47:52 -0700] "GET /properties/vanessavaladez/tel:7027760711/tel:7027760711/tel:7027760711/tel:7027760711 HTTP/1.1" 301 4198 "-" "Mozilla/5.0 (Windows NT 10.0; Win64; x64) AppleWebKit/537.36 (KHTML, like Gecko) Chrome/91.0.4472.123 Safari/537.36"
120.89.66.1 - - [11/Jul/2026:05:47:53 -0700] "GET /properties/vanessavaladez/tel:7027760711/tel:7027760711/tel:7027760711/tel:7027760711/ HTTP/1.1" 200 32734 "-" "Mozilla/5.0 (Windows NT 10.0; Win64; x64) AppleWebKit/537.36 (KHTML, like Gecko) Chrome/91.0.4472.123 Safari/537.36"
38.158.98.169 - - [11/Jul/2026:05:47:58 -0700] "GET /properties/?pid=129&wplview=property_show HTTP/1.1" 200 36964 "-" "Mozilla/5.0 (Windows NT 10.0; Win64; x64) AppleWebKit/537.36 (KHTML, like Gecko) Chrome/85.0.4183.121 Safari/537.36"
43.166.130.123 - - [11/Jul/2026:05:52:46 -0700] "GET /comments/feed/ HTTP/1.1" 200 4701 "-" "Mozilla/5.0 (iPhone; CPU iPhone OS 13_2_3 like Mac OS X) AppleWebKit/605.1.15 (KHTML, like Gecko) Version/13.0.3 Mobile/15E148 Safari/604.1"
35.235.84.95 - - [11/Jul/2026:05:52:47 -0700] "POST /wp-cron.php?doing_wp_cron=1783774367.8843870162963867187500 HTTP/1.1" 200 3587 "-" "WordPress/7.0.1; https://vanessavaladezrealty.com"
35.235.84.95 - - [11/Jul/2026:05:54:36 -0700] "POST /wp-cron.php?doing_wp_cron=1783774476.7733130455017089843750 HTTP/1.1" 200 3587 "-" "WordPress/7.0.1; https://vanessavaladezrealty.com"
131.100.62.86 - - [11/Jul/2026:05:54:35 -0700] "GET /properties/117-Residential-10792-Ascona-Tide-Court-5-Rooms-4-Bedrooms-4-Bathrooms-USD499-900/ HTTP/1.1" 200 37534 "-" "Mozilla/5.0 (Macintosh; Intel Mac OS X 10_15_7) AppleWebKit/537.36 (KHTML, like Gecko) Chrome/92.0.4515.159 Safari/537.36"
35.235.84.95 - - [11/Jul/2026:05:59:05 -0700] "POST /wp-cron.php?doing_wp_cron=1783774745.0991868972778320312500 HTTP/1.1" 200 3587 "-" "WordPress/7.0.1; https://vanessavaladezrealty.com"
35.235.84.95 - - [11/Jul/2026:05:59:05 -0700] "POST /wp-cron.php?doing_wp_cron=1783774745.8481290340423583984375 HTTP/1.1" 200 3587 "-" "WordPress/7.0.1; https://vanessavaladezrealty.com"
95.159.94.198 - - [11/Jul/2026:05:59:03 -0700] "GET /properties/vanessavaladez/tel:7027760711/tel:7027760711/tel:7027760711/tel:7027760711/tel:7027760711/?wplpage=3 HTTP/1.1" 200 32795 "-" "Mozilla/5.0 (Windows NT 10.0; WOW64) AppleWebKit/537.36 (KHTML, like Gecko) Chrome/96.0.4664.45 Safari/537.36"
35.235.84.95 - - [11/Jul/2026:06:00:46 -0700] "HEAD / HTTP/1.1" 200 4253 "-" "Mozilla/5.0 (Windows NT 10.0; Win64; x64) AppleWebKit/537.36 (KHTML, like Gecko) Chrome/117.0.0.0 Safari/537.36"
35.235.84.95 - - [11/Jul/2026:06:05:17 -0700] "POST /wp-cron.php?doing_wp_cron=1783775117.3686580657958984375000 HTTP/1.1" 200 3587 "-" "WordPress/7.0.1; https://vanessavaladezrealty.com"
43.166.142.76 - - [11/Jul/2026:06:05:16 -0700] "GET /wp-json/oembed/1.0/embed?url=https%3A%2F%2Fvanessavaladezrealty.com%2F HTTP/1.1" 200 6265 "-" "Mozilla/5.0 (iPhone; CPU iPhone OS 13_2_3 like Mac OS X) AppleWebKit/605.1.15 (KHTML, like Gecko) Version/13.0.3 Mobile/15E148 Safari/604.1"
35.235.84.95 - - [11/Jul/2026:06:09:01 -0700] "POST /wp-cron.php?doing_wp_cron=1783775341.2407829761505126953125 HTTP/1.1" 200 3587 "-" "WordPress/7.0.1; https://vanessavaladezrealty.com"
114.119.153.188 - - [11/Jul/2026:06:09:00 -0700] "GET /properties?wplview=property_show&pid=103 HTTP/1.1" 301 4153 "https://vanessavaladezrealty.com/properties?wplview=property_show&pid=103" "Mozilla/5.0 (Linux; Android 7.0;) AppleWebKit/537.36 (HTML, like Gecko) Mobile Safari/537.36 (compatible; PetalBot;+https://webmaster.petalsearch.com/site/petalbot)"
114.119.153.188 - - [11/Jul/2026:06:09:03 -0700] "GET /properties/?wplview=property_show&pid=103 HTTP/1.1" 200 34078 "https://vanessavaladezrealty.com/properties?wplview=property_show&pid=103" "Mozilla/5.0 (Linux; Android 7.0;) AppleWebKit/537.36 (HTML, like Gecko) Mobile Safari/537.36 (compatible; PetalBot;+https://webmaster.petalsearch.com/site/petalbot)"
35.235.84.95 - - [11/Jul/2026:06:14:38 -0700] "POST /wp-cron.php?doing_wp_cron=1783775678.7793340682983398437500 HTTP/1.1" 200 3587 "-" "WordPress/7.0.1; https://vanessavaladezrealty.com"
78.40.199.55 - - [11/Jul/2026:06:14:37 -0700] "GET /hello-world/ HTTP/1.1" 200 126058 "https://vanessavaladezrealty.com/hello-world/" "Mozilla/5.0 (Windows NT 10.0; Win64; x64) AppleWebKit/537.36 (KHTML, like Gecko) Chrome/129.0.0.0 Safari/537.36"
78.40.199.55 - - [11/Jul/2026:06:14:39 -0700] "POST /wp-comments-post.php HTTP/1.1" 302 4275 "https://vanessavaladezrealty.com/hello-world/" "Mozilla/5.0 (Windows NT 10.0; Win64; x64) AppleWebKit/537.36 (KHTML, like Gecko) Chrome/129.0.0.0 Safari/537.36"
