196.238.206.98 - - [10/Jul/2026:09:59:13 -0700] "POST /xmlrpc.php HTTP/1.1" 200 4129 "-" "Jetpack/12.5; WordPress/6.1; http://site32978605.com"
196.238.206.98 - - [10/Jul/2026:09:59:24 -0700] "POST /xmlrpc.php HTTP/1.1" 403 4352 "-" "Jetpack by WordPress.com"
85.208.96.208 - - [10/Jul/2026:09:59:24 -0700] "GET /properties/vanessavaladez/ HTTP/1.1" 200 32780 "-" "Mozilla/5.0 (compatible; SemrushBot/7~bl; +http://www.semrush.com/bot.html)"
196.238.206.98 - - [10/Jul/2026:09:59:34 -0700] "POST /xmlrpc.php HTTP/1.1" 200 4129 "-" "Jetpack/13.0; WordPress/6.2; http://site60322789.com"
196.238.206.98 - - [10/Jul/2026:09:59:45 -0700] "POST /xmlrpc.php HTTP/1.1" 200 4129 "-" "Jetpack by WordPress.com (Jetpack 12.1; WordPress 6.4)"
35.235.84.95 - - [10/Jul/2026:09:59:56 -0700] "POST /wp-cron.php?doing_wp_cron=1783702796.8679471015930175781250 HTTP/1.1" 200 3587 "-" "WordPress/7.0.1; https://vanessavaladezrealty.com"
196.238.206.98 - - [10/Jul/2026:09:59:55 -0700] "POST /xmlrpc.php HTTP/1.1" 200 4129 "-" "Jetpack by WordPress.com (Jetpack 13.0; WordPress 6.2)"
196.238.206.98 - - [10/Jul/2026:10:00:16 -0700] "POST /xmlrpc.php HTTP/1.1" 200 4129 "-" "Jetpack by WordPress.com (Jetpack 13.0; WordPress 6.2)"
196.238.206.98 - - [10/Jul/2026:10:00:06 -0700] "POST /xmlrpc.php HTTP/1.1" 403 4352 "-" "WordPress.com; https://wordpress.com"
196.238.206.98 - - [10/Jul/2026:10:00:27 -0700] "POST /xmlrpc.php HTTP/1.1" 200 4129 "-" "Jetpack/12.1; WordPress/6.4; http://site43754866.com"
196.238.206.98 - - [10/Jul/2026:10:00:37 -0700] "POST /xmlrpc.php HTTP/1.1" 403 4352 "-" "Jetpack by WordPress.com"
35.235.84.95 - - [10/Jul/2026:10:00:47 -0700] "HEAD / HTTP/1.1" 200 4253 "-" "Mozilla/5.0 (Windows NT 10.0; Win64; x64) AppleWebKit/537.36 (KHTML, like Gecko) Chrome/117.0.0.0 Safari/537.36"
196.238.206.98 - - [10/Jul/2026:10:00:48 -0700] "POST /xmlrpc.php HTTP/1.1" 200 4129 "-" "Jetpack by WordPress.com (Jetpack 12.5; WordPress 6.2)"
196.238.206.98 - - [10/Jul/2026:10:00:58 -0700] "POST /xmlrpc.php HTTP/1.1" 403 4352 "-" "Jetpack by WordPress.com"
196.238.206.98 - - [10/Jul/2026:10:01:09 -0700] "POST /xmlrpc.php HTTP/1.1" 200 4129 "-" "Jetpack/13.0; WordPress/6.1; http://site59186803.com"
196.238.206.98 - - [10/Jul/2026:10:01:19 -0700] "POST /xmlrpc.php HTTP/1.1" 403 4352 "-" "Jetpack by WordPress.com"
35.235.84.95 - - [10/Jul/2026:10:01:10 -0700] "POST /wp-cron.php?doing_wp_cron=1783702870.4105548858642578125000 HTTP/1.1" 200 3587 "-" "WordPress/7.0.1; https://vanessavaladezrealty.com"
196.238.206.98 - - [10/Jul/2026:10:01:30 -0700] "POST /xmlrpc.php HTTP/1.1" 403 4352 "-" "WordPress.com; https://wordpress.com"
35.235.84.95 - - [10/Jul/2026:10:01:41 -0700] "POST /wp-cron.php?doing_wp_cron=1783702901.8763530254364013671875 HTTP/1.1" 200 3587 "-" "WordPress/7.0.1; https://vanessavaladezrealty.com"
196.238.206.98 - - [10/Jul/2026:10:01:40 -0700] "POST /xmlrpc.php HTTP/1.1" 200 4129 "-" "Jetpack/12.1; WordPress/6.2; http://site64240653.com"
154.217.192.60 - - [10/Jul/2026:10:01:48 -0700] "GET /wp-content/uploads/WPL/150/Nx3.php HTTP/1.1" 200 4576 "-" "Mozilla/5.0 (compatible; crawler)"
196.238.206.98 - - [10/Jul/2026:10:01:51 -0700] "POST /xmlrpc.php HTTP/1.1" 200 4129 "-" "Jetpack/13.0; WordPress/6.4; http://site22297334.com"
196.238.206.98 - - [10/Jul/2026:10:02:01 -0700] "POST /xmlrpc.php HTTP/1.1" 200 4129 "-" "Jetpack by WordPress.com (Jetpack 12.5; WordPress 6.1)"
196.238.206.98 - - [10/Jul/2026:10:02:12 -0700] "POST /xmlrpc.php HTTP/1.1" 200 4129 "-" "Jetpack/12.5; WordPress/6.3; http://site18219761.com"
196.238.206.98 - - [10/Jul/2026:10:02:22 -0700] "POST /xmlrpc.php HTTP/1.1" 200 4129 "-" "Jetpack by WordPress.com (Jetpack 12.5; WordPress 6.2)"
196.238.206.98 - - [10/Jul/2026:10:02:33 -0700] "POST /xmlrpc.php HTTP/1.1" 403 4352 "-" "WordPress.com; https://wordpress.com"
35.235.84.95 - - [10/Jul/2026:10:02:44 -0700] "POST /wp-cron.php?doing_wp_cron=1783702964.8617279529571533203125 HTTP/1.1" 200 3587 "-" "WordPress/7.0.1; https://vanessavaladezrealty.com"
35.235.84.95 - - [10/Jul/2026:10:02:46 -0700] "POST /wp-cron.php?doing_wp_cron=1783702966.2481620311737060546875 HTTP/1.1" 200 3587 "-" "WordPress/7.0.1; https://vanessavaladezrealty.com"
132.226.97.226 - - [10/Jul/2026:10:02:44 -0700] "GET /properties?pid=130&wplview=property_show HTTP/1.1" 301 4095 "-" "Scrapy/2.16.0 (+https://scrapy.org)"
196.238.206.98 - - [10/Jul/2026:10:02:43 -0700] "POST /xmlrpc.php HTTP/1.1" 200 4129 "-" "Jetpack by WordPress.com (Jetpack 13.0; WordPress 6.2)"
35.235.84.95 - - [10/Jul/2026:10:02:55 -0700] "POST /wp-cron.php?doing_wp_cron=1783702975.2827250957489013671875 HTTP/1.1" 200 3587 "-" "WordPress/7.0.1; https://vanessavaladezrealty.com"
196.238.206.98 - - [10/Jul/2026:10:02:54 -0700] "POST /xmlrpc.php HTTP/1.1" 200 4129 "-" "Jetpack/13.0; WordPress/6.4; http://site22629073.com"
132.226.97.226 - - [10/Jul/2026:10:03:02 -0700] "GET /properties/?pid=130&wplview=property_show HTTP/1.1" 200 34832 "https://vanessavaladezrealty.com/properties?pid=130&wplview=property_show" "Scrapy/2.16.0 (+https://scrapy.org)"
196.238.206.98 - - [10/Jul/2026:10:03:04 -0700] "POST /xmlrpc.php HTTP/1.1" 403 4352 "-" "Jetpack by WordPress.com"
196.238.206.98 - - [10/Jul/2026:10:03:15 -0700] "POST /xmlrpc.php HTTP/1.1" 200 4129 "-" "Jetpack/12.0; WordPress/6.1; http://site38336470.com"
196.238.206.98 - - [10/Jul/2026:10:03:25 -0700] "POST /xmlrpc.php HTTP/1.1" 403 4352 "-" "WordPress.com; https://wordpress.com"
196.238.206.98 - - [10/Jul/2026:10:03:36 -0700] "POST /xmlrpc.php HTTP/1.1" 403 4352 "-" "WordPress.com; https://wordpress.com"
196.238.206.98 - - [10/Jul/2026:10:03:46 -0700] "POST /xmlrpc.php HTTP/1.1" 403 4352 "-" "Jetpack by WordPress.com"
35.235.84.95 - - [10/Jul/2026:10:03:58 -0700] "POST /wp-cron.php?doing_wp_cron=1783703038.6090579032897949218750 HTTP/1.1" 200 3587 "-" "WordPress/7.0.1; https://vanessavaladezrealty.com"
196.238.206.98 - - [10/Jul/2026:10:03:57 -0700] "POST /xmlrpc.php HTTP/1.1" 200 4129 "-" "Jetpack by WordPress.com (Jetpack 13.0; WordPress 6.3)"
196.238.206.98 - - [10/Jul/2026:10:04:07 -0700] "POST /xmlrpc.php HTTP/1.1" 200 4129 "-" "Jetpack by WordPress.com (Jetpack 12.1; WordPress 6.4)"
196.238.206.98 - - [10/Jul/2026:10:04:18 -0700] "POST /xmlrpc.php HTTP/1.1" 200 4129 "-" "Jetpack by WordPress.com (Jetpack 12.0; WordPress 6.2)"
196.238.206.98 - - [10/Jul/2026:10:04:28 -0700] "POST /xmlrpc.php HTTP/1.1" 403 4352 "-" "WordPress.com; https://wordpress.com"
196.238.206.98 - - [10/Jul/2026:10:04:39 -0700] "POST /xmlrpc.php HTTP/1.1" 200 4129 "-" "Jetpack/12.5; WordPress/6.1; http://site94535263.com"
196.238.206.98 - - [10/Jul/2026:10:04:49 -0700] "POST /xmlrpc.php HTTP/1.1" 403 4352 "-" "WordPress.com; https://wordpress.com"
196.238.206.98 - - [10/Jul/2026:10:05:00 -0700] "POST /xmlrpc.php HTTP/1.1" 403 4352 "-" "WordPress.com; https://wordpress.com"
35.235.84.95 - - [10/Jul/2026:10:05:11 -0700] "POST /wp-cron.php?doing_wp_cron=1783703111.6497359275817871093750 HTTP/1.1" 200 3587 "-" "WordPress/7.0.1; https://vanessavaladezrealty.com"
196.238.206.98 - - [10/Jul/2026:10:05:10 -0700] "POST /xmlrpc.php HTTP/1.1" 200 4129 "-" "Jetpack/13.0; WordPress/6.2; http://site81351386.com"
196.238.206.98 - - [10/Jul/2026:10:05:32 -0700] "POST /xmlrpc.php HTTP/1.1" 403 4352 "-" "Jetpack by WordPress.com"
196.238.206.98 - - [10/Jul/2026:10:05:21 -0700] "POST /xmlrpc.php HTTP/1.1" 200 4129 "-" "Jetpack by WordPress.com (Jetpack 12.1; WordPress 6.1)"
196.238.206.98 - - [10/Jul/2026:10:05:42 -0700] "POST /xmlrpc.php HTTP/1.1" 403 4352 "-" "Jetpack by WordPress.com"
196.238.206.98 - - [10/Jul/2026:10:05:52 -0700] "POST /xmlrpc.php HTTP/1.1" 403 4352 "-" "Jetpack by WordPress.com"
196.238.206.98 - - [10/Jul/2026:10:06:03 -0700] "POST /xmlrpc.php HTTP/1.1" 403 4352 "-" "Jetpack by WordPress.com"
35.235.84.95 - - [10/Jul/2026:10:06:14 -0700] "POST /wp-cron.php?doing_wp_cron=1783703174.8419730663299560546875 HTTP/1.1" 200 3587 "-" "WordPress/7.0.1; https://vanessavaladezrealty.com"
196.238.206.98 - - [10/Jul/2026:10:06:13 -0700] "POST /xmlrpc.php HTTP/1.1" 200 4129 "-" "Jetpack/12.5; WordPress/6.3; http://site82369403.com"
35.235.84.95 - - [10/Jul/2026:10:06:25 -0700] "POST /wp-cron.php?doing_wp_cron=1783703185.0738780498504638671875 HTTP/1.1" 200 3587 "-" "WordPress/7.0.1; https://vanessavaladezrealty.com"
196.238.206.98 - - [10/Jul/2026:10:06:24 -0700] "POST /xmlrpc.php HTTP/1.1" 200 4129 "-" "Jetpack/12.1; WordPress/6.4; http://site88592825.com"
196.238.206.98 - - [10/Jul/2026:10:06:34 -0700] "POST /xmlrpc.php HTTP/1.1" 403 4352 "-" "WordPress.com; https://wordpress.com"
196.238.206.98 - - [10/Jul/2026:10:06:45 -0700] "POST /xmlrpc.php HTTP/1.1" 403 4352 "-" "Jetpack by WordPress.com"
196.238.206.98 - - [10/Jul/2026:10:06:55 -0700] "POST /xmlrpc.php HTTP/1.1" 403 4352 "-" "WordPress.com; https://wordpress.com"
196.238.206.98 - - [10/Jul/2026:10:07:06 -0700] "POST /xmlrpc.php HTTP/1.1" 403 4352 "-" "WordPress.com; https://wordpress.com"
196.238.206.98 - - [10/Jul/2026:10:07:16 -0700] "POST /xmlrpc.php HTTP/1.1" 200 4129 "-" "Jetpack by WordPress.com (Jetpack 13.0; WordPress 6.1)"
196.238.206.98 - - [10/Jul/2026:10:07:26 -0700] "POST /xmlrpc.php HTTP/1.1" 403 4352 "-" "WordPress.com; https://wordpress.com"
35.235.84.95 - - [10/Jul/2026:10:07:38 -0700] "POST /wp-cron.php?doing_wp_cron=1783703258.5685360431671142578125 HTTP/1.1" 200 3587 "-" "WordPress/7.0.1; https://vanessavaladezrealty.com"
196.238.206.98 - - [10/Jul/2026:10:07:37 -0700] "POST /xmlrpc.php HTTP/1.1" 200 4129 "-" "Jetpack by WordPress.com (Jetpack 12.0; WordPress 6.2)"
196.238.206.98 - - [10/Jul/2026:10:07:48 -0700] "POST /xmlrpc.php HTTP/1.1" 403 4352 "-" "WordPress.com; https://wordpress.com"
35.235.84.95 - - [10/Jul/2026:10:08:37 -0700] "POST /wp-cron.php?doing_wp_cron=1783703317.4369509220123291015625 HTTP/1.1" 200 3587 "-" "WordPress/7.0.1; https://vanessavaladezrealty.com"
216.73.217.88 - - [10/Jul/2026:10:08:35 -0700] "GET / HTTP/1.1" 200 38352 "-" "Mozilla/5.0 AppleWebKit/537.36 (KHTML, like Gecko; compatible; ClaudeBot/1.0; +claudebot@anthropic.com)"
91.215.85.88 - - [10/Jul/2026:10:23:27 -0700] "GET / HTTP/1.1" 200 38300 "http://vanessavaladezrealty.com/" "Mozilla/5.0 (Windows NT 10.0; Win64; x64; rv:147.0) Gecko/20100101 Firefox/147.0"
91.215.85.88 - - [10/Jul/2026:10:23:34 -0700] "GET /wp-includes/ HTTP/1.1" 403 4352 "https://vanessavaladezrealty.com/wp-includes/" "Mozilla/5.0 (Windows NT 10.0; Win64; x64; rv:147.0) Gecko/20100101 Firefox/147.0"
35.235.84.95 - - [10/Jul/2026:10:29:12 -0700] "POST /wp-cron.php?doing_wp_cron=1783704552.1500129699707031250000 HTTP/1.1" 200 3587 "-" "WordPress/7.0.1; https://vanessavaladezrealty.com"
35.235.84.95 - - [10/Jul/2026:10:29:12 -0700] "POST /wp-cron.php?doing_wp_cron=1783704552.3807289600372314453125 HTTP/1.1" 200 3587 "-" "WordPress/7.0.1; https://vanessavaladezrealty.com"
85.208.96.199 - - [10/Jul/2026:10:29:11 -0700] "GET /author/admin_wyj7ruvs/ HTTP/1.1" 200 22124 "-" "Mozilla/5.0 (compatible; SemrushBot/7~bl; +http://www.semrush.com/bot.html)"
114.119.140.206 - - [10/Jul/2026:10:30:08 -0700] "GET /properties?wplview=property_show&pid=100 HTTP/1.1" 301 4153 "https://vanessavaladezrealty.com/properties?wplview=property_show&pid=100" "Mozilla/5.0 (Linux; Android 7.0;) AppleWebKit/537.36 (HTML, like Gecko) Mobile Safari/537.36 (compatible; PetalBot;+https://webmaster.petalsearch.com/site/petalbot)"
114.119.140.206 - - [10/Jul/2026:10:30:10 -0700] "GET /properties/?wplview=property_show&pid=100 HTTP/1.1" 200 32088 "https://vanessavaladezrealty.com/properties?wplview=property_show&pid=100" "Mozilla/5.0 (Linux; Android 7.0;) AppleWebKit/537.36 (HTML, like Gecko) Mobile Safari/537.36 (compatible; PetalBot;+https://webmaster.petalsearch.com/site/petalbot)"
35.235.84.95 - - [10/Jul/2026:10:32:37 -0700] "POST /wp-cron.php?doing_wp_cron=1783704757.0230278968811035156250 HTTP/1.1" 200 3587 "-" "WordPress/7.0.1; https://vanessavaladezrealty.com"
123.25.73.204 - - [10/Jul/2026:10:32:35 -0700] "GET /properties/vanessavaladez/tel:7027760711/tel:7027760711/tel:7027760711/tel:7027760711/tel:7027760711/tel:7027760711/tel:7027760711/tel:7027760711/ HTTP/1.1" 200 32830 "-" "Mozilla/5.0 (Macintosh; Intel Mac OS X 11_1_0) AppleWebKit/537.36 (KHTML, like Gecko) Brave Chrome/89.0.4389.105 Safari/537.36"
35.235.84.95 - - [10/Jul/2026:10:43:11 -0700] "POST /wp-cron.php?doing_wp_cron=1783705391.6956288814544677734375 HTTP/1.1" 200 3587 "-" "WordPress/7.0.1; https://vanessavaladezrealty.com"
66.249.70.200 - - [10/Jul/2026:10:43:09 -0700] "GET /robots.txt HTTP/1.1" 200 4273 "-" "Mozilla/5.0 (compatible; Googlebot/2.1; +http://www.google.com/bot.html)"
66.249.70.201 - - [10/Jul/2026:10:43:11 -0700] "GET /wp-content/uploads/* HTTP/1.1" 404 98867 "-" "Mozilla/5.0 (Linux; Android 6.0.1; Nexus 5X Build/MMB29P) AppleWebKit/537.36 (KHTML, like Gecko) Chrome/150.0.7871.46 Mobile Safari/537.36 (compatible; Googlebot/2.1; +http://www.google.com/bot.html)"
35.235.84.95 - - [10/Jul/2026:10:47:00 -0700] "POST /wp-cron.php?doing_wp_cron=1783705620.5492179393768310546875 HTTP/1.1" 200 3587 "-" "WordPress/7.0.1; https://vanessavaladezrealty.com"
203.76.222.92 - - [10/Jul/2026:10:46:59 -0700] "POST /xmlrpc.php HTTP/1.1" 200 4129 "-" "Mozilla/5.0 (Macintosh; Intel Mac OS X 10_15_7; x86) AppleWebKit/537.36 (KHTML, like Gecko) Edge/99.0.0.0 Safari/537.36"
35.235.84.95 - - [10/Jul/2026:10:48:29 -0700] "POST /wp-cron.php?doing_wp_cron=1783705709.8034839630126953125000 HTTP/1.1" 200 3587 "-" "WordPress/7.0.1; https://vanessavaladezrealty.com"
223.237.13.124 - - [10/Jul/2026:10:48:28 -0700] "POST /xmlrpc.php HTTP/1.1" 200 4129 "-" "Jetpack by WordPress.com"
223.237.13.124 - - [10/Jul/2026:10:48:36 -0700] "POST /xmlrpc.php HTTP/1.1" 200 4129 "-" "Jetpack by WordPress.com"
223.237.13.124 - - [10/Jul/2026:10:48:45 -0700] "POST /xmlrpc.php HTTP/1.1" 200 4129 "-" "Jetpack/13.0; WordPress/6.2; http://site36367122.com"
35.235.84.95 - - [10/Jul/2026:10:48:58 -0700] "POST /wp-cron.php?doing_wp_cron=1783705738.1545898914337158203125 HTTP/1.1" 200 3587 "-" "WordPress/7.0.1; https://vanessavaladezrealty.com"
223.237.13.124 - - [10/Jul/2026:10:48:57 -0700] "POST /xmlrpc.php HTTP/1.1" 200 4129 "-" "Jetpack/12.5; WordPress/6.3; http://site28033185.com"
223.237.13.124 - - [10/Jul/2026:10:49:08 -0700] "POST /xmlrpc.php HTTP/1.1" 200 4129 "-" "Jetpack by WordPress.com"
35.235.84.95 - - [10/Jul/2026:10:51:16 -0700] "POST /wp-cron.php?doing_wp_cron=1783705876.2358798980712890625000 HTTP/1.1" 200 3587 "-" "WordPress/7.0.1; https://vanessavaladezrealty.com"
40.77.167.203 - - [10/Jul/2026:10:51:15 -0700] "GET /robots.txt HTTP/1.1" 200 4273 "-" "Mozilla/5.0 AppleWebKit/537.36 (KHTML, like Gecko; compatible; bingbot/2.0; +http://www.bing.com/bingbot.htm) Chrome/116.0.1938.76 Safari/537.36"
35.235.84.95 - - [10/Jul/2026:10:51:27 -0700] "POST /wp-cron.php?doing_wp_cron=1783705887.2446451187133789062500 HTTP/1.1" 200 3587 "-" "WordPress/7.0.1; https://vanessavaladezrealty.com"
40.77.167.73 - - [10/Jul/2026:10:51:25 -0700] "GET /properties/?wplview=property_show&pid=108 HTTP/1.1" 200 34472 "-" "Mozilla/5.0 AppleWebKit/537.36 (KHTML, like Gecko; compatible; bingbot/2.0; +http://www.bing.com/bingbot.htm) Chrome/116.0.1938.76 Safari/537.36"
35.235.84.95 - - [10/Jul/2026:10:59:52 -0700] "POST /wp-cron.php?doing_wp_cron=1783706392.7413771152496337890625 HTTP/1.1" 200 3587 "-" "WordPress/7.0.1; https://vanessavaladezrealty.com"
106.219.226.142 - - [10/Jul/2026:10:59:51 -0700] "POST /xmlrpc.php HTTP/1.1" 200 4129 "-" "Jetpack/12.0; WordPress/6.4; http://site51132763.com"
106.219.226.142 - - [10/Jul/2026:10:59:57 -0700] "POST /xmlrpc.php HTTP/1.1" 200 4129 "-" "Jetpack/12.0; WordPress/6.1; http://site12319095.com"
106.219.226.142 - - [10/Jul/2026:11:00:08 -0700] "POST /xmlrpc.php HTTP/1.1" 200 4129 "-" "WordPress.com; https://wordpress.com"
35.235.84.95 - - [10/Jul/2026:11:00:43 -0700] "HEAD / HTTP/1.1" 200 4253 "-" "Mozilla/5.0 (Windows NT 10.0; Win64; x64) AppleWebKit/537.36 (KHTML, like Gecko) Chrome/117.0.0.0 Safari/537.36"
35.235.84.95 - - [10/Jul/2026:11:07:09 -0700] "POST /wp-cron.php?doing_wp_cron=1783706829.2112479209899902343750 HTTP/1.1" 200 3587 "-" "WordPress/7.0.1; https://vanessavaladezrealty.com"
132.226.97.226 - - [10/Jul/2026:11:07:08 -0700] "GET /properties?pid=118&wplview=property_show HTTP/1.1" 301 4095 "-" "Scrapy/2.16.0 (+https://scrapy.org)"
132.226.97.226 - - [10/Jul/2026:11:07:30 -0700] "GET /properties/?pid=118&wplview=property_show HTTP/1.1" 200 35574 "https://vanessavaladezrealty.com/properties?pid=118&wplview=property_show" "Scrapy/2.16.0 (+https://scrapy.org)"
203.76.222.92 - - [10/Jul/2026:11:07:47 -0700] "GET /wp-json/wp/v2/users HTTP/1.1" 403 4352 "-" "Mozilla/4.0 (compatible; Win32; WinHttp.WinHttpRequest.5)"
77.75.77.17 - - [10/Jul/2026:11:07:47 -0700] "GET /about-us/ HTTP/1.1" 200 26518 "-" "Mozilla/5.0 (compatible; SeznamBot/4.0; +https://o-seznam.cz/napoveda/vyhledavani/en/seznambot-crawler/)"
35.235.84.95 - - [10/Jul/2026:11:08:18 -0700] "POST /wp-cron.php?doing_wp_cron=1783706898.6570420265197753906250 HTTP/1.1" 200 3587 "-" "WordPress/7.0.1; https://vanessavaladezrealty.com"
203.76.222.92 - - [10/Jul/2026:11:08:17 -0700] "POST /xmlrpc.php HTTP/1.1" 200 4129 "-" "Mozilla/5.0 (Windows NT 6.2; x64) AppleWebKit/537.36 (KHTML, like Gecko) Edge/89.0.0.0 Safari/537.36"
35.196.128.106 - - [10/Jul/2026:11:08:37 -0700] "HEAD / HTTP/1.1" 200 4253 "http://vanessavaladezrealty.com/" "Mozilla/5.0 (Linux; Android 13; Nokia G42 5G) AppleWebKit/537.36 (KHTML, like Gecko) Chrome/126.0.6478.41 Mobile Safari/537.36"
203.76.222.92 - - [10/Jul/2026:11:08:44 -0700] "POST /xmlrpc.php HTTP/1.1" 200 4129 "-" "Mozilla/5.0 (X11; Ubuntu; Linux x86_64; x64) AppleWebKit/537.36 (KHTML, like Gecko) Safari/14.0.0.0 Safari/537.36"
35.235.84.95 - - [10/Jul/2026:11:09:17 -0700] "POST /wp-cron.php?doing_wp_cron=1783706957.8017408847808837890625 HTTP/1.1" 200 3587 "-" "WordPress/7.0.1; https://vanessavaladezrealty.com"
203.76.222.92 - - [10/Jul/2026:11:09:16 -0700] "POST /xmlrpc.php HTTP/1.1" 200 4129 "-" "Mozilla/5.0 (Macintosh; Intel Mac OS X 10_15_7; arm64) AppleWebKit/537.36 (KHTML, like Gecko) Safari/15.0.0.0 Safari/537.36"
203.76.222.92 - - [10/Jul/2026:11:09:44 -0700] "POST /xmlrpc.php HTTP/1.1" 200 4129 "-" "Mozilla/5.0 (Windows NT 6.2; x64) AppleWebKit/537.36 (KHTML, like Gecko) Edge/94.0.0.0 Safari/537.36"
35.235.84.95 - - [10/Jul/2026:11:10:18 -0700] "POST /wp-cron.php?doing_wp_cron=1783707018.4006359577178955078125 HTTP/1.1" 200 3587 "-" "WordPress/7.0.1; https://vanessavaladezrealty.com"
203.76.222.92 - - [10/Jul/2026:11:10:17 -0700] "POST /xmlrpc.php HTTP/1.1" 200 4129 "-" "Mozilla/5.0 (Windows NT 6.3; arm64) AppleWebKit/537.36 (KHTML, like Gecko) Firefox/72.0.0.0 Safari/537.36"
35.235.84.95 - - [10/Jul/2026:11:10:55 -0700] "POST /wp-cron.php?doing_wp_cron=1783707055.5946249961853027343750 HTTP/1.1" 200 3587 "-" "WordPress/7.0.1; https://vanessavaladezrealty.com"
203.76.222.92 - - [10/Jul/2026:11:10:54 -0700] "POST /xmlrpc.php HTTP/1.1" 200 4129 "-" "Mozilla/5.0 (Windows NT 6.2; arm64) AppleWebKit/537.36 (KHTML, like Gecko) Chrome/93.0.0.0 Safari/537.36"
35.235.84.95 - - [10/Jul/2026:11:11:30 -0700] "POST /wp-cron.php?doing_wp_cron=1783707090.6644930839538574218750 HTTP/1.1" 200 3587 "-" "WordPress/7.0.1; https://vanessavaladezrealty.com"
203.76.222.92 - - [10/Jul/2026:11:11:29 -0700] "POST /xmlrpc.php HTTP/1.1" 200 4129 "-" "Mozilla/5.0 (Windows NT 6.3; arm64) AppleWebKit/537.36 (KHTML, like Gecko) Firefox/95.0.0.0 Safari/537.36"
203.76.222.92 - - [10/Jul/2026:11:12:04 -0700] "POST /xmlrpc.php HTTP/1.1" 200 4129 "-" "Mozilla/5.0 (Windows NT 6.2; x64) AppleWebKit/537.36 (KHTML, like Gecko) Opera/74.0.0.0 Safari/537.36"
74.7.244.10 - - [10/Jul/2026:11:12:11 -0700] "GET /robots.txt HTTP/1.1" 200 4273 "-" "Mozilla/5.0 (Macintosh; Intel Mac OS X 10_15_7) AppleWebKit/537.36 (KHTML, like Gecko) Chrome/131.0.0.0 Safari/537.36; compatible; OAI-SearchBot/1.4; robots.txt; +https://openai.com/searchbot"
74.7.242.14 - - [10/Jul/2026:11:12:13 -0700] "GET / HTTP/1.1" 200 38354 "-" "Mozilla/5.0 AppleWebKit/537.36 (KHTML, like Gecko; compatible; GPTBot/1.4; +https://openai.com/gptbot)"
74.7.242.14 - - [10/Jul/2026:11:12:19 -0700] "GET /wp-content/plugins/real-estate-listing-realtyna-wpl/assets/js/libraries/realtyna/realtyna.min.js?ver=7.0.1 HTTP/1.1" 200 3630 "https://vanessavaladezrealty.com/" "Mozilla/5.0 AppleWebKit/537.36 (KHTML, like Gecko; compatible; GPTBot/1.4; +https://openai.com/gptbot)"
74.7.242.14 - - [10/Jul/2026:11:12:19 -0700] "GET /wp-content/plugins/real-estate-listing-realtyna-wpl/assets/js/libraries/realtyna/realtyna.min.js?ver=7.0.1 HTTP/2.0" 200 30871 "https://vanessavaladezrealty.com/" "Mozilla/5.0 AppleWebKit/537.36 (KHTML, like Gecko; compatible; GPTBot/1.4; +https://openai.com/gptbot)"
74.7.242.14 - - [10/Jul/2026:11:12:21 -0700] "GET /wp-content/plugins/real-estate-listing-realtyna-wpl/assets/js/frontend.min.js?ver=7.0.1 HTTP/2.0" 200 7495 "https://vanessavaladezrealty.com/" "Mozilla/5.0 AppleWebKit/537.36 (KHTML, like Gecko; compatible; GPTBot/1.4; +https://openai.com/gptbot)"
74.7.242.14 - - [10/Jul/2026:11:12:21 -0700] "GET /wp-content/plugins/real-estate-listing-realtyna-wpl/assets/js/frontend.min.js?ver=7.0.1 HTTP/1.1" 200 3611 "https://vanessavaladezrealty.com/" "Mozilla/5.0 AppleWebKit/537.36 (KHTML, like Gecko; compatible; GPTBot/1.4; +https://openai.com/gptbot)"
74.7.242.14 - - [10/Jul/2026:11:12:22 -0700] "GET /wp-includes/js/wp-emoji-release.min.js?ver=7.0.1 HTTP/1.1" 200 3572 "https://vanessavaladezrealty.com/" "Mozilla/5.0 AppleWebKit/537.36 (KHTML, like Gecko; compatible; GPTBot/1.4; +https://openai.com/gptbot)"
74.7.242.14 - - [10/Jul/2026:11:12:22 -0700] "GET /wp-includes/js/wp-emoji-release.min.js?ver=7.0.1 HTTP/2.0" 200 4949 "https://vanessavaladezrealty.com/" "Mozilla/5.0 AppleWebKit/537.36 (KHTML, like Gecko; compatible; GPTBot/1.4; +https://openai.com/gptbot)"
74.7.242.14 - - [10/Jul/2026:11:12:25 -0700] "GET /wp-content/plugins/real-estate-listing-realtyna-wpl/assets/css/frontend.css?ver=7.0.1 HTTP/2.0" 200 74765 "https://vanessavaladezrealty.com/" "Mozilla/5.0 AppleWebKit/537.36 (KHTML, like Gecko; compatible; GPTBot/1.4; +https://openai.com/gptbot)"
74.7.242.14 - - [10/Jul/2026:11:12:25 -0700] "GET /wp-content/plugins/real-estate-listing-realtyna-wpl/assets/css/frontend.css?ver=7.0.1 HTTP/1.1" 200 3602 "https://vanessavaladezrealty.com/" "Mozilla/5.0 AppleWebKit/537.36 (KHTML, like Gecko; compatible; GPTBot/1.4; +https://openai.com/gptbot)"
74.7.242.14 - - [10/Jul/2026:11:12:28 -0700] "GET /wp-content/plugins/real-estate-listing-realtyna-wpl/assets/js/libraries/wpl.handlebars.min.js?ver=7.0.1 HTTP/1.1" 200 3627 "https://vanessavaladezrealty.com/" "Mozilla/5.0 AppleWebKit/537.36 (KHTML, like Gecko; compatible; GPTBot/1.4; +https://openai.com/gptbot)"
74.7.242.14 - - [10/Jul/2026:11:12:28 -0700] "GET /wp-content/plugins/real-estate-listing-realtyna-wpl/assets/js/libraries/wpl.handlebars.min.js?ver=7.0.1 HTTP/2.0" 200 22341 "https://vanessavaladezrealty.com/" "Mozilla/5.0 AppleWebKit/537.36 (KHTML, like Gecko; compatible; GPTBot/1.4; +https://openai.com/gptbot)"
35.235.84.95 - - [10/Jul/2026:11:12:37 -0700] "POST /wp-cron.php?doing_wp_cron=1783707157.9247999191284179687500 HTTP/1.1" 200 3587 "-" "WordPress/7.0.1; https://vanessavaladezrealty.com"
203.76.222.92 - - [10/Jul/2026:11:12:36 -0700] "POST /xmlrpc.php HTTP/1.1" 200 4129 "-" "Mozilla/5.0 (Windows NT 6.3; arm64) AppleWebKit/537.36 (KHTML, like Gecko) Chrome/105.0.0.0 Safari/537.36"
35.235.84.95 - - [10/Jul/2026:11:13:09 -0700] "POST /wp-cron.php?doing_wp_cron=1783707189.6141040325164794921875 HTTP/1.1" 200 3587 "-" "WordPress/7.0.1; https://vanessavaladezrealty.com"
203.76.222.92 - - [10/Jul/2026:11:13:08 -0700] "POST /xmlrpc.php HTTP/1.1" 200 4129 "-" "Mozilla/5.0 (Windows NT 10.0; x64) AppleWebKit/537.36 (KHTML, like Gecko) Opera/69.0.0.0 Safari/537.36"
35.235.84.95 - - [10/Jul/2026:11:13:42 -0700] "POST /wp-cron.php?doing_wp_cron=1783707222.0894620418548583984375 HTTP/1.1" 200 3587 "-" "WordPress/7.0.1; https://vanessavaladezrealty.com"
203.76.222.92 - - [10/Jul/2026:11:13:41 -0700] "POST /xmlrpc.php HTTP/1.1" 200 4129 "-" "Mozilla/5.0 (Windows NT 10.0; x86) AppleWebKit/537.36 (KHTML, like Gecko) Chrome/86.0.0.0 Safari/537.36"
35.235.84.95 - - [10/Jul/2026:11:14:10 -0700] "POST /wp-cron.php?doing_wp_cron=1783707250.8681418895721435546875 HTTP/1.1" 200 3587 "-" "WordPress/7.0.1; https://vanessavaladezrealty.com"
203.76.222.92 - - [10/Jul/2026:11:14:09 -0700] "POST /xmlrpc.php HTTP/1.1" 200 4129 "-" "Mozilla/5.0 (Windows NT 6.2; arm64) AppleWebKit/537.36 (KHTML, like Gecko) Chrome/98.0.0.0 Safari/537.36"
88.218.172.178 - - [10/Jul/2026:11:14:11 -0700] "GET / HTTP/1.1" 200 38352 "-" "Mozilla/5.0 (Windows NT 10.0; Win64; x64) AppleWebKit/537.36 (KHTML, like Gecko) Chrome/145.0.0.0 Safari/537.36"
88.218.172.178 - - [10/Jul/2026:11:14:13 -0700] "GET /home-previuos/ HTTP/1.1" 200 38171 "-" "Mozilla/5.0 (Windows NT 10.0; Win64; x64) AppleWebKit/537.36 (KHTML, like Gecko) Chrome/145.0.0.0 Safari/537.36"
88.218.172.178 - - [10/Jul/2026:11:14:14 -0700] "GET /about-us/ HTTP/1.1" 200 26460 "-" "Mozilla/5.0 (Windows NT 10.0; Win64; x64) AppleWebKit/537.36 (KHTML, like Gecko) Chrome/145.0.0.0 Safari/537.36"
88.218.172.178 - - [10/Jul/2026:11:14:15 -0700] "GET /contact/ HTTP/1.1" 200 27929 "-" "Mozilla/5.0 (Windows NT 10.0; Win64; x64) AppleWebKit/537.36 (KHTML, like Gecko) Chrome/145.0.0.0 Safari/537.36"
88.218.172.178 - - [10/Jul/2026:11:14:17 -0700] "GET /wp-content/plugins/real-estate-listing-realtyna-wpl/assets/js/frontend.min.js?ver=7.0.1 HTTP/1.1" 200 3611 "-" "Mozilla/5.0 (Windows NT 10.0; Win64; x64) AppleWebKit/537.36 (KHTML, like Gecko) Chrome/145.0.0.0 Safari/537.36"
88.218.172.178 - - [10/Jul/2026:11:14:17 -0700] "GET /wp-content/plugins/real-estate-listing-realtyna-wpl/assets/js/libraries/wpl.handlebars.min.js?ver=7.0.1 HTTP/1.1" 200 3627 "-" "Mozilla/5.0 (Windows NT 10.0; Win64; x64) AppleWebKit/537.36 (KHTML, like Gecko) Chrome/145.0.0.0 Safari/537.36"
88.218.172.178 - - [10/Jul/2026:11:14:17 -0700] "GET /wp-content/themes/astra/assets/js/minified/flexibility.min.js?ver=4.12.5 HTTP/1.1" 200 3595 "-" "Mozilla/5.0 (Windows NT 10.0; Win64; x64) AppleWebKit/537.36 (KHTML, like Gecko) Chrome/145.0.0.0 Safari/537.36"
88.218.172.178 - - [10/Jul/2026:11:14:17 -0700] "GET /wp-content/plugins/real-estate-listing-realtyna-wpl/assets/js/libraries/realtyna/realtyna.min.js?ver=7.0.1 HTTP/1.1" 200 3630 "-" "Mozilla/5.0 (Windows NT 10.0; Win64; x64) AppleWebKit/537.36 (KHTML, like Gecko) Chrome/145.0.0.0 Safari/537.36"
88.218.172.178 - - [10/Jul/2026:11:14:17 -0700] "GET /wp-content/themes/astra/assets/js/minified/frontend.min.js?ver=4.12.5 HTTP/1.1" 200 3592 "-" "Mozilla/5.0 (Windows NT 10.0; Win64; x64) AppleWebKit/537.36 (KHTML, like Gecko) Chrome/145.0.0.0 Safari/537.36"
88.218.172.178 - - [10/Jul/2026:11:14:17 -0700] "GET /wp-includes/js/dist/dom-ready.min.js?ver=a06281ae5cf5500e9317 HTTP/1.1" 200 4104 "-" "Mozilla/5.0 (Windows NT 10.0; Win64; x64) AppleWebKit/537.36 (KHTML, like Gecko) Chrome/145.0.0.0 Safari/537.36"
88.218.172.178 - - [10/Jul/2026:11:14:17 -0700] "GET /wp-content/plugins/astra-sites/inc/lib/onboarding/assets/dist/template-preview/main.js?ver=09382f635556bec359b3 HTTP/1.1" 200 3620 "-" "Mozilla/5.0 (Windows NT 10.0; Win64; x64) AppleWebKit/537.36 (KHTML, like Gecko) Chrome/145.0.0.0 Safari/537.36"
88.218.172.178 - - [10/Jul/2026:11:14:17 -0700] "GET /wp-content/plugins/real-estate-listing-realtyna-wpl/assets/js/frontend.min.js?ver=7.0.1 HTTP/2.0" 200 7495 "-" "Mozilla/5.0 (Windows NT 10.0; Win64; x64) AppleWebKit/537.36 (KHTML, like Gecko) Chrome/145.0.0.0 Safari/537.36"
88.218.172.178 - - [10/Jul/2026:11:14:17 -0700] "GET /wp-content/plugins/real-estate-listing-realtyna-wpl/assets/js/libraries/wpl.handlebars.min.js?ver=7.0.1 HTTP/2.0" 200 22341 "-" "Mozilla/5.0 (Windows NT 10.0; Win64; x64) AppleWebKit/537.36 (KHTML, like Gecko) Chrome/145.0.0.0 Safari/537.36"
88.218.172.178 - - [10/Jul/2026:11:14:17 -0700] "GET /wp-content/themes/astra/assets/js/minified/flexibility.min.js?ver=4.12.5 HTTP/2.0" 200 3747 "-" "Mozilla/5.0 (Windows NT 10.0; Win64; x64) AppleWebKit/537.36 (KHTML, like Gecko) Chrome/145.0.0.0 Safari/537.36"
88.218.172.178 - - [10/Jul/2026:11:14:17 -0700] "GET /wp-content/plugins/real-estate-listing-realtyna-wpl/assets/js/libraries/realtyna/realtyna.min.js?ver=7.0.1 HTTP/2.0" 200 30871 "-" "Mozilla/5.0 (Windows NT 10.0; Win64; x64) AppleWebKit/537.36 (KHTML, like Gecko) Chrome/145.0.0.0 Safari/537.36"
88.218.172.178 - - [10/Jul/2026:11:14:17 -0700] "GET /wp-content/themes/astra/assets/js/minified/frontend.min.js?ver=4.12.5 HTTP/2.0" 200 6170 "-" "Mozilla/5.0 (Windows NT 10.0; Win64; x64) AppleWebKit/537.36 (KHTML, like Gecko) Chrome/145.0.0.0 Safari/537.36"
88.218.172.178 - - [10/Jul/2026:11:14:17 -0700] "GET /wp-content/plugins/astra-sites/inc/lib/onboarding/assets/dist/template-preview/main.js?ver=09382f635556bec359b3 HTTP/2.0" 200 2094 "-" "Mozilla/5.0 (Windows NT 10.0; Win64; x64) AppleWebKit/537.36 (KHTML, like Gecko) Chrome/145.0.0.0 Safari/537.36"
88.218.172.178 - - [10/Jul/2026:11:14:18 -0700] "GET /wp-content/plugins/elementor/assets/js/webpack.runtime.min.js?ver=3.35.7 HTTP/2.0" 200 2279 "-" "Mozilla/5.0 (Windows NT 10.0; Win64; x64) AppleWebKit/537.36 (KHTML, like Gecko) Chrome/145.0.0.0 Safari/537.36"
88.218.172.178 - - [10/Jul/2026:11:14:18 -0700] "GET /wp-content/plugins/elementor/assets/js/frontend-modules.min.js?ver=3.35.7 HTTP/2.0" 200 15297 "-" "Mozilla/5.0 (Windows NT 10.0; Win64; x64) AppleWebKit/537.36 (KHTML, like Gecko) Chrome/145.0.0.0 Safari/537.36"
88.218.172.178 - - [10/Jul/2026:11:14:18 -0700] "GET /wp-content/plugins/elementor/assets/js/frontend.min.js?ver=3.35.7 HTTP/2.0" 200 10017 "-" "Mozilla/5.0 (Windows NT 10.0; Win64; x64) AppleWebKit/537.36 (KHTML, like Gecko) Chrome/145.0.0.0 Safari/537.36"
88.218.172.178 - - [10/Jul/2026:11:14:18 -0700] "GET /wp-content/plugins/elementor/assets/js/webpack.runtime.min.js?ver=3.35.7 HTTP/1.1" 200 3595 "-" "Mozilla/5.0 (Windows NT 10.0; Win64; x64) AppleWebKit/537.36 (KHTML, like Gecko) Chrome/145.0.0.0 Safari/537.36"
88.218.172.178 - - [10/Jul/2026:11:14:18 -0700] "GET /wp-content/plugins/elementor/assets/js/frontend-modules.min.js?ver=3.35.7 HTTP/1.1" 200 3596 "-" "Mozilla/5.0 (Windows NT 10.0; Win64; x64) AppleWebKit/537.36 (KHTML, like Gecko) Chrome/145.0.0.0 Safari/537.36"
88.218.172.178 - - [10/Jul/2026:11:14:18 -0700] "GET /wp-content/plugins/elementor/assets/js/frontend.min.js?ver=3.35.7 HTTP/1.1" 200 3588 "-" "Mozilla/5.0 (Windows NT 10.0; Win64; x64) AppleWebKit/537.36 (KHTML, like Gecko) Chrome/145.0.0.0 Safari/537.36"
203.76.222.92 - - [10/Jul/2026:11:14:33 -0700] "POST /xmlrpc.php HTTP/1.1" 200 4129 "-" "Mozilla/5.0 (Windows NT 6.3; arm64) AppleWebKit/537.36 (KHTML, like Gecko) Firefox/97.0.0.0 Safari/537.36"
35.235.84.95 - - [10/Jul/2026:11:15:00 -0700] "POST /wp-cron.php?doing_wp_cron=1783707300.0307600498199462890625 HTTP/1.1" 200 3587 "-" "WordPress/7.0.1; https://vanessavaladezrealty.com"
203.76.222.92 - - [10/Jul/2026:11:14:58 -0700] "POST /xmlrpc.php HTTP/1.1" 200 4129 "-" "Mozilla/5.0 (Windows NT 6.2; x86) AppleWebKit/537.36 (KHTML, like Gecko) Edge/99.0.0.0 Safari/537.36"
203.76.222.92 - - [10/Jul/2026:11:15:25 -0700] "POST /xmlrpc.php HTTP/1.1" 200 4129 "-" "Mozilla/5.0 (X11; Ubuntu; Linux x86_64; x86) AppleWebKit/537.36 (KHTML, like Gecko) Edge/87.0.0.0 Safari/537.36"
35.235.84.95 - - [10/Jul/2026:11:15:59 -0700] "POST /wp-cron.php?doing_wp_cron=1783707359.1020739078521728515625 HTTP/1.1" 200 3587 "-" "WordPress/7.0.1; https://vanessavaladezrealty.com"
203.76.222.92 - - [10/Jul/2026:11:15:58 -0700] "POST /xmlrpc.php HTTP/1.1" 200 4129 "-" "Mozilla/5.0 (X11; Ubuntu; Linux x86_64; x86) AppleWebKit/537.36 (KHTML, like Gecko) Edge/100.0.0.0 Safari/537.36"
35.235.84.95 - - [10/Jul/2026:11:16:31 -0700] "POST /wp-cron.php?doing_wp_cron=1783707391.0462749004364013671875 HTTP/1.1" 200 3587 "-" "WordPress/7.0.1; https://vanessavaladezrealty.com"
203.76.222.92 - - [10/Jul/2026:11:16:29 -0700] "POST /xmlrpc.php HTTP/1.1" 200 4129 "-" "Mozilla/5.0 (Windows NT 6.2; arm64) AppleWebKit/537.36 (KHTML, like Gecko) Safari/15.0.0.0 Safari/537.36"
203.76.222.92 - - [10/Jul/2026:11:16:53 -0700] "POST /xmlrpc.php HTTP/1.1" 200 4129 "-" "Mozilla/5.0 (Linux; Android 10; arm64) AppleWebKit/537.36 (KHTML, like Gecko) Edge/91.0.0.0 Safari/537.36"
203.76.222.92 - - [10/Jul/2026:11:17:18 -0700] "POST /xmlrpc.php HTTP/1.1" 200 4129 "-" "Mozilla/5.0 (X11; Ubuntu; Linux x86_64; x64) AppleWebKit/537.36 (KHTML, like Gecko) Chrome/112.0.0.0 Safari/537.36"
35.235.84.95 - - [10/Jul/2026:11:17:43 -0700] "POST /wp-cron.php?doing_wp_cron=1783707463.0372519493103027343750 HTTP/1.1" 200 3587 "-" "WordPress/7.0.1; https://vanessavaladezrealty.com"
203.76.222.92 - - [10/Jul/2026:11:17:42 -0700] "POST /xmlrpc.php HTTP/1.1" 200 4129 "-" "Mozilla/5.0 (Windows NT 10.0; x64) AppleWebKit/537.36 (KHTML, like Gecko) Edge/96.0.0.0 Safari/537.36"
35.235.84.95 - - [10/Jul/2026:11:18:07 -0700] "POST /wp-cron.php?doing_wp_cron=1783707487.5077080726623535156250 HTTP/1.1" 200 3587 "-" "WordPress/7.0.1; https://vanessavaladezrealty.com"
203.76.222.92 - - [10/Jul/2026:11:18:06 -0700] "POST /xmlrpc.php HTTP/1.1" 200 4129 "-" "Mozilla/5.0 (Windows NT 10.0; arm64) AppleWebKit/537.36 (KHTML, like Gecko) Opera/65.0.0.0 Safari/537.36"
203.76.222.92 - - [10/Jul/2026:11:18:30 -0700] "POST /xmlrpc.php HTTP/1.1" 200 4129 "-" "Mozilla/5.0 (Linux; Android 10; arm64) AppleWebKit/537.36 (KHTML, like Gecko) Safari/11.0.0.0 Safari/537.36"
203.76.222.92 - - [10/Jul/2026:11:18:47 -0700] "POST /xmlrpc.php HTTP/1.1" 200 4129 "-" "Mozilla/5.0 (Windows NT 10.0; x64) AppleWebKit/537.36 (KHTML, like Gecko) Opera/64.0.0.0 Safari/537.36"
35.235.84.95 - - [10/Jul/2026:11:19:03 -0700] "POST /wp-cron.php?doing_wp_cron=1783707543.5763750076293945312500 HTTP/1.1" 200 3587 "-" "WordPress/7.0.1; https://vanessavaladezrealty.com"
203.76.222.92 - - [10/Jul/2026:11:19:02 -0700] "POST /xmlrpc.php HTTP/1.1" 200 4129 "-" "Mozilla/5.0 (Windows NT 10.0; arm64) AppleWebKit/537.36 (KHTML, like Gecko) Firefox/90.0.0.0 Safari/537.36"
203.76.222.92 - - [10/Jul/2026:11:19:19 -0700] "POST /xmlrpc.php HTTP/1.1" 200 4129 "-" "Mozilla/5.0 (Windows NT 6.2; x86) AppleWebKit/537.36 (KHTML, like Gecko) Firefox/80.0.0.0 Safari/537.36"
203.76.222.92 - - [10/Jul/2026:11:19:35 -0700] "POST /xmlrpc.php HTTP/1.1" 200 4129 "-" "Mozilla/5.0 (Windows NT 6.2; x86) AppleWebKit/537.36 (KHTML, like Gecko) Chrome/90.0.0.0 Safari/537.36"
35.235.84.95 - - [10/Jul/2026:11:19:56 -0700] "POST /wp-cron.php?doing_wp_cron=1783707596.0223150253295898437500 HTTP/1.1" 200 3587 "-" "WordPress/7.0.1; https://vanessavaladezrealty.com"
203.76.222.92 - - [10/Jul/2026:11:19:54 -0700] "POST /xmlrpc.php HTTP/1.1" 200 4129 "-" "Mozilla/5.0 (Windows NT 6.2; arm64) AppleWebKit/537.36 (KHTML, like Gecko) Firefox/93.0.0.0 Safari/537.36"
91.89.245.198 - - [10/Jul/2026:11:19:56 -0700] "POST /xmlrpc.php HTTP/1.1" 200 4129 "-" "Jetpack/12.5; WordPress/6.2; http://site81293777.com"
65.21.164.208 - - [10/Jul/2026:11:20:12 -0700] "HEAD / HTTP/1.1" 200 4253 "-" "Mozilla/5.0 (X11; Linux x86_64) AppleWebKit/537.36 (KHTML, like Gecko) Chrome/139.0.0.0 Safari/537.36"
65.21.164.208 - - [10/Jul/2026:11:20:14 -0700] "GET / HTTP/1.1" 200 38353 "-" "Mozilla/5.0 (X11; Linux x86_64) AppleWebKit/537.36 (KHTML, like Gecko) Chrome/139.0.0.0 Safari/537.36"
91.89.245.198 - - [10/Jul/2026:11:20:06 -0700] "POST /xmlrpc.php HTTP/1.1" 200 4129 "-" "Jetpack/12.0; WordPress/6.3; http://site33210445.com"
203.76.222.92 - - [10/Jul/2026:11:20:13 -0700] "POST /xmlrpc.php HTTP/1.1" 200 4129 "-" "Mozilla/5.0 (X11; Ubuntu; Linux x86_64; x64) AppleWebKit/537.36 (KHTML, like Gecko) Opera/69.0.0.0 Safari/537.36"
91.89.245.198 - - [10/Jul/2026:11:20:17 -0700] "POST /xmlrpc.php HTTP/1.1" 200 4129 "-" "Jetpack/12.5; WordPress/6.2; http://site84455815.com"
91.89.245.198 - - [10/Jul/2026:11:20:27 -0700] "POST /xmlrpc.php HTTP/1.1" 200 4129 "-" "WordPress.com; https://wordpress.com"
203.76.222.92 - - [10/Jul/2026:11:20:31 -0700] "POST /xmlrpc.php HTTP/1.1" 200 4129 "-" "Mozilla/5.0 (Windows NT 6.2; x86) AppleWebKit/537.36 (KHTML, like Gecko) Opera/62.0.0.0 Safari/537.36"
91.89.245.198 - - [10/Jul/2026:11:20:38 -0700] "POST /xmlrpc.php HTTP/1.1" 200 4129 "-" "Jetpack by WordPress.com (Jetpack 13.0; WordPress 6.3)"
91.89.245.198 - - [10/Jul/2026:11:20:49 -0700] "POST /xmlrpc.php HTTP/1.1" 200 4129 "-" "Jetpack by WordPress.com (Jetpack 12.5; WordPress 6.1)"
35.235.84.95 - - [10/Jul/2026:11:21:00 -0700] "POST /wp-cron.php?doing_wp_cron=1783707660.6243200302124023437500 HTTP/1.1" 200 3587 "-" "WordPress/7.0.1; https://vanessavaladezrealty.com"
91.89.245.198 - - [10/Jul/2026:11:20:59 -0700] "POST /xmlrpc.php HTTP/1.1" 200 4129 "-" "WordPress.com; https://wordpress.com"
91.89.245.198 - - [10/Jul/2026:11:21:10 -0700] "POST /xmlrpc.php HTTP/1.1" 200 4129 "-" "WordPress.com; https://wordpress.com"
91.89.245.198 - - [10/Jul/2026:11:21:20 -0700] "POST /xmlrpc.php HTTP/1.1" 200 4129 "-" "Jetpack by WordPress.com"
35.235.84.95 - - [10/Jul/2026:11:21:32 -0700] "POST /wp-cron.php?doing_wp_cron=1783707692.6394820213317871093750 HTTP/1.1" 200 3587 "-" "WordPress/7.0.1; https://vanessavaladezrealty.com"
91.89.245.198 - - [10/Jul/2026:11:21:31 -0700] "POST /xmlrpc.php HTTP/1.1" 200 4129 "-" "Jetpack by WordPress.com"
91.89.245.198 - - [10/Jul/2026:11:21:42 -0700] "POST /xmlrpc.php HTTP/1.1" 200 4129 "-" "Jetpack by WordPress.com"
91.89.245.198 - - [10/Jul/2026:11:21:52 -0700] "POST /xmlrpc.php HTTP/1.1" 200 4129 "-" "Jetpack/12.1; WordPress/6.4; http://site44513241.com"
91.89.245.198 - - [10/Jul/2026:11:22:03 -0700] "POST /xmlrpc.php HTTP/1.1" 200 4129 "-" "WordPress.com; https://wordpress.com"
91.89.245.198 - - [10/Jul/2026:11:22:13 -0700] "POST /xmlrpc.php HTTP/1.1" 200 4129 "-" "Jetpack/12.0; WordPress/6.2; http://site38051709.com"
91.89.245.198 - - [10/Jul/2026:11:22:24 -0700] "POST /xmlrpc.php HTTP/1.1" 200 4129 "-" "Jetpack by WordPress.com"
35.235.84.95 - - [10/Jul/2026:11:22:36 -0700] "POST /wp-cron.php?doing_wp_cron=1783707756.3600330352783203125000 HTTP/1.1" 200 3587 "-" "WordPress/7.0.1; https://vanessavaladezrealty.com"
91.89.245.198 - - [10/Jul/2026:11:22:35 -0700] "POST /xmlrpc.php HTTP/1.1" 200 4129 "-" "WordPress.com; https://wordpress.com"
91.89.245.198 - - [10/Jul/2026:11:22:45 -0700] "POST /xmlrpc.php HTTP/1.1" 200 4129 "-" "Jetpack by WordPress.com"
91.89.245.198 - - [10/Jul/2026:11:22:56 -0700] "POST /xmlrpc.php HTTP/1.1" 403 4352 "-" "Jetpack by WordPress.com"
35.235.84.95 - - [10/Jul/2026:11:23:07 -0700] "POST /wp-cron.php?doing_wp_cron=1783707787.9328029155731201171875 HTTP/1.1" 200 3587 "-" "WordPress/7.0.1; https://vanessavaladezrealty.com"
91.89.245.198 - - [10/Jul/2026:11:23:06 -0700] "POST /xmlrpc.php HTTP/1.1" 200 4129 "-" "Jetpack by WordPress.com (Jetpack 12.0; WordPress 6.1)"
91.89.245.198 - - [10/Jul/2026:11:23:17 -0700] "POST /xmlrpc.php HTTP/1.1" 200 4129 "-" "Jetpack by WordPress.com (Jetpack 12.5; WordPress 6.4)"
91.89.245.198 - - [10/Jul/2026:11:23:28 -0700] "POST /xmlrpc.php HTTP/1.1" 200 4129 "-" "Jetpack/13.0; WordPress/6.4; http://site28780121.com"
91.89.245.198 - - [10/Jul/2026:11:23:38 -0700] "POST /xmlrpc.php HTTP/1.1" 200 4129 "-" "Jetpack by WordPress.com (Jetpack 12.0; WordPress 6.3)"
91.89.245.198 - - [10/Jul/2026:11:23:49 -0700] "POST /xmlrpc.php HTTP/1.1" 403 4352 "-" "Jetpack by WordPress.com"
91.89.245.198 - - [10/Jul/2026:11:23:59 -0700] "POST /xmlrpc.php HTTP/1.1" 403 4352 "-" "Jetpack by WordPress.com"
203.76.222.92 - - [10/Jul/2026:11:24:00 -0700] "GET /wp-json/wp/v2/users HTTP/1.1" 403 4352 "-" "Mozilla/4.0 (compatible; Win32; WinHttp.WinHttpRequest.5)"
35.235.84.95 - - [10/Jul/2026:11:24:11 -0700] "POST /wp-cron.php?doing_wp_cron=1783707851.5979959964752197265625 HTTP/1.1" 200 3587 "-" "WordPress/7.0.1; https://vanessavaladezrealty.com"
91.89.245.198 - - [10/Jul/2026:11:24:10 -0700] "POST /xmlrpc.php HTTP/1.1" 200 4129 "-" "Jetpack by WordPress.com (Jetpack 12.0; WordPress 6.1)"
91.89.245.198 - - [10/Jul/2026:11:24:21 -0700] "POST /xmlrpc.php HTTP/1.1" 200 4129 "-" "Jetpack by WordPress.com (Jetpack 12.0; WordPress 6.3)"
91.89.245.198 - - [10/Jul/2026:11:24:31 -0700] "POST /xmlrpc.php HTTP/1.1" 200 4129 "-" "Jetpack/13.0; WordPress/6.2; http://site28721195.com"
91.89.245.198 - - [10/Jul/2026:11:24:42 -0700] "POST /xmlrpc.php HTTP/1.1" 200 4129 "-" "Jetpack by WordPress.com (Jetpack 12.5; WordPress 6.3)"
203.76.222.92 - - [10/Jul/2026:11:24:45 -0700] "POST /xmlrpc.php HTTP/1.1" 200 4129 "-" "Mozilla/5.0 (X11; Ubuntu; Linux x86_64; x86) AppleWebKit/537.36 (KHTML, like Gecko) Firefox/94.0.0.0 Safari/537.36"
35.235.84.95 - - [10/Jul/2026:11:24:54 -0700] "POST /wp-cron.php?doing_wp_cron=1783707894.0186951160430908203125 HTTP/1.1" 200 3587 "-" "WordPress/7.0.1; https://vanessavaladezrealty.com"
91.89.245.198 - - [10/Jul/2026:11:24:53 -0700] "POST /xmlrpc.php HTTP/1.1" 200 4129 "-" "Jetpack/12.5; WordPress/6.3; http://site70817486.com"
91.89.245.198 - - [10/Jul/2026:11:25:03 -0700] "POST /xmlrpc.php HTTP/1.1" 403 4352 "-" "WordPress.com; https://wordpress.com"
91.89.245.198 - - [10/Jul/2026:11:25:14 -0700] "POST /xmlrpc.php HTTP/1.1" 403 4352 "-" "WordPress.com; https://wordpress.com"
91.89.245.198 - - [10/Jul/2026:11:25:25 -0700] "POST /xmlrpc.php HTTP/1.1" 403 4352 "-" "WordPress.com; https://wordpress.com"
203.76.222.92 - - [10/Jul/2026:11:25:29 -0700] "POST /xmlrpc.php HTTP/1.1" 200 4129 "-" "Mozilla/5.0 (Macintosh; Intel Mac OS X 10_15_7; x86) AppleWebKit/537.36 (KHTML, like Gecko) Safari/10.0.0.0 Safari/537.36"
91.89.245.198 - - [10/Jul/2026:11:25:35 -0700] "POST /xmlrpc.php HTTP/1.1" 200 4129 "-" "Jetpack/12.5; WordPress/6.1; http://site71780143.com"
91.89.245.198 - - [10/Jul/2026:11:25:46 -0700] "POST /xmlrpc.php HTTP/1.1" 403 4352 "-" "WordPress.com; https://wordpress.com"
91.89.245.198 - - [10/Jul/2026:11:25:56 -0700] "POST /xmlrpc.php HTTP/1.1" 403 4352 "-" "Jetpack by WordPress.com"
91.89.245.198 - - [10/Jul/2026:11:26:07 -0700] "POST /xmlrpc.php HTTP/1.1" 403 4352 "-" "Jetpack by WordPress.com"
35.235.84.95 - - [10/Jul/2026:11:26:10 -0700] "POST /wp-cron.php?doing_wp_cron=1783707970.0707108974456787109375 HTTP/1.1" 200 3587 "-" "WordPress/7.0.1; https://vanessavaladezrealty.com"
203.76.222.92 - - [10/Jul/2026:11:26:09 -0700] "POST /xmlrpc.php HTTP/1.1" 200 4129 "-" "Mozilla/5.0 (Windows NT 10.0; x64) AppleWebKit/537.36 (KHTML, like Gecko) Opera/61.0.0.0 Safari/537.36"
91.89.245.198 - - [10/Jul/2026:11:26:18 -0700] "POST /xmlrpc.php HTTP/1.1" 403 4352 "-" "WordPress.com; https://wordpress.com"
35.235.84.95 - - [10/Jul/2026:11:26:29 -0700] "POST /wp-cron.php?doing_wp_cron=1783707989.7977209091186523437500 HTTP/1.1" 200 3587 "-" "WordPress/7.0.1; https://vanessavaladezrealty.com"
91.89.245.198 - - [10/Jul/2026:11:26:28 -0700] "POST /xmlrpc.php HTTP/1.1" 200 4129 "-" "Jetpack by WordPress.com (Jetpack 13.0; WordPress 6.1)"
91.89.245.198 - - [10/Jul/2026:11:26:39 -0700] "POST /xmlrpc.php HTTP/1.1" 403 4352 "-" "WordPress.com; https://wordpress.com"
203.76.222.92 - - [10/Jul/2026:11:26:49 -0700] "POST /xmlrpc.php HTTP/1.1" 200 4129 "-" "Mozilla/5.0 (Windows NT 6.2; x64) AppleWebKit/537.36 (KHTML, like Gecko) Chrome/92.0.0.0 Safari/537.36"
91.89.245.198 - - [10/Jul/2026:11:26:49 -0700] "POST /xmlrpc.php HTTP/1.1" 200 4129 "-" "Jetpack/12.0; WordPress/6.1; http://site94925551.com"
91.89.245.198 - - [10/Jul/2026:11:27:00 -0700] "POST /xmlrpc.php HTTP/1.1" 403 4352 "-" "WordPress.com; https://wordpress.com"
91.89.245.198 - - [10/Jul/2026:11:27:11 -0700] "POST /xmlrpc.php HTTP/1.1" 200 4129 "-" "Jetpack/12.5; WordPress/6.4; http://site10645281.com"
91.89.245.198 - - [10/Jul/2026:11:27:21 -0700] "POST /xmlrpc.php HTTP/1.1" 403 4352 "-" "WordPress.com; https://wordpress.com"
35.235.84.95 - - [10/Jul/2026:11:27:30 -0700] "POST /wp-cron.php?doing_wp_cron=1783708050.0342860221862792968750 HTTP/1.1" 200 3587 "-" "WordPress/7.0.1; https://vanessavaladezrealty.com"
203.76.222.92 - - [10/Jul/2026:11:27:28 -0700] "POST /xmlrpc.php HTTP/1.1" 200 4129 "-" "Mozilla/5.0 (X11; Ubuntu; Linux x86_64; arm64) AppleWebKit/537.36 (KHTML, like Gecko) Firefox/93.0.0.0 Safari/537.36"
91.89.245.198 - - [10/Jul/2026:11:27:32 -0700] "POST /xmlrpc.php HTTP/1.1" 200 4129 "-" "Jetpack by WordPress.com (Jetpack 13.0; WordPress 6.4)"
91.89.245.198 - - [10/Jul/2026:11:27:42 -0700] "POST /xmlrpc.php HTTP/1.1" 200 4129 "-" "Jetpack/12.0; WordPress/6.3; http://site42426546.com"
35.235.84.95 - - [10/Jul/2026:11:27:54 -0700] "POST /wp-cron.php?doing_wp_cron=1783708074.4825479984283447265625 HTTP/1.1" 200 3587 "-" "WordPress/7.0.1; https://vanessavaladezrealty.com"
91.89.245.198 - - [10/Jul/2026:11:27:53 -0700] "POST /xmlrpc.php HTTP/1.1" 200 4129 "-" "Jetpack by WordPress.com (Jetpack 12.0; WordPress 6.3)"
91.89.245.198 - - [10/Jul/2026:11:28:04 -0700] "POST /xmlrpc.php HTTP/1.1" 200 4129 "-" "Jetpack/12.1; WordPress/6.1; http://site94754434.com"
203.76.222.92 - - [10/Jul/2026:11:28:09 -0700] "POST /xmlrpc.php HTTP/1.1" 200 4129 "-" "Mozilla/5.0 (Windows NT 10.0; x86) AppleWebKit/537.36 (KHTML, like Gecko) Chrome/84.0.0.0 Safari/537.36"
91.89.245.198 - - [10/Jul/2026:11:28:14 -0700] "POST /xmlrpc.php HTTP/1.1" 403 4352 "-" "WordPress.com; https://wordpress.com"
91.89.245.198 - - [10/Jul/2026:11:28:25 -0700] "POST /xmlrpc.php HTTP/1.1" 200 4129 "-" "Jetpack by WordPress.com (Jetpack 12.1; WordPress 6.3)"
91.89.245.198 - - [10/Jul/2026:11:28:36 -0700] "POST /xmlrpc.php HTTP/1.1" 200 4129 "-" "Jetpack by WordPress.com (Jetpack 12.5; WordPress 6.1)"
35.235.84.95 - - [10/Jul/2026:11:28:50 -0700] "POST /wp-cron.php?doing_wp_cron=1783708130.3677730560302734375000 HTTP/1.1" 200 3587 "-" "WordPress/7.0.1; https://vanessavaladezrealty.com"
91.89.245.198 - - [10/Jul/2026:11:28:46 -0700] "POST /xmlrpc.php HTTP/1.1" 200 4129 "-" "Jetpack/12.0; WordPress/6.4; http://site51400202.com"
203.76.222.92 - - [10/Jul/2026:11:28:48 -0700] "POST /xmlrpc.php HTTP/1.1" 200 4129 "-" "Mozilla/5.0 (Windows NT 6.3; x86) AppleWebKit/537.36 (KHTML, like Gecko) Opera/69.0.0.0 Safari/537.36"
91.89.245.198 - - [10/Jul/2026:11:28:57 -0700] "POST /xmlrpc.php HTTP/1.1" 200 4129 "-" "Jetpack by WordPress.com (Jetpack 12.0; WordPress 6.4)"
91.89.245.198 - - [10/Jul/2026:11:29:07 -0700] "POST /xmlrpc.php HTTP/1.1" 403 4352 "-" "Jetpack by WordPress.com"
91.89.245.198 - - [10/Jul/2026:11:29:18 -0700] "POST /xmlrpc.php HTTP/1.1" 200 4129 "-" "Jetpack/12.1; WordPress/6.3; http://site81837764.com"
203.76.222.92 - - [10/Jul/2026:11:29:28 -0700] "POST /xmlrpc.php HTTP/1.1" 200 4129 "-" "Mozilla/5.0 (Windows NT 6.2; x64) AppleWebKit/537.36 (KHTML, like Gecko) Safari/15.0.0.0 Safari/537.36"
91.89.245.198 - - [10/Jul/2026:11:29:29 -0700] "POST /xmlrpc.php HTTP/1.1" 200 4129 "-" "Jetpack/12.1; WordPress/6.2; http://site39769405.com"
91.89.245.198 - - [10/Jul/2026:11:29:39 -0700] "POST /xmlrpc.php HTTP/1.1" 403 4352 "-" "Jetpack by WordPress.com"
35.235.84.95 - - [10/Jul/2026:11:29:51 -0700] "POST /wp-cron.php?doing_wp_cron=1783708191.3805100917816162109375 HTTP/1.1" 200 3587 "-" "WordPress/7.0.1; https://vanessavaladezrealty.com"
91.89.245.198 - - [10/Jul/2026:11:29:50 -0700] "POST /xmlrpc.php HTTP/1.1" 200 4129 "-" "Jetpack by WordPress.com (Jetpack 13.0; WordPress 6.4)"
91.89.245.198 - - [10/Jul/2026:11:30:00 -0700] "POST /xmlrpc.php HTTP/1.1" 403 4352 "-" "WordPress.com; https://wordpress.com"
203.76.222.92 - - [10/Jul/2026:11:30:09 -0700] "POST /xmlrpc.php HTTP/1.1" 200 4129 "-" "Mozilla/5.0 (X11; Ubuntu; Linux x86_64; arm64) AppleWebKit/537.36 (KHTML, like Gecko) Edge/94.0.0.0 Safari/537.36"
91.89.245.198 - - [10/Jul/2026:11:30:11 -0700] "POST /xmlrpc.php HTTP/1.1" 403 4352 "-" "Jetpack by WordPress.com"
91.89.245.198 - - [10/Jul/2026:11:30:22 -0700] "POST /xmlrpc.php HTTP/1.1" 403 4352 "-" "Jetpack by WordPress.com"
91.89.245.198 - - [10/Jul/2026:11:30:32 -0700] "POST /xmlrpc.php HTTP/1.1" 200 4129 "-" "Jetpack/13.0; WordPress/6.1; http://site23898131.com"
91.89.245.198 - - [10/Jul/2026:11:30:43 -0700] "POST /xmlrpc.php HTTP/1.1" 403 4352 "-" "WordPress.com; https://wordpress.com"
35.235.84.95 - - [10/Jul/2026:11:30:50 -0700] "POST /wp-cron.php?doing_wp_cron=1783708250.2219369411468505859375 HTTP/1.1" 200 3587 "-" "WordPress/7.0.1; https://vanessavaladezrealty.com"
203.76.222.92 - - [10/Jul/2026:11:30:49 -0700] "POST /xmlrpc.php HTTP/1.1" 200 4129 "-" "Mozilla/5.0 (Linux; Android 10; arm64) AppleWebKit/537.36 (KHTML, like Gecko) Opera/68.0.0.0 Safari/537.36"
91.89.245.198 - - [10/Jul/2026:11:30:53 -0700] "POST /xmlrpc.php HTTP/1.1" 403 4352 "-" "Jetpack by WordPress.com"
91.89.245.198 - - [10/Jul/2026:11:31:04 -0700] "POST /xmlrpc.php HTTP/1.1" 403 4352 "-" "Jetpack by WordPress.com"
91.89.245.198 - - [10/Jul/2026:11:31:15 -0700] "POST /xmlrpc.php HTTP/1.1" 403 4352 "-" "Jetpack by WordPress.com"
91.89.245.198 - - [10/Jul/2026:11:31:25 -0700] "POST /xmlrpc.php HTTP/1.1" 403 4352 "-" "Jetpack by WordPress.com"
35.235.84.95 - - [10/Jul/2026:11:31:30 -0700] "POST /wp-cron.php?doing_wp_cron=1783708290.0678949356079101562500 HTTP/1.1" 200 3587 "-" "WordPress/7.0.1; https://vanessavaladezrealty.com"
203.76.222.92 - - [10/Jul/2026:11:31:28 -0700] "POST /xmlrpc.php HTTP/1.1" 200 4129 "-" "Mozilla/5.0 (Linux; Android 10; arm64) AppleWebKit/537.36 (KHTML, like Gecko) Chrome/103.0.0.0 Safari/537.36"
91.89.245.198 - - [10/Jul/2026:11:31:36 -0700] "POST /xmlrpc.php HTTP/1.1" 200 4129 "-" "Jetpack/12.5; WordPress/6.4; http://site21901171.com"
203.76.222.92 - - [10/Jul/2026:11:31:52 -0700] "POST /xmlrpc.php HTTP/1.1" 200 4129 "-" "Mozilla/5.0 (Windows NT 6.2; x86) AppleWebKit/537.36 (KHTML, like Gecko) Safari/11.0.0.0 Safari/537.36"
91.89.245.198 - - [10/Jul/2026:11:31:46 -0700] "POST /xmlrpc.php HTTP/1.1" 403 4352 "-" "Jetpack by WordPress.com"
91.89.245.198 - - [10/Jul/2026:11:31:57 -0700] "POST /xmlrpc.php HTTP/1.1" 403 4352 "-" "Jetpack by WordPress.com"
