203.76.222.92 - - [10/Jul/2026:22:06:21 -0700] "POST /xmlrpc.php HTTP/1.1" 200 4129 "-" "Mozilla/5.0 (Windows NT 10.0; arm64) AppleWebKit/537.36 (KHTML, like Gecko) Chrome/86.0.0.0 Safari/537.36"
35.235.84.95 - - [10/Jul/2026:22:06:26 -0700] "POST /wp-cron.php?doing_wp_cron=1783746386.4907119274139404296875 HTTP/1.1" 200 3587 "-" "WordPress/7.0.1; https://vanessavaladezrealty.com"
136.144.33.104 - - [10/Jul/2026:22:06:25 -0700] "POST /wp-login.php HTTP/1.1" 200 6525 "https://vanessavaladezrealty.com/wp-admin/" "Mozilla/5.0 (Windows NT 10.0; Win64; x64) AppleWebKit/537.36 (KHTML, like Gecko) Chrome/90.0.4430.85 Safari/537.36"
136.144.33.104 - - [10/Jul/2026:22:06:26 -0700] "POST /admin HTTP/1.1" 302 4148 "https://vanessavaladezrealty.com/wp-admin/" "Mozilla/5.0 (Windows NT 10.0; Win64; x64) AppleWebKit/537.36 (KHTML, like Gecko) Chrome/90.0.4430.85 Safari/537.36"
136.144.33.104 - - [10/Jul/2026:22:06:27 -0700] "GET /wp-admin/ HTTP/1.1" 302 3784 "https://vanessavaladezrealty.com/wp-admin/" "Mozilla/5.0 (Windows NT 10.0; Win64; x64) AppleWebKit/537.36 (KHTML, like Gecko) Chrome/90.0.4430.85 Safari/537.36"
136.144.33.104 - - [10/Jul/2026:22:06:29 -0700] "GET /wp-login.php?redirect_to=https%3A%2F%2Fvanessavaladezrealty.com%2Fwp-admin%2F&reauth=1 HTTP/1.1" 200 8365 "https://vanessavaladezrealty.com/wp-admin/" "Mozilla/5.0 (Windows NT 10.0; Win64; x64) AppleWebKit/537.36 (KHTML, like Gecko) Chrome/90.0.4430.85 Safari/537.36"
203.76.222.92 - - [10/Jul/2026:22:06:36 -0700] "POST /xmlrpc.php HTTP/1.1" 200 4129 "-" "Mozilla/5.0 (Windows NT 10.0; arm64) AppleWebKit/537.36 (KHTML, like Gecko) Chrome/87.0.0.0 Safari/537.36"
136.144.33.97 - - [10/Jul/2026:22:06:39 -0700] "POST /wp-login.php HTTP/1.1" 200 6523 "https://vanessavaladezrealty.com/wp-admin/" "Mozilla/5.0 (Windows NT 10.0; Win64; x64) AppleWebKit/537.36 (KHTML, like Gecko) Chrome/90.0.4430.85 Safari/537.36"
136.144.33.97 - - [10/Jul/2026:22:06:40 -0700] "POST /admin HTTP/1.1" 302 4148 "https://vanessavaladezrealty.com/wp-admin/" "Mozilla/5.0 (Windows NT 10.0; Win64; x64) AppleWebKit/537.36 (KHTML, like Gecko) Chrome/90.0.4430.85 Safari/537.36"
136.144.33.97 - - [10/Jul/2026:22:06:41 -0700] "GET /wp-admin/ HTTP/1.1" 302 3784 "https://vanessavaladezrealty.com/wp-admin/" "Mozilla/5.0 (Windows NT 10.0; Win64; x64) AppleWebKit/537.36 (KHTML, like Gecko) Chrome/90.0.4430.85 Safari/537.36"
136.144.33.97 - - [10/Jul/2026:22:06:42 -0700] "GET /wp-login.php?redirect_to=https%3A%2F%2Fvanessavaladezrealty.com%2Fwp-admin%2F&reauth=1 HTTP/1.1" 200 8365 "https://vanessavaladezrealty.com/wp-admin/" "Mozilla/5.0 (Windows NT 10.0; Win64; x64) AppleWebKit/537.36 (KHTML, like Gecko) Chrome/90.0.4430.85 Safari/537.36"
203.76.222.92 - - [10/Jul/2026:22:06:50 -0700] "POST /xmlrpc.php HTTP/1.1" 200 4129 "-" "Mozilla/5.0 (X11; Ubuntu; Linux x86_64; arm64) AppleWebKit/537.36 (KHTML, like Gecko) Safari/10.0.0.0 Safari/537.36"
136.144.33.110 - - [10/Jul/2026:22:06:54 -0700] "POST /wp-login.php HTTP/1.1" 200 6519 "https://vanessavaladezrealty.com/wp-admin/" "Mozilla/5.0 (Windows NT 10.0; Win64; x64) AppleWebKit/537.36 (KHTML, like Gecko) Chrome/90.0.4430.85 Safari/537.36"
136.144.33.110 - - [10/Jul/2026:22:07:01 -0700] "POST /admin HTTP/1.1" 302 4148 "https://vanessavaladezrealty.com/wp-admin/" "Mozilla/5.0 (Windows NT 10.0; Win64; x64) AppleWebKit/537.36 (KHTML, like Gecko) Chrome/90.0.4430.85 Safari/537.36"
136.144.33.110 - - [10/Jul/2026:22:07:03 -0700] "GET /wp-admin/ HTTP/1.1" 302 3784 "https://vanessavaladezrealty.com/wp-admin/" "Mozilla/5.0 (Windows NT 10.0; Win64; x64) AppleWebKit/537.36 (KHTML, like Gecko) Chrome/90.0.4430.85 Safari/537.36"
136.144.33.110 - - [10/Jul/2026:22:07:04 -0700] "GET /wp-login.php?redirect_to=https%3A%2F%2Fvanessavaladezrealty.com%2Fwp-admin%2F&reauth=1 HTTP/1.1" 200 8365 "https://vanessavaladezrealty.com/wp-admin/" "Mozilla/5.0 (Windows NT 10.0; Win64; x64) AppleWebKit/537.36 (KHTML, like Gecko) Chrome/90.0.4430.85 Safari/537.36"
203.76.222.92 - - [10/Jul/2026:22:07:05 -0700] "POST /xmlrpc.php HTTP/1.1" 200 4129 "-" "Mozilla/5.0 (Macintosh; Intel Mac OS X 10_15_7; arm64) AppleWebKit/537.36 (KHTML, like Gecko) Firefox/75.0.0.0 Safari/537.36"
193.36.225.62 - - [10/Jul/2026:22:07:17 -0700] "POST /wp-login.php HTTP/1.1" 200 6518 "https://vanessavaladezrealty.com/wp-admin/" "Mozilla/5.0 (Windows NT 10.0; Win64; x64) AppleWebKit/537.36 (KHTML, like Gecko) Chrome/90.0.4430.85 Safari/537.36"
193.36.225.62 - - [10/Jul/2026:22:07:18 -0700] "POST /admin HTTP/1.1" 302 4148 "https://vanessavaladezrealty.com/wp-admin/" "Mozilla/5.0 (Windows NT 10.0; Win64; x64) AppleWebKit/537.36 (KHTML, like Gecko) Chrome/90.0.4430.85 Safari/537.36"
193.36.225.62 - - [10/Jul/2026:22:07:19 -0700] "GET /wp-admin/ HTTP/1.1" 302 3784 "https://vanessavaladezrealty.com/wp-admin/" "Mozilla/5.0 (Windows NT 10.0; Win64; x64) AppleWebKit/537.36 (KHTML, like Gecko) Chrome/90.0.4430.85 Safari/537.36"
203.76.222.92 - - [10/Jul/2026:22:07:20 -0700] "POST /xmlrpc.php HTTP/1.1" 200 4129 "-" "Mozilla/5.0 (Windows NT 6.2; arm64) AppleWebKit/537.36 (KHTML, like Gecko) Edge/84.0.0.0 Safari/537.36"
193.36.225.62 - - [10/Jul/2026:22:07:20 -0700] "GET /wp-login.php?redirect_to=https%3A%2F%2Fvanessavaladezrealty.com%2Fwp-admin%2F&reauth=1 HTTP/1.1" 200 8365 "https://vanessavaladezrealty.com/wp-admin/" "Mozilla/5.0 (Windows NT 10.0; Win64; x64) AppleWebKit/537.36 (KHTML, like Gecko) Chrome/90.0.4430.85 Safari/537.36"
35.235.84.95 - - [10/Jul/2026:22:07:28 -0700] "POST /wp-cron.php?doing_wp_cron=1783746448.4053580760955810546875 HTTP/1.1" 200 3587 "-" "WordPress/7.0.1; https://vanessavaladezrealty.com"
193.36.225.65 - - [10/Jul/2026:22:07:27 -0700] "POST /wp-login.php HTTP/1.1" 200 6528 "https://vanessavaladezrealty.com/wp-admin/" "Mozilla/5.0 (Windows NT 10.0; Win64; x64) AppleWebKit/537.36 (KHTML, like Gecko) Chrome/90.0.4430.85 Safari/537.36"
193.36.225.65 - - [10/Jul/2026:22:07:28 -0700] "POST /admin HTTP/1.1" 302 4148 "https://vanessavaladezrealty.com/wp-admin/" "Mozilla/5.0 (Windows NT 10.0; Win64; x64) AppleWebKit/537.36 (KHTML, like Gecko) Chrome/90.0.4430.85 Safari/537.36"
193.36.225.65 - - [10/Jul/2026:22:07:29 -0700] "GET /wp-admin/ HTTP/1.1" 302 3784 "https://vanessavaladezrealty.com/wp-admin/" "Mozilla/5.0 (Windows NT 10.0; Win64; x64) AppleWebKit/537.36 (KHTML, like Gecko) Chrome/90.0.4430.85 Safari/537.36"
193.36.225.65 - - [10/Jul/2026:22:07:30 -0700] "GET /wp-login.php?redirect_to=https%3A%2F%2Fvanessavaladezrealty.com%2Fwp-admin%2F&reauth=1 HTTP/1.1" 200 8365 "https://vanessavaladezrealty.com/wp-admin/" "Mozilla/5.0 (Windows NT 10.0; Win64; x64) AppleWebKit/537.36 (KHTML, like Gecko) Chrome/90.0.4430.85 Safari/537.36"
203.76.222.92 - - [10/Jul/2026:22:07:34 -0700] "POST /xmlrpc.php HTTP/1.1" 200 4129 "-" "Mozilla/5.0 (Linux; Android 10; x86) AppleWebKit/537.36 (KHTML, like Gecko) Opera/63.0.0.0 Safari/537.36"
193.36.225.54 - - [10/Jul/2026:22:07:35 -0700] "POST /wp-login.php HTTP/1.1" 200 6523 "https://vanessavaladezrealty.com/wp-admin/" "Mozilla/5.0 (Windows NT 10.0; Win64; x64) AppleWebKit/537.36 (KHTML, like Gecko) Chrome/90.0.4430.85 Safari/537.36"
193.36.225.54 - - [10/Jul/2026:22:07:37 -0700] "POST /admin HTTP/1.1" 302 4148 "https://vanessavaladezrealty.com/wp-admin/" "Mozilla/5.0 (Windows NT 10.0; Win64; x64) AppleWebKit/537.36 (KHTML, like Gecko) Chrome/90.0.4430.85 Safari/537.36"
193.36.225.54 - - [10/Jul/2026:22:07:39 -0700] "GET /wp-admin/ HTTP/1.1" 302 3784 "https://vanessavaladezrealty.com/wp-admin/" "Mozilla/5.0 (Windows NT 10.0; Win64; x64) AppleWebKit/537.36 (KHTML, like Gecko) Chrome/90.0.4430.85 Safari/537.36"
35.235.84.95 - - [10/Jul/2026:22:07:50 -0700] "POST /wp-cron.php?doing_wp_cron=1783746470.0714418888092041015625 HTTP/1.1" 200 3587 "-" "WordPress/7.0.1; https://vanessavaladezrealty.com"
136.144.33.110 - - [10/Jul/2026:22:07:50 -0700] "POST /admin HTTP/1.1" 302 4148 "https://vanessavaladezrealty.com/wp-admin/" "Mozilla/5.0 (Windows NT 10.0; Win64; x64) AppleWebKit/537.36 (KHTML, like Gecko) Chrome/90.0.4430.85 Safari/537.36"
136.144.33.110 - - [10/Jul/2026:22:07:51 -0700] "GET /wp-admin/ HTTP/1.1" 302 3784 "https://vanessavaladezrealty.com/wp-admin/" "Mozilla/5.0 (Windows NT 10.0; Win64; x64) AppleWebKit/537.36 (KHTML, like Gecko) Chrome/90.0.4430.85 Safari/537.36"
136.144.33.110 - - [10/Jul/2026:22:07:52 -0700] "GET /wp-login.php?redirect_to=https%3A%2F%2Fvanessavaladezrealty.com%2Fwp-admin%2F&reauth=1 HTTP/1.1" 200 8365 "https://vanessavaladezrealty.com/wp-admin/" "Mozilla/5.0 (Windows NT 10.0; Win64; x64) AppleWebKit/537.36 (KHTML, like Gecko) Chrome/90.0.4430.85 Safari/537.36"
136.144.33.98 - - [10/Jul/2026:22:07:57 -0700] "POST /admin HTTP/1.1" 302 4148 "https://vanessavaladezrealty.com/wp-admin/" "Mozilla/5.0 (Windows NT 10.0; Win64; x64) AppleWebKit/537.36 (KHTML, like Gecko) Chrome/90.0.4430.85 Safari/537.36"
136.144.33.98 - - [10/Jul/2026:22:07:58 -0700] "GET /wp-admin/ HTTP/1.1" 302 3784 "https://vanessavaladezrealty.com/wp-admin/" "Mozilla/5.0 (Windows NT 10.0; Win64; x64) AppleWebKit/537.36 (KHTML, like Gecko) Chrome/90.0.4430.85 Safari/537.36"
136.144.33.110 - - [10/Jul/2026:22:07:49 -0700] "POST /wp-login.php HTTP/1.1" 200 6518 "https://vanessavaladezrealty.com/wp-admin/" "Mozilla/5.0 (Windows NT 10.0; Win64; x64) AppleWebKit/537.36 (KHTML, like Gecko) Chrome/90.0.4430.85 Safari/537.36"
203.76.222.92 - - [10/Jul/2026:22:07:51 -0700] "POST /xmlrpc.php HTTP/1.1" 200 4129 "-" "Mozilla/5.0 (Windows NT 10.0; x86) AppleWebKit/537.36 (KHTML, like Gecko) Edge/99.0.0.0 Safari/537.36"
136.144.33.98 - - [10/Jul/2026:22:07:56 -0700] "POST /wp-login.php HTTP/1.1" 200 6516 "https://vanessavaladezrealty.com/wp-admin/" "Mozilla/5.0 (Windows NT 10.0; Win64; x64) AppleWebKit/537.36 (KHTML, like Gecko) Chrome/90.0.4430.85 Safari/537.36"
193.36.225.54 - - [10/Jul/2026:22:07:40 -0700] "GET /wp-login.php?redirect_to=https%3A%2F%2Fvanessavaladezrealty.com%2Fwp-admin%2F&reauth=1 HTTP/1.1" 200 8365 "https://vanessavaladezrealty.com/wp-admin/" "Mozilla/5.0 (Windows NT 10.0; Win64; x64) AppleWebKit/537.36 (KHTML, like Gecko) Chrome/90.0.4430.85 Safari/537.36"
136.144.33.98 - - [10/Jul/2026:22:07:59 -0700] "GET /wp-login.php?redirect_to=https%3A%2F%2Fvanessavaladezrealty.com%2Fwp-admin%2F&reauth=1 HTTP/1.1" 200 8365 "https://vanessavaladezrealty.com/wp-admin/" "Mozilla/5.0 (Windows NT 10.0; Win64; x64) AppleWebKit/537.36 (KHTML, like Gecko) Chrome/90.0.4430.85 Safari/537.36"
203.76.222.92 - - [10/Jul/2026:22:08:06 -0700] "POST /xmlrpc.php HTTP/1.1" 200 4129 "-" "Mozilla/5.0 (Windows NT 10.0; x64) AppleWebKit/537.36 (KHTML, like Gecko) Edge/91.0.0.0 Safari/537.36"
193.36.225.70 - - [10/Jul/2026:22:08:07 -0700] "POST /wp-login.php HTTP/1.1" 200 6526 "https://vanessavaladezrealty.com/wp-admin/" "Mozilla/5.0 (Windows NT 10.0; Win64; x64) AppleWebKit/537.36 (KHTML, like Gecko) Chrome/90.0.4430.85 Safari/537.36"
193.36.225.70 - - [10/Jul/2026:22:08:08 -0700] "POST /admin HTTP/1.1" 302 4148 "https://vanessavaladezrealty.com/wp-admin/" "Mozilla/5.0 (Windows NT 10.0; Win64; x64) AppleWebKit/537.36 (KHTML, like Gecko) Chrome/90.0.4430.85 Safari/537.36"
193.36.225.70 - - [10/Jul/2026:22:08:09 -0700] "GET /wp-admin/ HTTP/1.1" 302 3784 "https://vanessavaladezrealty.com/wp-admin/" "Mozilla/5.0 (Windows NT 10.0; Win64; x64) AppleWebKit/537.36 (KHTML, like Gecko) Chrome/90.0.4430.85 Safari/537.36"
193.36.225.70 - - [10/Jul/2026:22:08:10 -0700] "GET /wp-login.php?redirect_to=https%3A%2F%2Fvanessavaladezrealty.com%2Fwp-admin%2F&reauth=1 HTTP/1.1" 200 8365 "https://vanessavaladezrealty.com/wp-admin/" "Mozilla/5.0 (Windows NT 10.0; Win64; x64) AppleWebKit/537.36 (KHTML, like Gecko) Chrome/90.0.4430.85 Safari/537.36"
37.140.223.68 - - [10/Jul/2026:22:08:17 -0700] "POST /wp-login.php HTTP/1.1" 200 6516 "https://vanessavaladezrealty.com/wp-admin/" "Mozilla/5.0 (Windows NT 10.0; Win64; x64) AppleWebKit/537.36 (KHTML, like Gecko) Chrome/90.0.4430.85 Safari/537.36"
203.76.222.92 - - [10/Jul/2026:22:08:20 -0700] "POST /xmlrpc.php HTTP/1.1" 200 4129 "-" "Mozilla/5.0 (Windows NT 10.0; arm64) AppleWebKit/537.36 (KHTML, like Gecko) Firefox/85.0.0.0 Safari/537.36"
37.140.223.68 - - [10/Jul/2026:22:08:20 -0700] "POST /admin HTTP/1.1" 302 4148 "https://vanessavaladezrealty.com/wp-admin/" "Mozilla/5.0 (Windows NT 10.0; Win64; x64) AppleWebKit/537.36 (KHTML, like Gecko) Chrome/90.0.4430.85 Safari/537.36"
37.140.223.68 - - [10/Jul/2026:22:08:22 -0700] "GET /wp-admin/ HTTP/1.1" 302 3784 "https://vanessavaladezrealty.com/wp-admin/" "Mozilla/5.0 (Windows NT 10.0; Win64; x64) AppleWebKit/537.36 (KHTML, like Gecko) Chrome/90.0.4430.85 Safari/537.36"
37.140.223.68 - - [10/Jul/2026:22:08:23 -0700] "GET /wp-login.php?redirect_to=https%3A%2F%2Fvanessavaladezrealty.com%2Fwp-admin%2F&reauth=1 HTTP/1.1" 200 8365 "https://vanessavaladezrealty.com/wp-admin/" "Mozilla/5.0 (Windows NT 10.0; Win64; x64) AppleWebKit/537.36 (KHTML, like Gecko) Chrome/90.0.4430.85 Safari/537.36"
136.144.33.103 - - [10/Jul/2026:22:08:28 -0700] "POST /wp-login.php HTTP/1.1" 200 6520 "https://vanessavaladezrealty.com/wp-admin/" "Mozilla/5.0 (Windows NT 10.0; Win64; x64) AppleWebKit/537.36 (KHTML, like Gecko) Chrome/90.0.4430.85 Safari/537.36"
136.144.33.103 - - [10/Jul/2026:22:08:29 -0700] "POST /admin HTTP/1.1" 302 4148 "https://vanessavaladezrealty.com/wp-admin/" "Mozilla/5.0 (Windows NT 10.0; Win64; x64) AppleWebKit/537.36 (KHTML, like Gecko) Chrome/90.0.4430.85 Safari/537.36"
136.144.33.103 - - [10/Jul/2026:22:08:30 -0700] "GET /wp-admin/ HTTP/1.1" 302 3784 "https://vanessavaladezrealty.com/wp-admin/" "Mozilla/5.0 (Windows NT 10.0; Win64; x64) AppleWebKit/537.36 (KHTML, like Gecko) Chrome/90.0.4430.85 Safari/537.36"
136.144.33.103 - - [10/Jul/2026:22:08:31 -0700] "GET /wp-login.php?redirect_to=https%3A%2F%2Fvanessavaladezrealty.com%2Fwp-admin%2F&reauth=1 HTTP/1.1" 200 8365 "https://vanessavaladezrealty.com/wp-admin/" "Mozilla/5.0 (Windows NT 10.0; Win64; x64) AppleWebKit/537.36 (KHTML, like Gecko) Chrome/90.0.4430.85 Safari/537.36"
203.76.222.92 - - [10/Jul/2026:22:08:34 -0700] "POST /xmlrpc.php HTTP/1.1" 200 4129 "-" "Mozilla/5.0 (Windows NT 6.3; arm64) AppleWebKit/537.36 (KHTML, like Gecko) Chrome/101.0.0.0 Safari/537.36"
193.36.225.72 - - [10/Jul/2026:22:08:34 -0700] "POST /wp-login.php HTTP/1.1" 200 6517 "https://vanessavaladezrealty.com/wp-admin/" "Mozilla/5.0 (Windows NT 10.0; Win64; x64) AppleWebKit/537.36 (KHTML, like Gecko) Chrome/90.0.4430.85 Safari/537.36"
193.36.225.72 - - [10/Jul/2026:22:08:36 -0700] "POST /admin HTTP/1.1" 302 4148 "https://vanessavaladezrealty.com/wp-admin/" "Mozilla/5.0 (Windows NT 10.0; Win64; x64) AppleWebKit/537.36 (KHTML, like Gecko) Chrome/90.0.4430.85 Safari/537.36"
193.36.225.72 - - [10/Jul/2026:22:08:37 -0700] "GET /wp-admin/ HTTP/1.1" 302 3784 "https://vanessavaladezrealty.com/wp-admin/" "Mozilla/5.0 (Windows NT 10.0; Win64; x64) AppleWebKit/537.36 (KHTML, like Gecko) Chrome/90.0.4430.85 Safari/537.36"
193.36.225.72 - - [10/Jul/2026:22:08:38 -0700] "GET /wp-login.php?redirect_to=https%3A%2F%2Fvanessavaladezrealty.com%2Fwp-admin%2F&reauth=1 HTTP/1.1" 200 8365 "https://vanessavaladezrealty.com/wp-admin/" "Mozilla/5.0 (Windows NT 10.0; Win64; x64) AppleWebKit/537.36 (KHTML, like Gecko) Chrome/90.0.4430.85 Safari/537.36"
193.36.225.10 - - [10/Jul/2026:22:08:44 -0700] "POST /wp-login.php HTTP/1.1" 200 6522 "https://vanessavaladezrealty.com/wp-admin/" "Mozilla/5.0 (Windows NT 10.0; Win64; x64) AppleWebKit/537.36 (KHTML, like Gecko) Chrome/90.0.4430.85 Safari/537.36"
193.36.225.10 - - [10/Jul/2026:22:08:45 -0700] "POST /admin HTTP/1.1" 302 4148 "https://vanessavaladezrealty.com/wp-admin/" "Mozilla/5.0 (Windows NT 10.0; Win64; x64) AppleWebKit/537.36 (KHTML, like Gecko) Chrome/90.0.4430.85 Safari/537.36"
193.36.225.10 - - [10/Jul/2026:22:08:46 -0700] "GET /wp-admin/ HTTP/1.1" 302 3784 "https://vanessavaladezrealty.com/wp-admin/" "Mozilla/5.0 (Windows NT 10.0; Win64; x64) AppleWebKit/537.36 (KHTML, like Gecko) Chrome/90.0.4430.85 Safari/537.36"
193.36.225.10 - - [10/Jul/2026:22:08:47 -0700] "GET /wp-login.php?redirect_to=https%3A%2F%2Fvanessavaladezrealty.com%2Fwp-admin%2F&reauth=1 HTTP/1.1" 200 8365 "https://vanessavaladezrealty.com/wp-admin/" "Mozilla/5.0 (Windows NT 10.0; Win64; x64) AppleWebKit/537.36 (KHTML, like Gecko) Chrome/90.0.4430.85 Safari/537.36"
203.76.222.92 - - [10/Jul/2026:22:08:48 -0700] "POST /xmlrpc.php HTTP/1.1" 200 4129 "-" "Mozilla/5.0 (Windows NT 6.2; arm64) AppleWebKit/537.36 (KHTML, like Gecko) Safari/10.0.0.0 Safari/537.36"
35.235.84.95 - - [10/Jul/2026:22:08:51 -0700] "POST /wp-cron.php?doing_wp_cron=1783746531.6735360622406005859375 HTTP/1.1" 200 3587 "-" "WordPress/7.0.1; https://vanessavaladezrealty.com"
193.36.225.73 - - [10/Jul/2026:22:08:50 -0700] "POST /wp-login.php HTTP/1.1" 200 6527 "https://vanessavaladezrealty.com/wp-admin/" "Mozilla/5.0 (Windows NT 10.0; Win64; x64) AppleWebKit/537.36 (KHTML, like Gecko) Chrome/90.0.4430.85 Safari/537.36"
193.36.225.73 - - [10/Jul/2026:22:08:51 -0700] "POST /admin HTTP/1.1" 302 4148 "https://vanessavaladezrealty.com/wp-admin/" "Mozilla/5.0 (Windows NT 10.0; Win64; x64) AppleWebKit/537.36 (KHTML, like Gecko) Chrome/90.0.4430.85 Safari/537.36"
193.36.225.73 - - [10/Jul/2026:22:08:52 -0700] "GET /wp-admin/ HTTP/1.1" 302 3784 "https://vanessavaladezrealty.com/wp-admin/" "Mozilla/5.0 (Windows NT 10.0; Win64; x64) AppleWebKit/537.36 (KHTML, like Gecko) Chrome/90.0.4430.85 Safari/537.36"
193.36.225.73 - - [10/Jul/2026:22:08:53 -0700] "GET /wp-login.php?redirect_to=https%3A%2F%2Fvanessavaladezrealty.com%2Fwp-admin%2F&reauth=1 HTTP/1.1" 200 8365 "https://vanessavaladezrealty.com/wp-admin/" "Mozilla/5.0 (Windows NT 10.0; Win64; x64) AppleWebKit/537.36 (KHTML, like Gecko) Chrome/90.0.4430.85 Safari/537.36"
193.36.225.66 - - [10/Jul/2026:22:09:06 -0700] "POST /admin HTTP/1.1" 302 4148 "https://vanessavaladezrealty.com/wp-admin/" "Mozilla/5.0 (Windows NT 10.0; Win64; x64) AppleWebKit/537.36 (KHTML, like Gecko) Chrome/90.0.4430.85 Safari/537.36"
193.36.225.66 - - [10/Jul/2026:22:09:08 -0700] "GET /wp-admin/ HTTP/1.1" 302 3784 "https://vanessavaladezrealty.com/wp-admin/" "Mozilla/5.0 (Windows NT 10.0; Win64; x64) AppleWebKit/537.36 (KHTML, like Gecko) Chrome/90.0.4430.85 Safari/537.36"
193.36.225.66 - - [10/Jul/2026:22:09:05 -0700] "POST /wp-login.php HTTP/1.1" 200 6518 "https://vanessavaladezrealty.com/wp-admin/" "Mozilla/5.0 (Windows NT 10.0; Win64; x64) AppleWebKit/537.36 (KHTML, like Gecko) Chrome/90.0.4430.85 Safari/537.36"
203.76.222.92 - - [10/Jul/2026:22:09:02 -0700] "POST /xmlrpc.php HTTP/1.1" 200 4129 "-" "Mozilla/5.0 (Linux; Android 10; x64) AppleWebKit/537.36 (KHTML, like Gecko) Chrome/104.0.0.0 Safari/537.36"
193.36.225.66 - - [10/Jul/2026:22:09:10 -0700] "GET /wp-login.php?redirect_to=https%3A%2F%2Fvanessavaladezrealty.com%2Fwp-admin%2F&reauth=1 HTTP/1.1" 200 8365 "https://vanessavaladezrealty.com/wp-admin/" "Mozilla/5.0 (Windows NT 10.0; Win64; x64) AppleWebKit/537.36 (KHTML, like Gecko) Chrome/90.0.4430.85 Safari/537.36"
37.140.223.68 - - [10/Jul/2026:22:09:20 -0700] "POST /admin HTTP/1.1" 302 4148 "https://vanessavaladezrealty.com/wp-admin/" "Mozilla/5.0 (Windows NT 10.0; Win64; x64) AppleWebKit/537.36 (KHTML, like Gecko) Chrome/90.0.4430.85 Safari/537.36"
37.140.223.68 - - [10/Jul/2026:22:09:21 -0700] "GET /wp-admin/ HTTP/1.1" 302 3784 "https://vanessavaladezrealty.com/wp-admin/" "Mozilla/5.0 (Windows NT 10.0; Win64; x64) AppleWebKit/537.36 (KHTML, like Gecko) Chrome/90.0.4430.85 Safari/537.36"
37.140.223.68 - - [10/Jul/2026:22:09:22 -0700] "GET /wp-login.php?redirect_to=https%3A%2F%2Fvanessavaladezrealty.com%2Fwp-admin%2F&reauth=1 HTTP/1.1" 200 8365 "https://vanessavaladezrealty.com/wp-admin/" "Mozilla/5.0 (Windows NT 10.0; Win64; x64) AppleWebKit/537.36 (KHTML, like Gecko) Chrome/90.0.4430.85 Safari/537.36"
37.140.223.68 - - [10/Jul/2026:22:09:19 -0700] "POST /wp-login.php HTTP/1.1" 200 6519 "https://vanessavaladezrealty.com/wp-admin/" "Mozilla/5.0 (Windows NT 10.0; Win64; x64) AppleWebKit/537.36 (KHTML, like Gecko) Chrome/90.0.4430.85 Safari/537.36"
203.76.222.92 - - [10/Jul/2026:22:09:19 -0700] "POST /xmlrpc.php HTTP/1.1" 200 4129 "-" "Mozilla/5.0 (X11; Ubuntu; Linux x86_64; x86) AppleWebKit/537.36 (KHTML, like Gecko) Safari/14.0.0.0 Safari/537.36"
172.245.102.45 - - [10/Jul/2026:22:09:32 -0700] "POST /admin HTTP/1.1" 302 4148 "https://vanessavaladezrealty.com/wp-admin/" "Mozilla/5.0 (Windows NT 10.0; Win64; x64) AppleWebKit/537.36 (KHTML, like Gecko) Chrome/90.0.4430.85 Safari/537.36"
172.245.102.45 - - [10/Jul/2026:22:09:33 -0700] "GET /wp-admin/ HTTP/1.1" 302 3784 "https://vanessavaladezrealty.com/wp-admin/" "Mozilla/5.0 (Windows NT 10.0; Win64; x64) AppleWebKit/537.36 (KHTML, like Gecko) Chrome/90.0.4430.85 Safari/537.36"
172.245.102.45 - - [10/Jul/2026:22:09:34 -0700] "GET /wp-login.php?redirect_to=https%3A%2F%2Fvanessavaladezrealty.com%2Fwp-admin%2F&reauth=1 HTTP/1.1" 200 8365 "https://vanessavaladezrealty.com/wp-admin/" "Mozilla/5.0 (Windows NT 10.0; Win64; x64) AppleWebKit/537.36 (KHTML, like Gecko) Chrome/90.0.4430.85 Safari/537.36"
172.245.102.45 - - [10/Jul/2026:22:09:31 -0700] "POST /wp-login.php HTTP/1.1" 200 6520 "https://vanessavaladezrealty.com/wp-admin/" "Mozilla/5.0 (Windows NT 10.0; Win64; x64) AppleWebKit/537.36 (KHTML, like Gecko) Chrome/90.0.4430.85 Safari/537.36"
203.76.222.92 - - [10/Jul/2026:22:09:35 -0700] "POST /xmlrpc.php HTTP/1.1" 200 4129 "-" "Mozilla/5.0 (Windows NT 6.3; x86) AppleWebKit/537.36 (KHTML, like Gecko) Safari/15.0.0.0 Safari/537.36"
172.245.102.43 - - [10/Jul/2026:22:09:39 -0700] "POST /wp-login.php HTTP/1.1" 200 6521 "https://vanessavaladezrealty.com/wp-admin/" "Mozilla/5.0 (Windows NT 10.0; Win64; x64) AppleWebKit/537.36 (KHTML, like Gecko) Chrome/90.0.4430.85 Safari/537.36"
172.245.102.43 - - [10/Jul/2026:22:09:42 -0700] "POST /admin HTTP/1.1" 302 4148 "https://vanessavaladezrealty.com/wp-admin/" "Mozilla/5.0 (Windows NT 10.0; Win64; x64) AppleWebKit/537.36 (KHTML, like Gecko) Chrome/90.0.4430.85 Safari/537.36"
172.245.102.43 - - [10/Jul/2026:22:09:44 -0700] "GET /wp-admin/ HTTP/1.1" 302 3784 "https://vanessavaladezrealty.com/wp-admin/" "Mozilla/5.0 (Windows NT 10.0; Win64; x64) AppleWebKit/537.36 (KHTML, like Gecko) Chrome/90.0.4430.85 Safari/537.36"
172.245.102.43 - - [10/Jul/2026:22:09:45 -0700] "GET /wp-login.php?redirect_to=https%3A%2F%2Fvanessavaladezrealty.com%2Fwp-admin%2F&reauth=1 HTTP/1.1" 200 8365 "https://vanessavaladezrealty.com/wp-admin/" "Mozilla/5.0 (Windows NT 10.0; Win64; x64) AppleWebKit/537.36 (KHTML, like Gecko) Chrome/90.0.4430.85 Safari/537.36"
197.184.124.15 - - [10/Jul/2026:22:09:47 -0700] "GET /properties/98-Residential-4304-Hanford-Avenue-5-Rooms-3-Bedrooms-2-Bathrooms-USD330-000/ HTTP/1.1" 200 37028 "-" "Mozilla/5.0 (Macintosh; Intel Mac OS X 10_15_7) AppleWebKit/537.36 (KHTML, like Gecko) Chrome/92.0.4515.159 Safari/537.36"
35.235.84.95 - - [10/Jul/2026:22:09:54 -0700] "POST /wp-cron.php?doing_wp_cron=1783746594.8304378986358642578125 HTTP/1.1" 200 3587 "-" "WordPress/7.0.1; https://vanessavaladezrealty.com"
203.76.222.92 - - [10/Jul/2026:22:09:52 -0700] "POST /xmlrpc.php HTTP/1.1" 200 4129 "-" "Mozilla/5.0 (Windows NT 10.0; x86) AppleWebKit/537.36 (KHTML, like Gecko) Edge/85.0.0.0 Safari/537.36"
193.36.225.72 - - [10/Jul/2026:22:09:54 -0700] "POST /wp-login.php HTTP/1.1" 200 6518 "https://vanessavaladezrealty.com/wp-admin/" "Mozilla/5.0 (Windows NT 10.0; Win64; x64) AppleWebKit/537.36 (KHTML, like Gecko) Chrome/90.0.4430.85 Safari/537.36"
193.36.225.72 - - [10/Jul/2026:22:09:56 -0700] "POST /admin HTTP/1.1" 302 4148 "https://vanessavaladezrealty.com/wp-admin/" "Mozilla/5.0 (Windows NT 10.0; Win64; x64) AppleWebKit/537.36 (KHTML, like Gecko) Chrome/90.0.4430.85 Safari/537.36"
193.36.225.72 - - [10/Jul/2026:22:09:57 -0700] "GET /wp-admin/ HTTP/1.1" 302 3784 "https://vanessavaladezrealty.com/wp-admin/" "Mozilla/5.0 (Windows NT 10.0; Win64; x64) AppleWebKit/537.36 (KHTML, like Gecko) Chrome/90.0.4430.85 Safari/537.36"
193.36.225.72 - - [10/Jul/2026:22:09:59 -0700] "GET /wp-login.php?redirect_to=https%3A%2F%2Fvanessavaladezrealty.com%2Fwp-admin%2F&reauth=1 HTTP/1.1" 200 8365 "https://vanessavaladezrealty.com/wp-admin/" "Mozilla/5.0 (Windows NT 10.0; Win64; x64) AppleWebKit/537.36 (KHTML, like Gecko) Chrome/90.0.4430.85 Safari/537.36"
193.36.225.60 - - [10/Jul/2026:22:10:04 -0700] "POST /wp-login.php HTTP/1.1" 200 6522 "https://vanessavaladezrealty.com/wp-admin/" "Mozilla/5.0 (Windows NT 10.0; Win64; x64) AppleWebKit/537.36 (KHTML, like Gecko) Chrome/90.0.4430.85 Safari/537.36"
193.36.225.60 - - [10/Jul/2026:22:10:05 -0700] "POST /admin HTTP/1.1" 302 4148 "https://vanessavaladezrealty.com/wp-admin/" "Mozilla/5.0 (Windows NT 10.0; Win64; x64) AppleWebKit/537.36 (KHTML, like Gecko) Chrome/90.0.4430.85 Safari/537.36"
193.36.225.60 - - [10/Jul/2026:22:10:06 -0700] "GET /wp-admin/ HTTP/1.1" 302 3784 "https://vanessavaladezrealty.com/wp-admin/" "Mozilla/5.0 (Windows NT 10.0; Win64; x64) AppleWebKit/537.36 (KHTML, like Gecko) Chrome/90.0.4430.85 Safari/537.36"
193.36.225.60 - - [10/Jul/2026:22:10:08 -0700] "GET /wp-login.php?redirect_to=https%3A%2F%2Fvanessavaladezrealty.com%2Fwp-admin%2F&reauth=1 HTTP/1.1" 200 8365 "https://vanessavaladezrealty.com/wp-admin/" "Mozilla/5.0 (Windows NT 10.0; Win64; x64) AppleWebKit/537.36 (KHTML, like Gecko) Chrome/90.0.4430.85 Safari/537.36"
136.144.33.103 - - [10/Jul/2026:22:10:15 -0700] "POST /wp-login.php HTTP/1.1" 200 6520 "https://vanessavaladezrealty.com/wp-admin/" "Mozilla/5.0 (Windows NT 10.0; Win64; x64) AppleWebKit/537.36 (KHTML, like Gecko) Chrome/90.0.4430.85 Safari/537.36"
136.144.33.103 - - [10/Jul/2026:22:10:17 -0700] "POST /admin HTTP/1.1" 302 4148 "https://vanessavaladezrealty.com/wp-admin/" "Mozilla/5.0 (Windows NT 10.0; Win64; x64) AppleWebKit/537.36 (KHTML, like Gecko) Chrome/90.0.4430.85 Safari/537.36"
136.144.33.103 - - [10/Jul/2026:22:10:18 -0700] "GET /wp-admin/ HTTP/1.1" 302 3784 "https://vanessavaladezrealty.com/wp-admin/" "Mozilla/5.0 (Windows NT 10.0; Win64; x64) AppleWebKit/537.36 (KHTML, like Gecko) Chrome/90.0.4430.85 Safari/537.36"
136.144.33.103 - - [10/Jul/2026:22:10:20 -0700] "GET /wp-login.php?redirect_to=https%3A%2F%2Fvanessavaladezrealty.com%2Fwp-admin%2F&reauth=1 HTTP/1.1" 200 8365 "https://vanessavaladezrealty.com/wp-admin/" "Mozilla/5.0 (Windows NT 10.0; Win64; x64) AppleWebKit/537.36 (KHTML, like Gecko) Chrome/90.0.4430.85 Safari/537.36"
136.144.33.109 - - [10/Jul/2026:22:10:28 -0700] "POST /admin HTTP/1.1" 302 4148 "https://vanessavaladezrealty.com/wp-admin/" "Mozilla/5.0 (Windows NT 10.0; Win64; x64) AppleWebKit/537.36 (KHTML, like Gecko) Chrome/90.0.4430.85 Safari/537.36"
136.144.33.109 - - [10/Jul/2026:22:10:27 -0700] "POST /wp-login.php HTTP/1.1" 200 6525 "https://vanessavaladezrealty.com/wp-admin/" "Mozilla/5.0 (Windows NT 10.0; Win64; x64) AppleWebKit/537.36 (KHTML, like Gecko) Chrome/90.0.4430.85 Safari/537.36"
136.144.33.109 - - [10/Jul/2026:22:10:30 -0700] "GET /wp-admin/ HTTP/1.1" 302 3784 "https://vanessavaladezrealty.com/wp-admin/" "Mozilla/5.0 (Windows NT 10.0; Win64; x64) AppleWebKit/537.36 (KHTML, like Gecko) Chrome/90.0.4430.85 Safari/537.36"
136.144.33.109 - - [10/Jul/2026:22:10:31 -0700] "GET /wp-login.php?redirect_to=https%3A%2F%2Fvanessavaladezrealty.com%2Fwp-admin%2F&reauth=1 HTTP/1.1" 200 8365 "https://vanessavaladezrealty.com/wp-admin/" "Mozilla/5.0 (Windows NT 10.0; Win64; x64) AppleWebKit/537.36 (KHTML, like Gecko) Chrome/90.0.4430.85 Safari/537.36"
136.144.33.96 - - [10/Jul/2026:22:10:36 -0700] "POST /wp-login.php HTTP/1.1" 200 6518 "https://vanessavaladezrealty.com/wp-admin/" "Mozilla/5.0 (Windows NT 10.0; Win64; x64) AppleWebKit/537.36 (KHTML, like Gecko) Chrome/90.0.4430.85 Safari/537.36"
136.144.33.96 - - [10/Jul/2026:22:10:39 -0700] "POST /admin HTTP/1.1" 302 4148 "https://vanessavaladezrealty.com/wp-admin/" "Mozilla/5.0 (Windows NT 10.0; Win64; x64) AppleWebKit/537.36 (KHTML, like Gecko) Chrome/90.0.4430.85 Safari/537.36"
136.144.33.96 - - [10/Jul/2026:22:10:40 -0700] "GET /wp-admin/ HTTP/1.1" 302 3784 "https://vanessavaladezrealty.com/wp-admin/" "Mozilla/5.0 (Windows NT 10.0; Win64; x64) AppleWebKit/537.36 (KHTML, like Gecko) Chrome/90.0.4430.85 Safari/537.36"
136.144.33.96 - - [10/Jul/2026:22:10:41 -0700] "GET /wp-login.php?redirect_to=https%3A%2F%2Fvanessavaladezrealty.com%2Fwp-admin%2F&reauth=1 HTTP/1.1" 200 8365 "https://vanessavaladezrealty.com/wp-admin/" "Mozilla/5.0 (Windows NT 10.0; Win64; x64) AppleWebKit/537.36 (KHTML, like Gecko) Chrome/90.0.4430.85 Safari/537.36"
193.36.225.10 - - [10/Jul/2026:22:10:48 -0700] "POST /wp-login.php HTTP/1.1" 200 6521 "https://vanessavaladezrealty.com/wp-admin/" "Mozilla/5.0 (Windows NT 10.0; Win64; x64) AppleWebKit/537.36 (KHTML, like Gecko) Chrome/90.0.4430.85 Safari/537.36"
35.235.84.95 - - [10/Jul/2026:22:10:50 -0700] "POST /wp-cron.php?doing_wp_cron=1783746650.7613329887390136718750 HTTP/1.1" 200 3587 "-" "WordPress/7.0.1; https://vanessavaladezrealty.com"
193.36.225.10 - - [10/Jul/2026:22:10:49 -0700] "POST /admin HTTP/1.1" 302 4148 "https://vanessavaladezrealty.com/wp-admin/" "Mozilla/5.0 (Windows NT 10.0; Win64; x64) AppleWebKit/537.36 (KHTML, like Gecko) Chrome/90.0.4430.85 Safari/537.36"
193.36.225.10 - - [10/Jul/2026:22:10:50 -0700] "GET /wp-admin/ HTTP/1.1" 302 3784 "https://vanessavaladezrealty.com/wp-admin/" "Mozilla/5.0 (Windows NT 10.0; Win64; x64) AppleWebKit/537.36 (KHTML, like Gecko) Chrome/90.0.4430.85 Safari/537.36"
193.36.225.10 - - [10/Jul/2026:22:10:52 -0700] "GET /wp-login.php?redirect_to=https%3A%2F%2Fvanessavaladezrealty.com%2Fwp-admin%2F&reauth=1 HTTP/1.1" 200 8365 "https://vanessavaladezrealty.com/wp-admin/" "Mozilla/5.0 (Windows NT 10.0; Win64; x64) AppleWebKit/537.36 (KHTML, like Gecko) Chrome/90.0.4430.85 Safari/537.36"
57.141.18.75 - - [10/Jul/2026:22:10:57 -0700] "GET /wp-sitemap.xml HTTP/1.1" 200 4658 "-" "Mozilla/5.0 (Windows NT 10.0; Win64; x64) AppleWebKit/537.36 (KHTML, like Gecko) Chrome/145.0.0.0 Safari/537.36 (compatible; meta-externalagent/1.1 (+https://developers.facebook.com/docs/sharing/webmasters/crawler))"
136.144.33.29 - - [10/Jul/2026:22:11:04 -0700] "POST /wp-login.php HTTP/1.1" 200 6520 "https://vanessavaladezrealty.com/wp-admin/" "Mozilla/5.0 (Windows NT 10.0; Win64; x64) AppleWebKit/537.36 (KHTML, like Gecko) Chrome/90.0.4430.85 Safari/537.36"
136.144.33.29 - - [10/Jul/2026:22:11:06 -0700] "POST /admin HTTP/1.1" 302 4148 "https://vanessavaladezrealty.com/wp-admin/" "Mozilla/5.0 (Windows NT 10.0; Win64; x64) AppleWebKit/537.36 (KHTML, like Gecko) Chrome/90.0.4430.85 Safari/537.36"
136.144.33.29 - - [10/Jul/2026:22:11:08 -0700] "GET /wp-admin/ HTTP/1.1" 302 3784 "https://vanessavaladezrealty.com/wp-admin/" "Mozilla/5.0 (Windows NT 10.0; Win64; x64) AppleWebKit/537.36 (KHTML, like Gecko) Chrome/90.0.4430.85 Safari/537.36"
136.144.33.29 - - [10/Jul/2026:22:11:09 -0700] "GET /wp-login.php?redirect_to=https%3A%2F%2Fvanessavaladezrealty.com%2Fwp-admin%2F&reauth=1 HTTP/1.1" 200 8365 "https://vanessavaladezrealty.com/wp-admin/" "Mozilla/5.0 (Windows NT 10.0; Win64; x64) AppleWebKit/537.36 (KHTML, like Gecko) Chrome/90.0.4430.85 Safari/537.36"
193.36.225.64 - - [10/Jul/2026:22:11:14 -0700] "POST /wp-login.php HTTP/1.1" 200 6516 "https://vanessavaladezrealty.com/wp-admin/" "Mozilla/5.0 (Windows NT 10.0; Win64; x64) AppleWebKit/537.36 (KHTML, like Gecko) Chrome/90.0.4430.85 Safari/537.36"
193.36.225.64 - - [10/Jul/2026:22:11:15 -0700] "POST /admin HTTP/1.1" 302 4148 "https://vanessavaladezrealty.com/wp-admin/" "Mozilla/5.0 (Windows NT 10.0; Win64; x64) AppleWebKit/537.36 (KHTML, like Gecko) Chrome/90.0.4430.85 Safari/537.36"
193.36.225.64 - - [10/Jul/2026:22:11:16 -0700] "GET /wp-admin/ HTTP/1.1" 302 3784 "https://vanessavaladezrealty.com/wp-admin/" "Mozilla/5.0 (Windows NT 10.0; Win64; x64) AppleWebKit/537.36 (KHTML, like Gecko) Chrome/90.0.4430.85 Safari/537.36"
201.187.69.85 - - [10/Jul/2026:22:11:19 -0700] "GET /properties/148-0-0-0-$0/ HTTP/1.1" 200 33087 "-" "Mozilla/5.0 (Windows NT 10.0; WOW64) AppleWebKit/537.36 (KHTML, like Gecko) Brave Chrome/87.0.4280.101 Safari/537.36"
193.36.225.64 - - [10/Jul/2026:22:11:20 -0700] "GET /wp-login.php?redirect_to=https%3A%2F%2Fvanessavaladezrealty.com%2Fwp-admin%2F&reauth=1 HTTP/1.1" 200 8365 "https://vanessavaladezrealty.com/wp-admin/" "Mozilla/5.0 (Windows NT 10.0; Win64; x64) AppleWebKit/537.36 (KHTML, like Gecko) Chrome/90.0.4430.85 Safari/537.36"
35.235.84.95 - - [10/Jul/2026:22:11:29 -0700] "POST /wp-cron.php?doing_wp_cron=1783746689.7067248821258544921875 HTTP/1.1" 200 3587 "-" "WordPress/7.0.1; https://vanessavaladezrealty.com"
136.144.33.102 - - [10/Jul/2026:22:11:29 -0700] "POST /admin HTTP/1.1" 302 4148 "https://vanessavaladezrealty.com/wp-admin/" "Mozilla/5.0 (Windows NT 10.0; Win64; x64) AppleWebKit/537.36 (KHTML, like Gecko) Chrome/90.0.4430.85 Safari/537.36"
136.144.33.102 - - [10/Jul/2026:22:11:30 -0700] "GET /wp-admin/ HTTP/1.1" 302 3784 "https://vanessavaladezrealty.com/wp-admin/" "Mozilla/5.0 (Windows NT 10.0; Win64; x64) AppleWebKit/537.36 (KHTML, like Gecko) Chrome/90.0.4430.85 Safari/537.36"
136.144.33.102 - - [10/Jul/2026:22:11:32 -0700] "GET /wp-login.php?redirect_to=https%3A%2F%2Fvanessavaladezrealty.com%2Fwp-admin%2F&reauth=1 HTTP/1.1" 200 8365 "https://vanessavaladezrealty.com/wp-admin/" "Mozilla/5.0 (Windows NT 10.0; Win64; x64) AppleWebKit/537.36 (KHTML, like Gecko) Chrome/90.0.4430.85 Safari/537.36"
136.144.33.102 - - [10/Jul/2026:22:11:28 -0700] "POST /wp-login.php HTTP/1.1" 200 6518 "https://vanessavaladezrealty.com/wp-admin/" "Mozilla/5.0 (Windows NT 10.0; Win64; x64) AppleWebKit/537.36 (KHTML, like Gecko) Chrome/90.0.4430.85 Safari/537.36"
136.144.33.100 - - [10/Jul/2026:22:11:36 -0700] "POST /wp-login.php HTTP/1.1" 200 6519 "https://vanessavaladezrealty.com/wp-admin/" "Mozilla/5.0 (Windows NT 10.0; Win64; x64) AppleWebKit/537.36 (KHTML, like Gecko) Chrome/90.0.4430.85 Safari/537.36"
136.144.33.100 - - [10/Jul/2026:22:11:37 -0700] "POST /admin HTTP/1.1" 302 4148 "https://vanessavaladezrealty.com/wp-admin/" "Mozilla/5.0 (Windows NT 10.0; Win64; x64) AppleWebKit/537.36 (KHTML, like Gecko) Chrome/90.0.4430.85 Safari/537.36"
136.144.33.100 - - [10/Jul/2026:22:11:38 -0700] "GET /wp-admin/ HTTP/1.1" 302 3784 "https://vanessavaladezrealty.com/wp-admin/" "Mozilla/5.0 (Windows NT 10.0; Win64; x64) AppleWebKit/537.36 (KHTML, like Gecko) Chrome/90.0.4430.85 Safari/537.36"
136.144.33.100 - - [10/Jul/2026:22:11:39 -0700] "GET /wp-login.php?redirect_to=https%3A%2F%2Fvanessavaladezrealty.com%2Fwp-admin%2F&reauth=1 HTTP/1.1" 200 8365 "https://vanessavaladezrealty.com/wp-admin/" "Mozilla/5.0 (Windows NT 10.0; Win64; x64) AppleWebKit/537.36 (KHTML, like Gecko) Chrome/90.0.4430.85 Safari/537.36"
136.144.33.109 - - [10/Jul/2026:22:11:44 -0700] "POST /wp-login.php HTTP/1.1" 200 6520 "https://vanessavaladezrealty.com/wp-admin/" "Mozilla/5.0 (Windows NT 10.0; Win64; x64) AppleWebKit/537.36 (KHTML, like Gecko) Chrome/90.0.4430.85 Safari/537.36"
136.144.33.109 - - [10/Jul/2026:22:11:45 -0700] "POST /admin HTTP/1.1" 302 4148 "https://vanessavaladezrealty.com/wp-admin/" "Mozilla/5.0 (Windows NT 10.0; Win64; x64) AppleWebKit/537.36 (KHTML, like Gecko) Chrome/90.0.4430.85 Safari/537.36"
136.144.33.109 - - [10/Jul/2026:22:11:46 -0700] "GET /wp-admin/ HTTP/1.1" 302 3784 "https://vanessavaladezrealty.com/wp-admin/" "Mozilla/5.0 (Windows NT 10.0; Win64; x64) AppleWebKit/537.36 (KHTML, like Gecko) Chrome/90.0.4430.85 Safari/537.36"
136.144.33.109 - - [10/Jul/2026:22:11:47 -0700] "GET /wp-login.php?redirect_to=https%3A%2F%2Fvanessavaladezrealty.com%2Fwp-admin%2F&reauth=1 HTTP/1.1" 200 8365 "https://vanessavaladezrealty.com/wp-admin/" "Mozilla/5.0 (Windows NT 10.0; Win64; x64) AppleWebKit/537.36 (KHTML, like Gecko) Chrome/90.0.4430.85 Safari/537.36"
193.36.225.69 - - [10/Jul/2026:22:11:56 -0700] "POST /wp-login.php HTTP/1.1" 200 6521 "https://vanessavaladezrealty.com/wp-admin/" "Mozilla/5.0 (Windows NT 10.0; Win64; x64) AppleWebKit/537.36 (KHTML, like Gecko) Chrome/90.0.4430.85 Safari/537.36"
193.36.225.69 - - [10/Jul/2026:22:11:57 -0700] "POST /admin HTTP/1.1" 302 4148 "https://vanessavaladezrealty.com/wp-admin/" "Mozilla/5.0 (Windows NT 10.0; Win64; x64) AppleWebKit/537.36 (KHTML, like Gecko) Chrome/90.0.4430.85 Safari/537.36"
193.36.225.69 - - [10/Jul/2026:22:11:58 -0700] "GET /wp-admin/ HTTP/1.1" 302 3784 "https://vanessavaladezrealty.com/wp-admin/" "Mozilla/5.0 (Windows NT 10.0; Win64; x64) AppleWebKit/537.36 (KHTML, like Gecko) Chrome/90.0.4430.85 Safari/537.36"
193.36.225.69 - - [10/Jul/2026:22:11:59 -0700] "GET /wp-login.php?redirect_to=https%3A%2F%2Fvanessavaladezrealty.com%2Fwp-admin%2F&reauth=1 HTTP/1.1" 200 8365 "https://vanessavaladezrealty.com/wp-admin/" "Mozilla/5.0 (Windows NT 10.0; Win64; x64) AppleWebKit/537.36 (KHTML, like Gecko) Chrome/90.0.4430.85 Safari/537.36"
136.144.33.112 - - [10/Jul/2026:22:12:06 -0700] "POST /wp-login.php HTTP/1.1" 200 6519 "https://vanessavaladezrealty.com/wp-admin/" "Mozilla/5.0 (Windows NT 10.0; Win64; x64) AppleWebKit/537.36 (KHTML, like Gecko) Chrome/90.0.4430.85 Safari/537.36"
136.144.33.112 - - [10/Jul/2026:22:12:08 -0700] "POST /admin HTTP/1.1" 302 4148 "https://vanessavaladezrealty.com/wp-admin/" "Mozilla/5.0 (Windows NT 10.0; Win64; x64) AppleWebKit/537.36 (KHTML, like Gecko) Chrome/90.0.4430.85 Safari/537.36"
136.144.33.112 - - [10/Jul/2026:22:12:09 -0700] "GET /wp-admin/ HTTP/1.1" 302 3784 "https://vanessavaladezrealty.com/wp-admin/" "Mozilla/5.0 (Windows NT 10.0; Win64; x64) AppleWebKit/537.36 (KHTML, like Gecko) Chrome/90.0.4430.85 Safari/537.36"
136.144.33.112 - - [10/Jul/2026:22:12:10 -0700] "GET /wp-login.php?redirect_to=https%3A%2F%2Fvanessavaladezrealty.com%2Fwp-admin%2F&reauth=1 HTTP/1.1" 200 8365 "https://vanessavaladezrealty.com/wp-admin/" "Mozilla/5.0 (Windows NT 10.0; Win64; x64) AppleWebKit/537.36 (KHTML, like Gecko) Chrome/90.0.4430.85 Safari/537.36"
161.97.129.228 - - [10/Jul/2026:22:12:12 -0700] "GET /wp-login.php HTTP/1.1" 200 6364 "-" "Mozilla/5.0 (Windows NT 10.0; Win64; x64) AppleWebKit/537.36 (KHTML, like Gecko) Chrome/133.0.0.0 Safari/537.36"
136.144.33.111 - - [10/Jul/2026:22:12:18 -0700] "POST /admin HTTP/1.1" 302 4148 "https://vanessavaladezrealty.com/wp-admin/" "Mozilla/5.0 (Windows NT 10.0; Win64; x64) AppleWebKit/537.36 (KHTML, like Gecko) Chrome/90.0.4430.85 Safari/537.36"
136.144.33.111 - - [10/Jul/2026:22:12:19 -0700] "GET /wp-admin/ HTTP/1.1" 302 3784 "https://vanessavaladezrealty.com/wp-admin/" "Mozilla/5.0 (Windows NT 10.0; Win64; x64) AppleWebKit/537.36 (KHTML, like Gecko) Chrome/90.0.4430.85 Safari/537.36"
136.144.33.111 - - [10/Jul/2026:22:12:20 -0700] "GET /wp-login.php?redirect_to=https%3A%2F%2Fvanessavaladezrealty.com%2Fwp-admin%2F&reauth=1 HTTP/1.1" 200 8365 "https://vanessavaladezrealty.com/wp-admin/" "Mozilla/5.0 (Windows NT 10.0; Win64; x64) AppleWebKit/537.36 (KHTML, like Gecko) Chrome/90.0.4430.85 Safari/537.36"
136.144.33.111 - - [10/Jul/2026:22:12:13 -0700] "POST /wp-login.php HTTP/1.1" 200 6519 "https://vanessavaladezrealty.com/wp-admin/" "Mozilla/5.0 (Windows NT 10.0; Win64; x64) AppleWebKit/537.36 (KHTML, like Gecko) Chrome/90.0.4430.85 Safari/537.36"
161.97.129.228 - - [10/Jul/2026:22:12:13 -0700] "POST /wp-login.php HTTP/1.1" 200 6445 "https://vanessavaladezrealty.com/wp-login.php" "Mozilla/5.0 (Windows NT 10.0; Win64; x64) AppleWebKit/537.36 (KHTML, like Gecko) Chrome/133.0.0.0 Safari/537.36"
136.144.33.28 - - [10/Jul/2026:22:12:24 -0700] "POST /wp-login.php HTTP/1.1" 200 6516 "https://vanessavaladezrealty.com/wp-admin/" "Mozilla/5.0 (Windows NT 10.0; Win64; x64) AppleWebKit/537.36 (KHTML, like Gecko) Chrome/90.0.4430.85 Safari/537.36"
136.144.33.28 - - [10/Jul/2026:22:12:27 -0700] "POST /admin HTTP/1.1" 302 4148 "https://vanessavaladezrealty.com/wp-admin/" "Mozilla/5.0 (Windows NT 10.0; Win64; x64) AppleWebKit/537.36 (KHTML, like Gecko) Chrome/90.0.4430.85 Safari/537.36"
35.235.84.95 - - [10/Jul/2026:22:12:30 -0700] "POST /wp-cron.php?doing_wp_cron=1783746750.7969830036163330078125 HTTP/1.1" 200 3587 "-" "WordPress/7.0.1; https://vanessavaladezrealty.com"
136.144.33.28 - - [10/Jul/2026:22:12:29 -0700] "GET /wp-admin/ HTTP/1.1" 302 3784 "https://vanessavaladezrealty.com/wp-admin/" "Mozilla/5.0 (Windows NT 10.0; Win64; x64) AppleWebKit/537.36 (KHTML, like Gecko) Chrome/90.0.4430.85 Safari/537.36"
136.144.33.28 - - [10/Jul/2026:22:12:31 -0700] "GET /wp-login.php?redirect_to=https%3A%2F%2Fvanessavaladezrealty.com%2Fwp-admin%2F&reauth=1 HTTP/1.1" 200 8365 "https://vanessavaladezrealty.com/wp-admin/" "Mozilla/5.0 (Windows NT 10.0; Win64; x64) AppleWebKit/537.36 (KHTML, like Gecko) Chrome/90.0.4430.85 Safari/537.36"
172.245.102.44 - - [10/Jul/2026:22:12:34 -0700] "POST /wp-login.php HTTP/1.1" 200 6525 "https://vanessavaladezrealty.com/wp-admin/" "Mozilla/5.0 (Windows NT 10.0; Win64; x64) AppleWebKit/537.36 (KHTML, like Gecko) Chrome/90.0.4430.85 Safari/537.36"
172.245.102.44 - - [10/Jul/2026:22:12:35 -0700] "POST /admin HTTP/1.1" 302 4148 "https://vanessavaladezrealty.com/wp-admin/" "Mozilla/5.0 (Windows NT 10.0; Win64; x64) AppleWebKit/537.36 (KHTML, like Gecko) Chrome/90.0.4430.85 Safari/537.36"
172.245.102.44 - - [10/Jul/2026:22:12:36 -0700] "GET /wp-admin/ HTTP/1.1" 302 3784 "https://vanessavaladezrealty.com/wp-admin/" "Mozilla/5.0 (Windows NT 10.0; Win64; x64) AppleWebKit/537.36 (KHTML, like Gecko) Chrome/90.0.4430.85 Safari/537.36"
172.245.102.44 - - [10/Jul/2026:22:12:37 -0700] "GET /wp-login.php?redirect_to=https%3A%2F%2Fvanessavaladezrealty.com%2Fwp-admin%2F&reauth=1 HTTP/1.1" 200 8365 "https://vanessavaladezrealty.com/wp-admin/" "Mozilla/5.0 (Windows NT 10.0; Win64; x64) AppleWebKit/537.36 (KHTML, like Gecko) Chrome/90.0.4430.85 Safari/537.36"
193.36.225.11 - - [10/Jul/2026:22:12:44 -0700] "POST /admin HTTP/1.1" 302 4148 "https://vanessavaladezrealty.com/wp-admin/" "Mozilla/5.0 (Windows NT 10.0; Win64; x64) AppleWebKit/537.36 (KHTML, like Gecko) Chrome/90.0.4430.85 Safari/537.36"
193.36.225.11 - - [10/Jul/2026:22:12:45 -0700] "GET /wp-admin/ HTTP/1.1" 302 3784 "https://vanessavaladezrealty.com/wp-admin/" "Mozilla/5.0 (Windows NT 10.0; Win64; x64) AppleWebKit/537.36 (KHTML, like Gecko) Chrome/90.0.4430.85 Safari/537.36"
193.36.225.11 - - [10/Jul/2026:22:12:46 -0700] "GET /wp-login.php?redirect_to=https%3A%2F%2Fvanessavaladezrealty.com%2Fwp-admin%2F&reauth=1 HTTP/1.1" 200 8365 "https://vanessavaladezrealty.com/wp-admin/" "Mozilla/5.0 (Windows NT 10.0; Win64; x64) AppleWebKit/537.36 (KHTML, like Gecko) Chrome/90.0.4430.85 Safari/537.36"
35.235.84.95 - - [10/Jul/2026:22:12:54 -0700] "POST /wp-cron.php?doing_wp_cron=1783746774.9151039123535156250000 HTTP/1.1" 200 3587 "-" "WordPress/7.0.1; https://vanessavaladezrealty.com"
136.144.33.97 - - [10/Jul/2026:22:12:54 -0700] "POST /admin HTTP/1.1" 302 4148 "https://vanessavaladezrealty.com/wp-admin/" "Mozilla/5.0 (Windows NT 10.0; Win64; x64) AppleWebKit/537.36 (KHTML, like Gecko) Chrome/90.0.4430.85 Safari/537.36"
136.144.33.97 - - [10/Jul/2026:22:12:55 -0700] "GET /wp-admin/ HTTP/1.1" 302 3784 "https://vanessavaladezrealty.com/wp-admin/" "Mozilla/5.0 (Windows NT 10.0; Win64; x64) AppleWebKit/537.36 (KHTML, like Gecko) Chrome/90.0.4430.85 Safari/537.36"
136.144.33.97 - - [10/Jul/2026:22:12:57 -0700] "GET /wp-login.php?redirect_to=https%3A%2F%2Fvanessavaladezrealty.com%2Fwp-admin%2F&reauth=1 HTTP/1.1" 200 8365 "https://vanessavaladezrealty.com/wp-admin/" "Mozilla/5.0 (Windows NT 10.0; Win64; x64) AppleWebKit/537.36 (KHTML, like Gecko) Chrome/90.0.4430.85 Safari/537.36"
136.144.33.97 - - [10/Jul/2026:22:12:53 -0700] "POST /wp-login.php HTTP/1.1" 200 6522 "https://vanessavaladezrealty.com/wp-admin/" "Mozilla/5.0 (Windows NT 10.0; Win64; x64) AppleWebKit/537.36 (KHTML, like Gecko) Chrome/90.0.4430.85 Safari/537.36"
193.36.225.69 - - [10/Jul/2026:22:13:01 -0700] "POST /wp-login.php HTTP/1.1" 200 6517 "https://vanessavaladezrealty.com/wp-admin/" "Mozilla/5.0 (Windows NT 10.0; Win64; x64) AppleWebKit/537.36 (KHTML, like Gecko) Chrome/90.0.4430.85 Safari/537.36"
193.36.225.69 - - [10/Jul/2026:22:13:02 -0700] "POST /admin HTTP/1.1" 302 4148 "https://vanessavaladezrealty.com/wp-admin/" "Mozilla/5.0 (Windows NT 10.0; Win64; x64) AppleWebKit/537.36 (KHTML, like Gecko) Chrome/90.0.4430.85 Safari/537.36"
193.36.225.69 - - [10/Jul/2026:22:13:04 -0700] "GET /wp-admin/ HTTP/1.1" 302 3784 "https://vanessavaladezrealty.com/wp-admin/" "Mozilla/5.0 (Windows NT 10.0; Win64; x64) AppleWebKit/537.36 (KHTML, like Gecko) Chrome/90.0.4430.85 Safari/537.36"
193.36.225.69 - - [10/Jul/2026:22:13:05 -0700] "GET /wp-login.php?redirect_to=https%3A%2F%2Fvanessavaladezrealty.com%2Fwp-admin%2F&reauth=1 HTTP/1.1" 200 8365 "https://vanessavaladezrealty.com/wp-admin/" "Mozilla/5.0 (Windows NT 10.0; Win64; x64) AppleWebKit/537.36 (KHTML, like Gecko) Chrome/90.0.4430.85 Safari/537.36"
193.36.225.11 - - [10/Jul/2026:22:12:43 -0700] "POST /wp-login.php HTTP/1.1" 200 6518 "https://vanessavaladezrealty.com/wp-admin/" "Mozilla/5.0 (Windows NT 10.0; Win64; x64) AppleWebKit/537.36 (KHTML, like Gecko) Chrome/90.0.4430.85 Safari/537.36"
136.144.33.98 - - [10/Jul/2026:22:13:12 -0700] "POST /wp-login.php HTTP/1.1" 200 6521 "https://vanessavaladezrealty.com/wp-admin/" "Mozilla/5.0 (Windows NT 10.0; Win64; x64) AppleWebKit/537.36 (KHTML, like Gecko) Chrome/90.0.4430.85 Safari/537.36"
136.144.33.98 - - [10/Jul/2026:22:13:20 -0700] "POST /admin HTTP/1.1" 302 4148 "https://vanessavaladezrealty.com/wp-admin/" "Mozilla/5.0 (Windows NT 10.0; Win64; x64) AppleWebKit/537.36 (KHTML, like Gecko) Chrome/90.0.4430.85 Safari/537.36"
136.144.33.98 - - [10/Jul/2026:22:13:21 -0700] "GET /wp-admin/ HTTP/1.1" 302 3784 "https://vanessavaladezrealty.com/wp-admin/" "Mozilla/5.0 (Windows NT 10.0; Win64; x64) AppleWebKit/537.36 (KHTML, like Gecko) Chrome/90.0.4430.85 Safari/537.36"
136.144.33.98 - - [10/Jul/2026:22:13:22 -0700] "GET /wp-login.php?redirect_to=https%3A%2F%2Fvanessavaladezrealty.com%2Fwp-admin%2F&reauth=1 HTTP/1.1" 200 8365 "https://vanessavaladezrealty.com/wp-admin/" "Mozilla/5.0 (Windows NT 10.0; Win64; x64) AppleWebKit/537.36 (KHTML, like Gecko) Chrome/90.0.4430.85 Safari/537.36"
193.36.225.70 - - [10/Jul/2026:22:13:29 -0700] "POST /wp-login.php HTTP/1.1" 200 6519 "https://vanessavaladezrealty.com/wp-admin/" "Mozilla/5.0 (Windows NT 10.0; Win64; x64) AppleWebKit/537.36 (KHTML, like Gecko) Chrome/90.0.4430.85 Safari/537.36"
193.36.225.70 - - [10/Jul/2026:22:13:30 -0700] "POST /admin HTTP/1.1" 302 4148 "https://vanessavaladezrealty.com/wp-admin/" "Mozilla/5.0 (Windows NT 10.0; Win64; x64) AppleWebKit/537.36 (KHTML, like Gecko) Chrome/90.0.4430.85 Safari/537.36"
193.36.225.70 - - [10/Jul/2026:22:13:31 -0700] "GET /wp-admin/ HTTP/1.1" 302 3784 "https://vanessavaladezrealty.com/wp-admin/" "Mozilla/5.0 (Windows NT 10.0; Win64; x64) AppleWebKit/537.36 (KHTML, like Gecko) Chrome/90.0.4430.85 Safari/537.36"
193.36.225.70 - - [10/Jul/2026:22:13:32 -0700] "GET /wp-login.php?redirect_to=https%3A%2F%2Fvanessavaladezrealty.com%2Fwp-admin%2F&reauth=1 HTTP/1.1" 200 8365 "https://vanessavaladezrealty.com/wp-admin/" "Mozilla/5.0 (Windows NT 10.0; Win64; x64) AppleWebKit/537.36 (KHTML, like Gecko) Chrome/90.0.4430.85 Safari/537.36"
193.36.225.69 - - [10/Jul/2026:22:13:39 -0700] "POST /wp-login.php HTTP/1.1" 200 6517 "https://vanessavaladezrealty.com/wp-admin/" "Mozilla/5.0 (Windows NT 10.0; Win64; x64) AppleWebKit/537.36 (KHTML, like Gecko) Chrome/90.0.4430.85 Safari/537.36"
193.36.225.69 - - [10/Jul/2026:22:13:41 -0700] "POST /admin HTTP/1.1" 302 4148 "https://vanessavaladezrealty.com/wp-admin/" "Mozilla/5.0 (Windows NT 10.0; Win64; x64) AppleWebKit/537.36 (KHTML, like Gecko) Chrome/90.0.4430.85 Safari/537.36"
193.36.225.69 - - [10/Jul/2026:22:13:42 -0700] "GET /wp-admin/ HTTP/1.1" 302 3784 "https://vanessavaladezrealty.com/wp-admin/" "Mozilla/5.0 (Windows NT 10.0; Win64; x64) AppleWebKit/537.36 (KHTML, like Gecko) Chrome/90.0.4430.85 Safari/537.36"
193.36.225.69 - - [10/Jul/2026:22:13:44 -0700] "GET /wp-login.php?redirect_to=https%3A%2F%2Fvanessavaladezrealty.com%2Fwp-admin%2F&reauth=1 HTTP/1.1" 200 8365 "https://vanessavaladezrealty.com/wp-admin/" "Mozilla/5.0 (Windows NT 10.0; Win64; x64) AppleWebKit/537.36 (KHTML, like Gecko) Chrome/90.0.4430.85 Safari/537.36"
35.235.84.95 - - [10/Jul/2026:22:13:50 -0700] "POST /wp-cron.php?doing_wp_cron=1783746830.9788250923156738281250 HTTP/1.1" 200 3587 "-" "WordPress/7.0.1; https://vanessavaladezrealty.com"
136.144.33.110 - - [10/Jul/2026:22:13:50 -0700] "POST /wp-login.php HTTP/1.1" 200 6519 "https://vanessavaladezrealty.com/wp-admin/" "Mozilla/5.0 (Windows NT 10.0; Win64; x64) AppleWebKit/537.36 (KHTML, like Gecko) Chrome/90.0.4430.85 Safari/537.36"
136.144.33.110 - - [10/Jul/2026:22:13:51 -0700] "POST /admin HTTP/1.1" 302 4148 "https://vanessavaladezrealty.com/wp-admin/" "Mozilla/5.0 (Windows NT 10.0; Win64; x64) AppleWebKit/537.36 (KHTML, like Gecko) Chrome/90.0.4430.85 Safari/537.36"
136.144.33.110 - - [10/Jul/2026:22:13:52 -0700] "GET /wp-admin/ HTTP/1.1" 302 3784 "https://vanessavaladezrealty.com/wp-admin/" "Mozilla/5.0 (Windows NT 10.0; Win64; x64) AppleWebKit/537.36 (KHTML, like Gecko) Chrome/90.0.4430.85 Safari/537.36"
136.144.33.110 - - [10/Jul/2026:22:13:53 -0700] "GET /wp-login.php?redirect_to=https%3A%2F%2Fvanessavaladezrealty.com%2Fwp-admin%2F&reauth=1 HTTP/1.1" 200 8365 "https://vanessavaladezrealty.com/wp-admin/" "Mozilla/5.0 (Windows NT 10.0; Win64; x64) AppleWebKit/537.36 (KHTML, like Gecko) Chrome/90.0.4430.85 Safari/537.36"
193.36.225.70 - - [10/Jul/2026:22:13:58 -0700] "POST /wp-login.php HTTP/1.1" 200 6520 "https://vanessavaladezrealty.com/wp-admin/" "Mozilla/5.0 (Windows NT 10.0; Win64; x64) AppleWebKit/537.36 (KHTML, like Gecko) Chrome/90.0.4430.85 Safari/537.36"
193.36.225.70 - - [10/Jul/2026:22:13:59 -0700] "POST /admin HTTP/1.1" 302 4148 "https://vanessavaladezrealty.com/wp-admin/" "Mozilla/5.0 (Windows NT 10.0; Win64; x64) AppleWebKit/537.36 (KHTML, like Gecko) Chrome/90.0.4430.85 Safari/537.36"
