Heray-Was-Here
Server : Apache
System : Linux instance-1 6.1.0-33-amd64 #1 SMP PREEMPT_DYNAMIC Debian 6.1.133-1 (2025-04-10) x86_64
User : vanessavaladezrealty ( 10093)
PHP Version : 8.0.30
Disable Function : opcache_get_status
Directory :  /var/www/vhosts/vanessavaladezrealty.com/logs/

Upload File :
current_dir [ Writeable ] document_root [ Writeable ]

 

Current File : /var/www/vhosts/vanessavaladezrealty.com/logs/access_ssl_log.webstat
35.235.84.95 - - [10/Jul/2026:06:43:27 -0700] "POST /wp-cron.php?doing_wp_cron=1783691007.2442860603332519531250 HTTP/1.1" 200 3587 "-" "WordPress/7.0.1; https://vanessavaladezrealty.com"
139.47.125.142 - - [10/Jul/2026:06:43:25 -0700] "GET /category/uncategorized/ HTTP/1.1" 200 21868 "-" "Mozilla/5.0 (Macintosh; Intel Mac OS X 11.7; rv:130.0) Gecko/20100101 Firefox/130.0"
35.235.84.95 - - [10/Jul/2026:06:50:11 -0700] "POST /wp-cron.php?doing_wp_cron=1783691411.0980989933013916015625 HTTP/1.1" 200 3587 "-" "WordPress/7.0.1; https://vanessavaladezrealty.com"
37.26.101.56 - - [10/Jul/2026:06:50:09 -0700] "GET /properties/tel:7027760711/tel:7027760711/tel:7027760711/tel:7027760711/ HTTP/1.1" 200 27516 "-" "Mozilla/5.0 (Windows NT 6.3; Win64; x64) AppleWebKit/537.36 (KHTML, like Gecko) Chrome/74.0.3729.169 Safari/537.36"
35.235.84.95 - - [10/Jul/2026:06:55:03 -0700] "POST /wp-cron.php?doing_wp_cron=1783691702.9804549217224121093750 HTTP/1.1" 200 3587 "-" "WordPress/7.0.1; https://vanessavaladezrealty.com"
191.99.74.99 - - [10/Jul/2026:06:55:01 -0700] "GET /home-previuos/ HTTP/1.1" 200 38233 "-" "Mozilla/5.0 (Macintosh; Intel Mac OS X 10_15_7) AppleWebKit/537.36 (KHTML, like Gecko) Chrome/88.0.4324.186 Safari/537.36"
35.235.84.95 - - [10/Jul/2026:06:58:37 -0700] "POST /wp-cron.php?doing_wp_cron=1783691917.4354479312896728515625 HTTP/1.1" 200 3587 "-" "WordPress/7.0.1; https://vanessavaladezrealty.com"
185.191.171.11 - - [10/Jul/2026:06:58:36 -0700] "GET /robots.txt HTTP/1.1" 200 4273 "-" "Mozilla/5.0 (compatible; SemrushBot/7~bl; +http://www.semrush.com/bot.html)"
85.208.96.207 - - [10/Jul/2026:06:58:38 -0700] "GET /properties/135-Residential-1809-Shadow-Mountain-Place-4-Rooms-3-Bedrooms-2-Bathrooms-USD314-998/ HTTP/1.1" 200 32189 "-" "Mozilla/5.0 (compatible; SemrushBot/7~bl; +http://www.semrush.com/bot.html)"
35.235.84.95 - - [10/Jul/2026:07:00:43 -0700] "HEAD / HTTP/1.1" 200 4253 "-" "Mozilla/5.0 (Windows NT 10.0; Win64; x64) AppleWebKit/537.36 (KHTML, like Gecko) Chrome/117.0.0.0 Safari/537.36"
35.235.84.95 - - [10/Jul/2026:07:19:19 -0700] "POST /wp-cron.php?doing_wp_cron=1783693159.2578189373016357421875 HTTP/1.1" 200 3587 "-" "WordPress/7.0.1; https://vanessavaladezrealty.com"
122.152.54.114 - - [10/Jul/2026:07:19:18 -0700] "POST /xmlrpc.php HTTP/1.1" 200 4129 "-" "Jetpack by WordPress.com (Jetpack 12.0; WordPress 6.2)"
122.152.54.114 - - [10/Jul/2026:07:19:27 -0700] "POST /xmlrpc.php HTTP/1.1" 200 4129 "-" "Jetpack by WordPress.com"
122.152.54.114 - - [10/Jul/2026:07:19:38 -0700] "POST /xmlrpc.php HTTP/1.1" 200 4129 "-" "Jetpack/12.5; WordPress/6.4; http://site63457942.com"
35.235.84.95 - - [10/Jul/2026:07:19:50 -0700] "POST /wp-cron.php?doing_wp_cron=1783693190.7024390697479248046875 HTTP/1.1" 200 3587 "-" "WordPress/7.0.1; https://vanessavaladezrealty.com"
122.152.54.114 - - [10/Jul/2026:07:19:49 -0700] "POST /xmlrpc.php HTTP/1.1" 200 4129 "-" "WordPress.com; https://wordpress.com"
122.152.54.114 - - [10/Jul/2026:07:19:59 -0700] "POST /xmlrpc.php HTTP/1.1" 200 4129 "-" "Jetpack by WordPress.com (Jetpack 12.0; WordPress 6.4)"
122.152.54.114 - - [10/Jul/2026:07:20:10 -0700] "POST /xmlrpc.php HTTP/1.1" 200 4129 "-" "Jetpack by WordPress.com"
190.70.195.109 - - [10/Jul/2026:07:20:16 -0700] "GET /properties/150-0-0-0-$0/tel:7027760711 HTTP/1.1" 301 4150 "-" "Mozilla/5.0 (Macintosh; Intel Mac OS X 10_15_7) AppleWebKit/537.36 (KHTML, like Gecko) Chrome/94.0.4606.61 Safari/537.36"
190.70.195.109 - - [10/Jul/2026:07:20:18 -0700] "GET /properties/150-0-0-0-0/tel:7027760711/ HTTP/1.1" 301 4302 "-" "Mozilla/5.0 (Macintosh; Intel Mac OS X 10_15_7) AppleWebKit/537.36 (KHTML, like Gecko) Chrome/94.0.4606.61 Safari/537.36"
190.70.195.109 - - [10/Jul/2026:07:20:20 -0700] "GET /properties/150-0-0-0-%240 HTTP/1.1" 301 4080 "-" "Mozilla/5.0 (Macintosh; Intel Mac OS X 10_15_7) AppleWebKit/537.36 (KHTML, like Gecko) Chrome/94.0.4606.61 Safari/537.36"
122.152.54.114 - - [10/Jul/2026:07:20:21 -0700] "POST /xmlrpc.php HTTP/1.1" 200 4129 "-" "Jetpack by WordPress.com (Jetpack 12.0; WordPress 6.2)"
190.70.195.109 - - [10/Jul/2026:07:20:22 -0700] "GET /properties/150-0-0-0-%240/ HTTP/1.1" 200 33032 "-" "Mozilla/5.0 (Macintosh; Intel Mac OS X 10_15_7) AppleWebKit/537.36 (KHTML, like Gecko) Chrome/94.0.4606.61 Safari/537.36"
122.152.54.114 - - [10/Jul/2026:07:20:31 -0700] "POST /xmlrpc.php HTTP/1.1" 200 4129 "-" "WordPress.com; https://wordpress.com"
122.152.54.114 - - [10/Jul/2026:07:20:42 -0700] "POST /xmlrpc.php HTTP/1.1" 200 4129 "-" "Jetpack/12.0; WordPress/6.2; http://site68232905.com"
35.235.84.95 - - [10/Jul/2026:07:20:54 -0700] "POST /wp-cron.php?doing_wp_cron=1783693254.5946319103240966796875 HTTP/1.1" 200 3587 "-" "WordPress/7.0.1; https://vanessavaladezrealty.com"
122.152.54.114 - - [10/Jul/2026:07:20:53 -0700] "POST /xmlrpc.php HTTP/1.1" 200 4129 "-" "Jetpack/12.0; WordPress/6.4; http://site50574845.com"
122.152.54.114 - - [10/Jul/2026:07:21:04 -0700] "POST /xmlrpc.php HTTP/1.1" 200 4129 "-" "Jetpack by WordPress.com"
122.152.54.114 - - [10/Jul/2026:07:21:15 -0700] "POST /xmlrpc.php HTTP/1.1" 200 4129 "-" "WordPress.com; https://wordpress.com"
35.235.84.95 - - [10/Jul/2026:07:21:30 -0700] "POST /wp-cron.php?doing_wp_cron=1783693290.6266798973083496093750 HTTP/1.1" 200 3587 "-" "WordPress/7.0.1; https://vanessavaladezrealty.com"
122.152.54.114 - - [10/Jul/2026:07:21:29 -0700] "POST /xmlrpc.php HTTP/1.1" 200 4129 "-" "WordPress.com; https://wordpress.com"
122.152.54.114 - - [10/Jul/2026:07:21:37 -0700] "POST /xmlrpc.php HTTP/1.1" 200 4129 "-" "WordPress.com; https://wordpress.com"
122.152.54.114 - - [10/Jul/2026:07:21:47 -0700] "POST /xmlrpc.php HTTP/1.1" 403 4352 "-" "WordPress.com; https://wordpress.com"
122.152.54.114 - - [10/Jul/2026:07:21:58 -0700] "POST /xmlrpc.php HTTP/1.1" 200 4129 "-" "Jetpack/12.0; WordPress/6.4; http://site58855498.com"
122.152.54.114 - - [10/Jul/2026:07:22:09 -0700] "POST /xmlrpc.php HTTP/1.1" 200 4129 "-" "Jetpack/12.0; WordPress/6.3; http://site22560432.com"
122.152.54.114 - - [10/Jul/2026:07:22:19 -0700] "POST /xmlrpc.php HTTP/1.1" 403 4352 "-" "WordPress.com; https://wordpress.com"
35.235.84.95 - - [10/Jul/2026:07:22:32 -0700] "POST /wp-cron.php?doing_wp_cron=1783693352.5250198841094970703125 HTTP/1.1" 200 3587 "-" "WordPress/7.0.1; https://vanessavaladezrealty.com"
122.152.54.114 - - [10/Jul/2026:07:22:30 -0700] "POST /xmlrpc.php HTTP/1.1" 200 4129 "-" "Jetpack by WordPress.com (Jetpack 12.0; WordPress 6.3)"
122.152.54.114 - - [10/Jul/2026:07:22:41 -0700] "POST /xmlrpc.php HTTP/1.1" 200 4129 "-" "Jetpack by WordPress.com"
35.235.84.95 - - [10/Jul/2026:07:22:53 -0700] "POST /wp-cron.php?doing_wp_cron=1783693373.5759170055389404296875 HTTP/1.1" 200 3587 "-" "WordPress/7.0.1; https://vanessavaladezrealty.com"
122.152.54.114 - - [10/Jul/2026:07:22:52 -0700] "POST /xmlrpc.php HTTP/1.1" 200 4129 "-" "Jetpack/12.5; WordPress/6.1; http://site96454778.com"
122.152.54.114 - - [10/Jul/2026:07:23:03 -0700] "POST /xmlrpc.php HTTP/1.1" 200 4129 "-" "Jetpack by WordPress.com"
122.152.54.114 - - [10/Jul/2026:07:23:14 -0700] "POST /xmlrpc.php HTTP/1.1" 403 4352 "-" "Jetpack by WordPress.com"
122.152.54.114 - - [10/Jul/2026:07:23:24 -0700] "POST /xmlrpc.php HTTP/1.1" 200 4129 "-" "Jetpack by WordPress.com (Jetpack 12.0; WordPress 6.4)"
122.152.54.114 - - [10/Jul/2026:07:23:35 -0700] "POST /xmlrpc.php HTTP/1.1" 403 4352 "-" "Jetpack by WordPress.com"
122.152.54.114 - - [10/Jul/2026:07:23:46 -0700] "POST /xmlrpc.php HTTP/1.1" 200 4129 "-" "Jetpack/12.0; WordPress/6.1; http://site25214841.com"
35.235.84.95 - - [10/Jul/2026:07:23:58 -0700] "POST /wp-cron.php?doing_wp_cron=1783693438.6414470672607421875000 HTTP/1.1" 200 3587 "-" "WordPress/7.0.1; https://vanessavaladezrealty.com"
122.152.54.114 - - [10/Jul/2026:07:23:57 -0700] "POST /xmlrpc.php HTTP/1.1" 200 4129 "-" "Jetpack by WordPress.com (Jetpack 13.0; WordPress 6.3)"
122.152.54.114 - - [10/Jul/2026:07:24:08 -0700] "POST /xmlrpc.php HTTP/1.1" 200 4129 "-" "Jetpack/12.5; WordPress/6.3; http://site67722053.com"
122.152.54.114 - - [10/Jul/2026:07:24:19 -0700] "POST /xmlrpc.php HTTP/1.1" 403 4352 "-" "WordPress.com; https://wordpress.com"
122.152.54.114 - - [10/Jul/2026:07:24:29 -0700] "POST /xmlrpc.php HTTP/1.1" 403 4352 "-" "WordPress.com; https://wordpress.com"
122.152.54.114 - - [10/Jul/2026:07:24:40 -0700] "POST /xmlrpc.php HTTP/1.1" 403 4352 "-" "Jetpack by WordPress.com"
35.235.84.95 - - [10/Jul/2026:07:24:52 -0700] "POST /wp-cron.php?doing_wp_cron=1783693492.7486848831176757812500 HTTP/1.1" 200 3587 "-" "WordPress/7.0.1; https://vanessavaladezrealty.com"
122.152.54.114 - - [10/Jul/2026:07:24:51 -0700] "POST /xmlrpc.php HTTP/1.1" 200 4129 "-" "Jetpack by WordPress.com (Jetpack 12.0; WordPress 6.4)"
116.62.202.70 - - [10/Jul/2026:07:25:03 -0700] "POST /wp-comments-post.php HTTP/1.1" 302 4225 "-" "Mozilla/5.0 (Windows NT 10.0; Win64; x64) AppleWebKit/537.36 (KHTML, like Gecko) Chrome/120.0.0.0 Safari/537.36"
122.152.54.114 - - [10/Jul/2026:07:25:02 -0700] "POST /xmlrpc.php HTTP/1.1" 403 4352 "-" "WordPress.com; https://wordpress.com"
122.152.54.114 - - [10/Jul/2026:07:25:13 -0700] "POST /xmlrpc.php HTTP/1.1" 200 4129 "-" "Jetpack by WordPress.com (Jetpack 12.0; WordPress 6.1)"
122.152.54.114 - - [10/Jul/2026:07:25:23 -0700] "POST /xmlrpc.php HTTP/1.1" 403 4352 "-" "Jetpack by WordPress.com"
122.152.54.114 - - [10/Jul/2026:07:25:34 -0700] "POST /xmlrpc.php HTTP/1.1" 403 4352 "-" "WordPress.com; https://wordpress.com"
122.152.54.114 - - [10/Jul/2026:07:25:45 -0700] "POST /xmlrpc.php HTTP/1.1" 403 4352 "-" "WordPress.com; https://wordpress.com"
35.235.84.95 - - [10/Jul/2026:07:25:57 -0700] "POST /wp-cron.php?doing_wp_cron=1783693557.3650710582733154296875 HTTP/1.1" 200 3587 "-" "WordPress/7.0.1; https://vanessavaladezrealty.com"
122.152.54.114 - - [10/Jul/2026:07:25:56 -0700] "POST /xmlrpc.php HTTP/1.1" 200 4129 "-" "Jetpack by WordPress.com (Jetpack 12.0; WordPress 6.1)"
122.152.54.114 - - [10/Jul/2026:07:26:07 -0700] "POST /xmlrpc.php HTTP/1.1" 200 4129 "-" "Jetpack by WordPress.com (Jetpack 13.0; WordPress 6.3)"
122.152.54.114 - - [10/Jul/2026:07:26:17 -0700] "POST /xmlrpc.php HTTP/1.1" 200 4129 "-" "Jetpack/12.0; WordPress/6.1; http://site10519361.com"
35.235.84.95 - - [10/Jul/2026:07:26:29 -0700] "POST /wp-cron.php?doing_wp_cron=1783693589.8809928894042968750000 HTTP/1.1" 200 3587 "-" "WordPress/7.0.1; https://vanessavaladezrealty.com"
122.152.54.114 - - [10/Jul/2026:07:26:28 -0700] "POST /xmlrpc.php HTTP/1.1" 200 4129 "-" "Jetpack/12.1; WordPress/6.2; http://site80591239.com"
122.152.54.114 - - [10/Jul/2026:07:26:39 -0700] "POST /xmlrpc.php HTTP/1.1" 200 4129 "-" "Jetpack/12.1; WordPress/6.1; http://site54554640.com"
122.152.54.114 - - [10/Jul/2026:07:26:50 -0700] "POST /xmlrpc.php HTTP/1.1" 200 4129 "-" "Jetpack by WordPress.com (Jetpack 13.0; WordPress 6.4)"
122.152.54.114 - - [10/Jul/2026:07:27:01 -0700] "POST /xmlrpc.php HTTP/1.1" 200 4129 "-" "Jetpack by WordPress.com (Jetpack 13.0; WordPress 6.4)"
122.152.54.114 - - [10/Jul/2026:07:27:12 -0700] "POST /xmlrpc.php HTTP/1.1" 403 4352 "-" "WordPress.com; https://wordpress.com"
122.152.54.114 - - [10/Jul/2026:07:27:23 -0700] "POST /xmlrpc.php HTTP/1.1" 200 4129 "-" "Jetpack by WordPress.com (Jetpack 12.1; WordPress 6.1)"
122.152.54.114 - - [10/Jul/2026:07:27:34 -0700] "POST /xmlrpc.php HTTP/1.1" 403 4352 "-" "Jetpack by WordPress.com"
122.152.54.114 - - [10/Jul/2026:07:27:45 -0700] "POST /xmlrpc.php HTTP/1.1" 403 4352 "-" "WordPress.com; https://wordpress.com"
103.125.18.74 - - [10/Jul/2026:07:27:48 -0700] "POST /wp-comments-post.php HTTP/1.1" 302 4225 "-" "Mozilla/5.0 (Windows NT 10.0; Win64; x64) AppleWebKit/537.36 (KHTML, like Gecko) Chrome/120.0.0.0 Safari/537.36"
122.152.54.114 - - [10/Jul/2026:07:27:56 -0700] "POST /xmlrpc.php HTTP/1.1" 403 4352 "-" "Jetpack by WordPress.com"
35.235.84.95 - - [10/Jul/2026:07:28:08 -0700] "POST /wp-cron.php?doing_wp_cron=1783693688.0310759544372558593750 HTTP/1.1" 200 3587 "-" "WordPress/7.0.1; https://vanessavaladezrealty.com"
122.152.54.114 - - [10/Jul/2026:07:28:06 -0700] "POST /xmlrpc.php HTTP/1.1" 200 4129 "-" "Jetpack by WordPress.com (Jetpack 13.0; WordPress 6.1)"
122.152.54.114 - - [10/Jul/2026:07:28:17 -0700] "POST /xmlrpc.php HTTP/1.1" 200 4129 "-" "Jetpack by WordPress.com (Jetpack 12.0; WordPress 6.2)"
122.152.54.114 - - [10/Jul/2026:07:28:28 -0700] "POST /xmlrpc.php HTTP/1.1" 200 4129 "-" "Jetpack/12.1; WordPress/6.3; http://site25562409.com"
122.152.54.114 - - [10/Jul/2026:07:28:39 -0700] "POST /xmlrpc.php HTTP/1.1" 403 4352 "-" "Jetpack by WordPress.com"
122.152.54.114 - - [10/Jul/2026:07:28:49 -0700] "POST /xmlrpc.php HTTP/1.1" 403 4352 "-" "Jetpack by WordPress.com"
35.235.84.95 - - [10/Jul/2026:07:29:01 -0700] "POST /wp-cron.php?doing_wp_cron=1783693741.8367240428924560546875 HTTP/1.1" 200 3587 "-" "WordPress/7.0.1; https://vanessavaladezrealty.com"
122.152.54.114 - - [10/Jul/2026:07:29:11 -0700] "POST /xmlrpc.php HTTP/1.1" 403 4352 "-" "Jetpack by WordPress.com"
122.152.54.114 - - [10/Jul/2026:07:29:00 -0700] "POST /xmlrpc.php HTTP/1.1" 200 4129 "-" "Jetpack by WordPress.com (Jetpack 13.0; WordPress 6.3)"
122.152.54.114 - - [10/Jul/2026:07:29:22 -0700] "POST /xmlrpc.php HTTP/1.1" 403 4352 "-" "WordPress.com; https://wordpress.com"
122.152.54.114 - - [10/Jul/2026:07:29:33 -0700] "POST /xmlrpc.php HTTP/1.1" 403 4352 "-" "Jetpack by WordPress.com"
122.152.54.114 - - [10/Jul/2026:07:29:43 -0700] "POST /xmlrpc.php HTTP/1.1" 200 4129 "-" "Jetpack/12.0; WordPress/6.4; http://site98369961.com"
122.152.54.114 - - [10/Jul/2026:07:29:54 -0700] "POST /xmlrpc.php HTTP/1.1" 403 4352 "-" "Jetpack by WordPress.com"
122.152.54.114 - - [10/Jul/2026:07:30:05 -0700] "POST /xmlrpc.php HTTP/1.1" 403 4352 "-" "WordPress.com; https://wordpress.com"
122.152.54.114 - - [10/Jul/2026:07:30:16 -0700] "POST /xmlrpc.php HTTP/1.1" 403 4352 "-" "Jetpack by WordPress.com"
122.152.54.114 - - [10/Jul/2026:07:30:26 -0700] "POST /xmlrpc.php HTTP/1.1" 403 4352 "-" "WordPress.com; https://wordpress.com"
35.235.84.95 - - [10/Jul/2026:07:30:38 -0700] "POST /wp-cron.php?doing_wp_cron=1783693838.9077119827270507812500 HTTP/1.1" 200 3587 "-" "WordPress/7.0.1; https://vanessavaladezrealty.com"
122.152.54.114 - - [10/Jul/2026:07:30:37 -0700] "POST /xmlrpc.php HTTP/1.1" 200 4129 "-" "Jetpack/12.1; WordPress/6.2; http://site62925063.com"
122.152.54.114 - - [10/Jul/2026:07:30:59 -0700] "POST /xmlrpc.php HTTP/1.1" 403 4352 "-" "WordPress.com; https://wordpress.com"
122.152.54.114 - - [10/Jul/2026:07:30:48 -0700] "POST /xmlrpc.php HTTP/1.1" 403 4352 "-" "Jetpack by WordPress.com"
35.235.84.95 - - [10/Jul/2026:07:31:11 -0700] "POST /wp-cron.php?doing_wp_cron=1783693871.0763909816741943359375 HTTP/1.1" 200 3587 "-" "WordPress/7.0.1; https://vanessavaladezrealty.com"
122.152.54.114 - - [10/Jul/2026:07:31:09 -0700] "POST /xmlrpc.php HTTP/1.1" 200 4129 "-" "Jetpack by WordPress.com (Jetpack 12.1; WordPress 6.4)"
122.152.54.114 - - [10/Jul/2026:07:31:20 -0700] "POST /xmlrpc.php HTTP/1.1" 200 4129 "-" "Jetpack by WordPress.com (Jetpack 12.0; WordPress 6.3)"
122.152.54.114 - - [10/Jul/2026:07:31:31 -0700] "POST /xmlrpc.php HTTP/1.1" 403 4352 "-" "WordPress.com; https://wordpress.com"
122.152.54.114 - - [10/Jul/2026:07:31:42 -0700] "POST /xmlrpc.php HTTP/1.1" 403 4352 "-" "Jetpack by WordPress.com"
35.235.84.95 - - [10/Jul/2026:07:31:54 -0700] "POST /wp-cron.php?doing_wp_cron=1783693914.1833779811859130859375 HTTP/1.1" 200 3587 "-" "WordPress/7.0.1; https://vanessavaladezrealty.com"
122.152.54.114 - - [10/Jul/2026:07:31:52 -0700] "POST /xmlrpc.php HTTP/1.1" 200 4129 "-" "Jetpack/12.0; WordPress/6.4; http://site47257327.com"
122.152.54.114 - - [10/Jul/2026:07:32:03 -0700] "POST /xmlrpc.php HTTP/1.1" 403 4352 "-" "Jetpack by WordPress.com"
122.152.54.114 - - [10/Jul/2026:07:32:14 -0700] "POST /xmlrpc.php HTTP/1.1" 403 4352 "-" "WordPress.com; https://wordpress.com"
122.152.54.114 - - [10/Jul/2026:07:32:25 -0700] "POST /xmlrpc.php HTTP/1.1" 200 4129 "-" "Jetpack by WordPress.com (Jetpack 12.0; WordPress 6.3)"
122.152.54.114 - - [10/Jul/2026:07:32:36 -0700] "POST /xmlrpc.php HTTP/1.1" 200 4129 "-" "Jetpack by WordPress.com (Jetpack 12.1; WordPress 6.2)"
122.152.54.114 - - [10/Jul/2026:07:32:46 -0700] "POST /xmlrpc.php HTTP/1.1" 403 4352 "-" "Jetpack by WordPress.com"
35.235.84.95 - - [10/Jul/2026:07:32:58 -0700] "POST /wp-cron.php?doing_wp_cron=1783693978.9412961006164550781250 HTTP/1.1" 200 3587 "-" "WordPress/7.0.1; https://vanessavaladezrealty.com"
122.152.54.114 - - [10/Jul/2026:07:32:57 -0700] "POST /xmlrpc.php HTTP/1.1" 200 4129 "-" "Jetpack/12.5; WordPress/6.1; http://site84504451.com"
122.152.54.114 - - [10/Jul/2026:07:33:08 -0700] "POST /xmlrpc.php HTTP/1.1" 403 4352 "-" "WordPress.com; https://wordpress.com"
122.152.54.114 - - [10/Jul/2026:07:33:19 -0700] "POST /xmlrpc.php HTTP/1.1" 200 4129 "-" "Jetpack/12.5; WordPress/6.1; http://site83723353.com"
122.152.54.114 - - [10/Jul/2026:07:33:30 -0700] "POST /xmlrpc.php HTTP/1.1" 403 4352 "-" "WordPress.com; https://wordpress.com"
122.152.54.114 - - [10/Jul/2026:07:33:40 -0700] "POST /xmlrpc.php HTTP/1.1" 403 4352 "-" "Jetpack by WordPress.com"
35.235.84.95 - - [10/Jul/2026:07:33:52 -0700] "POST /wp-cron.php?doing_wp_cron=1783694032.8413391113281250000000 HTTP/1.1" 200 3587 "-" "WordPress/7.0.1; https://vanessavaladezrealty.com"
122.152.54.114 - - [10/Jul/2026:07:33:51 -0700] "POST /xmlrpc.php HTTP/1.1" 200 4129 "-" "Jetpack/12.5; WordPress/6.4; http://site97043332.com"
122.152.54.114 - - [10/Jul/2026:07:34:02 -0700] "POST /xmlrpc.php HTTP/1.1" 200 4129 "-" "Jetpack/13.0; WordPress/6.1; http://site62166920.com"
122.152.54.114 - - [10/Jul/2026:07:34:13 -0700] "POST /xmlrpc.php HTTP/1.1" 200 4129 "-" "Jetpack by WordPress.com (Jetpack 13.0; WordPress 6.1)"
122.152.54.114 - - [10/Jul/2026:07:34:23 -0700] "POST /xmlrpc.php HTTP/1.1" 403 4352 "-" "Jetpack by WordPress.com"
122.152.54.114 - - [10/Jul/2026:07:34:34 -0700] "POST /xmlrpc.php HTTP/1.1" 403 4352 "-" "Jetpack by WordPress.com"
122.152.54.114 - - [10/Jul/2026:07:34:45 -0700] "POST /xmlrpc.php HTTP/1.1" 200 4129 "-" "Jetpack/12.0; WordPress/6.1; http://site78217081.com"
35.235.84.95 - - [10/Jul/2026:07:35:00 -0700] "POST /wp-cron.php?doing_wp_cron=1783694100.3237109184265136718750 HTTP/1.1" 200 3587 "-" "WordPress/7.0.1; https://vanessavaladezrealty.com"
122.152.54.114 - - [10/Jul/2026:07:34:56 -0700] "POST /xmlrpc.php HTTP/1.1" 200 4129 "-" "Jetpack/12.5; WordPress/6.4; http://site50690887.com"
122.152.54.114 - - [10/Jul/2026:07:35:17 -0700] "POST /xmlrpc.php HTTP/1.1" 200 4129 "-" "Jetpack by WordPress.com (Jetpack 13.0; WordPress 6.3)"
122.152.54.114 - - [10/Jul/2026:07:35:06 -0700] "POST /xmlrpc.php HTTP/1.1" 403 4352 "-" "Jetpack by WordPress.com"
122.152.54.114 - - [10/Jul/2026:07:35:28 -0700] "POST /xmlrpc.php HTTP/1.1" 200 4129 "-" "Jetpack/12.0; WordPress/6.3; http://site42523477.com"
122.152.54.114 - - [10/Jul/2026:07:35:39 -0700] "POST /xmlrpc.php HTTP/1.1" 403 4352 "-" "Jetpack by WordPress.com"
122.152.54.114 - - [10/Jul/2026:07:35:50 -0700] "POST /xmlrpc.php HTTP/1.1" 403 4352 "-" "Jetpack by WordPress.com"
122.152.54.114 - - [10/Jul/2026:07:36:00 -0700] "POST /xmlrpc.php HTTP/1.1" 403 4352 "-" "Jetpack by WordPress.com"
122.152.54.114 - - [10/Jul/2026:07:36:11 -0700] "POST /xmlrpc.php HTTP/1.1" 403 4352 "-" "Jetpack by WordPress.com"
35.235.84.95 - - [10/Jul/2026:07:36:23 -0700] "POST /wp-cron.php?doing_wp_cron=1783694183.5976788997650146484375 HTTP/1.1" 200 3587 "-" "WordPress/7.0.1; https://vanessavaladezrealty.com"
122.152.54.114 - - [10/Jul/2026:07:36:22 -0700] "POST /xmlrpc.php HTTP/1.1" 200 4129 "-" "Jetpack by WordPress.com (Jetpack 12.0; WordPress 6.4)"
122.152.54.114 - - [10/Jul/2026:07:36:33 -0700] "POST /xmlrpc.php HTTP/1.1" 403 4352 "-" "WordPress.com; https://wordpress.com"
35.235.84.95 - - [10/Jul/2026:07:36:45 -0700] "POST /wp-cron.php?doing_wp_cron=1783694205.0540230274200439453125 HTTP/1.1" 200 3587 "-" "WordPress/7.0.1; https://vanessavaladezrealty.com"
122.152.54.114 - - [10/Jul/2026:07:36:43 -0700] "POST /xmlrpc.php HTTP/1.1" 200 4129 "-" "Jetpack/12.5; WordPress/6.4; http://site59213472.com"
122.152.54.114 - - [10/Jul/2026:07:36:54 -0700] "POST /xmlrpc.php HTTP/1.1" 403 4352 "-" "WordPress.com; https://wordpress.com"
122.152.54.114 - - [10/Jul/2026:07:37:05 -0700] "POST /xmlrpc.php HTTP/1.1" 403 4352 "-" "WordPress.com; https://wordpress.com"
122.152.54.114 - - [10/Jul/2026:07:37:27 -0700] "POST /xmlrpc.php HTTP/1.1" 200 4129 "-" "Jetpack/12.1; WordPress/6.3; http://site57263617.com"
122.152.54.114 - - [10/Jul/2026:07:37:16 -0700] "POST /xmlrpc.php HTTP/1.1" 403 4352 "-" "WordPress.com; https://wordpress.com"
122.152.54.114 - - [10/Jul/2026:07:37:37 -0700] "POST /xmlrpc.php HTTP/1.1" 403 4352 "-" "WordPress.com; https://wordpress.com"
122.152.54.114 - - [10/Jul/2026:07:37:48 -0700] "POST /xmlrpc.php HTTP/1.1" 403 4352 "-" "WordPress.com; https://wordpress.com"
35.235.84.95 - - [10/Jul/2026:07:38:00 -0700] "POST /wp-cron.php?doing_wp_cron=1783694280.5502879619598388671875 HTTP/1.1" 200 3587 "-" "WordPress/7.0.1; https://vanessavaladezrealty.com"
122.152.54.114 - - [10/Jul/2026:07:37:59 -0700] "POST /xmlrpc.php HTTP/1.1" 200 4129 "-" "Jetpack by WordPress.com (Jetpack 12.0; WordPress 6.4)"
122.152.54.114 - - [10/Jul/2026:07:38:10 -0700] "POST /xmlrpc.php HTTP/1.1" 403 4352 "-" "Jetpack by WordPress.com"
122.152.54.114 - - [10/Jul/2026:07:38:21 -0700] "POST /xmlrpc.php HTTP/1.1" 403 4352 "-" "Jetpack by WordPress.com"
122.152.54.114 - - [10/Jul/2026:07:38:31 -0700] "POST /xmlrpc.php HTTP/1.1" 200 4129 "-" "Jetpack by WordPress.com (Jetpack 12.5; WordPress 6.2)"
122.152.54.114 - - [10/Jul/2026:07:38:42 -0700] "POST /xmlrpc.php HTTP/1.1" 403 4352 "-" "WordPress.com; https://wordpress.com"
122.152.54.114 - - [10/Jul/2026:07:38:53 -0700] "POST /xmlrpc.php HTTP/1.1" 403 4352 "-" "Jetpack by WordPress.com"
35.235.84.95 - - [10/Jul/2026:07:38:56 -0700] "POST /wp-cron.php?doing_wp_cron=1783694336.3460929393768310546875 HTTP/1.1" 200 3587 "-" "WordPress/7.0.1; https://vanessavaladezrealty.com"
216.73.217.88 - - [10/Jul/2026:07:38:55 -0700] "GET /robots.txt HTTP/1.1" 200 4273 "-" "Mozilla/5.0 AppleWebKit/537.36 (KHTML, like Gecko; compatible; ClaudeBot/1.0; +claudebot@anthropic.com)"
216.73.217.88 - - [10/Jul/2026:07:38:56 -0700] "GET /wp-sitemap.xml HTTP/1.1" 200 4257 "-" "Mozilla/5.0 AppleWebKit/537.36 (KHTML, like Gecko; compatible; ClaudeBot/1.0; +claudebot@anthropic.com)"
122.152.54.114 - - [10/Jul/2026:07:39:04 -0700] "POST /xmlrpc.php HTTP/1.1" 403 4352 "-" "WordPress.com; https://wordpress.com"
122.152.54.114 - - [10/Jul/2026:07:39:14 -0700] "POST /xmlrpc.php HTTP/1.1" 403 4352 "-" "Jetpack by WordPress.com"
122.152.54.114 - - [10/Jul/2026:07:39:25 -0700] "POST /xmlrpc.php HTTP/1.1" 403 4352 "-" "WordPress.com; https://wordpress.com"
122.152.54.114 - - [10/Jul/2026:07:39:36 -0700] "POST /xmlrpc.php HTTP/1.1" 200 4129 "-" "Jetpack/12.1; WordPress/6.1; http://site23382279.com"
122.152.54.114 - - [10/Jul/2026:07:39:47 -0700] "POST /xmlrpc.php HTTP/1.1" 200 4129 "-" "Jetpack by WordPress.com (Jetpack 13.0; WordPress 6.4)"
35.235.84.95 - - [10/Jul/2026:07:39:58 -0700] "POST /wp-cron.php?doing_wp_cron=1783694398.8516020774841308593750 HTTP/1.1" 200 3587 "-" "WordPress/7.0.1; https://vanessavaladezrealty.com"
122.152.54.114 - - [10/Jul/2026:07:39:57 -0700] "POST /xmlrpc.php HTTP/1.1" 200 4129 "-" "Jetpack/13.0; WordPress/6.1; http://site39926295.com"
122.152.54.114 - - [10/Jul/2026:07:40:08 -0700] "POST /xmlrpc.php HTTP/1.1" 200 4129 "-" "Jetpack by WordPress.com (Jetpack 13.0; WordPress 6.2)"
122.152.54.114 - - [10/Jul/2026:07:40:19 -0700] "POST /xmlrpc.php HTTP/1.1" 403 4352 "-" "WordPress.com; https://wordpress.com"
122.152.54.114 - - [10/Jul/2026:07:40:30 -0700] "POST /xmlrpc.php HTTP/1.1" 403 4352 "-" "WordPress.com; https://wordpress.com"
35.235.84.95 - - [10/Jul/2026:07:40:43 -0700] "POST /wp-cron.php?doing_wp_cron=1783694443.4566600322723388671875 HTTP/1.1" 200 3587 "-" "WordPress/7.0.1; https://vanessavaladezrealty.com"
122.152.54.114 - - [10/Jul/2026:07:40:41 -0700] "POST /xmlrpc.php HTTP/1.1" 200 4129 "-" "Jetpack by WordPress.com (Jetpack 12.1; WordPress 6.1)"
35.235.84.95 - - [10/Jul/2026:07:40:52 -0700] "POST /wp-cron.php?doing_wp_cron=1783694452.9387850761413574218750 HTTP/1.1" 200 3587 "-" "WordPress/7.0.1; https://vanessavaladezrealty.com"
122.152.54.114 - - [10/Jul/2026:07:40:51 -0700] "POST /xmlrpc.php HTTP/1.1" 200 4129 "-" "Jetpack by WordPress.com (Jetpack 12.5; WordPress 6.2)"
122.152.54.114 - - [10/Jul/2026:07:41:02 -0700] "POST /xmlrpc.php HTTP/1.1" 200 4129 "-" "Jetpack by WordPress.com (Jetpack 12.5; WordPress 6.3)"
122.152.54.114 - - [10/Jul/2026:07:41:13 -0700] "POST /xmlrpc.php HTTP/1.1" 403 4352 "-" "Jetpack by WordPress.com"
35.235.84.95 - - [10/Jul/2026:07:41:25 -0700] "POST /wp-cron.php?doing_wp_cron=1783694485.4037139415740966796875 HTTP/1.1" 200 3587 "-" "WordPress/7.0.1; https://vanessavaladezrealty.com"
122.152.54.114 - - [10/Jul/2026:07:41:24 -0700] "POST /xmlrpc.php HTTP/1.1" 200 4129 "-" "Jetpack by WordPress.com (Jetpack 12.0; WordPress 6.2)"
122.152.54.114 - - [10/Jul/2026:07:41:34 -0700] "POST /xmlrpc.php HTTP/1.1" 200 4129 "-" "Jetpack/12.1; WordPress/6.1; http://site43906761.com"
122.152.54.114 - - [10/Jul/2026:07:41:45 -0700] "POST /xmlrpc.php HTTP/1.1" 403 4352 "-" "Jetpack by WordPress.com"
122.152.54.114 - - [10/Jul/2026:07:41:56 -0700] "POST /xmlrpc.php HTTP/1.1" 403 4352 "-" "WordPress.com; https://wordpress.com"
122.152.54.114 - - [10/Jul/2026:07:42:07 -0700] "POST /xmlrpc.php HTTP/1.1" 403 4352 "-" "WordPress.com; https://wordpress.com"
122.152.54.114 - - [10/Jul/2026:07:42:17 -0700] "POST /xmlrpc.php HTTP/1.1" 200 4129 "-" "Jetpack by WordPress.com (Jetpack 12.1; WordPress 6.1)"
35.235.84.95 - - [10/Jul/2026:07:42:29 -0700] "POST /wp-cron.php?doing_wp_cron=1783694549.8261370658874511718750 HTTP/1.1" 200 3587 "-" "WordPress/7.0.1; https://vanessavaladezrealty.com"
122.152.54.114 - - [10/Jul/2026:07:42:28 -0700] "POST /xmlrpc.php HTTP/1.1" 200 4129 "-" "Jetpack by WordPress.com (Jetpack 13.0; WordPress 6.1)"
122.152.54.114 - - [10/Jul/2026:07:42:39 -0700] "POST /xmlrpc.php HTTP/1.1" 403 4352 "-" "Jetpack by WordPress.com"
122.152.54.114 - - [10/Jul/2026:07:42:50 -0700] "POST /xmlrpc.php HTTP/1.1" 403 4352 "-" "WordPress.com; https://wordpress.com"
35.235.84.95 - - [10/Jul/2026:07:43:02 -0700] "POST /wp-cron.php?doing_wp_cron=1783694582.3976209163665771484375 HTTP/1.1" 200 3587 "-" "WordPress/7.0.1; https://vanessavaladezrealty.com"
122.152.54.114 - - [10/Jul/2026:07:43:01 -0700] "POST /xmlrpc.php HTTP/1.1" 200 4129 "-" "Jetpack by WordPress.com (Jetpack 13.0; WordPress 6.4)"
122.152.54.114 - - [10/Jul/2026:07:43:12 -0700] "POST /xmlrpc.php HTTP/1.1" 200 4129 "-" "Jetpack/13.0; WordPress/6.1; http://site22054658.com"
122.152.54.114 - - [10/Jul/2026:07:43:22 -0700] "POST /xmlrpc.php HTTP/1.1" 200 4129 "-" "Jetpack by WordPress.com (Jetpack 12.0; WordPress 6.2)"
122.152.54.114 - - [10/Jul/2026:07:43:33 -0700] "POST /xmlrpc.php HTTP/1.1" 200 4129 "-" "Jetpack/12.0; WordPress/6.4; http://site79157308.com"
122.152.54.114 - - [10/Jul/2026:07:43:44 -0700] "POST /xmlrpc.php HTTP/1.1" 200 4129 "-" "Jetpack/12.5; WordPress/6.1; http://site86371065.com"
122.152.54.114 - - [10/Jul/2026:07:43:55 -0700] "POST /xmlrpc.php HTTP/1.1" 403 4352 "-" "WordPress.com; https://wordpress.com"
35.235.84.95 - - [10/Jul/2026:07:44:07 -0700] "POST /wp-cron.php?doing_wp_cron=1783694647.2548120021820068359375 HTTP/1.1" 200 3587 "-" "WordPress/7.0.1; https://vanessavaladezrealty.com"
122.152.54.114 - - [10/Jul/2026:07:44:06 -0700] "POST /xmlrpc.php HTTP/1.1" 200 4129 "-" "Jetpack by WordPress.com (Jetpack 13.0; WordPress 6.2)"
122.152.54.114 - - [10/Jul/2026:07:44:16 -0700] "POST /xmlrpc.php HTTP/1.1" 403 4352 "-" "WordPress.com; https://wordpress.com"
122.152.54.114 - - [10/Jul/2026:07:44:27 -0700] "POST /xmlrpc.php HTTP/1.1" 403 4352 "-" "WordPress.com; https://wordpress.com"
122.152.54.114 - - [10/Jul/2026:07:44:38 -0700] "POST /xmlrpc.php HTTP/1.1" 200 4129 "-" "Jetpack/12.0; WordPress/6.4; http://site83923731.com"
122.152.54.114 - - [10/Jul/2026:07:44:49 -0700] "POST /xmlrpc.php HTTP/1.1" 403 4352 "-" "Jetpack by WordPress.com"
35.235.84.95 - - [10/Jul/2026:07:45:01 -0700] "POST /wp-cron.php?doing_wp_cron=1783694701.2326209545135498046875 HTTP/1.1" 200 3587 "-" "WordPress/7.0.1; https://vanessavaladezrealty.com"
122.152.54.114 - - [10/Jul/2026:07:45:00 -0700] "POST /xmlrpc.php HTTP/1.1" 200 4129 "-" "Jetpack by WordPress.com (Jetpack 12.0; WordPress 6.4)"
122.152.54.114 - - [10/Jul/2026:07:45:10 -0700] "POST /xmlrpc.php HTTP/1.1" 200 4129 "-" "Jetpack/12.1; WordPress/6.3; http://site81070734.com"
122.152.54.114 - - [10/Jul/2026:07:45:21 -0700] "POST /xmlrpc.php HTTP/1.1" 403 4352 "-" "WordPress.com; https://wordpress.com"
122.152.54.114 - - [10/Jul/2026:07:45:32 -0700] "POST /xmlrpc.php HTTP/1.1" 403 4352 "-" "Jetpack by WordPress.com"
122.152.54.114 - - [10/Jul/2026:07:45:43 -0700] "POST /xmlrpc.php HTTP/1.1" 403 4352 "-" "Jetpack by WordPress.com"
35.235.84.95 - - [10/Jul/2026:07:45:55 -0700] "POST /wp-cron.php?doing_wp_cron=1783694755.4729750156402587890625 HTTP/1.1" 200 3587 "-" "WordPress/7.0.1; https://vanessavaladezrealty.com"
122.152.54.114 - - [10/Jul/2026:07:45:54 -0700] "POST /xmlrpc.php HTTP/1.1" 200 4129 "-" "Jetpack by WordPress.com (Jetpack 12.5; WordPress 6.2)"
122.152.54.114 - - [10/Jul/2026:07:46:05 -0700] "POST /xmlrpc.php HTTP/1.1" 200 4129 "-" "Jetpack/12.0; WordPress/6.4; http://site22886628.com"
35.235.84.95 - - [10/Jul/2026:07:47:08 -0700] "POST /wp-cron.php?doing_wp_cron=1783694828.4792399406433105468750 HTTP/1.1" 200 3587 "-" "WordPress/7.0.1; https://vanessavaladezrealty.com"
114.119.151.126 - - [10/Jul/2026:07:47:07 -0700] "GET /properties?wplview=property_show&pid=97 HTTP/1.1" 301 4152 "https://vanessavaladezrealty.com/properties?wplview=property_show&pid=97" "Mozilla/5.0 (Linux; Android 7.0;) AppleWebKit/537.36 (HTML, like Gecko) Mobile Safari/537.36 (compatible; PetalBot;+https://webmaster.petalsearch.com/site/petalbot)"
114.119.151.126 - - [10/Jul/2026:07:47:09 -0700] "GET /properties/?wplview=property_show&pid=97 HTTP/1.1" 200 33074 "https://vanessavaladezrealty.com/properties?wplview=property_show&pid=97" "Mozilla/5.0 (Linux; Android 7.0;) AppleWebKit/537.36 (HTML, like Gecko) Mobile Safari/537.36 (compatible; PetalBot;+https://webmaster.petalsearch.com/site/petalbot)"
35.235.84.95 - - [10/Jul/2026:07:48:32 -0700] "POST /wp-cron.php?doing_wp_cron=1783694912.2719140052795410156250 HTTP/1.1" 200 3587 "-" "WordPress/7.0.1; https://vanessavaladezrealty.com"
114.119.153.188 - - [10/Jul/2026:07:48:30 -0700] "GET /properties/97-Residential-5249-Auborn-Avenue-6-Rooms-5-Bedrooms-5-Bathrooms-USD638-000/ HTTP/1.1" 200 33115 "https://vanessavaladezrealty.com/properties/?wplpage=2" "Mozilla/5.0 (Linux; Android 7.0;) AppleWebKit/537.36 (HTML, like Gecko) Mobile Safari/537.36 (compatible; PetalBot;+https://webmaster.petalsearch.com/site/petalbot)"
35.235.84.95 - - [10/Jul/2026:07:49:54 -0700] "POST /wp-cron.php?doing_wp_cron=1783694994.8319480419158935546875 HTTP/1.1" 200 3587 "-" "WordPress/7.0.1; https://vanessavaladezrealty.com"
114.119.159.8 - - [10/Jul/2026:07:49:53 -0700] "GET /properties/108-Residential-6422-Point-Isabel-Way-8-Rooms-3-Bedrooms-3-Bathrooms-USD375-000 HTTP/1.1" 301 4203 "https://vanessavaladezrealty.com/properties/108-Residential-6422-Point-Isabel-Way-8-Rooms-3-Bedrooms-3-Bathrooms-USD375-000" "Mozilla/5.0 (Linux; Android 7.0;) AppleWebKit/537.36 (HTML, like Gecko) Mobile Safari/537.36 (compatible; PetalBot;+https://webmaster.petalsearch.com/site/petalbot)"
114.119.159.8 - - [10/Jul/2026:07:49:55 -0700] "GET /properties/108-Residential-6422-Point-Isabel-Way-8-Rooms-3-Bedrooms-3-Bathrooms-USD375-000/ HTTP/1.1" 200 34396 "https://vanessavaladezrealty.com/properties/108-Residential-6422-Point-Isabel-Way-8-Rooms-3-Bedrooms-3-Bathrooms-USD375-000" "Mozilla/5.0 (Linux; Android 7.0;) AppleWebKit/537.36 (HTML, like Gecko) Mobile Safari/537.36 (compatible; PetalBot;+https://webmaster.petalsearch.com/site/petalbot)"
43.164.133.138 - - [10/Jul/2026:07:51:48 -0700] "GET / HTTP/1.1" 200 38296 "http://vanessavaladezrealty.com" "Mozilla/5.0 (iPhone; CPU iPhone OS 13_2_3 like Mac OS X) AppleWebKit/605.1.15 (KHTML, like Gecko) Version/13.0.3 Mobile/15E148 Safari/604.1"
35.235.84.95 - - [10/Jul/2026:08:00:34 -0700] "HEAD / HTTP/1.1" 200 4253 "-" "Mozilla/5.0 (Windows NT 10.0; Win64; x64) AppleWebKit/537.36 (KHTML, like Gecko) Chrome/117.0.0.0 Safari/537.36"
35.235.84.95 - - [10/Jul/2026:08:11:57 -0700] "POST /wp-cron.php?doing_wp_cron=1783696317.4308989048004150390625 HTTP/1.1" 200 3587 "-" "WordPress/7.0.1; https://vanessavaladezrealty.com"
132.226.97.226 - - [10/Jul/2026:08:11:56 -0700] "GET /properties?wplpage=3 HTTP/1.1" 301 4075 "-" "Scrapy/2.16.0 (+https://scrapy.org)"
132.226.97.226 - - [10/Jul/2026:08:12:21 -0700] "GET /properties/?wplpage=3 HTTP/1.1" 200 32375 "https://vanessavaladezrealty.com/properties?wplpage=3" "Scrapy/2.16.0 (+https://scrapy.org)"
35.235.84.95 - - [10/Jul/2026:08:17:13 -0700] "POST /wp-cron.php?doing_wp_cron=1783696633.2452919483184814453125 HTTP/1.1" 200 3587 "-" "WordPress/7.0.1; https://vanessavaladezrealty.com"
35.235.84.95 - - [10/Jul/2026:08:17:13 -0700] "POST /wp-cron.php?doing_wp_cron=1783696633.3077991008758544921875 HTTP/1.1" 200 3587 "-" "WordPress/7.0.1; https://vanessavaladezrealty.com"
136.169.81.232 - - [10/Jul/2026:08:17:11 -0700] "GET /properties/115-Residential-4913-Blanton-Drive-4-Rooms-3-Bedrooms-2-Bathrooms-USD329-900/tel:7027760711 HTTP/1.1" 301 4215 "-" "Mozilla/5.0 (Macintosh; Intel Mac OS X 10_12_6) AppleWebKit/537.36 (KHTML, like Gecko) Chrome/89.0.4389.114 Safari/537.36"
136.169.81.232 - - [10/Jul/2026:08:17:13 -0700] "GET /properties/115-Residential-4913-Blanton-Drive-4-Rooms-3-Bedrooms-2-Bathrooms-USD329-900/tel:7027760711/ HTTP/1.1" 301 4364 "-" "Mozilla/5.0 (Macintosh; Intel Mac OS X 10_12_6) AppleWebKit/537.36 (KHTML, like Gecko) Chrome/89.0.4389.114 Safari/537.36"
136.169.81.232 - - [10/Jul/2026:08:17:15 -0700] "GET /properties/115-Residential-4913-Blanton-Drive-4-Rooms-3-Bedrooms-2-Bathrooms-USD329-900 HTTP/1.1" 301 4142 "-" "Mozilla/5.0 (Macintosh; Intel Mac OS X 10_12_6) AppleWebKit/537.36 (KHTML, like Gecko) Chrome/89.0.4389.114 Safari/537.36"
136.169.81.232 - - [10/Jul/2026:08:17:16 -0700] "GET /properties/115-Residential-4913-Blanton-Drive-4-Rooms-3-Bedrooms-2-Bathrooms-USD329-900/ HTTP/1.1" 200 36073 "-" "Mozilla/5.0 (Macintosh; Intel Mac OS X 10_12_6) AppleWebKit/537.36 (KHTML, like Gecko) Chrome/89.0.4389.114 Safari/537.36"
35.235.84.95 - - [10/Jul/2026:08:25:26 -0700] "POST /wp-cron.php?doing_wp_cron=1783697126.6366269588470458984375 HTTP/1.1" 200 3587 "-" "WordPress/7.0.1; https://vanessavaladezrealty.com"
114.119.151.126 - - [10/Jul/2026:08:25:24 -0700] "GET /properties/103-Residential-7050-West-Pebble-Road-9-Rooms-4-Bedrooms-2-Bathrooms-USD1-600-000/ HTTP/1.1" 200 34117 "https://vanessavaladezrealty.com/properties/?wplpage=2" "Mozilla/5.0 (Linux; Android 7.0;) AppleWebKit/537.36 (HTML, like Gecko) Mobile Safari/537.36 (compatible; PetalBot;+https://webmaster.petalsearch.com/site/petalbot)"
35.235.84.95 - - [10/Jul/2026:08:30:18 -0700] "POST /wp-cron.php?doing_wp_cron=1783697418.3926980495452880859375 HTTP/1.1" 200 3587 "-" "WordPress/7.0.1; https://vanessavaladezrealty.com"
34.143.196.139 - - [10/Jul/2026:08:30:16 -0700] "GET /administrator/components/com_jce/config.xml HTTP/1.1" 404 98845 "-" "Mozilla/5.0 (Linux; Android 12) Chrome/111.0 Mobile Safari/537.36"
35.235.84.95 - - [10/Jul/2026:08:31:26 -0700] "POST /wp-cron.php?doing_wp_cron=1783697486.4526910781860351562500 HTTP/1.1" 200 3587 "-" "WordPress/7.0.1; https://vanessavaladezrealty.com"
89.147.194.130 - - [10/Jul/2026:08:31:24 -0700] "GET /properties/?pid=90&wplview=property_show HTTP/1.1" 200 35400 "-" "Mozilla/5.0 (Windows NT 10.0; Win64; x64) AppleWebKit/537.36 (KHTML, like Gecko) Chrome/99.0.4844.74 Safari/537.36"
35.235.84.95 - - [10/Jul/2026:08:35:20 -0700] "POST /wp-cron.php?doing_wp_cron=1783697720.0170519351959228515625 HTTP/1.1" 200 3587 "-" "WordPress/7.0.1; https://vanessavaladezrealty.com"
170.247.14.164 - - [10/Jul/2026:08:35:18 -0700] "GET /properties/vanessavaladez/tel:7027760711/tel:7027760711/?wplpage=3 HTTP/1.1" 200 32785 "-" "Mozilla/5.0 (Macintosh; Intel Mac OS X 10_15_7) AppleWebKit/537.36 (KHTML, like Gecko) Chrome/101.0.0.0 Safari/537.36"
43.161.251.162 - - [10/Jul/2026:08:39:18 -0700] "GET / HTTP/1.1" 200 38357 "http://www.vanessavaladezrealty.com" "Mozilla/5.0 (iPhone; CPU iPhone OS 13_2_3 like Mac OS X) AppleWebKit/605.1.15 (KHTML, like Gecko) Version/13.0.3 Mobile/15E148 Safari/604.1"
35.235.84.95 - - [10/Jul/2026:08:44:11 -0700] "POST /wp-cron.php?doing_wp_cron=1783698251.5150959491729736328125 HTTP/1.1" 200 3587 "-" "WordPress/7.0.1; https://vanessavaladezrealty.com"
212.241.12.81 - - [10/Jul/2026:08:44:09 -0700] "GET /properties/?pid=96&wplview=property_show HTTP/1.1" 200 36306 "-" "Mozilla/5.0 (Macintosh; Intel Mac OS X 11_2_1) AppleWebKit/537.36 (KHTML, like Gecko) Chrome/89.0.4389.90 Safari/537.36"
35.235.84.95 - - [10/Jul/2026:09:00:43 -0700] "HEAD / HTTP/1.1" 200 4253 "-" "Mozilla/5.0 (Windows NT 10.0; Win64; x64) AppleWebKit/537.36 (KHTML, like Gecko) Chrome/117.0.0.0 Safari/537.36"
35.235.84.95 - - [10/Jul/2026:09:07:14 -0700] "POST /wp-cron.php?doing_wp_cron=1783699634.6153230667114257812500 HTTP/1.1" 200 3587 "-" "WordPress/7.0.1; https://vanessavaladezrealty.com"
14.170.2.84 - - [10/Jul/2026:09:07:13 -0700] "GET /wp-sitemap.xml HTTP/1.1" 200 4315 "-" "Mozilla/5.0 (Macintosh; Intel Mac OS X 12_5_0) AppleWebKit/537.36 (KHTML, like Gecko) Chrome/130.0.6723.69 Safari/537.36"
35.235.84.95 - - [10/Jul/2026:09:26:28 -0700] "POST /wp-cron.php?doing_wp_cron=1783700788.6413309574127197265625 HTTP/1.1" 200 3587 "-" "WordPress/7.0.1; https://vanessavaladezrealty.com"
35.235.84.95 - - [10/Jul/2026:09:26:30 -0700] "POST /wp-cron.php?doing_wp_cron=1783700790.0989639759063720703125 HTTP/1.1" 200 3587 "-" "WordPress/7.0.1; https://vanessavaladezrealty.com"
149.106.236.11 - - [10/Jul/2026:09:26:25 -0700] "GET /properties/?pid=106&wplview=property_show HTTP/1.1" 200 37504 "-" "Mozilla/5.0 (Macintosh; Intel Mac OS X 10_15_6) AppleWebKit/537.36 (KHTML, like Gecko) Chrome/98.0.4758.80 Safari/537.36"
35.235.84.95 - - [10/Jul/2026:09:28:22 -0700] "POST /wp-cron.php?doing_wp_cron=1783700902.5300939083099365234375 HTTP/1.1" 200 3587 "-" "WordPress/7.0.1; https://vanessavaladezrealty.com"
181.61.209.229 - - [10/Jul/2026:09:28:20 -0700] "GET /properties/?pid=122&wplview=property_show HTTP/1.1" 200 37053 "-" "Mozilla/5.0 (Windows NT 6.1; Win64; x64) AppleWebKit/537.36 (KHTML, like Gecko) Chrome/72.0.3626.109 Safari/537.36"
35.235.84.95 - - [10/Jul/2026:09:36:37 -0700] "POST /wp-cron.php?doing_wp_cron=1783701397.1239540576934814453125 HTTP/1.1" 200 3587 "-" "WordPress/7.0.1; https://vanessavaladezrealty.com"
85.11.167.118 - - [10/Jul/2026:09:36:35 -0700] "GET /wp-login.php HTTP/1.1" 200 6364 "-" "Mozilla/5.0 (X11; Ubuntu; Linux x86_64) AppleWebKit/537.36 (KHTML, like Gecko) Chrome/120.0.0.0 Safari/537.36"
85.11.167.118 - - [10/Jul/2026:09:36:37 -0700] "GET /?author=1 HTTP/1.1" 301 4076 "https://www.google.com/" "Mozilla/5.0 (Macintosh; Intel Mac OS X 10_15_7; rv:120.0) Gecko/20100101 Firefox/120.0"
85.11.167.118 - - [10/Jul/2026:09:36:38 -0700] "GET /author/admin_wyj7ruvs/ HTTP/1.1" 200 22066 "https://www.google.com/" "Mozilla/5.0 (Macintosh; Intel Mac OS X 10_15_7; rv:120.0) Gecko/20100101 Firefox/120.0"
85.11.167.118 - - [10/Jul/2026:09:36:40 -0700] "GET /?author=2 HTTP/1.1" 200 21643 "https://www.facebook.com/" "Mozilla/5.0 (Windows NT 11.0; Win64; x64) AppleWebKit/537.36 (KHTML, like Gecko) Chrome/118.0.0.0 Safari/537.36"
85.11.167.118 - - [10/Jul/2026:09:36:42 -0700] "GET /?author=3 HTTP/1.1" 200 21629 "https://www.google.com/" "Mozilla/5.0 (X11; Ubuntu; Linux x86_64) AppleWebKit/537.36 (KHTML, like Gecko) Chrome/118.0.0.0 Safari/537.36"
85.11.167.118 - - [10/Jul/2026:09:36:43 -0700] "GET /?author=4 HTTP/1.1" 301 4069 "https://www.facebook.com/" "Mozilla/5.0 (Macintosh; Intel Mac OS X 13_6_1) AppleWebKit/537.36 (KHTML, like Gecko) Chrome/120.0.0.0 Safari/537.36"
85.11.167.118 - - [10/Jul/2026:09:36:44 -0700] "GET /author/jarthur/ HTTP/1.1" 200 21639 "https://www.facebook.com/" "Mozilla/5.0 (Macintosh; Intel Mac OS X 13_6_1) AppleWebKit/537.36 (KHTML, like Gecko) Chrome/120.0.0.0 Safari/537.36"
85.11.167.118 - - [10/Jul/2026:09:36:46 -0700] "GET /?author=5 HTTP/1.1" 404 98073 "https://www.google.com/" "Mozilla/5.0 (Windows NT 10.0; Win64; x64; rv:119.0) Gecko/20100101 Firefox/119.0"
85.11.167.118 - - [10/Jul/2026:09:36:47 -0700] "GET /wp-json/wp/v2/users HTTP/1.1" 403 4352 "" "Mozilla/5.0 (Windows NT 11.0; Win64; x64; rv:121.0) Gecko/20100101 Firefox/121.0"
185.191.171.18 - - [10/Jul/2026:09:36:48 -0700] "GET /robots.txt HTTP/1.1" 200 4273 "-" "Mozilla/5.0 (compatible; SemrushBot/7~bl; +http://www.semrush.com/bot.html)"
85.11.167.118 - - [10/Jul/2026:09:36:49 -0700] "GET /wp-admin/index.php HTTP/1.1" 302 3793 "https://vanessavaladezrealty.com/wp-login.php" "Mozilla/5.0 (Windows NT 11.0; Win64; x64) AppleWebKit/537.36 (KHTML, like Gecko) Chrome/120.0.0.0 Safari/537.36"
85.11.167.118 - - [10/Jul/2026:09:36:50 -0700] "GET /wp-login.php?redirect_to=https%3A%2F%2Fvanessavaladezrealty.com%2Fwp-admin%2Findex.php&reauth=1 HTTP/1.1" 200 8370 "https://vanessavaladezrealty.com/wp-login.php" "Mozilla/5.0 (Windows NT 11.0; Win64; x64) AppleWebKit/537.36 (KHTML, like Gecko) Chrome/120.0.0.0 Safari/537.36"
85.208.96.200 - - [10/Jul/2026:09:36:50 -0700] "GET /properties/138-Residential-Lease-4471-Dean-Martin-Drive-4209-3-Rooms-2-Bedrooms-2-Bathrooms-USD5-000/ HTTP/1.1" 200 32599 "-" "Mozilla/5.0 (compatible; SemrushBot/7~bl; +http://www.semrush.com/bot.html)"
85.11.167.118 - - [10/Jul/2026:09:36:53 -0700] "GET /wp-admin/index.php HTTP/1.1" 302 3793 "https://vanessavaladezrealty.com/wp-login.php" "Mozilla/5.0 (Macintosh; Intel Mac OS X 13_6_1; rv:119.0) Gecko/20100101 Firefox/119.0"
85.11.167.118 - - [10/Jul/2026:09:36:54 -0700] "GET /wp-login.php?redirect_to=https%3A%2F%2Fvanessavaladezrealty.com%2Fwp-admin%2Findex.php&reauth=1 HTTP/1.1" 200 8370 "https://vanessavaladezrealty.com/wp-login.php" "Mozilla/5.0 (Macintosh; Intel Mac OS X 13_6_1; rv:119.0) Gecko/20100101 Firefox/119.0"
85.11.167.118 - - [10/Jul/2026:09:36:51 -0700] "POST /wp-login.php HTTP/1.1" 200 6465 "https://vanessavaladezrealty.com/wp-login.php" "Mozilla/5.0 (Macintosh; Intel Mac OS X 13_6_1) AppleWebKit/605.1.15 (KHTML, like Gecko) Version/16.6 Safari/605.1.15"
85.11.167.118 - - [10/Jul/2026:09:36:47 -0700] "POST /wp-login.php HTTP/1.1" 200 6461 "https://vanessavaladezrealty.com/wp-login.php" "Mozilla/5.0 (Macintosh; Intel Mac OS X 10_15_7) AppleWebKit/605.1.15 (KHTML, like Gecko) Version/17.1 Safari/605.1.15"
85.11.167.118 - - [10/Jul/2026:09:36:55 -0700] "POST /wp-login.php HTTP/1.1" 200 6461 "https://vanessavaladezrealty.com/wp-login.php" "Mozilla/5.0 (Windows NT 10.0; Win64; x64; rv:118.0) Gecko/20100101 Firefox/118.0"
85.11.167.118 - - [10/Jul/2026:09:36:56 -0700] "GET /wp-admin/index.php HTTP/1.1" 302 3793 "https://vanessavaladezrealty.com/wp-login.php" "Mozilla/5.0 (Windows NT 11.0; Win64; x64) AppleWebKit/537.36 (KHTML, like Gecko) Chrome/120.0.0.0 Safari/537.36"
85.11.167.118 - - [10/Jul/2026:09:36:58 -0700] "GET /wp-login.php?redirect_to=https%3A%2F%2Fvanessavaladezrealty.com%2Fwp-admin%2Findex.php&reauth=1 HTTP/1.1" 200 8370 "https://vanessavaladezrealty.com/wp-login.php" "Mozilla/5.0 (Windows NT 11.0; Win64; x64) AppleWebKit/537.36 (KHTML, like Gecko) Chrome/120.0.0.0 Safari/537.36"
85.11.167.118 - - [10/Jul/2026:09:36:59 -0700] "POST /wp-login.php HTTP/1.1" 200 6460 "https://vanessavaladezrealty.com/wp-login.php" "Mozilla/5.0 (Macintosh; Intel Mac OS X 10_15_7) AppleWebKit/537.36 (KHTML, like Gecko) Chrome/118.0.0.0 Safari/537.36"
85.11.167.118 - - [10/Jul/2026:09:37:00 -0700] "GET /wp-admin/index.php HTTP/1.1" 302 3793 "https://vanessavaladezrealty.com/wp-login.php" "Mozilla/5.0 (Macintosh; Intel Mac OS X 10_15_7) AppleWebKit/605.1.15 (KHTML, like Gecko) Version/17.0 Safari/605.1.15"
85.11.167.118 - - [10/Jul/2026:09:37:01 -0700] "GET /wp-login.php?redirect_to=https%3A%2F%2Fvanessavaladezrealty.com%2Fwp-admin%2Findex.php&reauth=1 HTTP/1.1" 200 8370 "https://vanessavaladezrealty.com/wp-login.php" "Mozilla/5.0 (Macintosh; Intel Mac OS X 10_15_7) AppleWebKit/605.1.15 (KHTML, like Gecko) Version/17.0 Safari/605.1.15"
85.11.167.118 - - [10/Jul/2026:09:37:03 -0700] "POST /wp-login.php HTTP/1.1" 200 6468 "https://vanessavaladezrealty.com/wp-login.php" "Mozilla/5.0 (Macintosh; Intel Mac OS X 10_15_7) AppleWebKit/605.1.15 (KHTML, like Gecko) Version/17.1 Safari/605.1.15"
85.11.167.118 - - [10/Jul/2026:09:37:04 -0700] "GET /wp-admin/index.php HTTP/1.1" 302 3793 "https://vanessavaladezrealty.com/wp-login.php" "Mozilla/5.0 (Macintosh; Intel Mac OS X 13_6_1) AppleWebKit/605.1.15 (KHTML, like Gecko) Version/16.6 Safari/605.1.15"
85.11.167.118 - - [10/Jul/2026:09:37:05 -0700] "GET /wp-login.php?redirect_to=https%3A%2F%2Fvanessavaladezrealty.com%2Fwp-admin%2Findex.php&reauth=1 HTTP/1.1" 200 8370 "https://vanessavaladezrealty.com/wp-login.php" "Mozilla/5.0 (Macintosh; Intel Mac OS X 13_6_1) AppleWebKit/605.1.15 (KHTML, like Gecko) Version/16.6 Safari/605.1.15"
85.11.167.118 - - [10/Jul/2026:09:37:07 -0700] "POST /wp-login.php HTTP/1.1" 200 6460 "https://vanessavaladezrealty.com/wp-login.php" "Mozilla/5.0 (Windows NT 11.0; Win64; x64) AppleWebKit/537.36 (KHTML, like Gecko) Chrome/119.0.0.0 Safari/537.36"
85.11.167.118 - - [10/Jul/2026:09:37:08 -0700] "GET /wp-admin/index.php HTTP/1.1" 302 3793 "https://vanessavaladezrealty.com/wp-login.php" "Mozilla/5.0 (Windows NT 11.0; Win64; x64; rv:120.0) Gecko/20100101 Firefox/120.0"
85.11.167.118 - - [10/Jul/2026:09:37:09 -0700] "GET /wp-login.php?redirect_to=https%3A%2F%2Fvanessavaladezrealty.com%2Fwp-admin%2Findex.php&reauth=1 HTTP/1.1" 200 8370 "https://vanessavaladezrealty.com/wp-login.php" "Mozilla/5.0 (Windows NT 11.0; Win64; x64; rv:120.0) Gecko/20100101 Firefox/120.0"
85.11.167.118 - - [10/Jul/2026:09:37:10 -0700] "POST /wp-login.php HTTP/1.1" 200 6468 "https://vanessavaladezrealty.com/wp-login.php" "Mozilla/5.0 (Macintosh; Intel Mac OS X 10_15_7) AppleWebKit/605.1.15 (KHTML, like Gecko) Version/17.1 Safari/605.1.15"
85.11.167.118 - - [10/Jul/2026:09:37:11 -0700] "GET /wp-admin/index.php HTTP/1.1" 302 3793 "https://vanessavaladezrealty.com/wp-login.php" "Mozilla/5.0 (Macintosh; Intel Mac OS X 13_6_1) AppleWebKit/537.36 (KHTML, like Gecko) Chrome/118.0.0.0 Safari/537.36"
85.11.167.118 - - [10/Jul/2026:09:37:12 -0700] "GET /wp-login.php?redirect_to=https%3A%2F%2Fvanessavaladezrealty.com%2Fwp-admin%2Findex.php&reauth=1 HTTP/1.1" 200 8370 "https://vanessavaladezrealty.com/wp-login.php" "Mozilla/5.0 (Macintosh; Intel Mac OS X 13_6_1) AppleWebKit/537.36 (KHTML, like Gecko) Chrome/118.0.0.0 Safari/537.36"
85.11.167.118 - - [10/Jul/2026:09:37:13 -0700] "POST /wp-login.php HTTP/1.1" 200 6459 "https://vanessavaladezrealty.com/wp-login.php" "Mozilla/5.0 (Macintosh; Intel Mac OS X 13_6_1) AppleWebKit/605.1.15 (KHTML, like Gecko) Version/16.6 Safari/605.1.15"
85.11.167.118 - - [10/Jul/2026:09:37:15 -0700] "GET /wp-admin/index.php HTTP/1.1" 302 3793 "https://vanessavaladezrealty.com/wp-login.php" "Mozilla/5.0 (Windows NT 10.0; Win64; x64) AppleWebKit/537.36 (KHTML, like Gecko) Chrome/121.0.0.0 Safari/537.36"
85.11.167.118 - - [10/Jul/2026:09:37:16 -0700] "GET /wp-login.php?redirect_to=https%3A%2F%2Fvanessavaladezrealty.com%2Fwp-admin%2Findex.php&reauth=1 HTTP/1.1" 200 8370 "https://vanessavaladezrealty.com/wp-login.php" "Mozilla/5.0 (Windows NT 10.0; Win64; x64) AppleWebKit/537.36 (KHTML, like Gecko) Chrome/121.0.0.0 Safari/537.36"
85.11.167.118 - - [10/Jul/2026:09:37:17 -0700] "POST /wp-login.php HTTP/1.1" 200 6458 "https://vanessavaladezrealty.com/wp-login.php" "Mozilla/5.0 (X11; Ubuntu; Linux x86_64) AppleWebKit/537.36 (KHTML, like Gecko) Chrome/120.0.0.0 Safari/537.36"
85.11.167.118 - - [10/Jul/2026:09:37:18 -0700] "GET /wp-admin/index.php HTTP/1.1" 302 3793 "https://vanessavaladezrealty.com/wp-login.php" "Mozilla/5.0 (X11; Linux x86_64) AppleWebKit/537.36 (KHTML, like Gecko) Chrome/118.0.0.0 Safari/537.36"
85.11.167.118 - - [10/Jul/2026:09:37:19 -0700] "GET /wp-login.php?redirect_to=https%3A%2F%2Fvanessavaladezrealty.com%2Fwp-admin%2Findex.php&reauth=1 HTTP/1.1" 200 8370 "https://vanessavaladezrealty.com/wp-login.php" "Mozilla/5.0 (X11; Linux x86_64) AppleWebKit/537.36 (KHTML, like Gecko) Chrome/118.0.0.0 Safari/537.36"
85.11.167.118 - - [10/Jul/2026:09:37:20 -0700] "POST /wp-login.php HTTP/1.1" 200 6458 "https://vanessavaladezrealty.com/wp-login.php" "Mozilla/5.0 (Macintosh; Intel Mac OS X 13_6_1) AppleWebKit/605.1.15 (KHTML, like Gecko) Version/16.6 Safari/605.1.15"
85.11.167.118 - - [10/Jul/2026:09:37:22 -0700] "GET /wp-admin/index.php HTTP/1.1" 302 3793 "https://vanessavaladezrealty.com/wp-login.php" "Mozilla/5.0 (Macintosh; Intel Mac OS X 13_6_1; rv:120.0) Gecko/20100101 Firefox/120.0"
85.11.167.118 - - [10/Jul/2026:09:37:23 -0700] "GET /wp-login.php?redirect_to=https%3A%2F%2Fvanessavaladezrealty.com%2Fwp-admin%2Findex.php&reauth=1 HTTP/1.1" 200 8370 "https://vanessavaladezrealty.com/wp-login.php" "Mozilla/5.0 (Macintosh; Intel Mac OS X 13_6_1; rv:120.0) Gecko/20100101 Firefox/120.0"
