35.235.84.95 - - [10/Jul/2026:20:47:50 -0700] "POST /wp-cron.php?doing_wp_cron=1783741670.1590778827667236328125 HTTP/1.1" 200 3587 "-" "WordPress/7.0.1; https://vanessavaladezrealty.com"
193.36.225.54 - - [10/Jul/2026:20:47:49 -0700] "POST /admin HTTP/1.1" 302 4148 "https://vanessavaladezrealty.com/wp-admin/" "Mozilla/5.0 (Windows NT 10.0; Win64; x64) AppleWebKit/537.36 (KHTML, like Gecko) Chrome/90.0.4430.85 Safari/537.36"
122.176.154.222 - - [10/Jul/2026:20:47:50 -0700] "POST /xmlrpc.php HTTP/1.1" 403 4352 "-" "WordPress.com; https://wordpress.com"
13.200.127.26 - - [10/Jul/2026:20:47:50 -0700] "GET /wp-login.php HTTP/1.1" 200 6364 "-" "Mozilla/5.0 (Windows NT 10.0; Win64; x64) AppleWebKit/537.36 (KHTML, like Gecko) Chrome/133.0.0.0 Safari/537.36"
193.36.225.54 - - [10/Jul/2026:20:47:50 -0700] "GET /wp-admin/ HTTP/1.1" 302 3784 "https://vanessavaladezrealty.com/wp-admin/" "Mozilla/5.0 (Windows NT 10.0; Win64; x64) AppleWebKit/537.36 (KHTML, like Gecko) Chrome/90.0.4430.85 Safari/537.36"
13.200.127.26 - - [10/Jul/2026:20:47:51 -0700] "POST /wp-login.php HTTP/1.1" 200 6444 "https://vanessavaladezrealty.com/wp-login.php" "Mozilla/5.0 (Windows NT 10.0; Win64; x64) AppleWebKit/537.36 (KHTML, like Gecko) Chrome/133.0.0.0 Safari/537.36"
193.36.225.54 - - [10/Jul/2026:20:47:51 -0700] "GET /wp-login.php?redirect_to=https%3A%2F%2Fvanessavaladezrealty.com%2Fwp-admin%2F&reauth=1 HTTP/1.1" 200 8365 "https://vanessavaladezrealty.com/wp-admin/" "Mozilla/5.0 (Windows NT 10.0; Win64; x64) AppleWebKit/537.36 (KHTML, like Gecko) Chrome/90.0.4430.85 Safari/537.36"
103.242.199.223 - - [10/Jul/2026:20:47:54 -0700] "POST /xmlrpc.php HTTP/1.1" 200 4129 "-" "Jetpack/12.0; WordPress/6.4; http://site76149913.com"
193.36.225.67 - - [10/Jul/2026:20:47:56 -0700] "POST /wp-login.php HTTP/1.1" 200 6522 "https://vanessavaladezrealty.com/wp-admin/" "Mozilla/5.0 (Windows NT 10.0; Win64; x64) AppleWebKit/537.36 (KHTML, like Gecko) Chrome/90.0.4430.85 Safari/537.36"
193.36.225.67 - - [10/Jul/2026:20:47:58 -0700] "POST /admin HTTP/1.1" 302 4148 "https://vanessavaladezrealty.com/wp-admin/" "Mozilla/5.0 (Windows NT 10.0; Win64; x64) AppleWebKit/537.36 (KHTML, like Gecko) Chrome/90.0.4430.85 Safari/537.36"
193.36.225.67 - - [10/Jul/2026:20:47:59 -0700] "GET /wp-admin/ HTTP/1.1" 302 3784 "https://vanessavaladezrealty.com/wp-admin/" "Mozilla/5.0 (Windows NT 10.0; Win64; x64) AppleWebKit/537.36 (KHTML, like Gecko) Chrome/90.0.4430.85 Safari/537.36"
193.36.225.67 - - [10/Jul/2026:20:48:00 -0700] "GET /wp-login.php?redirect_to=https%3A%2F%2Fvanessavaladezrealty.com%2Fwp-admin%2F&reauth=1 HTTP/1.1" 200 8365 "https://vanessavaladezrealty.com/wp-admin/" "Mozilla/5.0 (Windows NT 10.0; Win64; x64) AppleWebKit/537.36 (KHTML, like Gecko) Chrome/90.0.4430.85 Safari/537.36"
122.176.154.222 - - [10/Jul/2026:20:48:00 -0700] "POST /xmlrpc.php HTTP/1.1" 200 4129 "-" "Jetpack/13.0; WordPress/6.4; http://site84447749.com"
103.242.199.223 - - [10/Jul/2026:20:48:05 -0700] "POST /xmlrpc.php HTTP/1.1" 200 4129 "-" "Jetpack by WordPress.com"
136.144.33.99 - - [10/Jul/2026:20:48:06 -0700] "POST /wp-login.php HTTP/1.1" 200 6516 "https://vanessavaladezrealty.com/wp-admin/" "Mozilla/5.0 (Windows NT 10.0; Win64; x64) AppleWebKit/537.36 (KHTML, like Gecko) Chrome/90.0.4430.85 Safari/537.36"
136.144.33.99 - - [10/Jul/2026:20:48:10 -0700] "POST /admin HTTP/1.1" 302 4148 "https://vanessavaladezrealty.com/wp-admin/" "Mozilla/5.0 (Windows NT 10.0; Win64; x64) AppleWebKit/537.36 (KHTML, like Gecko) Chrome/90.0.4430.85 Safari/537.36"
136.144.33.99 - - [10/Jul/2026:20:48:11 -0700] "GET /wp-admin/ HTTP/1.1" 302 3784 "https://vanessavaladezrealty.com/wp-admin/" "Mozilla/5.0 (Windows NT 10.0; Win64; x64) AppleWebKit/537.36 (KHTML, like Gecko) Chrome/90.0.4430.85 Safari/537.36"
122.176.154.222 - - [10/Jul/2026:20:48:11 -0700] "POST /xmlrpc.php HTTP/1.1" 200 4129 "-" "Jetpack by WordPress.com (Jetpack 12.1; WordPress 6.1)"
52.7.45.143 - - [10/Jul/2026:20:48:11 -0700] "GET /robots.txt HTTP/1.1" 200 4273 "-" "Mozilla/5.0 (Macintosh; Intel Mac OS X 10_10_1) AppleWebKit/600.2.5 (KHTML, like Gecko) Version/8.0.2 Safari/600.2.5 (Gort)"
136.144.33.99 - - [10/Jul/2026:20:48:12 -0700] "GET /wp-login.php?redirect_to=https%3A%2F%2Fvanessavaladezrealty.com%2Fwp-admin%2F&reauth=1 HTTP/1.1" 200 8365 "https://vanessavaladezrealty.com/wp-admin/" "Mozilla/5.0 (Windows NT 10.0; Win64; x64) AppleWebKit/537.36 (KHTML, like Gecko) Chrome/90.0.4430.85 Safari/537.36"
103.242.199.223 - - [10/Jul/2026:20:48:16 -0700] "POST /xmlrpc.php HTTP/1.1" 200 4129 "-" "Jetpack by WordPress.com (Jetpack 12.5; WordPress 6.2)"
122.176.154.222 - - [10/Jul/2026:20:48:21 -0700] "POST /xmlrpc.php HTTP/1.1" 200 4129 "-" "Jetpack/12.5; WordPress/6.2; http://site26547035.com"
103.242.199.223 - - [10/Jul/2026:20:48:26 -0700] "POST /xmlrpc.php HTTP/1.1" 200 4129 "-" "Jetpack by WordPress.com"
122.176.154.222 - - [10/Jul/2026:20:48:32 -0700] "POST /xmlrpc.php HTTP/1.1" 200 4129 "-" "Jetpack by WordPress.com"
193.36.225.71 - - [10/Jul/2026:20:48:32 -0700] "POST /wp-login.php HTTP/1.1" 200 6459 "https://vanessavaladezrealty.com/wp-admin/" "Mozilla/5.0 (Windows NT 10.0; Win64; x64) AppleWebKit/537.36 (KHTML, like Gecko) Chrome/90.0.4430.85 Safari/537.36"
193.36.225.71 - - [10/Jul/2026:20:48:33 -0700] "POST /admin HTTP/1.1" 302 4148 "https://vanessavaladezrealty.com/wp-admin/" "Mozilla/5.0 (Windows NT 10.0; Win64; x64) AppleWebKit/537.36 (KHTML, like Gecko) Chrome/90.0.4430.85 Safari/537.36"
193.36.225.71 - - [10/Jul/2026:20:48:34 -0700] "GET /wp-admin/ HTTP/1.1" 302 3784 "https://vanessavaladezrealty.com/wp-admin/" "Mozilla/5.0 (Windows NT 10.0; Win64; x64) AppleWebKit/537.36 (KHTML, like Gecko) Chrome/90.0.4430.85 Safari/537.36"
193.36.225.71 - - [10/Jul/2026:20:48:35 -0700] "GET /wp-login.php?redirect_to=https%3A%2F%2Fvanessavaladezrealty.com%2Fwp-admin%2F&reauth=1 HTTP/1.1" 200 8365 "https://vanessavaladezrealty.com/wp-admin/" "Mozilla/5.0 (Windows NT 10.0; Win64; x64) AppleWebKit/537.36 (KHTML, like Gecko) Chrome/90.0.4430.85 Safari/537.36"
103.242.199.223 - - [10/Jul/2026:20:48:37 -0700] "POST /xmlrpc.php HTTP/1.1" 200 4129 "-" "Jetpack by WordPress.com (Jetpack 13.0; WordPress 6.3)"
136.144.33.241 - - [10/Jul/2026:20:48:40 -0700] "POST /wp-login.php HTTP/1.1" 200 6516 "https://vanessavaladezrealty.com/wp-admin/" "Mozilla/5.0 (Windows NT 10.0; Win64; x64) AppleWebKit/537.36 (KHTML, like Gecko) Chrome/90.0.4430.85 Safari/537.36"
122.176.154.222 - - [10/Jul/2026:20:48:42 -0700] "POST /xmlrpc.php HTTP/1.1" 403 4352 "-" "WordPress.com; https://wordpress.com"
136.144.33.241 - - [10/Jul/2026:20:48:41 -0700] "POST /admin HTTP/1.1" 302 4148 "https://vanessavaladezrealty.com/wp-admin/" "Mozilla/5.0 (Windows NT 10.0; Win64; x64) AppleWebKit/537.36 (KHTML, like Gecko) Chrome/90.0.4430.85 Safari/537.36"
136.144.33.241 - - [10/Jul/2026:20:48:42 -0700] "GET /wp-admin/ HTTP/1.1" 302 3784 "https://vanessavaladezrealty.com/wp-admin/" "Mozilla/5.0 (Windows NT 10.0; Win64; x64) AppleWebKit/537.36 (KHTML, like Gecko) Chrome/90.0.4430.85 Safari/537.36"
136.144.33.241 - - [10/Jul/2026:20:48:44 -0700] "GET /wp-login.php?redirect_to=https%3A%2F%2Fvanessavaladezrealty.com%2Fwp-admin%2F&reauth=1 HTTP/1.1" 200 8365 "https://vanessavaladezrealty.com/wp-admin/" "Mozilla/5.0 (Windows NT 10.0; Win64; x64) AppleWebKit/537.36 (KHTML, like Gecko) Chrome/90.0.4430.85 Safari/537.36"
103.242.199.223 - - [10/Jul/2026:20:48:48 -0700] "POST /xmlrpc.php HTTP/1.1" 403 4352 "-" "Jetpack by WordPress.com"
35.235.84.95 - - [10/Jul/2026:20:48:52 -0700] "POST /wp-cron.php?doing_wp_cron=1783741732.8468260765075683593750 HTTP/1.1" 200 3587 "-" "WordPress/7.0.1; https://vanessavaladezrealty.com"
189.113.67.212 - - [10/Jul/2026:20:48:51 -0700] "GET /properties/embed/tel:7027760711/tel:7027760711/tel:7027760711/tel:7027760711/tel:7027760711 HTTP/1.1" 301 4204 "-" "Mozilla/5.0 (Macintosh; Intel Mac OS X 10_13_4) AppleWebKit/537.36 (KHTML, like Gecko) Chrome/65.0.3325.19 Safari/537.36"
122.176.154.222 - - [10/Jul/2026:20:48:53 -0700] "POST /xmlrpc.php HTTP/1.1" 403 4352 "-" "WordPress.com; https://wordpress.com"
172.245.102.45 - - [10/Jul/2026:20:48:52 -0700] "POST /wp-login.php HTTP/1.1" 200 6520 "https://vanessavaladezrealty.com/wp-admin/" "Mozilla/5.0 (Windows NT 10.0; Win64; x64) AppleWebKit/537.36 (KHTML, like Gecko) Chrome/90.0.4430.85 Safari/537.36"
189.113.67.212 - - [10/Jul/2026:20:48:53 -0700] "GET /properties/embed/tel:7027760711/tel:7027760711/tel:7027760711/tel:7027760711/tel:7027760711/ HTTP/1.1" 200 24489 "-" "Mozilla/5.0 (Macintosh; Intel Mac OS X 10_13_4) AppleWebKit/537.36 (KHTML, like Gecko) Chrome/65.0.3325.19 Safari/537.36"
172.245.102.45 - - [10/Jul/2026:20:48:54 -0700] "POST /admin HTTP/1.1" 302 4148 "https://vanessavaladezrealty.com/wp-admin/" "Mozilla/5.0 (Windows NT 10.0; Win64; x64) AppleWebKit/537.36 (KHTML, like Gecko) Chrome/90.0.4430.85 Safari/537.36"
172.245.102.45 - - [10/Jul/2026:20:48:55 -0700] "GET /wp-admin/ HTTP/1.1" 302 3784 "https://vanessavaladezrealty.com/wp-admin/" "Mozilla/5.0 (Windows NT 10.0; Win64; x64) AppleWebKit/537.36 (KHTML, like Gecko) Chrome/90.0.4430.85 Safari/537.36"
172.245.102.45 - - [10/Jul/2026:20:48:56 -0700] "GET /wp-login.php?redirect_to=https%3A%2F%2Fvanessavaladezrealty.com%2Fwp-admin%2F&reauth=1 HTTP/1.1" 200 8365 "https://vanessavaladezrealty.com/wp-admin/" "Mozilla/5.0 (Windows NT 10.0; Win64; x64) AppleWebKit/537.36 (KHTML, like Gecko) Chrome/90.0.4430.85 Safari/537.36"
103.242.199.223 - - [10/Jul/2026:20:48:58 -0700] "POST /xmlrpc.php HTTP/1.1" 200 4129 "-" "Jetpack by WordPress.com (Jetpack 13.0; WordPress 6.4)"
122.176.154.222 - - [10/Jul/2026:20:49:03 -0700] "POST /xmlrpc.php HTTP/1.1" 200 4129 "-" "Jetpack/12.5; WordPress/6.4; http://site78602563.com"
136.144.33.102 - - [10/Jul/2026:20:49:05 -0700] "POST /wp-login.php HTTP/1.1" 200 6516 "https://vanessavaladezrealty.com/wp-admin/" "Mozilla/5.0 (Windows NT 10.0; Win64; x64) AppleWebKit/537.36 (KHTML, like Gecko) Chrome/90.0.4430.85 Safari/537.36"
136.144.33.102 - - [10/Jul/2026:20:49:06 -0700] "POST /admin HTTP/1.1" 302 4148 "https://vanessavaladezrealty.com/wp-admin/" "Mozilla/5.0 (Windows NT 10.0; Win64; x64) AppleWebKit/537.36 (KHTML, like Gecko) Chrome/90.0.4430.85 Safari/537.36"
136.144.33.102 - - [10/Jul/2026:20:49:07 -0700] "GET /wp-admin/ HTTP/1.1" 302 3784 "https://vanessavaladezrealty.com/wp-admin/" "Mozilla/5.0 (Windows NT 10.0; Win64; x64) AppleWebKit/537.36 (KHTML, like Gecko) Chrome/90.0.4430.85 Safari/537.36"
136.144.33.102 - - [10/Jul/2026:20:49:08 -0700] "GET /wp-login.php?redirect_to=https%3A%2F%2Fvanessavaladezrealty.com%2Fwp-admin%2F&reauth=1 HTTP/1.1" 200 8365 "https://vanessavaladezrealty.com/wp-admin/" "Mozilla/5.0 (Windows NT 10.0; Win64; x64) AppleWebKit/537.36 (KHTML, like Gecko) Chrome/90.0.4430.85 Safari/537.36"
103.242.199.223 - - [10/Jul/2026:20:49:09 -0700] "POST /xmlrpc.php HTTP/1.1" 200 4129 "-" "WordPress.com; https://wordpress.com"
193.36.225.65 - - [10/Jul/2026:20:49:12 -0700] "POST /wp-login.php HTTP/1.1" 200 6459 "https://vanessavaladezrealty.com/wp-admin/" "Mozilla/5.0 (Windows NT 10.0; Win64; x64) AppleWebKit/537.36 (KHTML, like Gecko) Chrome/90.0.4430.85 Safari/537.36"
193.36.225.65 - - [10/Jul/2026:20:49:13 -0700] "POST /admin HTTP/1.1" 302 4148 "https://vanessavaladezrealty.com/wp-admin/" "Mozilla/5.0 (Windows NT 10.0; Win64; x64) AppleWebKit/537.36 (KHTML, like Gecko) Chrome/90.0.4430.85 Safari/537.36"
122.176.154.222 - - [10/Jul/2026:20:49:14 -0700] "POST /xmlrpc.php HTTP/1.1" 200 4129 "-" "Jetpack/12.1; WordPress/6.4; http://site12226127.com"
193.36.225.65 - - [10/Jul/2026:20:49:14 -0700] "GET /wp-admin/ HTTP/1.1" 302 3784 "https://vanessavaladezrealty.com/wp-admin/" "Mozilla/5.0 (Windows NT 10.0; Win64; x64) AppleWebKit/537.36 (KHTML, like Gecko) Chrome/90.0.4430.85 Safari/537.36"
193.36.225.65 - - [10/Jul/2026:20:49:15 -0700] "GET /wp-login.php?redirect_to=https%3A%2F%2Fvanessavaladezrealty.com%2Fwp-admin%2F&reauth=1 HTTP/1.1" 200 8365 "https://vanessavaladezrealty.com/wp-admin/" "Mozilla/5.0 (Windows NT 10.0; Win64; x64) AppleWebKit/537.36 (KHTML, like Gecko) Chrome/90.0.4430.85 Safari/537.36"
103.242.199.223 - - [10/Jul/2026:20:49:20 -0700] "POST /xmlrpc.php HTTP/1.1" 200 4129 "-" "WordPress.com; https://wordpress.com"
122.176.154.222 - - [10/Jul/2026:20:49:24 -0700] "POST /xmlrpc.php HTTP/1.1" 200 4129 "-" "Jetpack by WordPress.com"
136.144.33.107 - - [10/Jul/2026:20:49:25 -0700] "POST /wp-login.php HTTP/1.1" 200 6522 "https://vanessavaladezrealty.com/wp-admin/" "Mozilla/5.0 (Windows NT 10.0; Win64; x64) AppleWebKit/537.36 (KHTML, like Gecko) Chrome/90.0.4430.85 Safari/537.36"
136.144.33.107 - - [10/Jul/2026:20:49:26 -0700] "POST /admin HTTP/1.1" 302 4148 "https://vanessavaladezrealty.com/wp-admin/" "Mozilla/5.0 (Windows NT 10.0; Win64; x64) AppleWebKit/537.36 (KHTML, like Gecko) Chrome/90.0.4430.85 Safari/537.36"
136.144.33.107 - - [10/Jul/2026:20:49:27 -0700] "GET /wp-admin/ HTTP/1.1" 302 3784 "https://vanessavaladezrealty.com/wp-admin/" "Mozilla/5.0 (Windows NT 10.0; Win64; x64) AppleWebKit/537.36 (KHTML, like Gecko) Chrome/90.0.4430.85 Safari/537.36"
136.144.33.107 - - [10/Jul/2026:20:49:29 -0700] "GET /wp-login.php?redirect_to=https%3A%2F%2Fvanessavaladezrealty.com%2Fwp-admin%2F&reauth=1 HTTP/1.1" 200 8365 "https://vanessavaladezrealty.com/wp-admin/" "Mozilla/5.0 (Windows NT 10.0; Win64; x64) AppleWebKit/537.36 (KHTML, like Gecko) Chrome/90.0.4430.85 Safari/537.36"
103.242.199.223 - - [10/Jul/2026:20:49:30 -0700] "POST /xmlrpc.php HTTP/1.1" 403 4352 "-" "Jetpack by WordPress.com"
122.176.154.222 - - [10/Jul/2026:20:49:35 -0700] "POST /xmlrpc.php HTTP/1.1" 200 4129 "-" "Jetpack by WordPress.com (Jetpack 12.5; WordPress 6.4)"
136.144.33.96 - - [10/Jul/2026:20:49:35 -0700] "POST /wp-login.php HTTP/1.1" 200 6517 "https://vanessavaladezrealty.com/wp-admin/" "Mozilla/5.0 (Windows NT 10.0; Win64; x64) AppleWebKit/537.36 (KHTML, like Gecko) Chrome/90.0.4430.85 Safari/537.36"
136.144.33.96 - - [10/Jul/2026:20:49:36 -0700] "POST /admin HTTP/1.1" 302 4148 "https://vanessavaladezrealty.com/wp-admin/" "Mozilla/5.0 (Windows NT 10.0; Win64; x64) AppleWebKit/537.36 (KHTML, like Gecko) Chrome/90.0.4430.85 Safari/537.36"
136.144.33.96 - - [10/Jul/2026:20:49:39 -0700] "GET /wp-admin/ HTTP/1.1" 302 3784 "https://vanessavaladezrealty.com/wp-admin/" "Mozilla/5.0 (Windows NT 10.0; Win64; x64) AppleWebKit/537.36 (KHTML, like Gecko) Chrome/90.0.4430.85 Safari/537.36"
103.242.199.223 - - [10/Jul/2026:20:49:41 -0700] "POST /xmlrpc.php HTTP/1.1" 200 4129 "-" "WordPress.com; https://wordpress.com"
136.144.33.96 - - [10/Jul/2026:20:49:44 -0700] "GET /wp-login.php?redirect_to=https%3A%2F%2Fvanessavaladezrealty.com%2Fwp-admin%2F&reauth=1 HTTP/1.1" 200 8365 "https://vanessavaladezrealty.com/wp-admin/" "Mozilla/5.0 (Windows NT 10.0; Win64; x64) AppleWebKit/537.36 (KHTML, like Gecko) Chrome/90.0.4430.85 Safari/537.36"
122.176.154.222 - - [10/Jul/2026:20:49:45 -0700] "POST /xmlrpc.php HTTP/1.1" 200 4129 "-" "Jetpack/12.1; WordPress/6.4; http://site96843216.com"
35.235.84.95 - - [10/Jul/2026:20:49:51 -0700] "POST /wp-cron.php?doing_wp_cron=1783741791.0143880844116210937500 HTTP/1.1" 200 3587 "-" "WordPress/7.0.1; https://vanessavaladezrealty.com"
193.36.225.63 - - [10/Jul/2026:20:49:50 -0700] "POST /wp-login.php HTTP/1.1" 200 6521 "https://vanessavaladezrealty.com/wp-admin/" "Mozilla/5.0 (Windows NT 10.0; Win64; x64) AppleWebKit/537.36 (KHTML, like Gecko) Chrome/90.0.4430.85 Safari/537.36"
103.242.199.223 - - [10/Jul/2026:20:49:51 -0700] "POST /xmlrpc.php HTTP/1.1" 403 4352 "-" "Jetpack by WordPress.com"
193.36.225.63 - - [10/Jul/2026:20:49:51 -0700] "POST /admin HTTP/1.1" 302 4148 "https://vanessavaladezrealty.com/wp-admin/" "Mozilla/5.0 (Windows NT 10.0; Win64; x64) AppleWebKit/537.36 (KHTML, like Gecko) Chrome/90.0.4430.85 Safari/537.36"
193.36.225.63 - - [10/Jul/2026:20:49:52 -0700] "GET /wp-admin/ HTTP/1.1" 302 3784 "https://vanessavaladezrealty.com/wp-admin/" "Mozilla/5.0 (Windows NT 10.0; Win64; x64) AppleWebKit/537.36 (KHTML, like Gecko) Chrome/90.0.4430.85 Safari/537.36"
193.36.225.63 - - [10/Jul/2026:20:49:53 -0700] "GET /wp-login.php?redirect_to=https%3A%2F%2Fvanessavaladezrealty.com%2Fwp-admin%2F&reauth=1 HTTP/1.1" 200 8365 "https://vanessavaladezrealty.com/wp-admin/" "Mozilla/5.0 (Windows NT 10.0; Win64; x64) AppleWebKit/537.36 (KHTML, like Gecko) Chrome/90.0.4430.85 Safari/537.36"
122.176.154.222 - - [10/Jul/2026:20:49:56 -0700] "POST /xmlrpc.php HTTP/1.1" 200 4129 "-" "Jetpack/12.5; WordPress/6.2; http://site10844359.com"
193.36.225.62 - - [10/Jul/2026:20:49:59 -0700] "POST /wp-login.php HTTP/1.1" 200 6533 "https://vanessavaladezrealty.com/wp-admin/" "Mozilla/5.0 (Windows NT 10.0; Win64; x64) AppleWebKit/537.36 (KHTML, like Gecko) Chrome/90.0.4430.85 Safari/537.36"
103.242.199.223 - - [10/Jul/2026:20:50:02 -0700] "POST /xmlrpc.php HTTP/1.1" 200 4129 "-" "WordPress.com; https://wordpress.com"
193.36.225.62 - - [10/Jul/2026:20:50:04 -0700] "POST /admin HTTP/1.1" 302 4148 "https://vanessavaladezrealty.com/wp-admin/" "Mozilla/5.0 (Windows NT 10.0; Win64; x64) AppleWebKit/537.36 (KHTML, like Gecko) Chrome/90.0.4430.85 Safari/537.36"
193.36.225.62 - - [10/Jul/2026:20:50:05 -0700] "GET /wp-admin/ HTTP/1.1" 302 3784 "https://vanessavaladezrealty.com/wp-admin/" "Mozilla/5.0 (Windows NT 10.0; Win64; x64) AppleWebKit/537.36 (KHTML, like Gecko) Chrome/90.0.4430.85 Safari/537.36"
122.176.154.222 - - [10/Jul/2026:20:50:06 -0700] "POST /xmlrpc.php HTTP/1.1" 200 4129 "-" "Jetpack/12.1; WordPress/6.2; http://site63708591.com"
193.36.225.62 - - [10/Jul/2026:20:50:06 -0700] "GET /wp-login.php?redirect_to=https%3A%2F%2Fvanessavaladezrealty.com%2Fwp-admin%2F&reauth=1 HTTP/1.1" 200 8365 "https://vanessavaladezrealty.com/wp-admin/" "Mozilla/5.0 (Windows NT 10.0; Win64; x64) AppleWebKit/537.36 (KHTML, like Gecko) Chrome/90.0.4430.85 Safari/537.36"
209.42.18.223 - - [10/Jul/2026:20:50:08 -0700] "GET /wp-login.php HTTP/1.1" 200 6364 "-" "Mozilla/5.0 (Windows NT 10.0; Win64; x64) AppleWebKit/537.36 (KHTML, like Gecko) Chrome/133.0.0.0 Safari/537.36"
209.42.18.223 - - [10/Jul/2026:20:50:09 -0700] "POST /wp-login.php HTTP/1.1" 200 6466 "https://vanessavaladezrealty.com/wp-login.php" "Mozilla/5.0 (Windows NT 10.0; Win64; x64) AppleWebKit/537.36 (KHTML, like Gecko) Chrome/133.0.0.0 Safari/537.36"
103.242.199.223 - - [10/Jul/2026:20:50:13 -0700] "POST /xmlrpc.php HTTP/1.1" 403 4352 "-" "WordPress.com; https://wordpress.com"
159.198.42.25 - - [10/Jul/2026:20:50:13 -0700] "GET /wp-json/wp/v2/users/me HTTP/1.1" 403 4352 "-" "Mozilla/5.0 (Windows NT 10.0; Win64; x64) AppleWebKit/537.36 (KHTML, like Gecko) Chrome/133.0.0.0 Safari/537.36"
136.144.33.215 - - [10/Jul/2026:20:50:14 -0700] "POST /wp-login.php HTTP/1.1" 200 6521 "https://vanessavaladezrealty.com/wp-admin/" "Mozilla/5.0 (Windows NT 10.0; Win64; x64) AppleWebKit/537.36 (KHTML, like Gecko) Chrome/90.0.4430.85 Safari/537.36"
136.144.33.215 - - [10/Jul/2026:20:50:15 -0700] "POST /admin HTTP/1.1" 302 4148 "https://vanessavaladezrealty.com/wp-admin/" "Mozilla/5.0 (Windows NT 10.0; Win64; x64) AppleWebKit/537.36 (KHTML, like Gecko) Chrome/90.0.4430.85 Safari/537.36"
136.144.33.215 - - [10/Jul/2026:20:50:16 -0700] "GET /wp-admin/ HTTP/1.1" 302 3784 "https://vanessavaladezrealty.com/wp-admin/" "Mozilla/5.0 (Windows NT 10.0; Win64; x64) AppleWebKit/537.36 (KHTML, like Gecko) Chrome/90.0.4430.85 Safari/537.36"
122.176.154.222 - - [10/Jul/2026:20:50:17 -0700] "POST /xmlrpc.php HTTP/1.1" 200 4129 "-" "Jetpack by WordPress.com (Jetpack 12.5; WordPress 6.4)"
136.144.33.215 - - [10/Jul/2026:20:50:17 -0700] "GET /wp-login.php?redirect_to=https%3A%2F%2Fvanessavaladezrealty.com%2Fwp-admin%2F&reauth=1 HTTP/1.1" 200 8365 "https://vanessavaladezrealty.com/wp-admin/" "Mozilla/5.0 (Windows NT 10.0; Win64; x64) AppleWebKit/537.36 (KHTML, like Gecko) Chrome/90.0.4430.85 Safari/537.36"
103.242.199.223 - - [10/Jul/2026:20:50:23 -0700] "POST /xmlrpc.php HTTP/1.1" 403 4352 "-" "Jetpack by WordPress.com"
122.176.154.222 - - [10/Jul/2026:20:50:27 -0700] "POST /xmlrpc.php HTTP/1.1" 403 4352 "-" "WordPress.com; https://wordpress.com"
103.242.199.223 - - [10/Jul/2026:20:50:34 -0700] "POST /xmlrpc.php HTTP/1.1" 403 4352 "-" "Jetpack by WordPress.com"
122.176.154.222 - - [10/Jul/2026:20:50:38 -0700] "POST /xmlrpc.php HTTP/1.1" 200 4129 "-" "Jetpack/12.0; WordPress/6.1; http://site21630798.com"
103.242.199.223 - - [10/Jul/2026:20:50:45 -0700] "POST /xmlrpc.php HTTP/1.1" 403 4352 "-" "WordPress.com; https://wordpress.com"
122.176.154.222 - - [10/Jul/2026:20:50:48 -0700] "POST /xmlrpc.php HTTP/1.1" 200 4129 "-" "Jetpack/12.1; WordPress/6.1; http://site23660297.com"
122.176.154.222 - - [10/Jul/2026:20:50:58 -0700] "POST /xmlrpc.php HTTP/1.1" 403 4352 "-" "WordPress.com; https://wordpress.com"
103.242.199.223 - - [10/Jul/2026:20:50:55 -0700] "POST /xmlrpc.php HTTP/1.1" 403 4352 "-" "Jetpack by WordPress.com"
35.235.84.95 - - [10/Jul/2026:20:51:07 -0700] "POST /wp-cron.php?doing_wp_cron=1783741867.4999659061431884765625 HTTP/1.1" 200 3587 "-" "WordPress/7.0.1; https://vanessavaladezrealty.com"
103.242.199.223 - - [10/Jul/2026:20:51:06 -0700] "POST /xmlrpc.php HTTP/1.1" 200 4129 "-" "Jetpack by WordPress.com (Jetpack 12.0; WordPress 6.2)"
122.176.154.222 - - [10/Jul/2026:20:51:09 -0700] "POST /xmlrpc.php HTTP/1.1" 200 4129 "-" "Jetpack/13.0; WordPress/6.1; http://site67754240.com"
103.242.199.223 - - [10/Jul/2026:20:51:17 -0700] "POST /xmlrpc.php HTTP/1.1" 200 4129 "-" "Jetpack/13.0; WordPress/6.3; http://site80815705.com"
122.176.154.222 - - [10/Jul/2026:20:51:19 -0700] "POST /xmlrpc.php HTTP/1.1" 403 4352 "-" "Jetpack by WordPress.com"
35.235.84.95 - - [10/Jul/2026:20:51:27 -0700] "POST /wp-cron.php?doing_wp_cron=1783741887.4567229747772216796875 HTTP/1.1" 200 3587 "-" "WordPress/7.0.1; https://vanessavaladezrealty.com"
103.83.243.10 - - [10/Jul/2026:20:51:26 -0700] "GET /properties/?pid=96&wplview=property_show HTTP/1.1" 200 36305 "-" "Mozilla/5.0 (Windows NT 10.0; Win64; x64) AppleWebKit/537.36 (KHTML, like Gecko) Chrome/68.0.3440.84 Safari/537.36"
103.242.199.223 - - [10/Jul/2026:20:51:27 -0700] "POST /xmlrpc.php HTTP/1.1" 403 4352 "-" "WordPress.com; https://wordpress.com"
122.176.154.222 - - [10/Jul/2026:20:51:30 -0700] "POST /xmlrpc.php HTTP/1.1" 403 4352 "-" "WordPress.com; https://wordpress.com"
103.242.199.223 - - [10/Jul/2026:20:51:38 -0700] "POST /xmlrpc.php HTTP/1.1" 200 4129 "-" "Jetpack/13.0; WordPress/6.4; http://site79920569.com"
122.176.154.222 - - [10/Jul/2026:20:51:40 -0700] "POST /xmlrpc.php HTTP/1.1" 200 4129 "-" "Jetpack by WordPress.com (Jetpack 13.0; WordPress 6.2)"
103.242.199.223 - - [10/Jul/2026:20:51:48 -0700] "POST /xmlrpc.php HTTP/1.1" 403 4352 "-" "Jetpack by WordPress.com"
122.176.154.222 - - [10/Jul/2026:20:51:51 -0700] "POST /xmlrpc.php HTTP/1.1" 403 4352 "-" "WordPress.com; https://wordpress.com"
103.242.199.223 - - [10/Jul/2026:20:51:59 -0700] "POST /xmlrpc.php HTTP/1.1" 403 4352 "-" "WordPress.com; https://wordpress.com"
122.176.154.222 - - [10/Jul/2026:20:52:01 -0700] "POST /xmlrpc.php HTTP/1.1" 200 4129 "-" "Jetpack/12.5; WordPress/6.4; http://site26004869.com"
103.242.199.223 - - [10/Jul/2026:20:52:10 -0700] "POST /xmlrpc.php HTTP/1.1" 200 4129 "-" "Jetpack by WordPress.com (Jetpack 12.5; WordPress 6.1)"
122.176.154.222 - - [10/Jul/2026:20:52:12 -0700] "POST /xmlrpc.php HTTP/1.1" 403 4352 "-" "WordPress.com; https://wordpress.com"
103.242.199.223 - - [10/Jul/2026:20:52:20 -0700] "POST /xmlrpc.php HTTP/1.1" 200 4129 "-" "Jetpack by WordPress.com (Jetpack 12.1; WordPress 6.2)"
122.176.154.222 - - [10/Jul/2026:20:52:22 -0700] "POST /xmlrpc.php HTTP/1.1" 200 4129 "-" "Jetpack/13.0; WordPress/6.4; http://site40343054.com"
35.235.84.95 - - [10/Jul/2026:20:52:32 -0700] "POST /wp-cron.php?doing_wp_cron=1783741952.4700899124145507812500 HTTP/1.1" 200 3587 "-" "WordPress/7.0.1; https://vanessavaladezrealty.com"
103.242.199.223 - - [10/Jul/2026:20:52:31 -0700] "POST /xmlrpc.php HTTP/1.1" 200 4129 "-" "Jetpack by WordPress.com (Jetpack 13.0; WordPress 6.3)"
122.176.154.222 - - [10/Jul/2026:20:52:33 -0700] "POST /xmlrpc.php HTTP/1.1" 200 4129 "-" "Jetpack/12.5; WordPress/6.1; http://site81382163.com"
122.176.154.222 - - [10/Jul/2026:20:52:43 -0700] "POST /xmlrpc.php HTTP/1.1" 200 4129 "-" "Jetpack/12.5; WordPress/6.4; http://site17692778.com"
103.242.199.223 - - [10/Jul/2026:20:52:42 -0700] "POST /xmlrpc.php HTTP/1.1" 403 4352 "-" "Jetpack by WordPress.com"
103.242.199.223 - - [10/Jul/2026:20:52:52 -0700] "POST /xmlrpc.php HTTP/1.1" 403 4352 "-" "Jetpack by WordPress.com"
35.235.84.95 - - [10/Jul/2026:20:52:55 -0700] "POST /wp-cron.php?doing_wp_cron=1783741975.0839560031890869140625 HTTP/1.1" 200 3587 "-" "WordPress/7.0.1; https://vanessavaladezrealty.com"
122.176.154.222 - - [10/Jul/2026:20:52:54 -0700] "POST /xmlrpc.php HTTP/1.1" 200 4129 "-" "Jetpack/12.1; WordPress/6.3; http://site75277653.com"
103.242.199.223 - - [10/Jul/2026:20:53:03 -0700] "POST /xmlrpc.php HTTP/1.1" 200 4129 "-" "Jetpack/12.0; WordPress/6.2; http://site53516060.com"
122.176.154.222 - - [10/Jul/2026:20:53:04 -0700] "POST /xmlrpc.php HTTP/1.1" 403 4352 "-" "Jetpack by WordPress.com"
122.176.154.222 - - [10/Jul/2026:20:53:15 -0700] "POST /xmlrpc.php HTTP/1.1" 403 4352 "-" "Jetpack by WordPress.com"
103.242.199.223 - - [10/Jul/2026:20:53:14 -0700] "POST /xmlrpc.php HTTP/1.1" 200 4129 "-" "Jetpack by WordPress.com (Jetpack 13.0; WordPress 6.2)"
103.242.199.223 - - [10/Jul/2026:20:53:24 -0700] "POST /xmlrpc.php HTTP/1.1" 200 4129 "-" "Jetpack by WordPress.com (Jetpack 12.5; WordPress 6.1)"
122.176.154.222 - - [10/Jul/2026:20:53:25 -0700] "POST /xmlrpc.php HTTP/1.1" 200 4129 "-" "Jetpack by WordPress.com (Jetpack 12.0; WordPress 6.1)"
122.176.154.222 - - [10/Jul/2026:20:53:36 -0700] "POST /xmlrpc.php HTTP/1.1" 200 4129 "-" "Jetpack/13.0; WordPress/6.3; http://site61985188.com"
103.242.199.223 - - [10/Jul/2026:20:53:46 -0700] "POST /xmlrpc.php HTTP/1.1" 403 4352 "-" "WordPress.com; https://wordpress.com"
103.242.199.223 - - [10/Jul/2026:20:53:35 -0700] "POST /xmlrpc.php HTTP/1.1" 403 4352 "-" "Jetpack by WordPress.com"
122.176.154.222 - - [10/Jul/2026:20:53:46 -0700] "POST /xmlrpc.php HTTP/1.1" 403 4352 "-" "WordPress.com; https://wordpress.com"
122.176.154.222 - - [10/Jul/2026:20:53:57 -0700] "POST /xmlrpc.php HTTP/1.1" 403 4352 "-" "Jetpack by WordPress.com"
35.235.84.95 - - [10/Jul/2026:20:53:58 -0700] "POST /wp-cron.php?doing_wp_cron=1783742037.9955689907073974609375 HTTP/1.1" 200 3587 "-" "WordPress/7.0.1; https://vanessavaladezrealty.com"
103.242.199.223 - - [10/Jul/2026:20:53:56 -0700] "POST /xmlrpc.php HTTP/1.1" 200 4129 "-" "Jetpack/12.0; WordPress/6.2; http://site74463008.com"
122.176.154.222 - - [10/Jul/2026:20:54:07 -0700] "POST /xmlrpc.php HTTP/1.1" 200 4129 "-" "Jetpack by WordPress.com (Jetpack 12.0; WordPress 6.3)"
103.242.199.223 - - [10/Jul/2026:20:54:07 -0700] "POST /xmlrpc.php HTTP/1.1" 200 4129 "-" "Jetpack by WordPress.com (Jetpack 12.0; WordPress 6.4)"
122.176.154.222 - - [10/Jul/2026:20:54:18 -0700] "POST /xmlrpc.php HTTP/1.1" 403 4352 "-" "Jetpack by WordPress.com"
103.242.199.223 - - [10/Jul/2026:20:54:18 -0700] "POST /xmlrpc.php HTTP/1.1" 403 4352 "-" "WordPress.com; https://wordpress.com"
122.176.154.222 - - [10/Jul/2026:20:54:28 -0700] "POST /xmlrpc.php HTTP/1.1" 200 4129 "-" "Jetpack by WordPress.com (Jetpack 12.0; WordPress 6.3)"
103.242.199.223 - - [10/Jul/2026:20:54:29 -0700] "POST /xmlrpc.php HTTP/1.1" 200 4129 "-" "Jetpack by WordPress.com (Jetpack 12.1; WordPress 6.3)"
122.176.154.222 - - [10/Jul/2026:20:54:39 -0700] "POST /xmlrpc.php HTTP/1.1" 200 4129 "-" "Jetpack by WordPress.com (Jetpack 12.5; WordPress 6.1)"
103.242.199.223 - - [10/Jul/2026:20:54:39 -0700] "POST /xmlrpc.php HTTP/1.1" 200 4129 "-" "Jetpack/12.5; WordPress/6.2; http://site81110580.com"
103.242.199.223 - - [10/Jul/2026:20:54:50 -0700] "POST /xmlrpc.php HTTP/1.1" 403 4352 "-" "Jetpack by WordPress.com"
35.235.84.95 - - [10/Jul/2026:20:54:50 -0700] "POST /wp-cron.php?doing_wp_cron=1783742090.6674458980560302734375 HTTP/1.1" 200 3587 "-" "WordPress/7.0.1; https://vanessavaladezrealty.com"
122.176.154.222 - - [10/Jul/2026:20:54:49 -0700] "POST /xmlrpc.php HTTP/1.1" 200 4129 "-" "Jetpack/12.0; WordPress/6.3; http://site91639948.com"
122.176.154.222 - - [10/Jul/2026:20:55:00 -0700] "POST /xmlrpc.php HTTP/1.1" 200 4129 "-" "Jetpack by WordPress.com (Jetpack 12.1; WordPress 6.4)"
103.242.199.223 - - [10/Jul/2026:20:55:00 -0700] "POST /xmlrpc.php HTTP/1.1" 200 4129 "-" "Jetpack/12.5; WordPress/6.3; http://site61539921.com"
122.176.154.222 - - [10/Jul/2026:20:55:10 -0700] "POST /xmlrpc.php HTTP/1.1" 403 4352 "-" "WordPress.com; https://wordpress.com"
103.242.199.223 - - [10/Jul/2026:20:55:11 -0700] "POST /xmlrpc.php HTTP/1.1" 403 4352 "-" "Jetpack by WordPress.com"
122.176.154.222 - - [10/Jul/2026:20:55:21 -0700] "POST /xmlrpc.php HTTP/1.1" 403 4352 "-" "Jetpack by WordPress.com"
103.242.199.223 - - [10/Jul/2026:20:55:22 -0700] "POST /xmlrpc.php HTTP/1.1" 200 4129 "-" "Jetpack by WordPress.com (Jetpack 12.5; WordPress 6.2)"
122.176.154.222 - - [10/Jul/2026:20:55:31 -0700] "POST /xmlrpc.php HTTP/1.1" 200 4129 "-" "Jetpack by WordPress.com (Jetpack 13.0; WordPress 6.2)"
103.242.199.223 - - [10/Jul/2026:20:55:32 -0700] "POST /xmlrpc.php HTTP/1.1" 200 4129 "-" "Jetpack by WordPress.com (Jetpack 12.1; WordPress 6.1)"
122.176.154.222 - - [10/Jul/2026:20:55:42 -0700] "POST /xmlrpc.php HTTP/1.1" 403 4352 "-" "WordPress.com; https://wordpress.com"
103.242.199.223 - - [10/Jul/2026:20:55:43 -0700] "POST /xmlrpc.php HTTP/1.1" 200 4129 "-" "Jetpack/12.5; WordPress/6.2; http://site99164300.com"
35.235.84.95 - - [10/Jul/2026:20:55:53 -0700] "POST /wp-cron.php?doing_wp_cron=1783742153.5960249900817871093750 HTTP/1.1" 200 3587 "-" "WordPress/7.0.1; https://vanessavaladezrealty.com"
122.176.154.222 - - [10/Jul/2026:20:55:52 -0700] "POST /xmlrpc.php HTTP/1.1" 200 4129 "-" "Jetpack/12.0; WordPress/6.4; http://site84930264.com"
103.242.199.223 - - [10/Jul/2026:20:55:54 -0700] "POST /xmlrpc.php HTTP/1.1" 200 4129 "-" "Jetpack/12.5; WordPress/6.2; http://site20440359.com"
122.176.154.222 - - [10/Jul/2026:20:56:03 -0700] "POST /xmlrpc.php HTTP/1.1" 200 4129 "-" "Jetpack by WordPress.com (Jetpack 13.0; WordPress 6.2)"
103.242.199.223 - - [10/Jul/2026:20:56:04 -0700] "POST /xmlrpc.php HTTP/1.1" 200 4129 "-" "Jetpack/12.5; WordPress/6.3; http://site44706379.com"
122.176.154.222 - - [10/Jul/2026:20:56:13 -0700] "POST /xmlrpc.php HTTP/1.1" 403 4352 "-" "Jetpack by WordPress.com"
103.242.199.223 - - [10/Jul/2026:20:56:15 -0700] "POST /xmlrpc.php HTTP/1.1" 200 4129 "-" "Jetpack/12.1; WordPress/6.2; http://site13730672.com"
35.235.84.95 - - [10/Jul/2026:20:56:25 -0700] "POST /wp-cron.php?doing_wp_cron=1783742185.0625569820404052734375 HTTP/1.1" 200 3587 "-" "WordPress/7.0.1; https://vanessavaladezrealty.com"
103.242.199.223 - - [10/Jul/2026:20:56:26 -0700] "POST /xmlrpc.php HTTP/1.1" 200 4129 "-" "Jetpack/12.0; WordPress/6.1; http://site50845339.com"
103.242.199.223 - - [10/Jul/2026:20:56:36 -0700] "POST /xmlrpc.php HTTP/1.1" 403 4352 "-" "Jetpack by WordPress.com"
122.176.154.222 - - [10/Jul/2026:20:56:24 -0700] "POST /xmlrpc.php HTTP/1.1" 200 4129 "-" "Jetpack by WordPress.com (Jetpack 13.0; WordPress 6.1)"
103.242.199.223 - - [10/Jul/2026:20:56:47 -0700] "POST /xmlrpc.php HTTP/1.1" 200 4129 "-" "Jetpack by WordPress.com (Jetpack 13.0; WordPress 6.2)"
122.176.154.222 - - [10/Jul/2026:20:56:34 -0700] "POST /xmlrpc.php HTTP/1.1" 200 4129 "-" "Jetpack/12.5; WordPress/6.1; http://site44219420.com"
122.176.154.222 - - [10/Jul/2026:20:56:45 -0700] "POST /xmlrpc.php HTTP/1.1" 403 4352 "-" "WordPress.com; https://wordpress.com"
122.176.154.222 - - [10/Jul/2026:20:56:55 -0700] "POST /xmlrpc.php HTTP/1.1" 200 4129 "-" "Jetpack/12.1; WordPress/6.4; http://site93369348.com"
103.242.199.223 - - [10/Jul/2026:20:56:58 -0700] "POST /xmlrpc.php HTTP/1.1" 200 4129 "-" "Jetpack by WordPress.com (Jetpack 13.0; WordPress 6.2)"
122.176.154.222 - - [10/Jul/2026:20:57:06 -0700] "POST /xmlrpc.php HTTP/1.1" 403 4352 "-" "Jetpack by WordPress.com"
103.242.199.223 - - [10/Jul/2026:20:57:08 -0700] "POST /xmlrpc.php HTTP/1.1" 200 4129 "-" "Jetpack/12.5; WordPress/6.4; http://site67300804.com"
122.176.154.222 - - [10/Jul/2026:20:57:16 -0700] "POST /xmlrpc.php HTTP/1.1" 403 4352 "-" "Jetpack by WordPress.com"
103.242.199.223 - - [10/Jul/2026:20:57:19 -0700] "POST /xmlrpc.php HTTP/1.1" 403 4352 "-" "WordPress.com; https://wordpress.com"
122.176.154.222 - - [10/Jul/2026:20:57:27 -0700] "POST /xmlrpc.php HTTP/1.1" 403 4352 "-" "WordPress.com; https://wordpress.com"
103.242.199.223 - - [10/Jul/2026:20:57:30 -0700] "POST /xmlrpc.php HTTP/1.1" 403 4352 "-" "WordPress.com; https://wordpress.com"
35.235.84.95 - - [10/Jul/2026:20:57:38 -0700] "POST /wp-cron.php?doing_wp_cron=1783742258.7105860710144042968750 HTTP/1.1" 200 3587 "-" "WordPress/7.0.1; https://vanessavaladezrealty.com"
122.176.154.222 - - [10/Jul/2026:20:57:37 -0700] "POST /xmlrpc.php HTTP/1.1" 200 4129 "-" "Jetpack by WordPress.com (Jetpack 12.5; WordPress 6.4)"
103.242.199.223 - - [10/Jul/2026:20:57:40 -0700] "POST /xmlrpc.php HTTP/1.1" 403 4352 "-" "WordPress.com; https://wordpress.com"
122.176.154.222 - - [10/Jul/2026:20:57:48 -0700] "POST /xmlrpc.php HTTP/1.1" 200 4129 "-" "Jetpack/12.0; WordPress/6.2; http://site10684685.com"
103.242.199.223 - - [10/Jul/2026:20:57:51 -0700] "POST /xmlrpc.php HTTP/1.1" 403 4352 "-" "Jetpack by WordPress.com"
122.176.154.222 - - [10/Jul/2026:20:57:58 -0700] "POST /xmlrpc.php HTTP/1.1" 403 4352 "-" "Jetpack by WordPress.com"
103.242.199.223 - - [10/Jul/2026:20:58:01 -0700] "POST /xmlrpc.php HTTP/1.1" 403 4352 "-" "Jetpack by WordPress.com"
35.235.84.95 - - [10/Jul/2026:20:58:10 -0700] "POST /wp-cron.php?doing_wp_cron=1783742290.0136620998382568359375 HTTP/1.1" 200 3587 "-" "WordPress/7.0.1; https://vanessavaladezrealty.com"
122.176.154.222 - - [10/Jul/2026:20:58:08 -0700] "POST /xmlrpc.php HTTP/1.1" 200 4129 "-" "Jetpack/13.0; WordPress/6.4; http://site87735960.com"
103.242.199.223 - - [10/Jul/2026:20:58:12 -0700] "POST /xmlrpc.php HTTP/1.1" 403 4352 "-" "Jetpack by WordPress.com"
122.176.154.222 - - [10/Jul/2026:20:58:19 -0700] "POST /xmlrpc.php HTTP/1.1" 200 4129 "-" "Jetpack by WordPress.com (Jetpack 13.0; WordPress 6.4)"
103.242.199.223 - - [10/Jul/2026:20:58:23 -0700] "POST /xmlrpc.php HTTP/1.1" 200 4129 "-" "Jetpack by WordPress.com (Jetpack 12.1; WordPress 6.2)"
122.176.154.222 - - [10/Jul/2026:20:58:30 -0700] "POST /xmlrpc.php HTTP/1.1" 200 4129 "-" "Jetpack by WordPress.com (Jetpack 12.1; WordPress 6.4)"
103.242.199.223 - - [10/Jul/2026:20:58:33 -0700] "POST /xmlrpc.php HTTP/1.1" 200 4129 "-" "Jetpack by WordPress.com (Jetpack 12.5; WordPress 6.3)"
122.176.154.222 - - [10/Jul/2026:20:58:40 -0700] "POST /xmlrpc.php HTTP/1.1" 200 4129 "-" "Jetpack by WordPress.com (Jetpack 12.0; WordPress 6.4)"
35.235.84.95 - - [10/Jul/2026:20:58:52 -0700] "POST /wp-cron.php?doing_wp_cron=1783742331.9790220260620117187500 HTTP/1.1" 200 3587 "-" "WordPress/7.0.1; https://vanessavaladezrealty.com"
103.242.199.223 - - [10/Jul/2026:20:58:44 -0700] "POST /xmlrpc.php HTTP/1.1" 403 4352 "-" "WordPress.com; https://wordpress.com"
122.176.154.222 - - [10/Jul/2026:20:58:51 -0700] "POST /xmlrpc.php HTTP/1.1" 200 4129 "-" "Jetpack/13.0; WordPress/6.1; http://site69252037.com"
103.242.199.223 - - [10/Jul/2026:20:58:55 -0700] "POST /xmlrpc.php HTTP/1.1" 200 4129 "-" "Jetpack by WordPress.com (Jetpack 13.0; WordPress 6.2)"
168.195.148.55 - - [10/Jul/2026:20:58:59 -0700] "GET /properties/tel:7027760711/tel:7027760711/tel:7027760711/tel:7027760711 HTTP/1.1" 301 4183 "-" "Mozilla/5.0 (Windows NT 10.0; Win64; x64) AppleWebKit/537.36 (KHTML, like Gecko) Chrome/87.0.4280.88 Safari/537.36 CravingExplorer/2.4.1"
168.195.148.55 - - [10/Jul/2026:20:59:00 -0700] "GET /properties/tel:7027760711/tel:7027760711/tel:7027760711/tel:7027760711/ HTTP/1.1" 200 27457 "-" "Mozilla/5.0 (Windows NT 10.0; Win64; x64) AppleWebKit/537.36 (KHTML, like Gecko) Chrome/87.0.4280.88 Safari/537.36 CravingExplorer/2.4.1"
122.176.154.222 - - [10/Jul/2026:20:59:01 -0700] "POST /xmlrpc.php HTTP/1.1" 200 4129 "-" "Jetpack/12.1; WordPress/6.4; http://site35206807.com"
103.242.199.223 - - [10/Jul/2026:20:59:05 -0700] "POST /xmlrpc.php HTTP/1.1" 200 4129 "-" "Jetpack by WordPress.com (Jetpack 12.0; WordPress 6.4)"
122.176.154.222 - - [10/Jul/2026:20:59:11 -0700] "POST /xmlrpc.php HTTP/1.1" 403 4352 "-" "Jetpack by WordPress.com"
103.242.199.223 - - [10/Jul/2026:20:59:16 -0700] "POST /xmlrpc.php HTTP/1.1" 200 4129 "-" "Jetpack/13.0; WordPress/6.2; http://site62412488.com"
122.176.154.222 - - [10/Jul/2026:20:59:22 -0700] "POST /xmlrpc.php HTTP/1.1" 200 4129 "-" "Jetpack by WordPress.com (Jetpack 13.0; WordPress 6.3)"
103.242.199.223 - - [10/Jul/2026:20:59:27 -0700] "POST /xmlrpc.php HTTP/1.1" 403 4352 "-" "WordPress.com; https://wordpress.com"
122.176.154.222 - - [10/Jul/2026:20:59:32 -0700] "POST /xmlrpc.php HTTP/1.1" 403 4352 "-" "WordPress.com; https://wordpress.com"
122.176.154.222 - - [10/Jul/2026:20:59:43 -0700] "POST /xmlrpc.php HTTP/1.1" 200 4129 "-" "Jetpack by WordPress.com (Jetpack 13.0; WordPress 6.1)"
103.242.199.223 - - [10/Jul/2026:20:59:37 -0700] "POST /xmlrpc.php HTTP/1.1" 403 4352 "-" "Jetpack by WordPress.com"
103.242.199.223 - - [10/Jul/2026:20:59:48 -0700] "POST /xmlrpc.php HTTP/1.1" 200 4129 "-" "Jetpack/12.1; WordPress/6.2; http://site95038006.com"
122.176.154.222 - - [10/Jul/2026:20:59:53 -0700] "POST /xmlrpc.php HTTP/1.1" 403 4352 "-" "WordPress.com; https://wordpress.com"
35.235.84.95 - - [10/Jul/2026:20:59:59 -0700] "POST /wp-cron.php?doing_wp_cron=1783742399.9631299972534179687500 HTTP/1.1" 200 3587 "-" "WordPress/7.0.1; https://vanessavaladezrealty.com"
103.242.199.223 - - [10/Jul/2026:20:59:58 -0700] "POST /xmlrpc.php HTTP/1.1" 200 4129 "-" "Jetpack/12.1; WordPress/6.4; http://site58658219.com"
122.176.154.222 - - [10/Jul/2026:21:00:04 -0700] "POST /xmlrpc.php HTTP/1.1" 200 4129 "-" "Jetpack/12.1; WordPress/6.1; http://site93636260.com"
103.242.199.223 - - [10/Jul/2026:21:00:09 -0700] "POST /xmlrpc.php HTTP/1.1" 403 4352 "-" "Jetpack by WordPress.com"
122.176.154.222 - - [10/Jul/2026:21:00:15 -0700] "POST /xmlrpc.php HTTP/1.1" 200 4129 "-" "Jetpack/12.5; WordPress/6.1; http://site10756322.com"
103.242.199.223 - - [10/Jul/2026:21:00:20 -0700] "POST /xmlrpc.php HTTP/1.1" 403 4352 "-" "WordPress.com; https://wordpress.com"
103.242.199.223 - - [10/Jul/2026:21:00:30 -0700] "POST /xmlrpc.php HTTP/1.1" 403 4352 "-" "Jetpack by WordPress.com"
122.176.154.222 - - [10/Jul/2026:21:00:25 -0700] "POST /xmlrpc.php HTTP/1.1" 403 4352 "-" "WordPress.com; https://wordpress.com"
122.176.154.222 - - [10/Jul/2026:21:00:36 -0700] "POST /xmlrpc.php HTTP/1.1" 403 4352 "-" "Jetpack by WordPress.com"
122.176.154.222 - - [10/Jul/2026:21:00:46 -0700] "POST /xmlrpc.php HTTP/1.1" 200 4129 "-" "Jetpack by WordPress.com (Jetpack 13.0; WordPress 6.1)"
103.242.199.223 - - [10/Jul/2026:21:00:41 -0700] "POST /xmlrpc.php HTTP/1.1" 403 4352 "-" "Jetpack by WordPress.com"
35.235.84.95 - - [10/Jul/2026:21:00:53 -0700] "POST /wp-cron.php?doing_wp_cron=1783742453.8001859188079833984375 HTTP/1.1" 200 3587 "-" "WordPress/7.0.1; https://vanessavaladezrealty.com"
103.242.199.223 - - [10/Jul/2026:21:00:52 -0700] "POST /xmlrpc.php HTTP/1.1" 200 4129 "-" "Jetpack by WordPress.com (Jetpack 12.5; WordPress 6.4)"
35.235.84.95 - - [10/Jul/2026:21:00:55 -0700] "HEAD / HTTP/1.1" 200 4253 "-" "Mozilla/5.0 (Windows NT 10.0; Win64; x64) AppleWebKit/537.36 (KHTML, like Gecko) Chrome/117.0.0.0 Safari/537.36"
122.176.154.222 - - [10/Jul/2026:21:00:57 -0700] "POST /xmlrpc.php HTTP/1.1" 403 4352 "-" "Jetpack by WordPress.com"
103.242.199.223 - - [10/Jul/2026:21:01:02 -0700] "POST /xmlrpc.php HTTP/1.1" 200 4129 "-" "Jetpack/13.0; WordPress/6.4; http://site99219867.com"
122.176.154.222 - - [10/Jul/2026:21:01:07 -0700] "POST /xmlrpc.php HTTP/1.1" 200 4129 "-" "Jetpack by WordPress.com (Jetpack 13.0; WordPress 6.2)"
103.242.199.223 - - [10/Jul/2026:21:01:13 -0700] "POST /xmlrpc.php HTTP/1.1" 200 4129 "-" "Jetpack/12.0; WordPress/6.1; http://site92100420.com"
122.176.154.222 - - [10/Jul/2026:21:01:18 -0700] "POST /xmlrpc.php HTTP/1.1" 403 4352 "-" "WordPress.com; https://wordpress.com"
103.242.199.223 - - [10/Jul/2026:21:01:24 -0700] "POST /xmlrpc.php HTTP/1.1" 403 4352 "-" "Jetpack by WordPress.com"
35.235.84.95 - - [10/Jul/2026:21:01:29 -0700] "POST /wp-cron.php?doing_wp_cron=1783742489.7301280498504638671875 HTTP/1.1" 200 3587 "-" "WordPress/7.0.1; https://vanessavaladezrealty.com"
122.176.154.222 - - [10/Jul/2026:21:01:28 -0700] "POST /xmlrpc.php HTTP/1.1" 200 4129 "-" "Jetpack/12.1; WordPress/6.4; http://site60110288.com"
103.242.199.223 - - [10/Jul/2026:21:01:34 -0700] "POST /xmlrpc.php HTTP/1.1" 200 4129 "-" "Jetpack by WordPress.com (Jetpack 13.0; WordPress 6.3)"
122.176.154.222 - - [10/Jul/2026:21:01:39 -0700] "POST /xmlrpc.php HTTP/1.1" 403 4352 "-" "Jetpack by WordPress.com"
103.242.199.223 - - [10/Jul/2026:21:01:45 -0700] "POST /xmlrpc.php HTTP/1.1" 200 4129 "-" "Jetpack/13.0; WordPress/6.4; http://site70778834.com"
122.176.154.222 - - [10/Jul/2026:21:01:49 -0700] "POST /xmlrpc.php HTTP/1.1" 200 4129 "-" "Jetpack by WordPress.com (Jetpack 12.5; WordPress 6.1)"
103.242.199.223 - - [10/Jul/2026:21:01:56 -0700] "POST /xmlrpc.php HTTP/1.1" 200 4129 "-" "Jetpack/13.0; WordPress/6.2; http://site55213261.com"
122.176.154.222 - - [10/Jul/2026:21:02:00 -0700] "POST /xmlrpc.php HTTP/1.1" 403 4352 "-" "Jetpack by WordPress.com"
103.242.199.223 - - [10/Jul/2026:21:02:06 -0700] "POST /xmlrpc.php HTTP/1.1" 200 4129 "-" "Jetpack by WordPress.com (Jetpack 12.0; WordPress 6.3)"
122.176.154.222 - - [10/Jul/2026:21:02:10 -0700] "POST /xmlrpc.php HTTP/1.1" 403 4352 "-" "WordPress.com; https://wordpress.com"
103.242.199.223 - - [10/Jul/2026:21:02:17 -0700] "POST /xmlrpc.php HTTP/1.1" 403 4352 "-" "Jetpack by WordPress.com"
122.176.154.222 - - [10/Jul/2026:21:02:21 -0700] "POST /xmlrpc.php HTTP/1.1" 403 4352 "-" "WordPress.com; https://wordpress.com"
103.242.199.223 - - [10/Jul/2026:21:02:28 -0700] "POST /xmlrpc.php HTTP/1.1" 200 4129 "-" "Jetpack by WordPress.com (Jetpack 13.0; WordPress 6.4)"
122.176.154.222 - - [10/Jul/2026:21:02:31 -0700] "POST /xmlrpc.php HTTP/1.1" 403 4352 "-" "WordPress.com; https://wordpress.com"
103.242.199.223 - - [10/Jul/2026:21:02:38 -0700] "POST /xmlrpc.php HTTP/1.1" 403 4352 "-" "WordPress.com; https://wordpress.com"
35.235.84.95 - - [10/Jul/2026:21:02:43 -0700] "POST /wp-cron.php?doing_wp_cron=1783742563.2562339305877685546875 HTTP/1.1" 200 3587 "-" "WordPress/7.0.1; https://vanessavaladezrealty.com"
122.176.154.222 - - [10/Jul/2026:21:02:42 -0700] "POST /xmlrpc.php HTTP/1.1" 200 4129 "-" "Jetpack/12.1; WordPress/6.4; http://site73161047.com"
35.235.84.95 - - [10/Jul/2026:21:02:50 -0700] "POST /wp-cron.php?doing_wp_cron=1783742570.5252680778503417968750 HTTP/1.1" 200 3587 "-" "WordPress/7.0.1; https://vanessavaladezrealty.com"
103.242.199.223 - - [10/Jul/2026:21:02:49 -0700] "POST /xmlrpc.php HTTP/1.1" 200 4129 "-" "Jetpack by WordPress.com (Jetpack 12.0; WordPress 6.4)"
160.187.68.132 - - [10/Jul/2026:21:02:50 -0700] "GET /wp-login.php HTTP/1.1" 200 6364 "-" "Mozilla/5.0 (Windows NT 10.0; Win64; x64) AppleWebKit/537.36 (KHTML, like Gecko) Chrome/133.0.0.0 Safari/537.36"
160.187.68.132 - - [10/Jul/2026:21:02:52 -0700] "POST /wp-login.php HTTP/1.1" 200 6450 "https://vanessavaladezrealty.com/wp-login.php" "Mozilla/5.0 (Windows NT 10.0; Win64; x64) AppleWebKit/537.36 (KHTML, like Gecko) Chrome/133.0.0.0 Safari/537.36"
122.176.154.222 - - [10/Jul/2026:21:02:52 -0700] "POST /xmlrpc.php HTTP/1.1" 200 4129 "-" "Jetpack/12.5; WordPress/6.2; http://site71919671.com"
103.242.199.223 - - [10/Jul/2026:21:03:00 -0700] "POST /xmlrpc.php HTTP/1.1" 403 4352 "-" "Jetpack by WordPress.com"
122.176.154.222 - - [10/Jul/2026:21:03:03 -0700] "POST /xmlrpc.php HTTP/1.1" 403 4352 "-" "Jetpack by WordPress.com"
103.242.199.223 - - [10/Jul/2026:21:03:10 -0700] "POST /xmlrpc.php HTTP/1.1" 200 4129 "-" "Jetpack/12.0; WordPress/6.3; http://site42400614.com"
122.176.154.222 - - [10/Jul/2026:21:03:13 -0700] "POST /xmlrpc.php HTTP/1.1" 200 4129 "-" "Jetpack/13.0; WordPress/6.2; http://site49643140.com"
103.242.199.223 - - [10/Jul/2026:21:03:21 -0700] "POST /xmlrpc.php HTTP/1.1" 403 4352 "-" "Jetpack by WordPress.com"
122.176.154.222 - - [10/Jul/2026:21:03:24 -0700] "POST /xmlrpc.php HTTP/1.1" 200 4129 "-" "Jetpack by WordPress.com (Jetpack 12.0; WordPress 6.1)"
189.216.43.84 - - [10/Jul/2026:21:03:24 -0700] "GET /properties/116-Residential-4575-Dean-Martin-Drive-305-5-Rooms-2-Bedrooms-3-Bathrooms-USD578-000/tel:7027760711 HTTP/1.1" 301 4223 "-" "Mozilla/5.0 (Windows NT 6.1) AppleWebKit/537.36 (KHTML, like Gecko) Brave Chrome/78.0.3904.108 Safari/537.36"
189.216.43.84 - - [10/Jul/2026:21:03:26 -0700] "GET /properties/116-Residential-4575-Dean-Martin-Drive-305-5-Rooms-2-Bedrooms-3-Bathrooms-USD578-000/tel:7027760711/ HTTP/1.1" 301 4372 "-" "Mozilla/5.0 (Windows NT 6.1) AppleWebKit/537.36 (KHTML, like Gecko) Brave Chrome/78.0.3904.108 Safari/537.36"
189.216.43.84 - - [10/Jul/2026:21:03:28 -0700] "GET /properties/116-Residential-4575-Dean-Martin-Drive-305-5-Rooms-2-Bedrooms-3-Bathrooms-USD578-000 HTTP/1.1" 301 4150 "-" "Mozilla/5.0 (Windows NT 6.1) AppleWebKit/537.36 (KHTML, like Gecko) Brave Chrome/78.0.3904.108 Safari/537.36"
189.216.43.84 - - [10/Jul/2026:21:03:30 -0700] "GET /properties/116-Residential-4575-Dean-Martin-Drive-305-5-Rooms-2-Bedrooms-3-Bathrooms-USD578-000/ HTTP/1.1" 200 38628 "-" "Mozilla/5.0 (Windows NT 6.1) AppleWebKit/537.36 (KHTML, like Gecko) Brave Chrome/78.0.3904.108 Safari/537.36"
103.242.199.223 - - [10/Jul/2026:21:03:32 -0700] "POST /xmlrpc.php HTTP/1.1" 403 4352 "-" "Jetpack by WordPress.com"
122.176.154.222 - - [10/Jul/2026:21:03:34 -0700] "POST /xmlrpc.php HTTP/1.1" 403 4352 "-" "Jetpack by WordPress.com"
103.242.199.223 - - [10/Jul/2026:21:03:42 -0700] "POST /xmlrpc.php HTTP/1.1" 200 4129 "-" "Jetpack by WordPress.com (Jetpack 12.5; WordPress 6.2)"
122.176.154.222 - - [10/Jul/2026:21:03:45 -0700] "POST /xmlrpc.php HTTP/1.1" 403 4352 "-" "WordPress.com; https://wordpress.com"
122.176.154.222 - - [10/Jul/2026:21:03:55 -0700] "POST /xmlrpc.php HTTP/1.1" 403 4352 "-" "Jetpack by WordPress.com"
103.242.199.223 - - [10/Jul/2026:21:03:53 -0700] "POST /xmlrpc.php HTTP/1.1" 403 4352 "-" "Jetpack by WordPress.com"
103.242.199.223 - - [10/Jul/2026:21:04:04 -0700] "POST /xmlrpc.php HTTP/1.1" 403 4352 "-" "WordPress.com; https://wordpress.com"
122.176.154.222 - - [10/Jul/2026:21:04:06 -0700] "POST /xmlrpc.php HTTP/1.1" 403 4352 "-" "Jetpack by WordPress.com"
103.242.199.223 - - [10/Jul/2026:21:04:14 -0700] "POST /xmlrpc.php HTTP/1.1" 403 4352 "-" "WordPress.com; https://wordpress.com"
35.235.84.95 - - [10/Jul/2026:21:04:17 -0700] "POST /wp-cron.php?doing_wp_cron=1783742657.0354030132293701171875 HTTP/1.1" 200 3587 "-" "WordPress/7.0.1; https://vanessavaladezrealty.com"
125.19.93.202 - - [10/Jul/2026:21:04:16 -0700] "POST /xmlrpc.php HTTP/1.1" 200 4129 "-" "Jetpack by WordPress.com"
122.176.154.222 - - [10/Jul/2026:21:04:16 -0700] "POST /xmlrpc.php HTTP/1.1" 200 4129 "-" "Jetpack by WordPress.com (Jetpack 12.0; WordPress 6.4)"
103.242.199.223 - - [10/Jul/2026:21:04:25 -0700] "POST /xmlrpc.php HTTP/1.1" 403 4352 "-" "Jetpack by WordPress.com"
125.19.93.202 - - [10/Jul/2026:21:04:25 -0700] "POST /xmlrpc.php HTTP/1.1" 200 4129 "-" "WordPress.com; https://wordpress.com"
122.176.154.222 - - [10/Jul/2026:21:04:27 -0700] "POST /xmlrpc.php HTTP/1.1" 200 4129 "-" "Jetpack/12.5; WordPress/6.1; http://site31323714.com"
125.19.93.202 - - [10/Jul/2026:21:04:35 -0700] "POST /xmlrpc.php HTTP/1.1" 200 4129 "-" "Jetpack by WordPress.com (Jetpack 12.0; WordPress 6.4)"
103.242.199.223 - - [10/Jul/2026:21:04:36 -0700] "POST /xmlrpc.php HTTP/1.1" 200 4129 "-" "Jetpack/12.5; WordPress/6.2; http://site49015599.com"
122.176.154.222 - - [10/Jul/2026:21:04:37 -0700] "POST /xmlrpc.php HTTP/1.1" 200 4129 "-" "Jetpack by WordPress.com (Jetpack 12.0; WordPress 6.2)"
125.19.93.202 - - [10/Jul/2026:21:04:46 -0700] "POST /xmlrpc.php HTTP/1.1" 200 4129 "-" "WordPress.com; https://wordpress.com"
103.242.199.223 - - [10/Jul/2026:21:04:46 -0700] "POST /xmlrpc.php HTTP/1.1" 200 4129 "-" "Jetpack/12.5; WordPress/6.2; http://site51011068.com"
122.176.154.222 - - [10/Jul/2026:21:04:48 -0700] "POST /xmlrpc.php HTTP/1.1" 200 4129 "-" "Jetpack/12.1; WordPress/6.4; http://site62276240.com"
35.235.84.95 - - [10/Jul/2026:21:04:58 -0700] "POST /wp-cron.php?doing_wp_cron=1783742698.0110659599304199218750 HTTP/1.1" 200 3587 "-" "WordPress/7.0.1; https://vanessavaladezrealty.com"
125.19.93.202 - - [10/Jul/2026:21:04:57 -0700] "POST /xmlrpc.php HTTP/1.1" 200 4129 "-" "Jetpack/12.1; WordPress/6.4; http://site74178396.com"
103.242.199.223 - - [10/Jul/2026:21:04:57 -0700] "POST /xmlrpc.php HTTP/1.1" 200 4129 "-" "Jetpack/12.1; WordPress/6.4; http://site48080335.com"
122.176.154.222 - - [10/Jul/2026:21:04:58 -0700] "POST /xmlrpc.php HTTP/1.1" 403 4352 "-" "Jetpack by WordPress.com"
103.242.199.223 - - [10/Jul/2026:21:05:07 -0700] "POST /xmlrpc.php HTTP/1.1" 403 4352 "-" "WordPress.com; https://wordpress.com"
125.19.93.202 - - [10/Jul/2026:21:05:07 -0700] "POST /xmlrpc.php HTTP/1.1" 200 4129 "-" "Jetpack by WordPress.com"
122.176.154.222 - - [10/Jul/2026:21:05:08 -0700] "POST /xmlrpc.php HTTP/1.1" 200 4129 "-" "Jetpack/12.1; WordPress/6.3; http://site67929230.com"
125.19.93.202 - - [10/Jul/2026:21:05:18 -0700] "POST /xmlrpc.php HTTP/1.1" 200 4129 "-" "Jetpack by WordPress.com (Jetpack 13.0; WordPress 6.1)"
103.242.199.223 - - [10/Jul/2026:21:05:18 -0700] "POST /xmlrpc.php HTTP/1.1" 200 4129 "-" "Jetpack/12.5; WordPress/6.1; http://site87744714.com"
122.176.154.222 - - [10/Jul/2026:21:05:19 -0700] "POST /xmlrpc.php HTTP/1.1" 200 4129 "-" "Jetpack/12.1; WordPress/6.2; http://site46699340.com"
