104.207.56.136 - - [11/Jul/2026:00:27:30 -0700] "POST /xmlrpc.php HTTP/1.1" 200 3956 "-" "Mozilla/5.0 (Macintosh; Intel Mac OS X 13_6_1) AppleWebKit/537.36 (KHTML, like Gecko) Chrome/118.0.0.0 Safari/537.36"
45.3.55.131 - - [11/Jul/2026:00:27:36 -0700] "POST /xmlrpc.php HTTP/1.1" 200 3956 "https://duckduckgo.com/" "Mozilla/5.0 (Windows NT 10.0; Win64; x64) AppleWebKit/537.36 (KHTML, like Gecko) Chrome/118.0.0.0 Safari/537.36"
104.207.57.222 - - [11/Jul/2026:00:27:33 -0700] "POST /xmlrpc.php HTTP/1.1" 200 3956 "-" "Mozilla/5.0 (Macintosh; Intel Mac OS X 10_15_7) AppleWebKit/605.1.15 (KHTML, like Gecko) Version/17.1 Safari/605.1.15"
45.3.55.167 - - [11/Jul/2026:00:27:31 -0700] "POST /xmlrpc.php HTTP/1.1" 200 3956 "https://www.facebook.com/" "Mozilla/5.0 (Macintosh; Intel Mac OS X 13_6_1; rv:118.0) Gecko/20100101 Firefox/118.0"
216.26.246.39 - - [11/Jul/2026:00:27:40 -0700] "POST /xmlrpc.php HTTP/1.1" 200 3956 "https://www.bing.com/" "Mozilla/5.0 (Macintosh; Intel Mac OS X 13_6_1) AppleWebKit/537.36 (KHTML, like Gecko) Chrome/120.0.0.0 Safari/537.36"
104.207.54.12 - - [11/Jul/2026:00:27:41 -0700] "POST /xmlrpc.php HTTP/1.1" 200 3956 "https://www.google.com/" "Mozilla/5.0 (Macintosh; Intel Mac OS X 10_15_7; rv:120.0) Gecko/20100101 Firefox/120.0"
217.181.92.11 - - [11/Jul/2026:00:27:43 -0700] "POST /xmlrpc.php HTTP/1.1" 200 3956 "https://t.co/" "Mozilla/5.0 (Windows NT 11.0; Win64; x64) AppleWebKit/537.36 (KHTML, like Gecko) Chrome/118.0.0.0 Safari/537.36"
216.26.246.64 - - [11/Jul/2026:00:27:44 -0700] "POST /xmlrpc.php HTTP/1.1" 200 3956 "https://www.facebook.com/" "Mozilla/5.0 (X11; Ubuntu; Linux x86_64) AppleWebKit/537.36 (KHTML, like Gecko) Chrome/120.0.0.0 Safari/537.36"
217.181.92.147 - - [11/Jul/2026:00:27:46 -0700] "POST /xmlrpc.php HTTP/1.1" 200 3956 "-" "Mozilla/5.0 (X11; Ubuntu; Linux x86_64) AppleWebKit/537.36 (KHTML, like Gecko) Chrome/118.0.0.0 Safari/537.36"
104.207.56.11 - - [11/Jul/2026:00:27:48 -0700] "POST /xmlrpc.php HTTP/1.1" 200 3956 "https://duckduckgo.com/" "Mozilla/5.0 (Macintosh; Intel Mac OS X 13_6_1; rv:120.0) Gecko/20100101 Firefox/120.0"
35.235.84.95 - - [11/Jul/2026:00:27:51 -0700] "POST /wp-cron.php?doing_wp_cron=1783754870.9974288940429687500000 HTTP/1.1" 200 3587 "-" "WordPress/7.0.1; https://vanessavaladezrealty.com"
104.207.57.245 - - [11/Jul/2026:00:27:49 -0700] "POST /xmlrpc.php HTTP/1.1" 200 3956 "https://t.co/" "Mozilla/5.0 (Macintosh; Intel Mac OS X 13_6_1) AppleWebKit/605.1.15 (KHTML, like Gecko) Version/17.0 Safari/605.1.15"
104.207.56.130 - - [11/Jul/2026:00:27:51 -0700] "POST /xmlrpc.php HTTP/1.1" 200 4071 "-" "Mozilla/5.0 (Macintosh; Intel Mac OS X 13_6_1) AppleWebKit/537.36 (KHTML, like Gecko) Chrome/121.0.0.0 Safari/537.36"
216.26.245.210 - - [11/Jul/2026:00:27:53 -0700] "POST /xmlrpc.php HTTP/1.1" 200 4071 "https://www.facebook.com/" "Mozilla/5.0 (Macintosh; Intel Mac OS X 13_6_1) AppleWebKit/605.1.15 (KHTML, like Gecko) Version/17.1 Safari/605.1.15"
217.181.92.150 - - [11/Jul/2026:00:27:55 -0700] "POST /xmlrpc.php HTTP/1.1" 200 4071 "https://www.google.com/" "Mozilla/5.0 (Macintosh; Intel Mac OS X 10_15_7; rv:118.0) Gecko/20100101 Firefox/118.0"
104.207.55.106 - - [11/Jul/2026:00:27:57 -0700] "POST /xmlrpc.php HTTP/1.1" 200 4071 "https://www.facebook.com/" "Mozilla/5.0 (Windows NT 11.0; Win64; x64; rv:121.0) Gecko/20100101 Firefox/121.0"
104.207.54.239 - - [11/Jul/2026:00:27:58 -0700] "POST /xmlrpc.php HTTP/1.1" 200 4071 "-" "Mozilla/5.0 (Windows NT 10.0; Win64; x64) AppleWebKit/537.36 (KHTML, like Gecko) Chrome/118.0.0.0 Safari/537.36"
209.50.182.184 - - [11/Jul/2026:00:28:00 -0700] "POST /xmlrpc.php HTTP/1.1" 200 4071 "https://wordpress.org/" "Mozilla/5.0 (X11; Linux x86_64) AppleWebKit/537.36 (KHTML, like Gecko) Chrome/121.0.0.0 Safari/537.36"
35.235.84.95 - - [11/Jul/2026:00:29:39 -0700] "POST /wp-cron.php?doing_wp_cron=1783754979.5357339382171630859375 HTTP/1.1" 200 3587 "-" "WordPress/7.0.1; https://vanessavaladezrealty.com"
78.142.18.172 - - [11/Jul/2026:00:29:38 -0700] "GET /wp-login.php HTTP/1.1" 200 6364 "-" "Mozilla/5.0 (Windows NT 10.0; Win64; x64) AppleWebKit/537.36 (KHTML, like Gecko) Chrome/133.0.0.0 Safari/537.36"
78.142.18.172 - - [11/Jul/2026:00:29:39 -0700] "POST /wp-login.php HTTP/1.1" 200 6450 "https://vanessavaladezrealty.com/wp-login.php" "Mozilla/5.0 (Windows NT 10.0; Win64; x64) AppleWebKit/537.36 (KHTML, like Gecko) Chrome/133.0.0.0 Safari/537.36"
35.235.84.95 - - [11/Jul/2026:00:31:40 -0700] "POST /wp-cron.php?doing_wp_cron=1783755100.4344780445098876953125 HTTP/1.1" 200 3587 "-" "WordPress/7.0.1; https://vanessavaladezrealty.com"
103.90.233.75 - - [11/Jul/2026:00:31:39 -0700] "GET /wp-login.php HTTP/1.1" 200 6364 "-" "Mozilla/5.0 (Windows NT 10.0; Win64; x64) AppleWebKit/537.36 (KHTML, like Gecko) Chrome/133.0.0.0 Safari/537.36"
103.90.233.75 - - [11/Jul/2026:00:31:41 -0700] "POST /wp-login.php HTTP/1.1" 200 6446 "https://vanessavaladezrealty.com/wp-login.php" "Mozilla/5.0 (Windows NT 10.0; Win64; x64) AppleWebKit/537.36 (KHTML, like Gecko) Chrome/133.0.0.0 Safari/537.36"
35.235.84.95 - - [11/Jul/2026:00:37:33 -0700] "POST /wp-cron.php?doing_wp_cron=1783755453.6680200099945068359375 HTTP/1.1" 200 3587 "-" "WordPress/7.0.1; https://vanessavaladezrealty.com"
114.119.159.8 - - [11/Jul/2026:00:37:31 -0700] "GET /properties/vanessavaladez/?wplpage=3 HTTP/1.1" 200 32772 "https://vanessavaladezrealty.com/properties/vanessavaladez/?wplpage=2" "Mozilla/5.0 (Linux; Android 7.0;) AppleWebKit/537.36 (HTML, like Gecko) Mobile Safari/537.36 (compatible; PetalBot;+https://webmaster.petalsearch.com/site/petalbot)"
35.235.84.95 - - [11/Jul/2026:00:38:56 -0700] "POST /wp-cron.php?doing_wp_cron=1783755536.8588140010833740234375 HTTP/1.1" 200 3587 "-" "WordPress/7.0.1; https://vanessavaladezrealty.com"
114.119.140.206 - - [11/Jul/2026:00:38:55 -0700] "GET /properties/?wplview=property_show&pid=118 HTTP/1.1" 200 31822 "https://vanessavaladezrealty.com/home-previuos" "Mozilla/5.0 (Linux; Android 7.0;) AppleWebKit/537.36 (HTML, like Gecko) Mobile Safari/537.36 (compatible; PetalBot;+https://webmaster.petalsearch.com/site/petalbot)"
89.124.90.120 - - [11/Jul/2026:00:39:11 -0700] "GET /hello-world/ HTTP/1.1" 200 126065 "https://vanessavaladezrealty.com/hello-world/" "Mozilla/5.0 (Windows NT 10.0; Win64; x64) AppleWebKit/537.36 (KHTML, like Gecko) Chrome/131.0.0.0 Safari/537.36 Avast/131.0.0.0"
89.124.90.120 - - [11/Jul/2026:00:39:13 -0700] "POST /wp-comments-post.php HTTP/1.1" 302 4239 "https://vanessavaladezrealty.com/hello-world/" "Mozilla/5.0 (Windows NT 10.0; Win64; x64) AppleWebKit/537.36 (KHTML, like Gecko) Chrome/131.0.0.0 Safari/537.36 Avast/131.0.0.0"
89.124.90.120 - - [11/Jul/2026:00:39:15 -0700] "GET /hello-world/ HTTP/1.1" 200 129006 "https://vanessavaladezrealty.com/hello-world/#comment-1384" "Mozilla/5.0 (Windows NT 10.0; Win64; x64) AppleWebKit/537.36 (KHTML, like Gecko) Chrome/131.0.0.0 Safari/537.36 Avast/131.0.0.0"
35.235.84.95 - - [11/Jul/2026:00:40:19 -0700] "POST /wp-cron.php?doing_wp_cron=1783755619.7308950424194335937500 HTTP/1.1" 200 3587 "-" "WordPress/7.0.1; https://vanessavaladezrealty.com"
114.119.155.58 - - [11/Jul/2026:00:40:18 -0700] "GET /properties?wplview=property_show&pid=106 HTTP/1.1" 301 4153 "https://vanessavaladezrealty.com/home-previuos" "Mozilla/5.0 (Linux; Android 7.0;) AppleWebKit/537.36 (HTML, like Gecko) Mobile Safari/537.36 (compatible; PetalBot;+https://webmaster.petalsearch.com/site/petalbot)"
114.119.155.58 - - [11/Jul/2026:00:40:20 -0700] "GET /properties/?wplview=property_show&pid=106 HTTP/1.1" 200 33600 "https://vanessavaladezrealty.com/home-previuos" "Mozilla/5.0 (Linux; Android 7.0;) AppleWebKit/537.36 (HTML, like Gecko) Mobile Safari/537.36 (compatible; PetalBot;+https://webmaster.petalsearch.com/site/petalbot)"
35.235.84.95 - - [11/Jul/2026:00:44:48 -0700] "POST /wp-cron.php?doing_wp_cron=1783755888.0433979034423828125000 HTTP/1.1" 200 3587 "-" "WordPress/7.0.1; https://vanessavaladezrealty.com"
161.97.129.228 - - [11/Jul/2026:00:44:46 -0700] "GET /wp-login.php HTTP/1.1" 200 6364 "-" "Mozilla/5.0 (Windows NT 10.0; Win64; x64) AppleWebKit/537.36 (KHTML, like Gecko) Chrome/133.0.0.0 Safari/537.36"
161.97.129.228 - - [11/Jul/2026:00:44:49 -0700] "POST /wp-login.php HTTP/1.1" 200 6466 "https://vanessavaladezrealty.com/wp-login.php" "Mozilla/5.0 (Windows NT 10.0; Win64; x64) AppleWebKit/537.36 (KHTML, like Gecko) Chrome/133.0.0.0 Safari/537.36"
35.235.84.95 - - [11/Jul/2026:00:47:25 -0700] "POST /wp-cron.php?doing_wp_cron=1783756045.8408501148223876953125 HTTP/1.1" 200 3587 "-" "WordPress/7.0.1; https://vanessavaladezrealty.com"
172.203.190.136 - - [11/Jul/2026:00:47:24 -0700] "GET /robots.txt HTTP/1.1" 200 4273 "-" "Mozilla/5.0 (Macintosh; Intel Mac OS X 10_15_7) AppleWebKit/537.36 (KHTML, like Gecko) Chrome/131.0.0.0 Safari/537.36; compatible; OAI-SearchBot/1.0; +https://openai.com/searchbot"
35.235.84.95 - - [11/Jul/2026:00:51:29 -0700] "POST /wp-cron.php?doing_wp_cron=1783756289.2266099452972412109375 HTTP/1.1" 200 3587 "-" "WordPress/7.0.1; https://vanessavaladezrealty.com"
92.31.79.204 - - [11/Jul/2026:00:51:27 -0700] "GET / HTTP/1.1" 200 38357 "-" "Mozilla/5.0 (Macintosh; Intel Mac OS X 13_1_0) AppleWebKit/537.36 (KHTML, like Gecko) Chrome/129.0.6668.29 Safari/537.36"
186.102.35.95 - - [11/Jul/2026:00:52:11 -0700] "GET /properties/113-Residential-1470-Rancho-View-Drive-5-Rooms-3-Bedrooms-4-Bathrooms-USD230-000/ HTTP/1.1" 200 36569 "-" "Mozilla/5.0 (Windows NT 6.1) AppleWebKit/537.36 (KHTML, like Gecko) Chrome/98.0.4758.81 Safari/537.36"
35.235.84.95 - - [11/Jul/2026:00:54:52 -0700] "POST /wp-cron.php?doing_wp_cron=1783756492.7401049137115478515625 HTTP/1.1" 200 3587 "-" "WordPress/7.0.1; https://vanessavaladezrealty.com"
114.119.159.8 - - [11/Jul/2026:00:54:50 -0700] "GET /properties/149-0-0-0-%240/ HTTP/1.1" 200 29340 "https://vanessavaladezrealty.com/properties?wplpage=1" "Mozilla/5.0 (Linux; Android 7.0;) AppleWebKit/537.36 (HTML, like Gecko) Mobile Safari/537.36 (compatible; PetalBot;+https://webmaster.petalsearch.com/site/petalbot)"
35.235.84.95 - - [11/Jul/2026:00:56:15 -0700] "POST /wp-cron.php?doing_wp_cron=1783756575.2670350074768066406250 HTTP/1.1" 200 3587 "-" "WordPress/7.0.1; https://vanessavaladezrealty.com"
114.119.151.126 - - [11/Jul/2026:00:56:13 -0700] "GET /properties/101-Residential-7224-Scenic-Desert-Court-7-Rooms-3-Bedrooms-3-Bathrooms-USD357-000/ HTTP/1.1" 200 31248 "https://vanessavaladezrealty.com/properties/?wplpage=2" "Mozilla/5.0 (Linux; Android 7.0;) AppleWebKit/537.36 (HTML, like Gecko) Mobile Safari/537.36 (compatible; PetalBot;+https://webmaster.petalsearch.com/site/petalbot)"
35.235.84.95 - - [11/Jul/2026:00:56:39 -0700] "POST /wp-cron.php?doing_wp_cron=1783756599.0150458812713623046875 HTTP/1.1" 200 3587 "-" "WordPress/7.0.1; https://vanessavaladezrealty.com"
78.142.18.172 - - [11/Jul/2026:00:56:37 -0700] "GET /wp-login.php HTTP/1.1" 200 6364 "-" "Mozilla/5.0 (Windows NT 10.0; Win64; x64) AppleWebKit/537.36 (KHTML, like Gecko) Chrome/133.0.0.0 Safari/537.36"
78.142.18.172 - - [11/Jul/2026:00:56:39 -0700] "POST /wp-login.php HTTP/1.1" 200 6446 "https://vanessavaladezrealty.com/wp-login.php" "Mozilla/5.0 (Windows NT 10.0; Win64; x64) AppleWebKit/537.36 (KHTML, like Gecko) Chrome/133.0.0.0 Safari/537.36"
190.3.170.36 - - [11/Jul/2026:00:57:07 -0700] "GET /wp-json/wp/v2/users/me HTTP/1.1" 403 4352 "-" "Mozilla/5.0 (Windows NT 10.0; Win64; x64) AppleWebKit/537.36 (KHTML, like Gecko) Chrome/133.0.0.0 Safari/537.36"
35.235.84.95 - - [11/Jul/2026:01:00:38 -0700] "HEAD / HTTP/1.1" 200 4253 "-" "Mozilla/5.0 (Windows NT 10.0; Win64; x64) AppleWebKit/537.36 (KHTML, like Gecko) Chrome/117.0.0.0 Safari/537.36"
35.235.84.95 - - [11/Jul/2026:01:09:14 -0700] "POST /wp-cron.php?doing_wp_cron=1783757354.7529699802398681640625 HTTP/1.1" 200 3587 "-" "WordPress/7.0.1; https://vanessavaladezrealty.com"
159.65.81.207 - - [11/Jul/2026:01:09:13 -0700] "GET /wp-login.php HTTP/1.1" 200 6364 "-" "Mozilla/5.0 (Windows NT 10.0; Win64; x64) AppleWebKit/537.36 (KHTML, like Gecko) Chrome/133.0.0.0 Safari/537.36"
159.65.81.207 - - [11/Jul/2026:01:09:14 -0700] "POST /wp-login.php HTTP/1.1" 200 6466 "https://vanessavaladezrealty.com/wp-login.php" "Mozilla/5.0 (Windows NT 10.0; Win64; x64) AppleWebKit/537.36 (KHTML, like Gecko) Chrome/133.0.0.0 Safari/537.36"
35.235.84.95 - - [11/Jul/2026:01:11:12 -0700] "POST /wp-cron.php?doing_wp_cron=1783757472.7021310329437255859375 HTTP/1.1" 200 3587 "-" "WordPress/7.0.1; https://vanessavaladezrealty.com"
78.142.18.172 - - [11/Jul/2026:01:11:11 -0700] "GET /wp-login.php HTTP/1.1" 200 6364 "-" "Mozilla/5.0 (Windows NT 10.0; Win64; x64) AppleWebKit/537.36 (KHTML, like Gecko) Chrome/133.0.0.0 Safari/537.36"
78.142.18.172 - - [11/Jul/2026:01:11:12 -0700] "POST /wp-login.php HTTP/1.1" 200 6445 "https://vanessavaladezrealty.com/wp-login.php" "Mozilla/5.0 (Windows NT 10.0; Win64; x64) AppleWebKit/537.36 (KHTML, like Gecko) Chrome/133.0.0.0 Safari/537.36"
35.235.84.95 - - [11/Jul/2026:01:11:34 -0700] "POST /wp-cron.php?doing_wp_cron=1783757494.7713220119476318359375 HTTP/1.1" 200 3587 "-" "WordPress/7.0.1; https://vanessavaladezrealty.com"
35.235.84.95 - - [11/Jul/2026:01:11:35 -0700] "POST /wp-cron.php?doing_wp_cron=1783757495.2752931118011474609375 HTTP/1.1" 200 3587 "-" "WordPress/7.0.1; https://vanessavaladezrealty.com"
14.170.18.92 - - [11/Jul/2026:01:11:33 -0700] "GET /properties/147-0-0-0-$0/ HTTP/1.1" 200 33089 "-" "Mozilla/5.0 (Windows NT 6.2; WOW64) AppleWebKit/537.36 (KHTML, like Gecko) Chrome/75.0.3770.100 ADG/11.0.2510 AOLBUILD/11.0.2510 Safari/537.36"
35.235.84.95 - - [11/Jul/2026:01:13:09 -0700] "POST /wp-cron.php?doing_wp_cron=1783757589.8728549480438232421875 HTTP/1.1" 200 3587 "-" "WordPress/7.0.1; https://vanessavaladezrealty.com"
114.119.155.58 - - [11/Jul/2026:01:13:08 -0700] "GET /properties/126-Residential-Lease-7524-Hope-Valley-Street-10-Rooms-4-Bedrooms-3-Bathrooms-USD2-200 HTTP/1.1" 301 4210 "https://vanessavaladezrealty.com/properties/vanessavaladez?wplpage=4" "Mozilla/5.0 (Linux; Android 7.0;) AppleWebKit/537.36 (HTML, like Gecko) Mobile Safari/537.36 (compatible; PetalBot;+https://webmaster.petalsearch.com/site/petalbot)"
114.119.155.58 - - [11/Jul/2026:01:13:10 -0700] "GET /properties/126-Residential-Lease-7524-Hope-Valley-Street-10-Rooms-4-Bedrooms-3-Bathrooms-USD2-200/ HTTP/1.1" 200 32905 "https://vanessavaladezrealty.com/properties/vanessavaladez?wplpage=4" "Mozilla/5.0 (Linux; Android 7.0;) AppleWebKit/537.36 (HTML, like Gecko) Mobile Safari/537.36 (compatible; PetalBot;+https://webmaster.petalsearch.com/site/petalbot)"
35.235.84.95 - - [11/Jul/2026:01:15:55 -0700] "POST /wp-cron.php?doing_wp_cron=1783757755.6126389503479003906250 HTTP/1.1" 200 3587 "-" "WordPress/7.0.1; https://vanessavaladezrealty.com"
154.43.45.25 - - [11/Jul/2026:01:15:53 -0700] "GET /properties/vanessavaladez/tel:7027760711/tel:7027760711/tel:7027760711/tel:7027760711/tel:7027760711/tel:7027760711/ HTTP/1.1" 200 32802 "-" "Mozilla/5.0 (Windows NT 10.0; Win64; x64) AppleWebKit/537.36 (KHTML, like Gecko) Chrome/84.0.4147.135 Safari/537.36"
123.23.248.12 - - [11/Jul/2026:01:16:03 -0700] "GET /properties/vanessavaladez/tel:7027760711/tel:7027760711/tel:7027760711/tel:7027760711/?wplpage=1 HTTP/1.1" 200 32799 "-" "Mozilla/5.0 (Windows NT 6.1; Win64; x64) AppleWebKit/537.36 (KHTML, like Gecko) Chrome/73.0.3683.86 Safari/537.36"
35.235.84.95 - - [11/Jul/2026:01:16:46 -0700] "POST /wp-cron.php?doing_wp_cron=1783757806.0794999599456787109375 HTTP/1.1" 200 3587 "-" "WordPress/7.0.1; https://vanessavaladezrealty.com"
89.124.120.230 - - [11/Jul/2026:01:16:44 -0700] "GET /hello-world/ HTTP/1.1" 200 126058 "https://vanessavaladezrealty.com/hello-world/" "Mozilla/5.0 (Windows NT 10.0; Win64; x64) AppleWebKit/537.36 (KHTML, like Gecko) Chrome/129.0.0.0 Safari/537.36"
89.124.120.230 - - [11/Jul/2026:01:16:47 -0700] "POST /wp-comments-post.php HTTP/1.1" 302 4308 "https://vanessavaladezrealty.com/hello-world/" "Mozilla/5.0 (Windows NT 10.0; Win64; x64) AppleWebKit/537.36 (KHTML, like Gecko) Chrome/129.0.0.0 Safari/537.36"
89.124.120.230 - - [11/Jul/2026:01:16:48 -0700] "GET /hello-world/ HTTP/1.1" 200 129057 "https://vanessavaladezrealty.com/hello-world/#comment-1385" "Mozilla/5.0 (Windows NT 10.0; Win64; x64) AppleWebKit/537.36 (KHTML, like Gecko) Chrome/129.0.0.0 Safari/537.36"
35.235.84.95 - - [11/Jul/2026:01:21:27 -0700] "POST /wp-cron.php?doing_wp_cron=1783758087.1108000278472900390625 HTTP/1.1" 200 3587 "-" "WordPress/7.0.1; https://vanessavaladezrealty.com"
171.249.201.185 - - [11/Jul/2026:01:21:25 -0700] "GET /properties/112-Residential-405-Cactus-Bloom-Lane-7-Rooms-3-Bedrooms-2-Bathrooms-USD240-000/tel:7027760711 HTTP/1.1" 301 4218 "-" "Mozilla/5.0 (Windows NT 10.0) AppleWebKit/537.36 (KHTML, like Gecko) Chrome/88.0.4324.190 Safari/537.36"
171.249.201.185 - - [11/Jul/2026:01:21:27 -0700] "GET /properties/112-Residential-405-Cactus-Bloom-Lane-7-Rooms-3-Bedrooms-2-Bathrooms-USD240-000/tel:7027760711/ HTTP/1.1" 301 4367 "-" "Mozilla/5.0 (Windows NT 10.0) AppleWebKit/537.36 (KHTML, like Gecko) Chrome/88.0.4324.190 Safari/537.36"
171.249.201.185 - - [11/Jul/2026:01:21:29 -0700] "GET /properties/112-Residential-405-Cactus-Bloom-Lane-7-Rooms-3-Bedrooms-2-Bathrooms-USD240-000 HTTP/1.1" 301 4145 "-" "Mozilla/5.0 (Windows NT 10.0) AppleWebKit/537.36 (KHTML, like Gecko) Chrome/88.0.4324.190 Safari/537.36"
171.249.201.185 - - [11/Jul/2026:01:21:30 -0700] "GET /properties/112-Residential-405-Cactus-Bloom-Lane-7-Rooms-3-Bedrooms-2-Bathrooms-USD240-000/ HTTP/1.1" 200 34205 "-" "Mozilla/5.0 (Windows NT 10.0) AppleWebKit/537.36 (KHTML, like Gecko) Chrome/88.0.4324.190 Safari/537.36"
97.74.93.24 - - [11/Jul/2026:01:22:04 -0700] "GET /wp-login.php HTTP/1.1" 200 6364 "-" "Mozilla/5.0 (Windows NT 10.0; Win64; x64) AppleWebKit/537.36 (KHTML, like Gecko) Chrome/133.0.0.0 Safari/537.36"
97.74.93.24 - - [11/Jul/2026:01:22:06 -0700] "POST /wp-login.php HTTP/1.1" 200 6446 "https://vanessavaladezrealty.com/wp-login.php" "Mozilla/5.0 (Windows NT 10.0; Win64; x64) AppleWebKit/537.36 (KHTML, like Gecko) Chrome/133.0.0.0 Safari/537.36"
45.94.31.204 - - [11/Jul/2026:01:27:46 -0700] "GET / HTTP/1.1" 200 361446 "-" "Mozlila/5.0 (Linux; Android 7.0; SM-G892A Bulid/NRD90M; wv) AppleWebKit/537.36 (KHTML, like Gecko) Version/4.0 Chrome/60.0.3112.107 Moblie Safari/537.36"
45.94.31.204 - - [11/Jul/2026:01:27:47 -0700] "GET /wp-content/themes/seotheme/db.php?u HTTP/1.1" 404 98845 "www.google.com" "Mozlila/5.0 (Linux; Android 7.0; SM-G892A Bulid/NRD90M; wv) AppleWebKit/537.36 (KHTML, like Gecko) Version/4.0 Chrome/60.0.3112.107 Moblie Safari/537.36"
45.94.31.204 - - [11/Jul/2026:01:27:49 -0700] "GET /wp-content/plugins/apikey/apikey.php?test=hello HTTP/1.1" 404 98845 "-" "Mozlila/5.0 (Linux; Android 7.0; SM-G892A Bulid/NRD90M; wv) AppleWebKit/537.36 (KHTML, like Gecko) Version/4.0 Chrome/60.0.3112.107 Moblie Safari/537.36"
45.94.31.204 - - [11/Jul/2026:01:27:52 -0700] "POST /wp-plain.php HTTP/1.1" 404 98774 "www.google.com" "Mozilla/5.0 (Linux; Android 7.0; SM-G892A Bulid/NRD90M; wv) AppleWebKit/537.36 (KHTML, like Gecko) Version/4.0 Chrome/60.0.3112.107 Moblie Safari/537.36"
45.94.31.204 - - [11/Jul/2026:01:27:53 -0700] "GET /plugins/content/apismtp/apismtp.php?test=hello HTTP/1.1" 404 98867 "-" "Mozlila/5.0 (Linux; Android 7.0; SM-G892A Bulid/NRD90M; wv) AppleWebKit/537.36 (KHTML, like Gecko) Version/4.0 Chrome/60.0.3112.107 Moblie Safari/537.36"
45.94.31.204 - - [11/Jul/2026:01:27:54 -0700] "GET /vvahjlzr.php?Fox=d3wL7 HTTP/1.1" 404 98774 "www.google.com" "Mozilla/5.0 (Linux; Android 7.0; SM-G892A Bulid/NRD90M; wv) AppleWebKit/537.36 (KHTML, like Gecko) Version/4.0 Chrome/60.0.3112.107 Moblie Safari/537.36"
45.94.31.204 - - [11/Jul/2026:01:27:56 -0700] "GET /wp-content/plugins/apikey/apikey.php.suspected?test=hello HTTP/1.1" 404 98867 "-" "Mozlila/5.0 (Linux; Android 7.0; SM-G892A Bulid/NRD90M; wv) AppleWebKit/537.36 (KHTML, like Gecko) Version/4.0 Chrome/60.0.3112.107 Moblie Safari/537.36"
45.94.31.204 - - [11/Jul/2026:01:27:57 -0700] "GET /plugins/content/apismtp/apismtp.php.suspected?test=hello HTTP/1.1" 404 98867 "-" "Mozlila/5.0 (Linux; Android 7.0; SM-G892A Bulid/NRD90M; wv) AppleWebKit/537.36 (KHTML, like Gecko) Version/4.0 Chrome/60.0.3112.107 Moblie Safari/537.36"
35.235.84.95 - - [11/Jul/2026:01:32:40 -0700] "POST /wp-cron.php?doing_wp_cron=1783758760.7697269916534423828125 HTTP/1.1" 200 3587 "-" "WordPress/7.0.1; https://vanessavaladezrealty.com"
77.247.120.166 - - [11/Jul/2026:01:32:39 -0700] "GET /properties/embed/tel:7027760711/tel:7027760711/tel:7027760711/ HTTP/1.1" 200 24547 "-" "Mozilla/5.0 (Windows NT 6.3; WOW64) AppleWebKit/537.36 (KHTML, like Gecko) Chrome/92.0.4515.131 Safari/537.36"
35.235.84.95 - - [11/Jul/2026:01:37:27 -0700] "POST /wp-cron.php?doing_wp_cron=1783759047.8162488937377929687500 HTTP/1.1" 200 3587 "-" "WordPress/7.0.1; https://vanessavaladezrealty.com"
78.142.18.172 - - [11/Jul/2026:01:37:26 -0700] "GET /wp-login.php HTTP/1.1" 200 6364 "-" "Mozilla/5.0 (Windows NT 10.0; Win64; x64) AppleWebKit/537.36 (KHTML, like Gecko) Chrome/133.0.0.0 Safari/537.36"
78.142.18.172 - - [11/Jul/2026:01:37:28 -0700] "POST /wp-login.php HTTP/1.1" 200 6445 "https://vanessavaladezrealty.com/wp-login.php" "Mozilla/5.0 (Windows NT 10.0; Win64; x64) AppleWebKit/537.36 (KHTML, like Gecko) Chrome/133.0.0.0 Safari/537.36"
197.14.206.166 - - [11/Jul/2026:01:38:06 -0700] "GET /properties/125-Residential-Lease-605-Sand-Sage-Avenue-6-Rooms-4-Bedrooms-3-Bathrooms-USD2-350/ HTTP/1.1" 200 37369 "-" "Mozilla/5.0 (Windows NT 10.0; Win64; x64) AppleWebKit/537.36 (KHTML, like Gecko) Chrome/89.0.4389.82 Safari/537.36"
114.119.153.188 - - [11/Jul/2026:01:38:17 -0700] "GET /properties/vanessavaladez?wplpage=2 HTTP/1.1" 301 4148 "https://vanessavaladezrealty.com/properties/vanessavaladez?wplpage=3" "Mozilla/5.0 (Linux; Android 7.0;) AppleWebKit/537.36 (HTML, like Gecko) Mobile Safari/537.36 (compatible; PetalBot;+https://webmaster.petalsearch.com/site/petalbot)"
114.119.153.188 - - [11/Jul/2026:01:38:19 -0700] "GET /properties/vanessavaladez/?wplpage=2 HTTP/1.1" 200 33469 "https://vanessavaladezrealty.com/properties/vanessavaladez?wplpage=3" "Mozilla/5.0 (Linux; Android 7.0;) AppleWebKit/537.36 (HTML, like Gecko) Mobile Safari/537.36 (compatible; PetalBot;+https://webmaster.petalsearch.com/site/petalbot)"
35.235.84.95 - - [11/Jul/2026:01:39:41 -0700] "POST /wp-cron.php?doing_wp_cron=1783759181.9270169734954833984375 HTTP/1.1" 200 3587 "-" "WordPress/7.0.1; https://vanessavaladezrealty.com"
114.119.153.188 - - [11/Jul/2026:01:39:40 -0700] "GET /properties/132-Residential-3325-Plaza-Del-Paz-6-Rooms-3-Bedrooms-3-Bathrooms-USD575-000 HTTP/1.1" 301 4200 "https://vanessavaladezrealty.com/properties/vanessavaladez?wplpage=4" "Mozilla/5.0 (Linux; Android 7.0;) AppleWebKit/537.36 (HTML, like Gecko) Mobile Safari/537.36 (compatible; PetalBot;+https://webmaster.petalsearch.com/site/petalbot)"
114.119.153.188 - - [11/Jul/2026:01:39:42 -0700] "GET /properties/132-Residential-3325-Plaza-Del-Paz-6-Rooms-3-Bedrooms-3-Bathrooms-USD575-000/ HTTP/1.1" 200 33002 "https://vanessavaladezrealty.com/properties/vanessavaladez?wplpage=4" "Mozilla/5.0 (Linux; Android 7.0;) AppleWebKit/537.36 (HTML, like Gecko) Mobile Safari/537.36 (compatible; PetalBot;+https://webmaster.petalsearch.com/site/petalbot)"
35.235.84.95 - - [11/Jul/2026:01:46:48 -0700] "POST /wp-cron.php?doing_wp_cron=1783759608.4349811077117919921875 HTTP/1.1" 200 3587 "-" "WordPress/7.0.1; https://vanessavaladezrealty.com"
161.97.129.228 - - [11/Jul/2026:01:46:47 -0700] "GET /wp-login.php HTTP/1.1" 200 6364 "-" "Mozilla/5.0 (Windows NT 10.0; Win64; x64) AppleWebKit/537.36 (KHTML, like Gecko) Chrome/133.0.0.0 Safari/537.36"
161.97.129.228 - - [11/Jul/2026:01:46:48 -0700] "POST /wp-login.php HTTP/1.1" 200 6444 "https://vanessavaladezrealty.com/wp-login.php" "Mozilla/5.0 (Windows NT 10.0; Win64; x64) AppleWebKit/537.36 (KHTML, like Gecko) Chrome/133.0.0.0 Safari/537.36"
57.141.18.47 - - [11/Jul/2026:01:47:23 -0700] "GET /news_sitemap.xml HTTP/1.1" 404 98763 "-" "Mozilla/5.0 (Windows NT 10.0; Win64; x64) AppleWebKit/537.36 (KHTML, like Gecko) Chrome/145.0.0.0 Safari/537.36 (compatible; meta-externalagent/1.1 (+https://developers.facebook.com/docs/sharing/webmasters/crawler))"
35.235.84.95 - - [11/Jul/2026:01:48:47 -0700] "POST /wp-cron.php?doing_wp_cron=1783759727.2280919551849365234375 HTTP/1.1" 200 3587 "-" "WordPress/7.0.1; https://vanessavaladezrealty.com"
177.239.82.11 - - [11/Jul/2026:01:48:45 -0700] "GET /properties/?pid=109&wplview=property_show HTTP/1.1" 200 36005 "-" "Mozilla/5.0 (Windows NT 10.0; WOW64) AppleWebKit/537.36 (KHTML, like Gecko) Chrome/66.0.3359.158 Safari/537.36"
35.235.84.95 - - [11/Jul/2026:01:55:48 -0700] "POST /wp-cron.php?doing_wp_cron=1783760148.5361180305480957031250 HTTP/1.1" 200 3587 "-" "WordPress/7.0.1; https://vanessavaladezrealty.com"
114.119.159.8 - - [11/Jul/2026:01:55:46 -0700] "GET /properties/135-Residential-1809-Shadow-Mountain-Place-4-Rooms-3-Bedrooms-2-Bathrooms-USD314-998/ HTTP/1.1" 200 32186 "https://vanessavaladezrealty.com/properties/vanessavaladez?wplpage=5" "Mozilla/5.0 (Linux; Android 7.0;) AppleWebKit/537.36 (HTML, like Gecko) Mobile Safari/537.36 (compatible; PetalBot;+https://webmaster.petalsearch.com/site/petalbot)"
35.235.84.95 - - [11/Jul/2026:01:59:47 -0700] "POST /wp-cron.php?doing_wp_cron=1783760387.5910270214080810546875 HTTP/1.1" 200 3587 "-" "WordPress/7.0.1; https://vanessavaladezrealty.com"
187.21.209.142 - - [11/Jul/2026:01:59:46 -0700] "GET /properties/embed/tel:7027760711/tel:7027760711/tel:7027760711/tel:7027760711/tel:7027760711/tel:7027760711 HTTP/1.1" 301 4219 "-" "Mozilla/5.0 (Macintosh; Intel Mac OS X 10_14_6) AppleWebKit/537.36 (KHTML, like Gecko) Brave Chrome/87.0.4280.88 Safari/537.36"
187.21.209.142 - - [11/Jul/2026:01:59:48 -0700] "GET /properties/embed/tel:7027760711/tel:7027760711/tel:7027760711/tel:7027760711/tel:7027760711/tel:7027760711/ HTTP/1.1" 200 24489 "-" "Mozilla/5.0 (Macintosh; Intel Mac OS X 10_14_6) AppleWebKit/537.36 (KHTML, like Gecko) Brave Chrome/87.0.4280.88 Safari/537.36"
35.235.84.95 - - [11/Jul/2026:02:00:38 -0700] "HEAD / HTTP/1.1" 200 4253 "-" "Mozilla/5.0 (Windows NT 10.0; Win64; x64) AppleWebKit/537.36 (KHTML, like Gecko) Chrome/117.0.0.0 Safari/537.36"
141.98.11.171 - - [11/Jul/2026:02:05:14 -0700] "GET /.env HTTP/1.1" 403 4352 "-" "Mozilla/5.0 (Windows NT 10.0; Win64; x64) AppleWebKit/537.36"
35.235.84.95 - - [11/Jul/2026:02:05:42 -0700] "POST /wp-cron.php?doing_wp_cron=1783760742.1584169864654541015625 HTTP/1.1" 200 3587 "-" "WordPress/7.0.1; https://vanessavaladezrealty.com"
216.234.215.225 - - [11/Jul/2026:02:05:40 -0700] "POST /xmlrpc.php HTTP/1.1" 200 4129 "-" "WordPress.com; https://wordpress.com"
216.234.215.225 - - [11/Jul/2026:02:06:00 -0700] "POST /xmlrpc.php HTTP/1.1" 200 4129 "-" "Jetpack by WordPress.com"
216.234.215.225 - - [11/Jul/2026:02:06:22 -0700] "POST /xmlrpc.php HTTP/1.1" 200 4129 "-" "Jetpack/12.0; WordPress/6.2; http://site38354761.com"
114.119.155.58 - - [11/Jul/2026:02:06:23 -0700] "GET /properties?wplview=property_show&pid=124 HTTP/1.1" 301 4153 "https://vanessavaladezrealty.com/properties?wplview=property_show&pid=124" "Mozilla/5.0 (Linux; Android 7.0;) AppleWebKit/537.36 (HTML, like Gecko) Mobile Safari/537.36 (compatible; PetalBot;+https://webmaster.petalsearch.com/site/petalbot)"
114.119.155.58 - - [11/Jul/2026:02:06:24 -0700] "GET /properties/?wplview=property_show&pid=124 HTTP/1.1" 200 34112 "https://vanessavaladezrealty.com/properties?wplview=property_show&pid=124" "Mozilla/5.0 (Linux; Android 7.0;) AppleWebKit/537.36 (HTML, like Gecko) Mobile Safari/537.36 (compatible; PetalBot;+https://webmaster.petalsearch.com/site/petalbot)"
35.235.84.95 - - [11/Jul/2026:02:06:45 -0700] "POST /wp-cron.php?doing_wp_cron=1783760805.3787550926208496093750 HTTP/1.1" 200 3587 "-" "WordPress/7.0.1; https://vanessavaladezrealty.com"
216.234.215.225 - - [11/Jul/2026:02:06:44 -0700] "POST /xmlrpc.php HTTP/1.1" 200 4129 "-" "Jetpack by WordPress.com"
209.145.49.99 - - [11/Jul/2026:02:06:55 -0700] "GET /wp-login.php HTTP/1.1" 200 6364 "-" "Mozilla/5.0 (Windows NT 10.0; Win64; x64) AppleWebKit/537.36 (KHTML, like Gecko) Chrome/133.0.0.0 Safari/537.36"
209.145.49.99 - - [11/Jul/2026:02:06:57 -0700] "POST /wp-login.php HTTP/1.1" 200 6466 "https://vanessavaladezrealty.com/wp-login.php" "Mozilla/5.0 (Windows NT 10.0; Win64; x64) AppleWebKit/537.36 (KHTML, like Gecko) Chrome/133.0.0.0 Safari/537.36"
216.234.215.225 - - [11/Jul/2026:02:07:05 -0700] "POST /xmlrpc.php HTTP/1.1" 200 4129 "-" "Jetpack by WordPress.com (Jetpack 13.0; WordPress 6.1)"
216.234.215.225 - - [11/Jul/2026:02:07:27 -0700] "POST /xmlrpc.php HTTP/1.1" 200 4129 "-" "Jetpack/12.5; WordPress/6.4; http://site59178566.com"
114.119.155.210 - - [11/Jul/2026:02:07:40 -0700] "GET /properties/147-0-0-0-%240/ HTTP/1.1" 200 29338 "https://vanessavaladezrealty.com/?page_id=16" "Mozilla/5.0 (Linux; Android 7.0;) AppleWebKit/537.36 (HTML, like Gecko) Mobile Safari/537.36 (compatible; PetalBot;+https://webmaster.petalsearch.com/site/petalbot)"
35.235.84.95 - - [11/Jul/2026:02:07:49 -0700] "POST /wp-cron.php?doing_wp_cron=1783760869.3524520397186279296875 HTTP/1.1" 200 3587 "-" "WordPress/7.0.1; https://vanessavaladezrealty.com"
216.234.215.225 - - [11/Jul/2026:02:07:48 -0700] "POST /xmlrpc.php HTTP/1.1" 200 4129 "-" "Jetpack by WordPress.com (Jetpack 12.5; WordPress 6.1)"
216.234.215.225 - - [11/Jul/2026:02:08:09 -0700] "POST /xmlrpc.php HTTP/1.1" 200 4129 "-" "Jetpack/12.1; WordPress/6.3; http://site23290299.com"
216.234.215.225 - - [11/Jul/2026:02:08:31 -0700] "POST /xmlrpc.php HTTP/1.1" 200 4129 "-" "Jetpack by WordPress.com (Jetpack 12.0; WordPress 6.4)"
35.235.84.95 - - [11/Jul/2026:02:08:53 -0700] "POST /wp-cron.php?doing_wp_cron=1783760933.9067599773406982421875 HTTP/1.1" 200 3587 "-" "WordPress/7.0.1; https://vanessavaladezrealty.com"
216.234.215.225 - - [11/Jul/2026:02:08:52 -0700] "POST /xmlrpc.php HTTP/1.1" 200 4129 "-" "Jetpack by WordPress.com"
216.234.215.225 - - [11/Jul/2026:02:09:13 -0700] "POST /xmlrpc.php HTTP/1.1" 200 4129 "-" "Jetpack by WordPress.com"
216.234.215.225 - - [11/Jul/2026:02:09:23 -0700] "POST /xmlrpc.php HTTP/1.1" 200 4129 "-" "Jetpack by WordPress.com"
35.235.84.95 - - [11/Jul/2026:02:09:59 -0700] "POST /wp-cron.php?doing_wp_cron=1783760999.1211988925933837890625 HTTP/1.1" 200 3587 "-" "WordPress/7.0.1; https://vanessavaladezrealty.com"
216.234.215.225 - - [11/Jul/2026:02:09:57 -0700] "POST /xmlrpc.php HTTP/1.1" 200 4129 "-" "Jetpack by WordPress.com (Jetpack 12.1; WordPress 6.4)"
78.142.18.172 - - [11/Jul/2026:02:10:23 -0700] "GET /wp-login.php HTTP/1.1" 200 6364 "-" "Mozilla/5.0 (Windows NT 10.0; Win64; x64) AppleWebKit/537.36 (KHTML, like Gecko) Chrome/133.0.0.0 Safari/537.36"
78.142.18.172 - - [11/Jul/2026:02:10:24 -0700] "POST /wp-login.php HTTP/1.1" 200 6446 "https://vanessavaladezrealty.com/wp-login.php" "Mozilla/5.0 (Windows NT 10.0; Win64; x64) AppleWebKit/537.36 (KHTML, like Gecko) Chrome/133.0.0.0 Safari/537.36"
216.234.215.225 - - [11/Jul/2026:02:10:37 -0700] "POST /xmlrpc.php HTTP/1.1" 200 4129 "-" "Jetpack by WordPress.com (Jetpack 12.5; WordPress 6.2)"
35.235.84.95 - - [11/Jul/2026:02:11:02 -0700] "POST /wp-cron.php?doing_wp_cron=1783761062.3185369968414306640625 HTTP/1.1" 200 3587 "-" "WordPress/7.0.1; https://vanessavaladezrealty.com"
103.82.20.130 - - [11/Jul/2026:02:11:01 -0700] "GET /wp-login.php HTTP/1.1" 200 6364 "-" "Mozilla/5.0 (Windows NT 10.0; Win64; x64) AppleWebKit/537.36 (KHTML, like Gecko) Chrome/133.0.0.0 Safari/537.36"
103.82.20.130 - - [11/Jul/2026:02:11:02 -0700] "POST /wp-login.php HTTP/1.1" 200 6444 "https://vanessavaladezrealty.com/wp-login.php" "Mozilla/5.0 (Windows NT 10.0; Win64; x64) AppleWebKit/537.36 (KHTML, like Gecko) Chrome/133.0.0.0 Safari/537.36"
35.235.84.95 - - [11/Jul/2026:02:12:47 -0700] "POST /wp-cron.php?doing_wp_cron=1783761167.4727349281311035156250 HTTP/1.1" 200 3587 "-" "WordPress/7.0.1; https://vanessavaladezrealty.com"
35.235.84.95 - - [11/Jul/2026:02:12:48 -0700] "POST /wp-cron.php?doing_wp_cron=1783761168.0041890144348144531250 HTTP/1.1" 200 3587 "-" "WordPress/7.0.1; https://vanessavaladezrealty.com"
185.188.217.206 - - [11/Jul/2026:02:12:46 -0700] "GET /properties/89-Residential-125-East-Harmon-Avenue-1815-3-Rooms-1-Bathroom-USD299-900/ HTTP/1.1" 200 35439 "-" "Mozilla/5.0 (Windows NT 10.0; Win64; x64) AppleWebKit/537.36 (KHTML, like Gecko) Brave Chrome/77.0.3865.90 Safari/537.36"
108.165.197.96 - - [11/Jul/2026:02:13:15 -0700] "GET / HTTP/1.1" 200 38357 "-" "Mozilla/5.0 (X11; Linux x86_64) AppleWebKit/537.36 (KHTML, like Gecko) Chrome/125.0.0.0 Safari/537.36"
108.165.197.96 - - [11/Jul/2026:02:13:17 -0700] "GET /contact HTTP/1.1" 301 4062 "-" "Mozilla/5.0 (Windows NT 10.0; Win64; x64; rv:128.0) Gecko/20100101 Firefox/128.0"
108.165.197.96 - - [11/Jul/2026:02:13:20 -0700] "GET /contact/ HTTP/1.1" 200 27922 "-" "Mozilla/5.0 (Windows NT 10.0; Win64; x64; rv:128.0) Gecko/20100101 Firefox/128.0"
14.171.97.79 - - [11/Jul/2026:02:13:36 -0700] "GET /category/uncategorized/ HTTP/1.1" 200 21868 "-" "Mozilla/5.0 (Windows NT 10.0; Win64; x64) AppleWebKit/537.36 (KHTML, like Gecko) Chrome/104.0.0.0 Safari/537.36"
35.235.84.95 - - [11/Jul/2026:02:14:02 -0700] "POST /wp-cron.php?doing_wp_cron=1783761242.1402111053466796875000 HTTP/1.1" 200 3587 "-" "WordPress/7.0.1; https://vanessavaladezrealty.com"
216.234.215.225 - - [11/Jul/2026:02:14:01 -0700] "POST /xmlrpc.php HTTP/1.1" 200 4129 "-" "Jetpack/12.0; WordPress/6.3; http://site40070189.com"
216.234.215.225 - - [11/Jul/2026:02:14:40 -0700] "POST /xmlrpc.php HTTP/1.1" 200 4129 "-" "Jetpack by WordPress.com (Jetpack 12.0; WordPress 6.1)"
216.234.215.225 - - [11/Jul/2026:02:15:02 -0700] "POST /xmlrpc.php HTTP/1.1" 403 4352 "-" "Jetpack by WordPress.com"
35.235.84.95 - - [11/Jul/2026:02:15:25 -0700] "POST /wp-cron.php?doing_wp_cron=1783761325.4203538894653320312500 HTTP/1.1" 200 3587 "-" "WordPress/7.0.1; https://vanessavaladezrealty.com"
216.234.215.225 - - [11/Jul/2026:02:15:24 -0700] "POST /xmlrpc.php HTTP/1.1" 200 4129 "-" "Jetpack/12.5; WordPress/6.4; http://site24946728.com"
216.234.215.225 - - [11/Jul/2026:02:15:46 -0700] "POST /xmlrpc.php HTTP/1.1" 403 4352 "-" "Jetpack by WordPress.com"
35.235.84.95 - - [11/Jul/2026:02:16:09 -0700] "POST /wp-cron.php?doing_wp_cron=1783761369.8881409168243408203125 HTTP/1.1" 200 3587 "-" "WordPress/7.0.1; https://vanessavaladezrealty.com"
216.234.215.225 - - [11/Jul/2026:02:16:08 -0700] "POST /xmlrpc.php HTTP/1.1" 200 4129 "-" "Jetpack by WordPress.com (Jetpack 12.5; WordPress 6.4)"
35.235.84.95 - - [11/Jul/2026:02:16:31 -0700] "POST /wp-cron.php?doing_wp_cron=1783761391.8519260883331298828125 HTTP/1.1" 200 3587 "-" "WordPress/7.0.1; https://vanessavaladezrealty.com"
216.234.215.225 - - [11/Jul/2026:02:16:30 -0700] "POST /xmlrpc.php HTTP/1.1" 200 4129 "-" "WordPress.com; https://wordpress.com"
216.234.215.225 - - [11/Jul/2026:02:16:52 -0700] "POST /xmlrpc.php HTTP/1.1" 200 4129 "-" "Jetpack by WordPress.com (Jetpack 12.1; WordPress 6.1)"
216.234.215.225 - - [11/Jul/2026:02:17:14 -0700] "POST /xmlrpc.php HTTP/1.1" 200 4129 "-" "Jetpack/13.0; WordPress/6.3; http://site33898823.com"
216.234.215.225 - - [11/Jul/2026:02:17:46 -0700] "POST /xmlrpc.php HTTP/1.1" 403 4352 "-" "Jetpack by WordPress.com"
35.235.84.95 - - [11/Jul/2026:02:18:08 -0700] "POST /wp-cron.php?doing_wp_cron=1783761488.9068360328674316406250 HTTP/1.1" 200 3587 "-" "WordPress/7.0.1; https://vanessavaladezrealty.com"
216.234.215.225 - - [11/Jul/2026:02:18:07 -0700] "POST /xmlrpc.php HTTP/1.1" 200 4129 "-" "Jetpack/12.5; WordPress/6.1; http://site71695136.com"
216.234.215.225 - - [11/Jul/2026:02:18:29 -0700] "POST /xmlrpc.php HTTP/1.1" 200 4129 "-" "Jetpack/12.0; WordPress/6.3; http://site75002422.com"
216.234.215.225 - - [11/Jul/2026:02:18:54 -0700] "POST /xmlrpc.php HTTP/1.1" 403 4352 "-" "Jetpack by WordPress.com"
35.235.84.95 - - [11/Jul/2026:02:19:14 -0700] "POST /wp-cron.php?doing_wp_cron=1783761554.1394720077514648437500 HTTP/1.1" 200 3587 "-" "WordPress/7.0.1; https://vanessavaladezrealty.com"
216.234.215.225 - - [11/Jul/2026:02:19:13 -0700] "POST /xmlrpc.php HTTP/1.1" 200 4129 "-" "Jetpack/13.0; WordPress/6.3; http://site66946815.com"
216.234.215.225 - - [11/Jul/2026:02:19:34 -0700] "POST /xmlrpc.php HTTP/1.1" 403 4352 "-" "Jetpack by WordPress.com"
35.235.84.95 - - [11/Jul/2026:02:19:57 -0700] "POST /wp-cron.php?doing_wp_cron=1783761597.1011929512023925781250 HTTP/1.1" 200 3587 "-" "WordPress/7.0.1; https://vanessavaladezrealty.com"
216.234.215.225 - - [11/Jul/2026:02:19:56 -0700] "POST /xmlrpc.php HTTP/1.1" 200 4129 "-" "Jetpack/12.1; WordPress/6.2; http://site84221903.com"
216.234.215.225 - - [11/Jul/2026:02:20:17 -0700] "POST /xmlrpc.php HTTP/1.1" 200 4129 "-" "WordPress.com; https://wordpress.com"
216.234.215.225 - - [11/Jul/2026:02:20:38 -0700] "POST /xmlrpc.php HTTP/1.1" 200 4129 "-" "WordPress.com; https://wordpress.com"
35.235.84.95 - - [11/Jul/2026:02:21:01 -0700] "POST /wp-cron.php?doing_wp_cron=1783761661.2947940826416015625000 HTTP/1.1" 200 3587 "-" "WordPress/7.0.1; https://vanessavaladezrealty.com"
181.53.96.92 - - [11/Jul/2026:02:20:59 -0700] "GET /properties/vanessavaladez/tel:7027760711/tel:7027760711/tel:7027760711/tel:7027760711/?wplpage=4 HTTP/1.1" 200 33091 "-" "Mozilla/5.0 (Windows NT 10.0; Win64; x64) AppleWebKit/537.36 (KHTML, like Gecko) Chrome/89.0.4389.116 Safari/537.36"
216.234.215.225 - - [11/Jul/2026:02:21:01 -0700] "POST /xmlrpc.php HTTP/1.1" 200 4129 "-" "Jetpack/12.5; WordPress/6.2; http://site87989966.com"
216.234.215.225 - - [11/Jul/2026:02:21:22 -0700] "POST /xmlrpc.php HTTP/1.1" 200 4129 "-" "Jetpack/12.1; WordPress/6.2; http://site57011600.com"
35.235.84.95 - - [11/Jul/2026:02:21:44 -0700] "POST /wp-cron.php?doing_wp_cron=1783761704.7338590621948242187500 HTTP/1.1" 200 3587 "-" "WordPress/7.0.1; https://vanessavaladezrealty.com"
216.234.215.225 - - [11/Jul/2026:02:21:43 -0700] "POST /xmlrpc.php HTTP/1.1" 200 4129 "-" "Jetpack/12.1; WordPress/6.2; http://site17444851.com"
216.234.215.225 - - [11/Jul/2026:02:22:04 -0700] "POST /xmlrpc.php HTTP/1.1" 200 4129 "-" "Jetpack/12.1; WordPress/6.4; http://site99477547.com"
216.234.215.225 - - [11/Jul/2026:02:22:27 -0700] "POST /xmlrpc.php HTTP/1.1" 200 4129 "-" "Jetpack by WordPress.com (Jetpack 12.0; WordPress 6.1)"
216.234.215.225 - - [11/Jul/2026:02:22:50 -0700] "POST /xmlrpc.php HTTP/1.1" 403 4352 "-" "Jetpack by WordPress.com"
35.235.84.95 - - [11/Jul/2026:02:23:13 -0700] "POST /wp-cron.php?doing_wp_cron=1783761793.0661869049072265625000 HTTP/1.1" 200 3587 "-" "WordPress/7.0.1; https://vanessavaladezrealty.com"
216.234.215.225 - - [11/Jul/2026:02:23:12 -0700] "POST /xmlrpc.php HTTP/1.1" 200 4129 "-" "WordPress.com; https://wordpress.com"
89.163.146.197 - - [11/Jul/2026:02:23:28 -0700] "GET /wp-login.php HTTP/1.1" 200 6364 "https://duckduckgo.com/" "Mozilla/5.0 (Macintosh; Intel Mac OS X 10_15_7) AppleWebKit/605.1.15 (KHTML, like Gecko) Version/17.1 Safari/605.1.15"
152.53.181.85 - - [11/Jul/2026:02:23:30 -0700] "GET /feed/ HTTP/1.1" 200 5142 "-" "Mozilla/5.0 (Macintosh; Intel Mac OS X 10.15; rv:144.0) Gecko/20100101 Firefox/144.0"
89.163.146.197 - - [11/Jul/2026:02:23:31 -0700] "GET /?author=1 HTTP/1.1" 301 4076 "https://www.facebook.com/" "Mozilla/5.0 (Macintosh; Intel Mac OS X 10_15_7; rv:120.0) Gecko/20100101 Firefox/120.0"
89.163.146.197 - - [11/Jul/2026:02:23:33 -0700] "GET /author/admin_wyj7ruvs/ HTTP/1.1" 200 22066 "https://www.facebook.com/" "Mozilla/5.0 (Macintosh; Intel Mac OS X 10_15_7; rv:120.0) Gecko/20100101 Firefox/120.0"
152.53.181.85 - - [11/Jul/2026:02:23:33 -0700] "GET /comments/feed/ HTTP/1.1" 200 4701 "-" "Mozilla/5.0 (Macintosh; Intel Mac OS X 10.15; rv:144.0) Gecko/20100101 Firefox/144.0"
89.163.146.197 - - [11/Jul/2026:02:23:37 -0700] "GET /?author=2 HTTP/1.1" 200 21643 "https://www.facebook.com/" "Mozilla/5.0 (Macintosh; Intel Mac OS X 13_6_1) AppleWebKit/605.1.15 (KHTML, like Gecko) Version/17.0 Safari/605.1.15"
89.163.146.197 - - [11/Jul/2026:02:23:38 -0700] "GET /?author=3 HTTP/1.1" 200 21629 "https://wordpress.org/" "Mozilla/5.0 (Macintosh; Intel Mac OS X 13_6_1; rv:118.0) Gecko/20100101 Firefox/118.0"
216.234.215.225 - - [11/Jul/2026:02:23:33 -0700] "POST /xmlrpc.php HTTP/1.1" 200 4129 "-" "Jetpack/12.5; WordPress/6.3; http://site58219092.com"
89.163.146.197 - - [11/Jul/2026:02:23:40 -0700] "GET /?author=4 HTTP/1.1" 301 4069 "-" "Mozilla/5.0 (Windows NT 11.0; Win64; x64) AppleWebKit/537.36 (KHTML, like Gecko) Chrome/121.0.0.0 Safari/537.36"
89.163.146.197 - - [11/Jul/2026:02:23:42 -0700] "GET /author/jarthur/ HTTP/1.1" 200 21639 "-" "Mozilla/5.0 (Windows NT 11.0; Win64; x64) AppleWebKit/537.36 (KHTML, like Gecko) Chrome/121.0.0.0 Safari/537.36"
89.163.146.197 - - [11/Jul/2026:02:23:44 -0700] "GET /?author=5 HTTP/1.1" 404 98102 "https://duckduckgo.com/" "Mozilla/5.0 (Macintosh; Intel Mac OS X 13_6_1) AppleWebKit/605.1.15 (KHTML, like Gecko) Version/17.0 Safari/605.1.15"
89.163.146.197 - - [11/Jul/2026:02:23:46 -0700] "GET /wp-json/wp/v2/users HTTP/1.1" 403 4352 "https://www.google.com/search?q=wordpress" "Mozilla/5.0 (X11; Linux x86_64) AppleWebKit/537.36 (KHTML, like Gecko) Chrome/119.0.0.0 Safari/537.36"
35.235.84.95 - - [11/Jul/2026:02:23:50 -0700] "POST /wp-cron.php?doing_wp_cron=1783761830.0056440830230712890625 HTTP/1.1" 200 3587 "-" "WordPress/7.0.1; https://vanessavaladezrealty.com"
89.163.146.197 - - [11/Jul/2026:02:23:48 -0700] "GET /wp-admin/index.php HTTP/1.1" 302 3793 "https://vanessavaladezrealty.com/wp-login.php" "Mozilla/5.0 (Macintosh; Intel Mac OS X 10_15_7) AppleWebKit/605.1.15 (KHTML, like Gecko) Version/16.6 Safari/605.1.15"
89.163.146.197 - - [11/Jul/2026:02:23:50 -0700] "GET /wp-login.php?redirect_to=https%3A%2F%2Fvanessavaladezrealty.com%2Fwp-admin%2Findex.php&reauth=1 HTTP/1.1" 200 8370 "https://vanessavaladezrealty.com/wp-login.php" "Mozilla/5.0 (Macintosh; Intel Mac OS X 10_15_7) AppleWebKit/605.1.15 (KHTML, like Gecko) Version/16.6 Safari/605.1.15"
89.163.146.197 - - [11/Jul/2026:02:23:46 -0700] "POST /wp-login.php HTTP/1.1" 200 6459 "https://vanessavaladezrealty.com/wp-login.php" "Mozilla/5.0 (Macintosh; Intel Mac OS X 13_6_1) AppleWebKit/605.1.15 (KHTML, like Gecko) Version/17.0 Safari/605.1.15"
89.163.146.197 - - [11/Jul/2026:02:23:52 -0700] "POST /wp-login.php HTTP/1.1" 200 6464 "https://vanessavaladezrealty.com/wp-login.php" "Mozilla/5.0 (X11; Ubuntu; Linux x86_64) AppleWebKit/537.36 (KHTML, like Gecko) Chrome/120.0.0.0 Safari/537.36"
89.163.146.197 - - [11/Jul/2026:02:23:53 -0700] "GET /wp-admin/index.php HTTP/1.1" 302 3793 "https://vanessavaladezrealty.com/wp-login.php" "Mozilla/5.0 (Windows NT 10.0; Win64; x64) AppleWebKit/537.36 (KHTML, like Gecko) Chrome/119.0.0.0 Safari/537.36"
216.234.215.225 - - [11/Jul/2026:02:23:54 -0700] "POST /xmlrpc.php HTTP/1.1" 200 4129 "-" "Jetpack by WordPress.com (Jetpack 12.5; WordPress 6.3)"
89.163.146.197 - - [11/Jul/2026:02:23:55 -0700] "GET /wp-login.php?redirect_to=https%3A%2F%2Fvanessavaladezrealty.com%2Fwp-admin%2Findex.php&reauth=1 HTTP/1.1" 200 8370 "https://vanessavaladezrealty.com/wp-login.php" "Mozilla/5.0 (Windows NT 10.0; Win64; x64) AppleWebKit/537.36 (KHTML, like Gecko) Chrome/119.0.0.0 Safari/537.36"
89.163.146.197 - - [11/Jul/2026:02:23:57 -0700] "POST /wp-login.php HTTP/1.1" 200 6462 "https://vanessavaladezrealty.com/wp-login.php" "Mozilla/5.0 (X11; Linux x86_64) AppleWebKit/537.36 (KHTML, like Gecko) Chrome/121.0.0.0 Safari/537.36"
89.163.146.197 - - [11/Jul/2026:02:23:59 -0700] "GET /wp-admin/index.php HTTP/1.1" 302 3793 "https://vanessavaladezrealty.com/wp-login.php" "Mozilla/5.0 (Windows NT 11.0; Win64; x64) AppleWebKit/537.36 (KHTML, like Gecko) Chrome/119.0.0.0 Safari/537.36"
89.163.146.197 - - [11/Jul/2026:02:24:00 -0700] "GET /wp-login.php?redirect_to=https%3A%2F%2Fvanessavaladezrealty.com%2Fwp-admin%2Findex.php&reauth=1 HTTP/1.1" 200 8370 "https://vanessavaladezrealty.com/wp-login.php" "Mozilla/5.0 (Windows NT 11.0; Win64; x64) AppleWebKit/537.36 (KHTML, like Gecko) Chrome/119.0.0.0 Safari/537.36"
89.163.146.197 - - [11/Jul/2026:02:24:02 -0700] "POST /wp-login.php HTTP/1.1" 200 6459 "https://vanessavaladezrealty.com/wp-login.php" "Mozilla/5.0 (Macintosh; Intel Mac OS X 10_15_7) AppleWebKit/605.1.15 (KHTML, like Gecko) Version/16.6 Safari/605.1.15"
89.163.146.197 - - [11/Jul/2026:02:24:03 -0700] "GET /wp-admin/index.php HTTP/1.1" 302 3793 "https://vanessavaladezrealty.com/wp-login.php" "Mozilla/5.0 (Macintosh; Intel Mac OS X 10_15_7) AppleWebKit/537.36 (KHTML, like Gecko) Chrome/118.0.0.0 Safari/537.36"
89.163.146.197 - - [11/Jul/2026:02:24:05 -0700] "GET /wp-login.php?redirect_to=https%3A%2F%2Fvanessavaladezrealty.com%2Fwp-admin%2Findex.php&reauth=1 HTTP/1.1" 200 8370 "https://vanessavaladezrealty.com/wp-login.php" "Mozilla/5.0 (Macintosh; Intel Mac OS X 10_15_7) AppleWebKit/537.36 (KHTML, like Gecko) Chrome/118.0.0.0 Safari/537.36"
89.163.146.197 - - [11/Jul/2026:02:24:06 -0700] "POST /wp-login.php HTTP/1.1" 200 6401 "https://vanessavaladezrealty.com/wp-login.php" "Mozilla/5.0 (Macintosh; Intel Mac OS X 10_15_7) AppleWebKit/605.1.15 (KHTML, like Gecko) Version/17.0 Safari/605.1.15"
89.163.146.197 - - [11/Jul/2026:02:24:07 -0700] "GET /wp-admin/index.php HTTP/1.1" 302 3793 "https://vanessavaladezrealty.com/wp-login.php" "Mozilla/5.0 (X11; Linux x86_64) AppleWebKit/537.36 (KHTML, like Gecko) Chrome/119.0.0.0 Safari/537.36"
89.163.146.197 - - [11/Jul/2026:02:24:08 -0700] "GET /wp-login.php?redirect_to=https%3A%2F%2Fvanessavaladezrealty.com%2Fwp-admin%2Findex.php&reauth=1 HTTP/1.1" 200 8370 "https://vanessavaladezrealty.com/wp-login.php" "Mozilla/5.0 (X11; Linux x86_64) AppleWebKit/537.36 (KHTML, like Gecko) Chrome/119.0.0.0 Safari/537.36"
89.163.146.197 - - [11/Jul/2026:02:24:11 -0700] "GET /wp-admin/index.php HTTP/1.1" 302 3793 "https://vanessavaladezrealty.com/wp-login.php" "Mozilla/5.0 (Macintosh; Intel Mac OS X 13_6_1; rv:118.0) Gecko/20100101 Firefox/118.0"
89.163.146.197 - - [11/Jul/2026:02:24:13 -0700] "GET /wp-login.php?redirect_to=https%3A%2F%2Fvanessavaladezrealty.com%2Fwp-admin%2Findex.php&reauth=1 HTTP/1.1" 200 8370 "https://vanessavaladezrealty.com/wp-login.php" "Mozilla/5.0 (Macintosh; Intel Mac OS X 13_6_1; rv:118.0) Gecko/20100101 Firefox/118.0"
89.163.146.197 - - [11/Jul/2026:02:24:16 -0700] "GET /wp-admin/index.php HTTP/1.1" 302 3793 "https://vanessavaladezrealty.com/wp-login.php" "Mozilla/5.0 (Macintosh; Intel Mac OS X 10_15_7; rv:118.0) Gecko/20100101 Firefox/118.0"
89.163.146.197 - - [11/Jul/2026:02:24:17 -0700] "GET /wp-login.php?redirect_to=https%3A%2F%2Fvanessavaladezrealty.com%2Fwp-admin%2Findex.php&reauth=1 HTTP/1.1" 200 8370 "https://vanessavaladezrealty.com/wp-login.php" "Mozilla/5.0 (Macintosh; Intel Mac OS X 10_15_7; rv:118.0) Gecko/20100101 Firefox/118.0"
89.163.146.197 - - [11/Jul/2026:02:24:20 -0700] "GET /wp-admin/index.php HTTP/1.1" 302 3793 "https://vanessavaladezrealty.com/wp-login.php" "Mozilla/5.0 (Macintosh; Intel Mac OS X 10_15_7) AppleWebKit/537.36 (KHTML, like Gecko) Chrome/119.0.0.0 Safari/537.36"
89.163.146.197 - - [11/Jul/2026:02:24:10 -0700] "POST /wp-login.php HTTP/1.1" 200 6459 "https://vanessavaladezrealty.com/wp-login.php" "Mozilla/5.0 (Windows NT 10.0; Win64; x64) AppleWebKit/537.36 (KHTML, like Gecko) Chrome/121.0.0.0 Safari/537.36"
216.234.215.225 - - [11/Jul/2026:02:24:15 -0700] "POST /xmlrpc.php HTTP/1.1" 200 4129 "-" "WordPress.com; https://wordpress.com"
89.163.146.197 - - [11/Jul/2026:02:24:19 -0700] "POST /wp-login.php HTTP/1.1" 200 6465 "https://vanessavaladezrealty.com/wp-login.php" "Mozilla/5.0 (X11; Linux x86_64) AppleWebKit/537.36 (KHTML, like Gecko) Chrome/118.0.0.0 Safari/537.36"
89.163.146.197 - - [11/Jul/2026:02:24:14 -0700] "POST /wp-login.php HTTP/1.1" 200 6464 "https://vanessavaladezrealty.com/wp-login.php" "Mozilla/5.0 (X11; Linux x86_64) AppleWebKit/537.36 (KHTML, like Gecko) Chrome/120.0.0.0 Safari/537.36"
89.163.146.197 - - [11/Jul/2026:02:24:22 -0700] "GET /wp-login.php?redirect_to=https%3A%2F%2Fvanessavaladezrealty.com%2Fwp-admin%2Findex.php&reauth=1 HTTP/1.1" 200 8370 "https://vanessavaladezrealty.com/wp-login.php" "Mozilla/5.0 (Macintosh; Intel Mac OS X 10_15_7) AppleWebKit/537.36 (KHTML, like Gecko) Chrome/119.0.0.0 Safari/537.36"
89.163.146.197 - - [11/Jul/2026:02:24:23 -0700] "POST /wp-login.php HTTP/1.1" 200 6464 "https://vanessavaladezrealty.com/wp-login.php" "Mozilla/5.0 (Windows NT 11.0; Win64; x64; rv:120.0) Gecko/20100101 Firefox/120.0"
89.163.146.197 - - [11/Jul/2026:02:24:24 -0700] "GET /wp-admin/index.php HTTP/1.1" 302 3793 "https://vanessavaladezrealty.com/wp-login.php" "Mozilla/5.0 (Macintosh; Intel Mac OS X 10_15_7) AppleWebKit/605.1.15 (KHTML, like Gecko) Version/16.6 Safari/605.1.15"
89.163.146.197 - - [11/Jul/2026:02:24:26 -0700] "GET /wp-login.php?redirect_to=https%3A%2F%2Fvanessavaladezrealty.com%2Fwp-admin%2Findex.php&reauth=1 HTTP/1.1" 200 8370 "https://vanessavaladezrealty.com/wp-login.php" "Mozilla/5.0 (Macintosh; Intel Mac OS X 10_15_7) AppleWebKit/605.1.15 (KHTML, like Gecko) Version/16.6 Safari/605.1.15"
89.163.146.197 - - [11/Jul/2026:02:24:27 -0700] "POST /wp-login.php HTTP/1.1" 200 6460 "https://vanessavaladezrealty.com/wp-login.php" "Mozilla/5.0 (Macintosh; Intel Mac OS X 13_6_1; rv:119.0) Gecko/20100101 Firefox/119.0"
89.163.146.197 - - [11/Jul/2026:02:24:28 -0700] "GET /wp-admin/index.php HTTP/1.1" 302 3793 "https://vanessavaladezrealty.com/wp-login.php" "Mozilla/5.0 (Windows NT 11.0; Win64; x64) AppleWebKit/537.36 (KHTML, like Gecko) Chrome/120.0.0.0 Safari/537.36"
89.163.146.197 - - [11/Jul/2026:02:24:30 -0700] "GET /wp-login.php?redirect_to=https%3A%2F%2Fvanessavaladezrealty.com%2Fwp-admin%2Findex.php&reauth=1 HTTP/1.1" 200 8370 "https://vanessavaladezrealty.com/wp-login.php" "Mozilla/5.0 (Windows NT 11.0; Win64; x64) AppleWebKit/537.36 (KHTML, like Gecko) Chrome/120.0.0.0 Safari/537.36"
