216.73.216.242 - - [10/Jul/2026:09:40:27 -0700] "GET /wp-includes/js/jquery/ui/core.min.js?ver=1.13.3 HTTP/1.1" 200 3570 "https://vanessavaladezrealty.com/properties/89-Residential-125-East-Harmon-Avenue-1815-3-Rooms-1-Bathroom-USD299-900/" "Mozilla/5.0 (Macintosh; Intel Mac OS X 10_15_7) AppleWebKit/537.36 (KHTML, like Gecko) Chrome/131.0.0.0 Safari/537.36; ClaudeBot/1.0; +claudebot@anthropic.com)"
216.73.216.242 - - [10/Jul/2026:09:40:27 -0700] "GET /wp-includes/js/jquery/ui/mouse.min.js?ver=1.13.3 HTTP/1.1" 200 3571 "https://vanessavaladezrealty.com/properties/89-Residential-125-East-Harmon-Avenue-1815-3-Rooms-1-Bathroom-USD299-900/" "Mozilla/5.0 (Macintosh; Intel Mac OS X 10_15_7) AppleWebKit/537.36 (KHTML, like Gecko) Chrome/131.0.0.0 Safari/537.36; ClaudeBot/1.0; +claudebot@anthropic.com)"
216.73.216.242 - - [10/Jul/2026:09:40:27 -0700] "GET /wp-includes/js/jquery/ui/sortable.min.js?ver=1.13.3 HTTP/1.1" 200 3574 "https://vanessavaladezrealty.com/properties/89-Residential-125-East-Harmon-Avenue-1815-3-Rooms-1-Bathroom-USD299-900/" "Mozilla/5.0 (Macintosh; Intel Mac OS X 10_15_7) AppleWebKit/537.36 (KHTML, like Gecko) Chrome/131.0.0.0 Safari/537.36; ClaudeBot/1.0; +claudebot@anthropic.com)"
216.73.216.242 - - [10/Jul/2026:09:40:27 -0700] "GET /wp-content/themes/astra/assets/js/minified/frontend.min.js?ver=4.12.5 HTTP/1.1" 200 3592 "https://vanessavaladezrealty.com/properties/89-Residential-125-East-Harmon-Avenue-1815-3-Rooms-1-Bathroom-USD299-900/" "Mozilla/5.0 (Macintosh; Intel Mac OS X 10_15_7) AppleWebKit/537.36 (KHTML, like Gecko) Chrome/131.0.0.0 Safari/537.36; ClaudeBot/1.0; +claudebot@anthropic.com)"
216.73.216.242 - - [10/Jul/2026:09:40:27 -0700] "GET /wp-content/plugins/real-estate-listing-realtyna-wpl/assets/js/libraries/realtyna/realtyna.min.js?ver=7.0.1 HTTP/1.1" 200 3630 "https://vanessavaladezrealty.com/properties/89-Residential-125-East-Harmon-Avenue-1815-3-Rooms-1-Bathroom-USD299-900/" "Mozilla/5.0 (Macintosh; Intel Mac OS X 10_15_7) AppleWebKit/537.36 (KHTML, like Gecko) Chrome/131.0.0.0 Safari/537.36; ClaudeBot/1.0; +claudebot@anthropic.com)"
216.73.216.242 - - [10/Jul/2026:09:40:27 -0700] "GET /wp-includes/js/dist/dom-ready.min.js?ver=a06281ae5cf5500e9317 HTTP/1.1" 200 4104 "https://vanessavaladezrealty.com/properties/89-Residential-125-East-Harmon-Avenue-1815-3-Rooms-1-Bathroom-USD299-900/" "Mozilla/5.0 (Macintosh; Intel Mac OS X 10_15_7) AppleWebKit/537.36 (KHTML, like Gecko) Chrome/131.0.0.0 Safari/537.36; ClaudeBot/1.0; +claudebot@anthropic.com)"
216.73.216.242 - - [10/Jul/2026:09:40:27 -0700] "GET /wp-content/plugins/elementor/assets/js/webpack.runtime.min.js?ver=3.35.7 HTTP/1.1" 200 3595 "https://vanessavaladezrealty.com/properties/89-Residential-125-East-Harmon-Avenue-1815-3-Rooms-1-Bathroom-USD299-900/" "Mozilla/5.0 (Macintosh; Intel Mac OS X 10_15_7) AppleWebKit/537.36 (KHTML, like Gecko) Chrome/131.0.0.0 Safari/537.36; ClaudeBot/1.0; +claudebot@anthropic.com)"
216.73.216.242 - - [10/Jul/2026:09:40:27 -0700] "GET /wp-content/plugins/astra-sites/inc/lib/onboarding/assets/dist/template-preview/main.js?ver=09382f635556bec359b3 HTTP/1.1" 200 3620 "https://vanessavaladezrealty.com/properties/89-Residential-125-East-Harmon-Avenue-1815-3-Rooms-1-Bathroom-USD299-900/" "Mozilla/5.0 (Macintosh; Intel Mac OS X 10_15_7) AppleWebKit/537.36 (KHTML, like Gecko) Chrome/131.0.0.0 Safari/537.36; ClaudeBot/1.0; +claudebot@anthropic.com)"
216.73.216.242 - - [10/Jul/2026:09:40:27 -0700] "GET /wp-content/plugins/elementor/assets/js/frontend.min.js?ver=3.35.7 HTTP/1.1" 200 3588 "https://vanessavaladezrealty.com/properties/89-Residential-125-East-Harmon-Avenue-1815-3-Rooms-1-Bathroom-USD299-900/" "Mozilla/5.0 (Macintosh; Intel Mac OS X 10_15_7) AppleWebKit/537.36 (KHTML, like Gecko) Chrome/131.0.0.0 Safari/537.36; ClaudeBot/1.0; +claudebot@anthropic.com)"
216.73.216.242 - - [10/Jul/2026:09:40:27 -0700] "GET /wp-content/uploads/WPL/users/3/main_email.png HTTP/1.1" 200 3827 "https://vanessavaladezrealty.com/properties/89-Residential-125-East-Harmon-Avenue-1815-3-Rooms-1-Bathroom-USD299-900/" "Mozilla/5.0 (Macintosh; Intel Mac OS X 10_15_7) AppleWebKit/537.36 (KHTML, like Gecko) Chrome/131.0.0.0 Safari/537.36; ClaudeBot/1.0; +claudebot@anthropic.com)"
216.73.216.242 - - [10/Jul/2026:09:40:27 -0700] "GET /wp-content/plugins/real-estate-listing-realtyna-wpl/assets/img/idx/powered-by-realtyna.png HTTP/1.1" 200 3618 "https://vanessavaladezrealty.com/properties/89-Residential-125-East-Harmon-Avenue-1815-3-Rooms-1-Bathroom-USD299-900/" "Mozilla/5.0 (Macintosh; Intel Mac OS X 10_15_7) AppleWebKit/537.36 (KHTML, like Gecko) Chrome/131.0.0.0 Safari/537.36; ClaudeBot/1.0; +claudebot@anthropic.com)"
216.73.216.242 - - [10/Jul/2026:09:40:27 -0700] "GET /wp-content/plugins/elementor/assets/js/frontend-modules.min.js?ver=3.35.7 HTTP/1.1" 200 3596 "https://vanessavaladezrealty.com/properties/89-Residential-125-East-Harmon-Avenue-1815-3-Rooms-1-Bathroom-USD299-900/" "Mozilla/5.0 (Macintosh; Intel Mac OS X 10_15_7) AppleWebKit/537.36 (KHTML, like Gecko) Chrome/131.0.0.0 Safari/537.36; ClaudeBot/1.0; +claudebot@anthropic.com)"
216.73.216.242 - - [10/Jul/2026:09:40:27 -0700] "GET /wp-content/plugins/real-estate-listing-realtyna-wpl/assets/js/libraries/wpl.jquery.bxslider.min.js?ver=7.0.1 HTTP/1.1" 200 3632 "https://vanessavaladezrealty.com/properties/89-Residential-125-East-Harmon-Avenue-1815-3-Rooms-1-Bathroom-USD299-900/" "Mozilla/5.0 (Macintosh; Intel Mac OS X 10_15_7) AppleWebKit/537.36 (KHTML, like Gecko) Chrome/131.0.0.0 Safari/537.36; ClaudeBot/1.0; +claudebot@anthropic.com)"
216.73.216.242 - - [10/Jul/2026:09:40:27 -0700] "GET /wp-includes/js/jquery/ui/core.min.js?ver=1.13.3 HTTP/2.0" 200 6791 "https://vanessavaladezrealty.com/properties/89-Residential-125-East-Harmon-Avenue-1815-3-Rooms-1-Bathroom-USD299-900/" "Mozilla/5.0 (Macintosh; Intel Mac OS X 10_15_7) AppleWebKit/537.36 (KHTML, like Gecko) Chrome/131.0.0.0 Safari/537.36; ClaudeBot/1.0; +claudebot@anthropic.com)"
216.73.216.242 - - [10/Jul/2026:09:40:27 -0700] "GET /wp-includes/js/jquery/ui/mouse.min.js?ver=1.13.3 HTTP/2.0" 200 1011 "https://vanessavaladezrealty.com/properties/89-Residential-125-East-Harmon-Avenue-1815-3-Rooms-1-Bathroom-USD299-900/" "Mozilla/5.0 (Macintosh; Intel Mac OS X 10_15_7) AppleWebKit/537.36 (KHTML, like Gecko) Chrome/131.0.0.0 Safari/537.36; ClaudeBot/1.0; +claudebot@anthropic.com)"
216.73.216.242 - - [10/Jul/2026:09:40:27 -0700] "GET /wp-includes/js/jquery/ui/sortable.min.js?ver=1.13.3 HTTP/2.0" 200 6295 "https://vanessavaladezrealty.com/properties/89-Residential-125-East-Harmon-Avenue-1815-3-Rooms-1-Bathroom-USD299-900/" "Mozilla/5.0 (Macintosh; Intel Mac OS X 10_15_7) AppleWebKit/537.36 (KHTML, like Gecko) Chrome/131.0.0.0 Safari/537.36; ClaudeBot/1.0; +claudebot@anthropic.com)"
216.73.216.242 - - [10/Jul/2026:09:40:27 -0700] "GET /wp-content/themes/astra/assets/js/minified/frontend.min.js?ver=4.12.5 HTTP/2.0" 200 6170 "https://vanessavaladezrealty.com/properties/89-Residential-125-East-Harmon-Avenue-1815-3-Rooms-1-Bathroom-USD299-900/" "Mozilla/5.0 (Macintosh; Intel Mac OS X 10_15_7) AppleWebKit/537.36 (KHTML, like Gecko) Chrome/131.0.0.0 Safari/537.36; ClaudeBot/1.0; +claudebot@anthropic.com)"
216.73.216.242 - - [10/Jul/2026:09:40:27 -0700] "GET /wp-content/plugins/real-estate-listing-realtyna-wpl/assets/js/libraries/realtyna/realtyna.min.js?ver=7.0.1 HTTP/2.0" 200 30871 "https://vanessavaladezrealty.com/properties/89-Residential-125-East-Harmon-Avenue-1815-3-Rooms-1-Bathroom-USD299-900/" "Mozilla/5.0 (Macintosh; Intel Mac OS X 10_15_7) AppleWebKit/537.36 (KHTML, like Gecko) Chrome/131.0.0.0 Safari/537.36; ClaudeBot/1.0; +claudebot@anthropic.com)"
216.73.216.242 - - [10/Jul/2026:09:40:27 -0700] "GET /wp-content/plugins/elementor/assets/js/webpack.runtime.min.js?ver=3.35.7 HTTP/2.0" 200 2279 "https://vanessavaladezrealty.com/properties/89-Residential-125-East-Harmon-Avenue-1815-3-Rooms-1-Bathroom-USD299-900/" "Mozilla/5.0 (Macintosh; Intel Mac OS X 10_15_7) AppleWebKit/537.36 (KHTML, like Gecko) Chrome/131.0.0.0 Safari/537.36; ClaudeBot/1.0; +claudebot@anthropic.com)"
216.73.216.242 - - [10/Jul/2026:09:40:27 -0700] "GET /wp-content/plugins/astra-sites/inc/lib/onboarding/assets/dist/template-preview/main.js?ver=09382f635556bec359b3 HTTP/2.0" 200 2094 "https://vanessavaladezrealty.com/properties/89-Residential-125-East-Harmon-Avenue-1815-3-Rooms-1-Bathroom-USD299-900/" "Mozilla/5.0 (Macintosh; Intel Mac OS X 10_15_7) AppleWebKit/537.36 (KHTML, like Gecko) Chrome/131.0.0.0 Safari/537.36; ClaudeBot/1.0; +claudebot@anthropic.com)"
216.73.216.242 - - [10/Jul/2026:09:40:27 -0700] "GET /wp-content/plugins/elementor/assets/js/frontend.min.js?ver=3.35.7 HTTP/2.0" 200 10017 "https://vanessavaladezrealty.com/properties/89-Residential-125-East-Harmon-Avenue-1815-3-Rooms-1-Bathroom-USD299-900/" "Mozilla/5.0 (Macintosh; Intel Mac OS X 10_15_7) AppleWebKit/537.36 (KHTML, like Gecko) Chrome/131.0.0.0 Safari/537.36; ClaudeBot/1.0; +claudebot@anthropic.com)"
216.73.216.242 - - [10/Jul/2026:09:40:27 -0700] "GET /wp-content/plugins/real-estate-listing-realtyna-wpl/assets/img/idx/powered-by-realtyna.png HTTP/2.0" 200 21656 "https://vanessavaladezrealty.com/properties/89-Residential-125-East-Harmon-Avenue-1815-3-Rooms-1-Bathroom-USD299-900/" "Mozilla/5.0 (Macintosh; Intel Mac OS X 10_15_7) AppleWebKit/537.36 (KHTML, like Gecko) Chrome/131.0.0.0 Safari/537.36; ClaudeBot/1.0; +claudebot@anthropic.com)"
216.73.216.242 - - [10/Jul/2026:09:40:27 -0700] "GET /wp-content/plugins/real-estate-listing-realtyna-wpl/assets/js/libraries/wpl.jquery.bxslider.min.js?ver=7.0.1 HTTP/2.0" 200 5789 "https://vanessavaladezrealty.com/properties/89-Residential-125-East-Harmon-Avenue-1815-3-Rooms-1-Bathroom-USD299-900/" "Mozilla/5.0 (Macintosh; Intel Mac OS X 10_15_7) AppleWebKit/537.36 (KHTML, like Gecko) Chrome/131.0.0.0 Safari/537.36; ClaudeBot/1.0; +claudebot@anthropic.com)"
216.73.216.242 - - [10/Jul/2026:09:40:27 -0700] "GET /wp-content/plugins/elementor/assets/js/frontend-modules.min.js?ver=3.35.7 HTTP/2.0" 200 15297 "https://vanessavaladezrealty.com/properties/89-Residential-125-East-Harmon-Avenue-1815-3-Rooms-1-Bathroom-USD299-900/" "Mozilla/5.0 (Macintosh; Intel Mac OS X 10_15_7) AppleWebKit/537.36 (KHTML, like Gecko) Chrome/131.0.0.0 Safari/537.36; ClaudeBot/1.0; +claudebot@anthropic.com)"
216.73.216.242 - - [10/Jul/2026:09:40:28 -0700] "GET /wp-content/plugins/real-estate-listing-realtyna-wpl/assets/fonts/wpl_front.woff2 HTTP/2.0" 200 38012 "https://vanessavaladezrealty.com/wp-content/plugins/real-estate-listing-realtyna-wpl/assets/css/frontend.css?ver=7.0.1" "Mozilla/5.0 (Macintosh; Intel Mac OS X 10_15_7) AppleWebKit/537.36 (KHTML, like Gecko) Chrome/131.0.0.0 Safari/537.36; ClaudeBot/1.0; +claudebot@anthropic.com)"
216.73.216.242 - - [10/Jul/2026:09:40:28 -0700] "GET /wp-content/plugins/real-estate-listing-realtyna-wpl/assets/js/js_inline.html HTTP/2.0" 200 1484 "https://vanessavaladezrealty.com/properties/89-Residential-125-East-Harmon-Avenue-1815-3-Rooms-1-Bathroom-USD299-900/" "Mozilla/5.0 (Macintosh; Intel Mac OS X 10_15_7) AppleWebKit/537.36 (KHTML, like Gecko) Chrome/131.0.0.0 Safari/537.36; ClaudeBot/1.0; +claudebot@anthropic.com)"
216.73.216.242 - - [10/Jul/2026:09:40:28 -0700] "GET /wp-content/plugins/elementor/assets/js/shared-frontend-handlers.03caa53373b56d3bab67.bundle.min.js HTTP/2.0" 200 2498 "https://vanessavaladezrealty.com/properties/89-Residential-125-East-Harmon-Avenue-1815-3-Rooms-1-Bathroom-USD299-900/" "Mozilla/5.0 (Macintosh; Intel Mac OS X 10_15_7) AppleWebKit/537.36 (KHTML, like Gecko) Chrome/131.0.0.0 Safari/537.36; ClaudeBot/1.0; +claudebot@anthropic.com)"
216.73.216.242 - - [10/Jul/2026:09:40:28 -0700] "GET /wp-includes/js/wp-emoji-release.min.js?ver=7.0.1 HTTP/2.0" 200 4949 "https://vanessavaladezrealty.com/properties/89-Residential-125-East-Harmon-Avenue-1815-3-Rooms-1-Bathroom-USD299-900/" "Mozilla/5.0 (Macintosh; Intel Mac OS X 10_15_7) AppleWebKit/537.36 (KHTML, like Gecko) Chrome/131.0.0.0 Safari/537.36; ClaudeBot/1.0; +claudebot@anthropic.com)"
216.73.216.242 - - [10/Jul/2026:09:40:28 -0700] "GET /wp-content/plugins/real-estate-listing-realtyna-wpl/assets/fonts/wpl_front.woff2 HTTP/1.1" 200 3609 "https://vanessavaladezrealty.com/wp-content/plugins/real-estate-listing-realtyna-wpl/assets/css/frontend.css?ver=7.0.1" "Mozilla/5.0 (Macintosh; Intel Mac OS X 10_15_7) AppleWebKit/537.36 (KHTML, like Gecko) Chrome/131.0.0.0 Safari/537.36; ClaudeBot/1.0; +claudebot@anthropic.com)"
216.73.216.242 - - [10/Jul/2026:09:40:28 -0700] "GET /wp-content/plugins/real-estate-listing-realtyna-wpl/assets/js/js_inline.html HTTP/1.1" 200 3604 "https://vanessavaladezrealty.com/properties/89-Residential-125-East-Harmon-Avenue-1815-3-Rooms-1-Bathroom-USD299-900/" "Mozilla/5.0 (Macintosh; Intel Mac OS X 10_15_7) AppleWebKit/537.36 (KHTML, like Gecko) Chrome/131.0.0.0 Safari/537.36; ClaudeBot/1.0; +claudebot@anthropic.com)"
216.73.216.242 - - [10/Jul/2026:09:40:28 -0700] "GET /wp-content/plugins/elementor/assets/js/section-frontend-handlers.d85ab872da118940910d.bundle.min.js HTTP/1.1" 200 3900 "https://vanessavaladezrealty.com/properties/89-Residential-125-East-Harmon-Avenue-1815-3-Rooms-1-Bathroom-USD299-900/" "Mozilla/5.0 (Macintosh; Intel Mac OS X 10_15_7) AppleWebKit/537.36 (KHTML, like Gecko) Chrome/131.0.0.0 Safari/537.36; ClaudeBot/1.0; +claudebot@anthropic.com)"
85.11.167.118 - - [10/Jul/2026:09:40:27 -0700] "GET /wp-admin/index.php HTTP/1.1" 302 3793 "https://vanessavaladezrealty.com/wp-login.php" "Mozilla/5.0 (Macintosh; Intel Mac OS X 10_15_7) AppleWebKit/537.36 (KHTML, like Gecko) Chrome/118.0.0.0 Safari/537.36"
216.73.216.242 - - [10/Jul/2026:09:40:28 -0700] "GET /wp-content/plugins/elementor/assets/js/shared-frontend-handlers.03caa53373b56d3bab67.bundle.min.js HTTP/1.1" 200 3632 "https://vanessavaladezrealty.com/properties/89-Residential-125-East-Harmon-Avenue-1815-3-Rooms-1-Bathroom-USD299-900/" "Mozilla/5.0 (Macintosh; Intel Mac OS X 10_15_7) AppleWebKit/537.36 (KHTML, like Gecko) Chrome/131.0.0.0 Safari/537.36; ClaudeBot/1.0; +claudebot@anthropic.com)"
216.73.216.242 - - [10/Jul/2026:09:40:28 -0700] "GET /wp-includes/js/wp-emoji-release.min.js?ver=7.0.1 HTTP/1.1" 200 3572 "https://vanessavaladezrealty.com/properties/89-Residential-125-East-Harmon-Avenue-1815-3-Rooms-1-Bathroom-USD299-900/" "Mozilla/5.0 (Macintosh; Intel Mac OS X 10_15_7) AppleWebKit/537.36 (KHTML, like Gecko) Chrome/131.0.0.0 Safari/537.36; ClaudeBot/1.0; +claudebot@anthropic.com)"
216.73.216.242 - - [10/Jul/2026:09:40:28 -0700] "POST /properties/89-Residential-125-East-Harmon-Avenue-1815-3-Rooms-1-Bathroom-USD299-900/ HTTP/1.1" 200 4035 "https://vanessavaladezrealty.com/properties/89-Residential-125-East-Harmon-Avenue-1815-3-Rooms-1-Bathroom-USD299-900/" "Mozilla/5.0 (Macintosh; Intel Mac OS X 10_15_7) AppleWebKit/537.36 (KHTML, like Gecko) Chrome/131.0.0.0 Safari/537.36; ClaudeBot/1.0; +claudebot@anthropic.com)"
85.11.167.118 - - [10/Jul/2026:09:40:28 -0700] "GET /wp-login.php?redirect_to=https%3A%2F%2Fvanessavaladezrealty.com%2Fwp-admin%2Findex.php&reauth=1 HTTP/1.1" 200 8370 "https://vanessavaladezrealty.com/wp-login.php" "Mozilla/5.0 (Macintosh; Intel Mac OS X 10_15_7) AppleWebKit/537.36 (KHTML, like Gecko) Chrome/118.0.0.0 Safari/537.36"
85.11.167.118 - - [10/Jul/2026:09:40:31 -0700] "GET /wp-admin/index.php HTTP/1.1" 302 3793 "https://vanessavaladezrealty.com/wp-login.php" "Mozilla/5.0 (X11; Linux x86_64) AppleWebKit/537.36 (KHTML, like Gecko) Chrome/120.0.0.0 Safari/537.36"
85.11.167.118 - - [10/Jul/2026:09:40:32 -0700] "GET /wp-login.php?redirect_to=https%3A%2F%2Fvanessavaladezrealty.com%2Fwp-admin%2Findex.php&reauth=1 HTTP/1.1" 200 8370 "https://vanessavaladezrealty.com/wp-login.php" "Mozilla/5.0 (X11; Linux x86_64) AppleWebKit/537.36 (KHTML, like Gecko) Chrome/120.0.0.0 Safari/537.36"
85.11.167.118 - - [10/Jul/2026:09:40:35 -0700] "GET /wp-admin/index.php HTTP/1.1" 302 3793 "https://vanessavaladezrealty.com/wp-login.php" "Mozilla/5.0 (Macintosh; Intel Mac OS X 10_15_7) AppleWebKit/605.1.15 (KHTML, like Gecko) Version/17.0 Safari/605.1.15"
85.11.167.118 - - [10/Jul/2026:09:40:36 -0700] "GET /wp-login.php?redirect_to=https%3A%2F%2Fvanessavaladezrealty.com%2Fwp-admin%2Findex.php&reauth=1 HTTP/1.1" 200 8370 "https://vanessavaladezrealty.com/wp-login.php" "Mozilla/5.0 (Macintosh; Intel Mac OS X 10_15_7) AppleWebKit/605.1.15 (KHTML, like Gecko) Version/17.0 Safari/605.1.15"
85.11.167.118 - - [10/Jul/2026:09:40:30 -0700] "POST /wp-login.php HTTP/1.1" 200 6442 "https://vanessavaladezrealty.com/wp-login.php" "Mozilla/5.0 (Macintosh; Intel Mac OS X 10_15_7; rv:119.0) Gecko/20100101 Firefox/119.0"
85.11.167.118 - - [10/Jul/2026:09:40:34 -0700] "POST /wp-login.php HTTP/1.1" 200 6442 "https://vanessavaladezrealty.com/wp-login.php" "Mozilla/5.0 (Macintosh; Intel Mac OS X 13_6_1) AppleWebKit/605.1.15 (KHTML, like Gecko) Version/17.1 Safari/605.1.15"
35.235.84.95 - - [10/Jul/2026:09:40:41 -0700] "POST /wp-cron.php?doing_wp_cron=1783701641.5891740322113037109375 HTTP/1.1" 200 3587 "-" "WordPress/7.0.1; https://vanessavaladezrealty.com"
85.11.167.118 - - [10/Jul/2026:09:40:41 -0700] "GET /wp-admin/index.php HTTP/1.1" 302 3793 "https://vanessavaladezrealty.com/wp-login.php" "Mozilla/5.0 (Macintosh; Intel Mac OS X 10_15_7) AppleWebKit/605.1.15 (KHTML, like Gecko) Version/17.1 Safari/605.1.15"
85.11.167.118 - - [10/Jul/2026:09:40:43 -0700] "GET /wp-login.php?redirect_to=https%3A%2F%2Fvanessavaladezrealty.com%2Fwp-admin%2Findex.php&reauth=1 HTTP/1.1" 200 8370 "https://vanessavaladezrealty.com/wp-login.php" "Mozilla/5.0 (Macintosh; Intel Mac OS X 10_15_7) AppleWebKit/605.1.15 (KHTML, like Gecko) Version/17.1 Safari/605.1.15"
85.11.167.118 - - [10/Jul/2026:09:40:46 -0700] "GET /wp-admin/index.php HTTP/1.1" 302 3793 "https://vanessavaladezrealty.com/wp-login.php" "Mozilla/5.0 (X11; Ubuntu; Linux x86_64) AppleWebKit/537.36 (KHTML, like Gecko) Chrome/118.0.0.0 Safari/537.36"
85.11.167.118 - - [10/Jul/2026:09:40:47 -0700] "GET /wp-login.php?redirect_to=https%3A%2F%2Fvanessavaladezrealty.com%2Fwp-admin%2Findex.php&reauth=1 HTTP/1.1" 200 8370 "https://vanessavaladezrealty.com/wp-login.php" "Mozilla/5.0 (X11; Ubuntu; Linux x86_64) AppleWebKit/537.36 (KHTML, like Gecko) Chrome/118.0.0.0 Safari/537.36"
35.235.84.95 - - [10/Jul/2026:09:40:50 -0700] "POST /wp-cron.php?doing_wp_cron=1783701650.4851069450378417968750 HTTP/1.1" 200 3587 "-" "WordPress/7.0.1; https://vanessavaladezrealty.com"
85.11.167.118 - - [10/Jul/2026:09:40:50 -0700] "GET /wp-admin/index.php HTTP/1.1" 302 3793 "https://vanessavaladezrealty.com/wp-login.php" "Mozilla/5.0 (Windows NT 11.0; Win64; x64) AppleWebKit/537.36 (KHTML, like Gecko) Chrome/119.0.0.0 Safari/537.36"
85.11.167.118 - - [10/Jul/2026:09:40:51 -0700] "GET /wp-login.php?redirect_to=https%3A%2F%2Fvanessavaladezrealty.com%2Fwp-admin%2Findex.php&reauth=1 HTTP/1.1" 200 8370 "https://vanessavaladezrealty.com/wp-login.php" "Mozilla/5.0 (Windows NT 11.0; Win64; x64) AppleWebKit/537.36 (KHTML, like Gecko) Chrome/119.0.0.0 Safari/537.36"
85.11.167.118 - - [10/Jul/2026:09:40:54 -0700] "GET /wp-admin/index.php HTTP/1.1" 302 3793 "https://vanessavaladezrealty.com/wp-login.php" "Mozilla/5.0 (Windows NT 11.0; Win64; x64; rv:119.0) Gecko/20100101 Firefox/119.0"
85.11.167.118 - - [10/Jul/2026:09:40:55 -0700] "GET /wp-login.php?redirect_to=https%3A%2F%2Fvanessavaladezrealty.com%2Fwp-admin%2Findex.php&reauth=1 HTTP/1.1" 200 8370 "https://vanessavaladezrealty.com/wp-login.php" "Mozilla/5.0 (Windows NT 11.0; Win64; x64; rv:119.0) Gecko/20100101 Firefox/119.0"
85.11.167.118 - - [10/Jul/2026:09:40:58 -0700] "GET /wp-admin/index.php HTTP/1.1" 302 3793 "https://vanessavaladezrealty.com/wp-login.php" "Mozilla/5.0 (Windows NT 10.0; Win64; x64) AppleWebKit/537.36 (KHTML, like Gecko) Chrome/121.0.0.0 Safari/537.36"
85.11.167.118 - - [10/Jul/2026:09:40:59 -0700] "GET /wp-login.php?redirect_to=https%3A%2F%2Fvanessavaladezrealty.com%2Fwp-admin%2Findex.php&reauth=1 HTTP/1.1" 200 8370 "https://vanessavaladezrealty.com/wp-login.php" "Mozilla/5.0 (Windows NT 10.0; Win64; x64) AppleWebKit/537.36 (KHTML, like Gecko) Chrome/121.0.0.0 Safari/537.36"
85.11.167.118 - - [10/Jul/2026:09:40:49 -0700] "POST /wp-login.php HTTP/1.1" 200 6437 "https://vanessavaladezrealty.com/wp-login.php" "Mozilla/5.0 (Macintosh; Intel Mac OS X 13_6_1; rv:120.0) Gecko/20100101 Firefox/120.0"
85.11.167.118 - - [10/Jul/2026:09:40:45 -0700] "POST /wp-login.php HTTP/1.1" 200 6437 "https://vanessavaladezrealty.com/wp-login.php" "Mozilla/5.0 (Windows NT 11.0; Win64; x64; rv:118.0) Gecko/20100101 Firefox/118.0"
85.11.167.118 - - [10/Jul/2026:09:40:56 -0700] "POST /wp-login.php HTTP/1.1" 200 6437 "https://vanessavaladezrealty.com/wp-login.php" "Mozilla/5.0 (X11; Ubuntu; Linux x86_64) AppleWebKit/537.36 (KHTML, like Gecko) Chrome/121.0.0.0 Safari/537.36"
85.11.167.118 - - [10/Jul/2026:09:40:39 -0700] "POST /wp-login.php HTTP/1.1" 200 6442 "https://vanessavaladezrealty.com/wp-login.php" "Mozilla/5.0 (X11; Ubuntu; Linux x86_64) AppleWebKit/537.36 (KHTML, like Gecko) Chrome/119.0.0.0 Safari/537.36"
85.11.167.118 - - [10/Jul/2026:09:40:53 -0700] "POST /wp-login.php HTTP/1.1" 200 6437 "https://vanessavaladezrealty.com/wp-login.php" "Mozilla/5.0 (X11; Linux x86_64) AppleWebKit/537.36 (KHTML, like Gecko) Chrome/121.0.0.0 Safari/537.36"
85.11.167.118 - - [10/Jul/2026:09:41:01 -0700] "POST /wp-login.php HTTP/1.1" 200 6437 "https://vanessavaladezrealty.com/wp-login.php" "Mozilla/5.0 (Macintosh; Intel Mac OS X 13_6_1; rv:119.0) Gecko/20100101 Firefox/119.0"
85.11.167.118 - - [10/Jul/2026:09:41:03 -0700] "GET /wp-admin/index.php HTTP/1.1" 302 3793 "https://vanessavaladezrealty.com/wp-login.php" "Mozilla/5.0 (Macintosh; Intel Mac OS X 10_15_7) AppleWebKit/605.1.15 (KHTML, like Gecko) Version/17.0 Safari/605.1.15"
85.11.167.118 - - [10/Jul/2026:09:41:04 -0700] "GET /wp-login.php?redirect_to=https%3A%2F%2Fvanessavaladezrealty.com%2Fwp-admin%2Findex.php&reauth=1 HTTP/1.1" 200 8370 "https://vanessavaladezrealty.com/wp-login.php" "Mozilla/5.0 (Macintosh; Intel Mac OS X 10_15_7) AppleWebKit/605.1.15 (KHTML, like Gecko) Version/17.0 Safari/605.1.15"
85.11.167.118 - - [10/Jul/2026:09:41:05 -0700] "POST /wp-login.php HTTP/1.1" 200 6437 "https://vanessavaladezrealty.com/wp-login.php" "Mozilla/5.0 (Windows NT 11.0; Win64; x64; rv:118.0) Gecko/20100101 Firefox/118.0"
85.11.167.118 - - [10/Jul/2026:09:41:07 -0700] "GET /wp-admin/index.php HTTP/1.1" 302 3793 "https://vanessavaladezrealty.com/wp-login.php" "Mozilla/5.0 (Macintosh; Intel Mac OS X 10_15_7) AppleWebKit/537.36 (KHTML, like Gecko) Chrome/120.0.0.0 Safari/537.36"
85.11.167.118 - - [10/Jul/2026:09:41:08 -0700] "GET /wp-login.php?redirect_to=https%3A%2F%2Fvanessavaladezrealty.com%2Fwp-admin%2Findex.php&reauth=1 HTTP/1.1" 200 8370 "https://vanessavaladezrealty.com/wp-login.php" "Mozilla/5.0 (Macintosh; Intel Mac OS X 10_15_7) AppleWebKit/537.36 (KHTML, like Gecko) Chrome/120.0.0.0 Safari/537.36"
85.11.167.118 - - [10/Jul/2026:09:41:09 -0700] "POST /wp-login.php HTTP/1.1" 200 6437 "https://vanessavaladezrealty.com/wp-login.php" "Mozilla/5.0 (Windows NT 10.0; Win64; x64) AppleWebKit/537.36 (KHTML, like Gecko) Chrome/121.0.0.0 Safari/537.36"
85.11.167.118 - - [10/Jul/2026:09:41:11 -0700] "GET /wp-admin/index.php HTTP/1.1" 302 3793 "https://vanessavaladezrealty.com/wp-login.php" "Mozilla/5.0 (Macintosh; Intel Mac OS X 10_15_7) AppleWebKit/605.1.15 (KHTML, like Gecko) Version/17.0 Safari/605.1.15"
85.11.167.118 - - [10/Jul/2026:09:41:12 -0700] "GET /wp-login.php?redirect_to=https%3A%2F%2Fvanessavaladezrealty.com%2Fwp-admin%2Findex.php&reauth=1 HTTP/1.1" 200 8370 "https://vanessavaladezrealty.com/wp-login.php" "Mozilla/5.0 (Macintosh; Intel Mac OS X 10_15_7) AppleWebKit/605.1.15 (KHTML, like Gecko) Version/17.0 Safari/605.1.15"
85.11.167.118 - - [10/Jul/2026:09:41:13 -0700] "POST /wp-login.php HTTP/1.1" 200 6437 "https://vanessavaladezrealty.com/wp-login.php" "Mozilla/5.0 (X11; Linux x86_64) AppleWebKit/537.36 (KHTML, like Gecko) Chrome/119.0.0.0 Safari/537.36"
85.11.167.118 - - [10/Jul/2026:09:41:15 -0700] "GET /wp-admin/index.php HTTP/1.1" 302 3793 "https://vanessavaladezrealty.com/wp-login.php" "Mozilla/5.0 (Windows NT 11.0; Win64; x64; rv:121.0) Gecko/20100101 Firefox/121.0"
85.11.167.118 - - [10/Jul/2026:09:41:16 -0700] "GET /wp-login.php?redirect_to=https%3A%2F%2Fvanessavaladezrealty.com%2Fwp-admin%2Findex.php&reauth=1 HTTP/1.1" 200 8370 "https://vanessavaladezrealty.com/wp-login.php" "Mozilla/5.0 (Windows NT 11.0; Win64; x64; rv:121.0) Gecko/20100101 Firefox/121.0"
85.11.167.118 - - [10/Jul/2026:09:41:17 -0700] "POST /wp-login.php HTTP/1.1" 200 6437 "https://vanessavaladezrealty.com/wp-login.php" "Mozilla/5.0 (Macintosh; Intel Mac OS X 10_15_7) AppleWebKit/605.1.15 (KHTML, like Gecko) Version/17.0 Safari/605.1.15"
85.11.167.118 - - [10/Jul/2026:09:41:18 -0700] "GET /wp-admin/index.php HTTP/1.1" 302 3793 "https://vanessavaladezrealty.com/wp-login.php" "Mozilla/5.0 (X11; Linux x86_64) AppleWebKit/537.36 (KHTML, like Gecko) Chrome/120.0.0.0 Safari/537.36"
85.11.167.118 - - [10/Jul/2026:09:41:19 -0700] "GET /wp-login.php?redirect_to=https%3A%2F%2Fvanessavaladezrealty.com%2Fwp-admin%2Findex.php&reauth=1 HTTP/1.1" 200 8370 "https://vanessavaladezrealty.com/wp-login.php" "Mozilla/5.0 (X11; Linux x86_64) AppleWebKit/537.36 (KHTML, like Gecko) Chrome/120.0.0.0 Safari/537.36"
85.11.167.118 - - [10/Jul/2026:09:41:22 -0700] "GET /wp-admin/index.php HTTP/1.1" 302 3793 "https://vanessavaladezrealty.com/wp-login.php" "Mozilla/5.0 (Windows NT 10.0; Win64; x64; rv:119.0) Gecko/20100101 Firefox/119.0"
85.11.167.118 - - [10/Jul/2026:09:41:23 -0700] "GET /wp-login.php?redirect_to=https%3A%2F%2Fvanessavaladezrealty.com%2Fwp-admin%2Findex.php&reauth=1 HTTP/1.1" 200 8370 "https://vanessavaladezrealty.com/wp-login.php" "Mozilla/5.0 (Windows NT 10.0; Win64; x64; rv:119.0) Gecko/20100101 Firefox/119.0"
35.235.84.95 - - [10/Jul/2026:09:41:26 -0700] "POST /wp-cron.php?doing_wp_cron=1783701686.1424520015716552734375 HTTP/1.1" 200 3587 "-" "WordPress/7.0.1; https://vanessavaladezrealty.com"
85.11.167.118 - - [10/Jul/2026:09:41:26 -0700] "GET /wp-admin/index.php HTTP/1.1" 302 3793 "https://vanessavaladezrealty.com/wp-login.php" "Mozilla/5.0 (Macintosh; Intel Mac OS X 13_6_1) AppleWebKit/605.1.15 (KHTML, like Gecko) Version/16.6 Safari/605.1.15"
85.11.167.118 - - [10/Jul/2026:09:41:28 -0700] "GET /wp-login.php?redirect_to=https%3A%2F%2Fvanessavaladezrealty.com%2Fwp-admin%2Findex.php&reauth=1 HTTP/1.1" 200 8370 "https://vanessavaladezrealty.com/wp-login.php" "Mozilla/5.0 (Macintosh; Intel Mac OS X 13_6_1) AppleWebKit/605.1.15 (KHTML, like Gecko) Version/16.6 Safari/605.1.15"
85.11.167.118 - - [10/Jul/2026:09:41:30 -0700] "GET /wp-admin/index.php HTTP/1.1" 302 3793 "https://vanessavaladezrealty.com/wp-login.php" "Mozilla/5.0 (Macintosh; Intel Mac OS X 10_15_7) AppleWebKit/605.1.15 (KHTML, like Gecko) Version/17.0 Safari/605.1.15"
85.11.167.118 - - [10/Jul/2026:09:41:21 -0700] "POST /wp-login.php HTTP/1.1" 200 6437 "https://vanessavaladezrealty.com/wp-login.php" "Mozilla/5.0 (Macintosh; Intel Mac OS X 10_15_7) AppleWebKit/605.1.15 (KHTML, like Gecko) Version/17.0 Safari/605.1.15"
85.11.167.118 - - [10/Jul/2026:09:41:25 -0700] "POST /wp-login.php HTTP/1.1" 200 6458 "https://vanessavaladezrealty.com/wp-login.php" "Mozilla/5.0 (Windows NT 10.0; Win64; x64) AppleWebKit/537.36 (KHTML, like Gecko) Chrome/119.0.0.0 Safari/537.36"
85.11.167.118 - - [10/Jul/2026:09:41:29 -0700] "POST /wp-login.php HTTP/1.1" 200 6458 "https://vanessavaladezrealty.com/wp-login.php" "Mozilla/5.0 (Windows NT 11.0; Win64; x64; rv:118.0) Gecko/20100101 Firefox/118.0"
85.11.167.118 - - [10/Jul/2026:09:41:32 -0700] "GET /wp-login.php?redirect_to=https%3A%2F%2Fvanessavaladezrealty.com%2Fwp-admin%2Findex.php&reauth=1 HTTP/1.1" 200 8370 "https://vanessavaladezrealty.com/wp-login.php" "Mozilla/5.0 (Macintosh; Intel Mac OS X 10_15_7) AppleWebKit/605.1.15 (KHTML, like Gecko) Version/17.0 Safari/605.1.15"
85.11.167.118 - - [10/Jul/2026:09:41:33 -0700] "POST /wp-login.php HTTP/1.1" 200 6459 "https://vanessavaladezrealty.com/wp-login.php" "Mozilla/5.0 (Macintosh; Intel Mac OS X 10_15_7; rv:119.0) Gecko/20100101 Firefox/119.0"
85.11.167.118 - - [10/Jul/2026:09:41:34 -0700] "GET /wp-admin/index.php HTTP/1.1" 302 3793 "https://vanessavaladezrealty.com/wp-login.php" "Mozilla/5.0 (Macintosh; Intel Mac OS X 13_6_1) AppleWebKit/537.36 (KHTML, like Gecko) Chrome/120.0.0.0 Safari/537.36"
85.11.167.118 - - [10/Jul/2026:09:41:35 -0700] "GET /wp-login.php?redirect_to=https%3A%2F%2Fvanessavaladezrealty.com%2Fwp-admin%2Findex.php&reauth=1 HTTP/1.1" 200 8370 "https://vanessavaladezrealty.com/wp-login.php" "Mozilla/5.0 (Macintosh; Intel Mac OS X 13_6_1) AppleWebKit/537.36 (KHTML, like Gecko) Chrome/120.0.0.0 Safari/537.36"
85.11.167.118 - - [10/Jul/2026:09:41:36 -0700] "POST /wp-login.php HTTP/1.1" 200 6459 "https://vanessavaladezrealty.com/wp-login.php" "Mozilla/5.0 (Macintosh; Intel Mac OS X 10_15_7) AppleWebKit/605.1.15 (KHTML, like Gecko) Version/17.1 Safari/605.1.15"
85.11.167.118 - - [10/Jul/2026:09:41:37 -0700] "GET /wp-admin/index.php HTTP/1.1" 302 3793 "https://vanessavaladezrealty.com/wp-login.php" "Mozilla/5.0 (Windows NT 10.0; Win64; x64) AppleWebKit/537.36 (KHTML, like Gecko) Chrome/119.0.0.0 Safari/537.36"
85.11.167.118 - - [10/Jul/2026:09:41:39 -0700] "GET /wp-login.php?redirect_to=https%3A%2F%2Fvanessavaladezrealty.com%2Fwp-admin%2Findex.php&reauth=1 HTTP/1.1" 200 8370 "https://vanessavaladezrealty.com/wp-login.php" "Mozilla/5.0 (Windows NT 10.0; Win64; x64) AppleWebKit/537.36 (KHTML, like Gecko) Chrome/119.0.0.0 Safari/537.36"
196.238.206.98 - - [10/Jul/2026:09:41:44 -0700] "POST /xmlrpc.php HTTP/1.1" 200 4129 "-" "Jetpack/12.5; WordPress/6.3; http://site34474606.com"
196.238.206.98 - - [10/Jul/2026:09:41:54 -0700] "POST /xmlrpc.php HTTP/1.1" 200 4129 "-" "WordPress.com; https://wordpress.com"
196.238.206.98 - - [10/Jul/2026:09:42:05 -0700] "POST /xmlrpc.php HTTP/1.1" 200 4129 "-" "Jetpack/13.0; WordPress/6.4; http://site34369677.com"
196.238.206.98 - - [10/Jul/2026:09:42:15 -0700] "POST /xmlrpc.php HTTP/1.1" 200 4129 "-" "Jetpack by WordPress.com (Jetpack 13.0; WordPress 6.2)"
35.235.84.95 - - [10/Jul/2026:09:42:28 -0700] "POST /wp-cron.php?doing_wp_cron=1783701748.4194250106811523437500 HTTP/1.1" 200 3587 "-" "WordPress/7.0.1; https://vanessavaladezrealty.com"
196.238.206.98 - - [10/Jul/2026:09:42:26 -0700] "POST /xmlrpc.php HTTP/1.1" 200 4129 "-" "Jetpack by WordPress.com (Jetpack 12.5; WordPress 6.4)"
196.238.206.98 - - [10/Jul/2026:09:42:37 -0700] "POST /xmlrpc.php HTTP/1.1" 200 4129 "-" "Jetpack/12.0; WordPress/6.4; http://site63867534.com"
35.235.84.95 - - [10/Jul/2026:09:43:00 -0700] "POST /wp-cron.php?doing_wp_cron=1783701780.6956110000610351562500 HTTP/1.1" 200 3587 "-" "WordPress/7.0.1; https://vanessavaladezrealty.com"
196.238.206.98 - - [10/Jul/2026:09:42:47 -0700] "POST /xmlrpc.php HTTP/1.1" 200 4129 "-" "Jetpack by WordPress.com (Jetpack 12.0; WordPress 6.1)"
196.238.206.98 - - [10/Jul/2026:09:42:58 -0700] "POST /xmlrpc.php HTTP/1.1" 200 4129 "-" "Jetpack/12.0; WordPress/6.1; http://site48601651.com"
196.238.206.98 - - [10/Jul/2026:09:43:09 -0700] "POST /xmlrpc.php HTTP/1.1" 200 4129 "-" "Jetpack by WordPress.com"
216.73.217.88 - - [10/Jul/2026:09:43:10 -0700] "GET /robots.txt HTTP/1.1" 200 4273 "-" "Mozilla/5.0 AppleWebKit/537.36 (KHTML, like Gecko; compatible; ClaudeBot/1.0; +claudebot@anthropic.com)"
216.73.217.88 - - [10/Jul/2026:09:43:11 -0700] "GET /wp-sitemap.xml HTTP/1.1" 200 4257 "-" "Mozilla/5.0 AppleWebKit/537.36 (KHTML, like Gecko; compatible; ClaudeBot/1.0; +claudebot@anthropic.com)"
196.238.206.98 - - [10/Jul/2026:09:43:19 -0700] "POST /xmlrpc.php HTTP/1.1" 200 4129 "-" "WordPress.com; https://wordpress.com"
196.238.206.98 - - [10/Jul/2026:09:43:30 -0700] "POST /xmlrpc.php HTTP/1.1" 200 4129 "-" "Jetpack by WordPress.com"
196.238.206.98 - - [10/Jul/2026:09:43:40 -0700] "POST /xmlrpc.php HTTP/1.1" 200 4129 "-" "Jetpack by WordPress.com"
35.235.84.95 - - [10/Jul/2026:09:43:52 -0700] "POST /wp-cron.php?doing_wp_cron=1783701832.0411078929901123046875 HTTP/1.1" 200 3587 "-" "WordPress/7.0.1; https://vanessavaladezrealty.com"
196.238.206.98 - - [10/Jul/2026:09:43:51 -0700] "POST /xmlrpc.php HTTP/1.1" 200 4129 "-" "Jetpack by WordPress.com"
196.238.206.98 - - [10/Jul/2026:09:44:01 -0700] "POST /xmlrpc.php HTTP/1.1" 200 4129 "-" "WordPress.com; https://wordpress.com"
196.238.206.98 - - [10/Jul/2026:09:44:12 -0700] "POST /xmlrpc.php HTTP/1.1" 200 4129 "-" "WordPress.com; https://wordpress.com"
196.238.206.98 - - [10/Jul/2026:09:44:22 -0700] "POST /xmlrpc.php HTTP/1.1" 200 4129 "-" "WordPress.com; https://wordpress.com"
196.238.206.98 - - [10/Jul/2026:09:44:32 -0700] "POST /xmlrpc.php HTTP/1.1" 200 4129 "-" "Jetpack by WordPress.com"
196.238.206.98 - - [10/Jul/2026:09:44:43 -0700] "POST /xmlrpc.php HTTP/1.1" 200 4129 "-" "Jetpack by WordPress.com (Jetpack 12.1; WordPress 6.2)"
35.235.84.95 - - [10/Jul/2026:09:44:55 -0700] "POST /wp-cron.php?doing_wp_cron=1783701895.0442121028900146484375 HTTP/1.1" 200 3587 "-" "WordPress/7.0.1; https://vanessavaladezrealty.com"
196.238.206.98 - - [10/Jul/2026:09:44:53 -0700] "POST /xmlrpc.php HTTP/1.1" 200 4129 "-" "Jetpack/13.0; WordPress/6.1; http://site38589284.com"
196.238.206.98 - - [10/Jul/2026:09:45:04 -0700] "POST /xmlrpc.php HTTP/1.1" 403 4352 "-" "WordPress.com; https://wordpress.com"
196.238.206.98 - - [10/Jul/2026:09:45:14 -0700] "POST /xmlrpc.php HTTP/1.1" 200 4129 "-" "Jetpack/13.0; WordPress/6.4; http://site10417099.com"
196.238.206.98 - - [10/Jul/2026:09:45:25 -0700] "POST /xmlrpc.php HTTP/1.1" 403 4352 "-" "Jetpack by WordPress.com"
196.238.206.98 - - [10/Jul/2026:09:45:35 -0700] "POST /xmlrpc.php HTTP/1.1" 403 4352 "-" "Jetpack by WordPress.com"
196.238.206.98 - - [10/Jul/2026:09:45:46 -0700] "POST /xmlrpc.php HTTP/1.1" 403 4352 "-" "WordPress.com; https://wordpress.com"
35.235.84.95 - - [10/Jul/2026:09:45:53 -0700] "POST /wp-cron.php?doing_wp_cron=1783701953.2581250667572021484375 HTTP/1.1" 200 3587 "-" "WordPress/7.0.1; https://vanessavaladezrealty.com"
85.208.96.211 - - [10/Jul/2026:09:45:51 -0700] "GET /properties/139-Residential-Lease-1900-North-Torrey-Pines-Drive-106-5-Rooms-2-Bedrooms-2-Bathrooms-USD1-350/ HTTP/1.1" 200 32008 "-" "Mozilla/5.0 (compatible; SemrushBot/7~bl; +http://www.semrush.com/bot.html)"
196.238.206.98 - - [10/Jul/2026:09:45:56 -0700] "POST /xmlrpc.php HTTP/1.1" 200 4129 "-" "Jetpack by WordPress.com (Jetpack 12.1; WordPress 6.3)"
196.238.206.98 - - [10/Jul/2026:09:46:07 -0700] "POST /xmlrpc.php HTTP/1.1" 200 4129 "-" "Jetpack/13.0; WordPress/6.3; http://site75940594.com"
35.235.84.95 - - [10/Jul/2026:09:46:29 -0700] "POST /wp-cron.php?doing_wp_cron=1783701989.4373230934143066406250 HTTP/1.1" 200 3587 "-" "WordPress/7.0.1; https://vanessavaladezrealty.com"
196.238.206.98 - - [10/Jul/2026:09:46:17 -0700] "POST /xmlrpc.php HTTP/1.1" 403 4352 "-" "WordPress.com; https://wordpress.com"
196.238.206.98 - - [10/Jul/2026:09:46:28 -0700] "POST /xmlrpc.php HTTP/1.1" 200 4129 "-" "Jetpack/13.0; WordPress/6.3; http://site88038714.com"
196.238.206.98 - - [10/Jul/2026:09:46:38 -0700] "POST /xmlrpc.php HTTP/1.1" 200 4129 "-" "Jetpack/12.1; WordPress/6.2; http://site42760242.com"
196.238.206.98 - - [10/Jul/2026:09:46:49 -0700] "POST /xmlrpc.php HTTP/1.1" 403 4352 "-" "Jetpack by WordPress.com"
196.238.206.98 - - [10/Jul/2026:09:46:59 -0700] "POST /xmlrpc.php HTTP/1.1" 403 4352 "-" "WordPress.com; https://wordpress.com"
196.238.206.98 - - [10/Jul/2026:09:47:10 -0700] "POST /xmlrpc.php HTTP/1.1" 403 4352 "-" "Jetpack by WordPress.com"
196.238.206.98 - - [10/Jul/2026:09:47:20 -0700] "POST /xmlrpc.php HTTP/1.1" 403 4352 "-" "WordPress.com; https://wordpress.com"
35.235.84.95 - - [10/Jul/2026:09:47:32 -0700] "POST /wp-cron.php?doing_wp_cron=1783702052.3802409172058105468750 HTTP/1.1" 200 3587 "-" "WordPress/7.0.1; https://vanessavaladezrealty.com"
196.238.206.98 - - [10/Jul/2026:09:47:31 -0700] "POST /xmlrpc.php HTTP/1.1" 200 4129 "-" "Jetpack by WordPress.com (Jetpack 12.1; WordPress 6.2)"
196.238.206.98 - - [10/Jul/2026:09:47:41 -0700] "POST /xmlrpc.php HTTP/1.1" 403 4352 "-" "Jetpack by WordPress.com"
196.238.206.98 - - [10/Jul/2026:09:47:52 -0700] "POST /xmlrpc.php HTTP/1.1" 403 4352 "-" "Jetpack by WordPress.com"
35.235.84.95 - - [10/Jul/2026:09:48:03 -0700] "POST /wp-cron.php?doing_wp_cron=1783702083.8352780342102050781250 HTTP/1.1" 200 3587 "-" "WordPress/7.0.1; https://vanessavaladezrealty.com"
196.238.206.98 - - [10/Jul/2026:09:48:02 -0700] "POST /xmlrpc.php HTTP/1.1" 200 4129 "-" "Jetpack by WordPress.com (Jetpack 12.0; WordPress 6.3)"
196.238.206.98 - - [10/Jul/2026:09:48:13 -0700] "POST /xmlrpc.php HTTP/1.1" 403 4352 "-" "WordPress.com; https://wordpress.com"
196.238.206.98 - - [10/Jul/2026:09:48:23 -0700] "POST /xmlrpc.php HTTP/1.1" 403 4352 "-" "WordPress.com; https://wordpress.com"
196.238.206.98 - - [10/Jul/2026:09:48:34 -0700] "POST /xmlrpc.php HTTP/1.1" 200 4129 "-" "Jetpack/12.1; WordPress/6.2; http://site32733498.com"
196.238.206.98 - - [10/Jul/2026:09:48:44 -0700] "POST /xmlrpc.php HTTP/1.1" 200 4129 "-" "Jetpack/13.0; WordPress/6.2; http://site32052864.com"
35.235.84.95 - - [10/Jul/2026:09:48:56 -0700] "POST /wp-cron.php?doing_wp_cron=1783702136.2400000095367431640625 HTTP/1.1" 200 3587 "-" "WordPress/7.0.1; https://vanessavaladezrealty.com"
196.238.206.98 - - [10/Jul/2026:09:48:55 -0700] "POST /xmlrpc.php HTTP/1.1" 200 4129 "-" "Jetpack by WordPress.com (Jetpack 12.0; WordPress 6.2)"
14.189.106.16 - - [10/Jul/2026:09:48:58 -0700] "GET /properties/88-Residential-2539-Tuskegee-Street-6-Rooms-5-Bedrooms-2-Bathrooms-USD299-995/tel:7027760711 HTTP/1.1" 301 4216 "-" "Mozilla/5.0 (Macintosh; Intel Mac OS X 10_15_4) AppleWebKit/537.36 (KHTML, like Gecko) Chrome/87.0.4280.88 Safari/537.36"
14.189.106.16 - - [10/Jul/2026:09:49:01 -0700] "GET /properties/88-Residential-2539-Tuskegee-Street-6-Rooms-5-Bedrooms-2-Bathrooms-USD299-995/tel:7027760711/ HTTP/1.1" 301 4365 "-" "Mozilla/5.0 (Macintosh; Intel Mac OS X 10_15_4) AppleWebKit/537.36 (KHTML, like Gecko) Chrome/87.0.4280.88 Safari/537.36"
14.189.106.16 - - [10/Jul/2026:09:49:02 -0700] "GET /properties/88-Residential-2539-Tuskegee-Street-6-Rooms-5-Bedrooms-2-Bathrooms-USD299-995 HTTP/1.1" 301 4143 "-" "Mozilla/5.0 (Macintosh; Intel Mac OS X 10_15_4) AppleWebKit/537.36 (KHTML, like Gecko) Chrome/87.0.4280.88 Safari/537.36"
14.189.106.16 - - [10/Jul/2026:09:49:04 -0700] "GET /properties/88-Residential-2539-Tuskegee-Street-6-Rooms-5-Bedrooms-2-Bathrooms-USD299-995/ HTTP/1.1" 200 36428 "-" "Mozilla/5.0 (Macintosh; Intel Mac OS X 10_15_4) AppleWebKit/537.36 (KHTML, like Gecko) Chrome/87.0.4280.88 Safari/537.36"
196.238.206.98 - - [10/Jul/2026:09:49:05 -0700] "POST /xmlrpc.php HTTP/1.1" 200 4129 "-" "Jetpack/12.5; WordPress/6.2; http://site95950108.com"
196.238.206.98 - - [10/Jul/2026:09:49:16 -0700] "POST /xmlrpc.php HTTP/1.1" 200 4129 "-" "Jetpack by WordPress.com (Jetpack 12.5; WordPress 6.1)"
196.238.206.98 - - [10/Jul/2026:09:49:26 -0700] "POST /xmlrpc.php HTTP/1.1" 403 4352 "-" "Jetpack by WordPress.com"
196.238.206.98 - - [10/Jul/2026:09:49:37 -0700] "POST /xmlrpc.php HTTP/1.1" 403 4352 "-" "WordPress.com; https://wordpress.com"
196.238.206.98 - - [10/Jul/2026:09:49:47 -0700] "POST /xmlrpc.php HTTP/1.1" 403 4352 "-" "WordPress.com; https://wordpress.com"
196.238.206.98 - - [10/Jul/2026:09:49:58 -0700] "POST /xmlrpc.php HTTP/1.1" 403 4352 "-" "Jetpack by WordPress.com"
196.238.206.98 - - [10/Jul/2026:09:50:08 -0700] "POST /xmlrpc.php HTTP/1.1" 403 4352 "-" "WordPress.com; https://wordpress.com"
196.238.206.98 - - [10/Jul/2026:09:50:19 -0700] "POST /xmlrpc.php HTTP/1.1" 403 4352 "-" "WordPress.com; https://wordpress.com"
35.235.84.95 - - [10/Jul/2026:09:50:30 -0700] "POST /wp-cron.php?doing_wp_cron=1783702230.6431241035461425781250 HTTP/1.1" 200 3587 "-" "WordPress/7.0.1; https://vanessavaladezrealty.com"
196.238.206.98 - - [10/Jul/2026:09:50:29 -0700] "POST /xmlrpc.php HTTP/1.1" 200 4129 "-" "Jetpack/12.5; WordPress/6.3; http://site79993194.com"
196.238.206.98 - - [10/Jul/2026:09:50:40 -0700] "POST /xmlrpc.php HTTP/1.1" 403 4352 "-" "WordPress.com; https://wordpress.com"
196.238.206.98 - - [10/Jul/2026:09:50:50 -0700] "POST /xmlrpc.php HTTP/1.1" 403 4352 "-" "WordPress.com; https://wordpress.com"
35.235.84.95 - - [10/Jul/2026:09:51:02 -0700] "POST /wp-cron.php?doing_wp_cron=1783702262.6886599063873291015625 HTTP/1.1" 200 3587 "-" "WordPress/7.0.1; https://vanessavaladezrealty.com"
196.238.206.98 - - [10/Jul/2026:09:51:01 -0700] "POST /xmlrpc.php HTTP/1.1" 200 4129 "-" "Jetpack/12.0; WordPress/6.1; http://site34314421.com"
114.119.151.126 - - [10/Jul/2026:09:51:01 -0700] "GET /properties/vanessavaladez/?wplpage=1 HTTP/1.1" 200 32777 "https://vanessavaladezrealty.com/properties/vanessavaladez/?wplpage=2" "Mozilla/5.0 (Linux; Android 7.0;) AppleWebKit/537.36 (HTML, like Gecko) Mobile Safari/537.36 (compatible; PetalBot;+https://webmaster.petalsearch.com/site/petalbot)"
103.157.176.150 - - [10/Jul/2026:09:51:01 -0700] "GET /properties/vanessavaladez/tel:7027760711/?wplpage=3 HTTP/1.1" 200 32780 "-" "Mozilla/5.0 (Windows NT 6.1) AppleWebKit/537.36 (KHTML, like Gecko) Chrome/100.0.4896.127 Safari/537.36"
196.238.206.98 - - [10/Jul/2026:09:51:11 -0700] "POST /xmlrpc.php HTTP/1.1" 403 4352 "-" "Jetpack by WordPress.com"
196.238.206.98 - - [10/Jul/2026:09:51:22 -0700] "POST /xmlrpc.php HTTP/1.1" 403 4352 "-" "WordPress.com; https://wordpress.com"
35.235.84.95 - - [10/Jul/2026:09:51:33 -0700] "POST /wp-cron.php?doing_wp_cron=1783702293.6447610855102539062500 HTTP/1.1" 200 3587 "-" "WordPress/7.0.1; https://vanessavaladezrealty.com"
196.238.206.98 - - [10/Jul/2026:09:51:32 -0700] "POST /xmlrpc.php HTTP/1.1" 200 4129 "-" "Jetpack by WordPress.com (Jetpack 12.5; WordPress 6.3)"
196.238.206.98 - - [10/Jul/2026:09:51:43 -0700] "POST /xmlrpc.php HTTP/1.1" 403 4352 "-" "WordPress.com; https://wordpress.com"
196.238.206.98 - - [10/Jul/2026:09:51:53 -0700] "POST /xmlrpc.php HTTP/1.1" 403 4352 "-" "WordPress.com; https://wordpress.com"
132.226.97.226 - - [10/Jul/2026:09:52:02 -0700] "GET /properties?pid=110&wplview=property_show HTTP/1.1" 301 4095 "-" "Scrapy/2.16.0 (+https://scrapy.org)"
196.238.206.98 - - [10/Jul/2026:09:52:04 -0700] "POST /xmlrpc.php HTTP/1.1" 403 4352 "-" "Jetpack by WordPress.com"
196.238.206.98 - - [10/Jul/2026:09:52:14 -0700] "POST /xmlrpc.php HTTP/1.1" 403 4352 "-" "Jetpack by WordPress.com"
35.235.84.95 - - [10/Jul/2026:09:52:36 -0700] "POST /wp-cron.php?doing_wp_cron=1783702356.5560479164123535156250 HTTP/1.1" 200 3587 "-" "WordPress/7.0.1; https://vanessavaladezrealty.com"
196.238.206.98 - - [10/Jul/2026:09:52:24 -0700] "POST /xmlrpc.php HTTP/1.1" 403 4352 "-" "WordPress.com; https://wordpress.com"
196.238.206.98 - - [10/Jul/2026:09:52:35 -0700] "POST /xmlrpc.php HTTP/1.1" 200 4129 "-" "Jetpack/12.0; WordPress/6.2; http://site88640913.com"
132.226.97.226 - - [10/Jul/2026:09:52:25 -0700] "GET /properties/?pid=110&wplview=property_show HTTP/1.1" 200 36961 "https://vanessavaladezrealty.com/properties?pid=110&wplview=property_show" "Scrapy/2.16.0 (+https://scrapy.org)"
196.238.206.98 - - [10/Jul/2026:09:52:45 -0700] "POST /xmlrpc.php HTTP/1.1" 403 4352 "-" "WordPress.com; https://wordpress.com"
196.238.206.98 - - [10/Jul/2026:09:52:56 -0700] "POST /xmlrpc.php HTTP/1.1" 403 4352 "-" "WordPress.com; https://wordpress.com"
35.235.84.95 - - [10/Jul/2026:09:53:08 -0700] "POST /wp-cron.php?doing_wp_cron=1783702388.1117889881134033203125 HTTP/1.1" 200 3587 "-" "WordPress/7.0.1; https://vanessavaladezrealty.com"
196.238.206.98 - - [10/Jul/2026:09:53:06 -0700] "POST /xmlrpc.php HTTP/1.1" 200 4129 "-" "Jetpack by WordPress.com (Jetpack 12.0; WordPress 6.2)"
196.238.206.98 - - [10/Jul/2026:09:53:17 -0700] "POST /xmlrpc.php HTTP/1.1" 403 4352 "-" "Jetpack by WordPress.com"
196.238.206.98 - - [10/Jul/2026:09:53:27 -0700] "POST /xmlrpc.php HTTP/1.1" 403 4352 "-" "WordPress.com; https://wordpress.com"
196.238.206.98 - - [10/Jul/2026:09:53:38 -0700] "POST /xmlrpc.php HTTP/1.1" 403 4352 "-" "Jetpack by WordPress.com"
196.238.206.98 - - [10/Jul/2026:09:53:48 -0700] "POST /xmlrpc.php HTTP/1.1" 403 4352 "-" "Jetpack by WordPress.com"
187.183.41.26 - - [10/Jul/2026:09:53:51 -0700] "GET /properties/?pid=140&wplview=property_show HTTP/1.1" 200 33475 "-" "Mozilla/5.0 (Windows NT 6.1) AppleWebKit/537.36 (KHTML, like Gecko) Chrome/95.0.4638.69 Safari/537.36"
196.238.206.98 - - [10/Jul/2026:09:53:59 -0700] "POST /xmlrpc.php HTTP/1.1" 403 4352 "-" "WordPress.com; https://wordpress.com"
35.235.84.95 - - [10/Jul/2026:09:53:52 -0700] "POST /wp-cron.php?doing_wp_cron=1783702432.6683979034423828125000 HTTP/1.1" 200 3587 "-" "WordPress/7.0.1; https://vanessavaladezrealty.com"
196.238.206.98 - - [10/Jul/2026:09:54:09 -0700] "POST /xmlrpc.php HTTP/1.1" 200 4129 "-" "Jetpack/12.5; WordPress/6.4; http://site28180243.com"
196.238.206.98 - - [10/Jul/2026:09:54:20 -0700] "POST /xmlrpc.php HTTP/1.1" 403 4352 "-" "Jetpack by WordPress.com"
196.238.206.98 - - [10/Jul/2026:09:54:30 -0700] "POST /xmlrpc.php HTTP/1.1" 200 4129 "-" "Jetpack/13.0; WordPress/6.1; http://site83308561.com"
196.238.206.98 - - [10/Jul/2026:09:54:41 -0700] "POST /xmlrpc.php HTTP/1.1" 200 4129 "-" "Jetpack by WordPress.com (Jetpack 12.1; WordPress 6.3)"
35.235.84.95 - - [10/Jul/2026:09:54:52 -0700] "POST /wp-cron.php?doing_wp_cron=1783702492.7957420349121093750000 HTTP/1.1" 200 3587 "-" "WordPress/7.0.1; https://vanessavaladezrealty.com"
196.238.206.98 - - [10/Jul/2026:09:54:51 -0700] "POST /xmlrpc.php HTTP/1.1" 200 4129 "-" "Jetpack by WordPress.com (Jetpack 12.1; WordPress 6.1)"
196.238.206.98 - - [10/Jul/2026:09:55:02 -0700] "POST /xmlrpc.php HTTP/1.1" 403 4352 "-" "WordPress.com; https://wordpress.com"
196.238.206.98 - - [10/Jul/2026:09:55:12 -0700] "POST /xmlrpc.php HTTP/1.1" 403 4352 "-" "WordPress.com; https://wordpress.com"
196.238.206.98 - - [10/Jul/2026:09:55:23 -0700] "POST /xmlrpc.php HTTP/1.1" 403 4352 "-" "Jetpack by WordPress.com"
196.238.206.98 - - [10/Jul/2026:09:55:33 -0700] "POST /xmlrpc.php HTTP/1.1" 200 4129 "-" "Jetpack/12.0; WordPress/6.3; http://site68423442.com"
196.238.206.98 - - [10/Jul/2026:09:55:44 -0700] "POST /xmlrpc.php HTTP/1.1" 200 4129 "-" "Jetpack/12.0; WordPress/6.2; http://site95375889.com"
45.118.61.52 - - [10/Jul/2026:09:55:47 -0700] "GET /properties/120-Residential-737-Taft-Court-5-Rooms-3-Bedrooms-2-Bathrooms-USD284-999/ HTTP/1.1" 200 37165 "-" "Mozilla/5.0 (Macintosh; Intel Mac OS X 10_15_5) AppleWebKit/537.36 (KHTML, like Gecko) Chrome/84.0.4147.105 Safari/537.36"
196.238.206.98 - - [10/Jul/2026:09:55:54 -0700] "POST /xmlrpc.php HTTP/1.1" 403 4352 "-" "Jetpack by WordPress.com"
35.235.84.95 - - [10/Jul/2026:09:56:06 -0700] "POST /wp-cron.php?doing_wp_cron=1783702566.3033180236816406250000 HTTP/1.1" 200 3587 "-" "WordPress/7.0.1; https://vanessavaladezrealty.com"
196.238.206.98 - - [10/Jul/2026:09:56:05 -0700] "POST /xmlrpc.php HTTP/1.1" 200 4129 "-" "Jetpack/12.0; WordPress/6.2; http://site50396180.com"
196.238.206.98 - - [10/Jul/2026:09:56:15 -0700] "POST /xmlrpc.php HTTP/1.1" 200 4129 "-" "Jetpack by WordPress.com (Jetpack 12.0; WordPress 6.4)"
196.238.206.98 - - [10/Jul/2026:09:56:26 -0700] "POST /xmlrpc.php HTTP/1.1" 403 4352 "-" "WordPress.com; https://wordpress.com"
196.238.206.98 - - [10/Jul/2026:09:56:36 -0700] "POST /xmlrpc.php HTTP/1.1" 403 4352 "-" "WordPress.com; https://wordpress.com"
196.238.206.98 - - [10/Jul/2026:09:56:47 -0700] "POST /xmlrpc.php HTTP/1.1" 403 4352 "-" "Jetpack by WordPress.com"
196.238.206.98 - - [10/Jul/2026:09:56:57 -0700] "POST /xmlrpc.php HTTP/1.1" 403 4352 "-" "WordPress.com; https://wordpress.com"
35.235.84.95 - - [10/Jul/2026:09:57:09 -0700] "POST /wp-cron.php?doing_wp_cron=1783702629.2276959419250488281250 HTTP/1.1" 200 3587 "-" "WordPress/7.0.1; https://vanessavaladezrealty.com"
196.238.206.98 - - [10/Jul/2026:09:57:08 -0700] "POST /xmlrpc.php HTTP/1.1" 200 4129 "-" "Jetpack by WordPress.com (Jetpack 13.0; WordPress 6.2)"
196.238.206.98 - - [10/Jul/2026:09:57:18 -0700] "POST /xmlrpc.php HTTP/1.1" 200 4129 "-" "Jetpack/12.5; WordPress/6.3; http://site61236401.com"
196.238.206.98 - - [10/Jul/2026:09:57:29 -0700] "POST /xmlrpc.php HTTP/1.1" 200 4129 "-" "Jetpack/12.1; WordPress/6.1; http://site78473538.com"
196.238.206.98 - - [10/Jul/2026:09:57:39 -0700] "POST /xmlrpc.php HTTP/1.1" 200 4129 "-" "Jetpack by WordPress.com (Jetpack 13.0; WordPress 6.2)"
196.238.206.98 - - [10/Jul/2026:09:57:49 -0700] "POST /xmlrpc.php HTTP/1.1" 403 4352 "-" "Jetpack by WordPress.com"
196.238.206.98 - - [10/Jul/2026:09:58:00 -0700] "POST /xmlrpc.php HTTP/1.1" 200 4129 "-" "Jetpack/12.0; WordPress/6.1; http://site28903218.com"
196.238.206.98 - - [10/Jul/2026:09:58:11 -0700] "POST /xmlrpc.php HTTP/1.1" 403 4352 "-" "WordPress.com; https://wordpress.com"
35.235.84.95 - - [10/Jul/2026:09:58:22 -0700] "POST /wp-cron.php?doing_wp_cron=1783702702.5844330787658691406250 HTTP/1.1" 200 3587 "-" "WordPress/7.0.1; https://vanessavaladezrealty.com"
196.238.206.98 - - [10/Jul/2026:09:58:21 -0700] "POST /xmlrpc.php HTTP/1.1" 200 4129 "-" "Jetpack/12.1; WordPress/6.4; http://site90333768.com"
196.238.206.98 - - [10/Jul/2026:09:58:31 -0700] "POST /xmlrpc.php HTTP/1.1" 403 4352 "-" "WordPress.com; https://wordpress.com"
196.238.206.98 - - [10/Jul/2026:09:58:42 -0700] "POST /xmlrpc.php HTTP/1.1" 403 4352 "-" "Jetpack by WordPress.com"
35.235.84.95 - - [10/Jul/2026:09:58:54 -0700] "POST /wp-cron.php?doing_wp_cron=1783702734.0890231132507324218750 HTTP/1.1" 200 3587 "-" "WordPress/7.0.1; https://vanessavaladezrealty.com"
196.238.206.98 - - [10/Jul/2026:09:58:52 -0700] "POST /xmlrpc.php HTTP/1.1" 200 4129 "-" "Jetpack/13.0; WordPress/6.1; http://site28939860.com"
196.238.206.98 - - [10/Jul/2026:09:59:03 -0700] "POST /xmlrpc.php HTTP/1.1" 200 4129 "-" "Jetpack/12.1; WordPress/6.3; http://site37429569.com"
