172.245.102.42 - - [10/Jul/2026:23:24:16 -0700] "POST /admin HTTP/1.1" 302 4148 "https://vanessavaladezrealty.com/wp-admin/" "Mozilla/5.0 (Windows NT 10.0; Win64; x64) AppleWebKit/537.36 (KHTML, like Gecko) Chrome/90.0.4430.85 Safari/537.36"
172.245.102.42 - - [10/Jul/2026:23:24:17 -0700] "GET /wp-admin/ HTTP/1.1" 302 3784 "https://vanessavaladezrealty.com/wp-admin/" "Mozilla/5.0 (Windows NT 10.0; Win64; x64) AppleWebKit/537.36 (KHTML, like Gecko) Chrome/90.0.4430.85 Safari/537.36"
172.245.102.42 - - [10/Jul/2026:23:24:18 -0700] "GET /wp-login.php?redirect_to=https%3A%2F%2Fvanessavaladezrealty.com%2Fwp-admin%2F&reauth=1 HTTP/1.1" 200 8365 "https://vanessavaladezrealty.com/wp-admin/" "Mozilla/5.0 (Windows NT 10.0; Win64; x64) AppleWebKit/537.36 (KHTML, like Gecko) Chrome/90.0.4430.85 Safari/537.36"
193.36.225.65 - - [10/Jul/2026:23:24:22 -0700] "POST /wp-login.php HTTP/1.1" 200 6521 "https://vanessavaladezrealty.com/wp-admin/" "Mozilla/5.0 (Windows NT 10.0; Win64; x64) AppleWebKit/537.36 (KHTML, like Gecko) Chrome/90.0.4430.85 Safari/537.36"
193.36.225.65 - - [10/Jul/2026:23:24:23 -0700] "POST /admin HTTP/1.1" 302 4148 "https://vanessavaladezrealty.com/wp-admin/" "Mozilla/5.0 (Windows NT 10.0; Win64; x64) AppleWebKit/537.36 (KHTML, like Gecko) Chrome/90.0.4430.85 Safari/537.36"
193.36.225.65 - - [10/Jul/2026:23:24:24 -0700] "GET /wp-admin/ HTTP/1.1" 302 3784 "https://vanessavaladezrealty.com/wp-admin/" "Mozilla/5.0 (Windows NT 10.0; Win64; x64) AppleWebKit/537.36 (KHTML, like Gecko) Chrome/90.0.4430.85 Safari/537.36"
193.36.225.65 - - [10/Jul/2026:23:24:26 -0700] "GET /wp-login.php?redirect_to=https%3A%2F%2Fvanessavaladezrealty.com%2Fwp-admin%2F&reauth=1 HTTP/1.1" 200 8365 "https://vanessavaladezrealty.com/wp-admin/" "Mozilla/5.0 (Windows NT 10.0; Win64; x64) AppleWebKit/537.36 (KHTML, like Gecko) Chrome/90.0.4430.85 Safari/537.36"
193.36.225.10 - - [10/Jul/2026:23:24:39 -0700] "POST /admin HTTP/1.1" 302 4148 "https://vanessavaladezrealty.com/wp-admin/" "Mozilla/5.0 (Windows NT 10.0; Win64; x64) AppleWebKit/537.36 (KHTML, like Gecko) Chrome/90.0.4430.85 Safari/537.36"
193.36.225.10 - - [10/Jul/2026:23:24:41 -0700] "GET /wp-admin/ HTTP/1.1" 302 3784 "https://vanessavaladezrealty.com/wp-admin/" "Mozilla/5.0 (Windows NT 10.0; Win64; x64) AppleWebKit/537.36 (KHTML, like Gecko) Chrome/90.0.4430.85 Safari/537.36"
193.36.225.10 - - [10/Jul/2026:23:24:43 -0700] "GET /wp-login.php?redirect_to=https%3A%2F%2Fvanessavaladezrealty.com%2Fwp-admin%2F&reauth=1 HTTP/1.1" 200 8365 "https://vanessavaladezrealty.com/wp-admin/" "Mozilla/5.0 (Windows NT 10.0; Win64; x64) AppleWebKit/537.36 (KHTML, like Gecko) Chrome/90.0.4430.85 Safari/537.36"
193.36.225.10 - - [10/Jul/2026:23:24:36 -0700] "POST /wp-login.php HTTP/1.1" 200 6533 "https://vanessavaladezrealty.com/wp-admin/" "Mozilla/5.0 (Windows NT 10.0; Win64; x64) AppleWebKit/537.36 (KHTML, like Gecko) Chrome/90.0.4430.85 Safari/537.36"
193.36.225.65 - - [10/Jul/2026:23:24:45 -0700] "POST /wp-login.php HTTP/1.1" 200 6521 "https://vanessavaladezrealty.com/wp-admin/" "Mozilla/5.0 (Windows NT 10.0; Win64; x64) AppleWebKit/537.36 (KHTML, like Gecko) Chrome/90.0.4430.85 Safari/537.36"
193.36.225.65 - - [10/Jul/2026:23:24:47 -0700] "POST /admin HTTP/1.1" 302 4148 "https://vanessavaladezrealty.com/wp-admin/" "Mozilla/5.0 (Windows NT 10.0; Win64; x64) AppleWebKit/537.36 (KHTML, like Gecko) Chrome/90.0.4430.85 Safari/537.36"
193.36.225.65 - - [10/Jul/2026:23:24:48 -0700] "GET /wp-admin/ HTTP/1.1" 302 3784 "https://vanessavaladezrealty.com/wp-admin/" "Mozilla/5.0 (Windows NT 10.0; Win64; x64) AppleWebKit/537.36 (KHTML, like Gecko) Chrome/90.0.4430.85 Safari/537.36"
35.235.84.95 - - [10/Jul/2026:23:24:50 -0700] "POST /wp-cron.php?doing_wp_cron=1783751090.8429229259490966796875 HTTP/1.1" 200 3587 "-" "WordPress/7.0.1; https://vanessavaladezrealty.com"
193.36.225.65 - - [10/Jul/2026:23:24:49 -0700] "GET /wp-login.php?redirect_to=https%3A%2F%2Fvanessavaladezrealty.com%2Fwp-admin%2F&reauth=1 HTTP/1.1" 200 8365 "https://vanessavaladezrealty.com/wp-admin/" "Mozilla/5.0 (Windows NT 10.0; Win64; x64) AppleWebKit/537.36 (KHTML, like Gecko) Chrome/90.0.4430.85 Safari/537.36"
35.235.84.95 - - [10/Jul/2026:23:28:50 -0700] "POST /wp-cron.php?doing_wp_cron=1783751330.9456911087036132812500 HTTP/1.1" 200 3587 "-" "WordPress/7.0.1; https://vanessavaladezrealty.com"
67.43.12.67 - - [10/Jul/2026:23:28:49 -0700] "GET /wp-login.php HTTP/1.1" 200 6364 "-" "Mozilla/5.0 (Windows NT 10.0; Win64; x64) AppleWebKit/537.36 (KHTML, like Gecko) Chrome/133.0.0.0 Safari/537.36"
67.43.12.67 - - [10/Jul/2026:23:28:51 -0700] "POST /wp-login.php HTTP/1.1" 200 6445 "https://vanessavaladezrealty.com/wp-login.php" "Mozilla/5.0 (Windows NT 10.0; Win64; x64) AppleWebKit/537.36 (KHTML, like Gecko) Chrome/133.0.0.0 Safari/537.36"
35.235.84.95 - - [10/Jul/2026:23:32:28 -0700] "POST /wp-cron.php?doing_wp_cron=1783751548.3848590850830078125000 HTTP/1.1" 200 3587 "-" "WordPress/7.0.1; https://vanessavaladezrealty.com"
62.193.192.182 - - [10/Jul/2026:23:32:27 -0700] "GET /wp-login.php HTTP/1.1" 200 6364 "-" "Mozilla/5.0 (Windows NT 10.0; Win64; x64) AppleWebKit/537.36 (KHTML, like Gecko) Chrome/133.0.0.0 Safari/537.36"
49.204.143.231 - - [10/Jul/2026:23:32:28 -0700] "POST /xmlrpc.php HTTP/1.1" 200 4129 "-" "Jetpack by WordPress.com"
62.193.192.182 - - [10/Jul/2026:23:32:28 -0700] "POST /wp-login.php HTTP/1.1" 200 6466 "https://vanessavaladezrealty.com/wp-login.php" "Mozilla/5.0 (Windows NT 10.0; Win64; x64) AppleWebKit/537.36 (KHTML, like Gecko) Chrome/133.0.0.0 Safari/537.36"
49.204.143.231 - - [10/Jul/2026:23:32:38 -0700] "POST /xmlrpc.php HTTP/1.1" 200 4129 "-" "WordPress.com; https://wordpress.com"
49.204.143.231 - - [10/Jul/2026:23:32:48 -0700] "POST /xmlrpc.php HTTP/1.1" 200 4129 "-" "Jetpack by WordPress.com (Jetpack 12.1; WordPress 6.4)"
49.204.143.231 - - [10/Jul/2026:23:32:59 -0700] "POST /xmlrpc.php HTTP/1.1" 200 4129 "-" "Jetpack/12.5; WordPress/6.2; http://site99614211.com"
49.204.143.231 - - [10/Jul/2026:23:33:09 -0700] "POST /xmlrpc.php HTTP/1.1" 200 4129 "-" "Jetpack/12.5; WordPress/6.2; http://site84364947.com"
49.204.143.231 - - [10/Jul/2026:23:33:20 -0700] "POST /xmlrpc.php HTTP/1.1" 200 4129 "-" "WordPress.com; https://wordpress.com"
35.235.84.95 - - [10/Jul/2026:23:33:31 -0700] "POST /wp-cron.php?doing_wp_cron=1783751611.5711960792541503906250 HTTP/1.1" 200 3587 "-" "WordPress/7.0.1; https://vanessavaladezrealty.com"
49.204.143.231 - - [10/Jul/2026:23:33:30 -0700] "POST /xmlrpc.php HTTP/1.1" 200 4129 "-" "WordPress.com; https://wordpress.com"
49.204.143.231 - - [10/Jul/2026:23:33:41 -0700] "POST /xmlrpc.php HTTP/1.1" 200 4129 "-" "Jetpack by WordPress.com (Jetpack 12.5; WordPress 6.3)"
35.235.84.95 - - [10/Jul/2026:23:33:52 -0700] "POST /wp-cron.php?doing_wp_cron=1783751632.6903390884399414062500 HTTP/1.1" 200 3587 "-" "WordPress/7.0.1; https://vanessavaladezrealty.com"
49.204.143.231 - - [10/Jul/2026:23:33:51 -0700] "POST /xmlrpc.php HTTP/1.1" 200 4129 "-" "Jetpack by WordPress.com"
49.204.143.231 - - [10/Jul/2026:23:34:02 -0700] "POST /xmlrpc.php HTTP/1.1" 200 4129 "-" "Jetpack by WordPress.com (Jetpack 12.0; WordPress 6.2)"
49.204.143.231 - - [10/Jul/2026:23:34:12 -0700] "POST /xmlrpc.php HTTP/1.1" 200 4129 "-" "Jetpack/12.5; WordPress/6.4; http://site99760809.com"
35.235.84.95 - - [10/Jul/2026:23:35:00 -0700] "POST /wp-cron.php?doing_wp_cron=1783751700.5475950241088867187500 HTTP/1.1" 200 3587 "-" "WordPress/7.0.1; https://vanessavaladezrealty.com"
68.67.112.145 - - [10/Jul/2026:23:34:59 -0700] "GET /robots.txt HTTP/1.1" 200 4273 "-" "Mozilla/5.0 AppleWebKit/537.36 (KHTML, like Gecko; compatible; YouBot/1.0; +https://docs.you.com/youbot; env:prod) Chrome/142.0.0.0 Safari/537.36"
68.67.112.145 - - [10/Jul/2026:23:35:00 -0700] "GET /properties/vanessavaladez/ HTTP/1.1" 200 32780 "-" "Mozilla/5.0 AppleWebKit/537.36 (KHTML, like Gecko; compatible; YouBot/1.0; +https://docs.you.com/youbot; env:prod) Chrome/142.0.0.0 Safari/537.36"
49.204.143.231 - - [10/Jul/2026:23:35:06 -0700] "POST /xmlrpc.php HTTP/1.1" 200 4129 "-" "Jetpack by WordPress.com"
49.204.143.231 - - [10/Jul/2026:23:35:15 -0700] "POST /xmlrpc.php HTTP/1.1" 200 4129 "-" "WordPress.com; https://wordpress.com"
49.204.143.231 - - [10/Jul/2026:23:35:26 -0700] "POST /xmlrpc.php HTTP/1.1" 200 4129 "-" "WordPress.com; https://wordpress.com"
49.204.143.231 - - [10/Jul/2026:23:35:37 -0700] "POST /xmlrpc.php HTTP/1.1" 200 4129 "-" "Jetpack by WordPress.com"
49.204.143.231 - - [10/Jul/2026:23:35:47 -0700] "POST /xmlrpc.php HTTP/1.1" 200 4129 "-" "Jetpack by WordPress.com"
49.204.143.231 - - [10/Jul/2026:23:35:58 -0700] "POST /xmlrpc.php HTTP/1.1" 403 4352 "-" "WordPress.com; https://wordpress.com"
35.235.84.95 - - [10/Jul/2026:23:36:10 -0700] "POST /wp-cron.php?doing_wp_cron=1783751770.6120569705963134765625 HTTP/1.1" 200 3587 "-" "WordPress/7.0.1; https://vanessavaladezrealty.com"
49.204.143.231 - - [10/Jul/2026:23:36:09 -0700] "POST /xmlrpc.php HTTP/1.1" 200 4129 "-" "Jetpack/12.0; WordPress/6.1; http://site58015001.com"
49.204.143.231 - - [10/Jul/2026:23:36:20 -0700] "POST /xmlrpc.php HTTP/1.1" 200 4129 "-" "Jetpack/12.5; WordPress/6.2; http://site60154940.com"
49.204.143.231 - - [10/Jul/2026:23:36:30 -0700] "POST /xmlrpc.php HTTP/1.1" 403 4352 "-" "WordPress.com; https://wordpress.com"
35.235.84.95 - - [10/Jul/2026:23:36:42 -0700] "POST /wp-cron.php?doing_wp_cron=1783751802.5377318859100341796875 HTTP/1.1" 200 3587 "-" "WordPress/7.0.1; https://vanessavaladezrealty.com"
49.204.143.231 - - [10/Jul/2026:23:36:41 -0700] "POST /xmlrpc.php HTTP/1.1" 200 4129 "-" "Jetpack by WordPress.com (Jetpack 12.5; WordPress 6.2)"
49.204.143.231 - - [10/Jul/2026:23:36:51 -0700] "POST /xmlrpc.php HTTP/1.1" 403 4352 "-" "Jetpack by WordPress.com"
49.204.143.231 - - [10/Jul/2026:23:37:02 -0700] "POST /xmlrpc.php HTTP/1.1" 200 4129 "-" "Jetpack by WordPress.com (Jetpack 13.0; WordPress 6.3)"
49.204.143.231 - - [10/Jul/2026:23:37:12 -0700] "POST /xmlrpc.php HTTP/1.1" 200 4129 "-" "Jetpack/12.0; WordPress/6.3; http://site16690855.com"
49.204.143.231 - - [10/Jul/2026:23:37:23 -0700] "POST /xmlrpc.php HTTP/1.1" 200 4129 "-" "Jetpack by WordPress.com (Jetpack 12.0; WordPress 6.1)"
49.204.143.231 - - [10/Jul/2026:23:37:33 -0700] "POST /xmlrpc.php HTTP/1.1" 403 4352 "-" "Jetpack by WordPress.com"
35.235.84.95 - - [10/Jul/2026:23:37:45 -0700] "POST /wp-cron.php?doing_wp_cron=1783751865.5743100643157958984375 HTTP/1.1" 200 3587 "-" "WordPress/7.0.1; https://vanessavaladezrealty.com"
49.204.143.231 - - [10/Jul/2026:23:37:44 -0700] "POST /xmlrpc.php HTTP/1.1" 200 4129 "-" "Jetpack by WordPress.com (Jetpack 12.1; WordPress 6.3)"
35.235.84.95 - - [10/Jul/2026:23:37:56 -0700] "POST /wp-cron.php?doing_wp_cron=1783751876.5937509536743164062500 HTTP/1.1" 200 3587 "-" "WordPress/7.0.1; https://vanessavaladezrealty.com"
49.204.143.231 - - [10/Jul/2026:23:37:55 -0700] "POST /xmlrpc.php HTTP/1.1" 200 4129 "-" "Jetpack/12.0; WordPress/6.2; http://site73007209.com"
49.204.143.231 - - [10/Jul/2026:23:38:05 -0700] "POST /xmlrpc.php HTTP/1.1" 403 4352 "-" "Jetpack by WordPress.com"
49.204.143.231 - - [10/Jul/2026:23:38:16 -0700] "POST /xmlrpc.php HTTP/1.1" 200 4129 "-" "Jetpack/12.5; WordPress/6.1; http://site91968209.com"
49.204.143.231 - - [10/Jul/2026:23:38:26 -0700] "POST /xmlrpc.php HTTP/1.1" 403 4352 "-" "Jetpack by WordPress.com"
49.204.143.231 - - [10/Jul/2026:23:38:37 -0700] "POST /xmlrpc.php HTTP/1.1" 403 4352 "-" "Jetpack by WordPress.com"
49.204.143.231 - - [10/Jul/2026:23:38:47 -0700] "POST /xmlrpc.php HTTP/1.1" 403 4352 "-" "WordPress.com; https://wordpress.com"
35.235.84.95 - - [10/Jul/2026:23:38:58 -0700] "POST /wp-cron.php?doing_wp_cron=1783751938.7298910617828369140625 HTTP/1.1" 200 3587 "-" "WordPress/7.0.1; https://vanessavaladezrealty.com"
194.44.27.94 - - [10/Jul/2026:23:38:57 -0700] "GET /properties/131-Residential-3651-Arville-Street-325-7-Rooms-2-Bedrooms-2-Bathrooms-USD139-000/ HTTP/1.1" 200 35254 "-" "Mozilla/5.0 (Macintosh; Intel Mac OS X 10_13_6) AppleWebKit/537.36 (KHTML, like Gecko) Chrome/89.0.4389.114 Safari/537.36"
49.204.143.231 - - [10/Jul/2026:23:38:58 -0700] "POST /xmlrpc.php HTTP/1.1" 200 4129 "-" "Jetpack by WordPress.com (Jetpack 12.0; WordPress 6.4)"
49.204.143.231 - - [10/Jul/2026:23:39:08 -0700] "POST /xmlrpc.php HTTP/1.1" 200 4129 "-" "Jetpack/13.0; WordPress/6.2; http://site91252409.com"
49.204.143.231 - - [10/Jul/2026:23:39:19 -0700] "POST /xmlrpc.php HTTP/1.1" 403 4352 "-" "Jetpack by WordPress.com"
49.204.143.231 - - [10/Jul/2026:23:39:29 -0700] "POST /xmlrpc.php HTTP/1.1" 403 4352 "-" "WordPress.com; https://wordpress.com"
49.204.143.231 - - [10/Jul/2026:23:39:39 -0700] "POST /xmlrpc.php HTTP/1.1" 200 4129 "-" "Jetpack/12.1; WordPress/6.3; http://site44606012.com"
49.204.143.231 - - [10/Jul/2026:23:39:50 -0700] "POST /xmlrpc.php HTTP/1.1" 403 4352 "-" "WordPress.com; https://wordpress.com"
35.235.84.95 - - [10/Jul/2026:23:40:02 -0700] "POST /wp-cron.php?doing_wp_cron=1783752001.9907219409942626953125 HTTP/1.1" 200 3587 "-" "WordPress/7.0.1; https://vanessavaladezrealty.com"
49.204.143.231 - - [10/Jul/2026:23:40:00 -0700] "POST /xmlrpc.php HTTP/1.1" 200 4129 "-" "Jetpack/13.0; WordPress/6.3; http://site97163015.com"
49.204.143.231 - - [10/Jul/2026:23:40:11 -0700] "POST /xmlrpc.php HTTP/1.1" 200 4129 "-" "Jetpack by WordPress.com (Jetpack 13.0; WordPress 6.2)"
49.204.143.231 - - [10/Jul/2026:23:40:21 -0700] "POST /xmlrpc.php HTTP/1.1" 403 4352 "-" "WordPress.com; https://wordpress.com"
49.204.143.231 - - [10/Jul/2026:23:40:32 -0700] "POST /xmlrpc.php HTTP/1.1" 403 4352 "-" "Jetpack by WordPress.com"
35.235.84.95 - - [10/Jul/2026:23:40:43 -0700] "POST /wp-cron.php?doing_wp_cron=1783752043.8315548896789550781250 HTTP/1.1" 200 3587 "-" "WordPress/7.0.1; https://vanessavaladezrealty.com"
49.204.143.231 - - [10/Jul/2026:23:40:42 -0700] "POST /xmlrpc.php HTTP/1.1" 200 4129 "-" "Jetpack/12.1; WordPress/6.4; http://site83958617.com"
49.204.143.231 - - [10/Jul/2026:23:40:53 -0700] "POST /xmlrpc.php HTTP/1.1" 403 4352 "-" "Jetpack by WordPress.com"
49.204.143.231 - - [10/Jul/2026:23:41:03 -0700] "POST /xmlrpc.php HTTP/1.1" 403 4352 "-" "Jetpack by WordPress.com"
35.235.84.95 - - [10/Jul/2026:23:41:15 -0700] "POST /wp-cron.php?doing_wp_cron=1783752075.2848339080810546875000 HTTP/1.1" 200 3587 "-" "WordPress/7.0.1; https://vanessavaladezrealty.com"
49.204.143.231 - - [10/Jul/2026:23:41:14 -0700] "POST /xmlrpc.php HTTP/1.1" 200 4129 "-" "Jetpack by WordPress.com (Jetpack 12.5; WordPress 6.3)"
49.204.143.231 - - [10/Jul/2026:23:41:24 -0700] "POST /xmlrpc.php HTTP/1.1" 403 4352 "-" "WordPress.com; https://wordpress.com"
35.235.84.95 - - [10/Jul/2026:23:41:36 -0700] "POST /wp-cron.php?doing_wp_cron=1783752096.2267899513244628906250 HTTP/1.1" 200 3587 "-" "WordPress/7.0.1; https://vanessavaladezrealty.com"
49.204.143.231 - - [10/Jul/2026:23:41:35 -0700] "POST /xmlrpc.php HTTP/1.1" 200 4129 "-" "Jetpack/13.0; WordPress/6.4; http://site89752657.com"
89.124.92.70 - - [10/Jul/2026:23:41:42 -0700] "GET /hello-world/ HTTP/1.1" 200 126058 "https://vanessavaladezrealty.com/hello-world/" "Mozilla/5.0 (Windows NT 10.0; Win64; x64) AppleWebKit/537.36 (KHTML, like Gecko) Chrome/129.0.0.0 Safari/537.36"
49.204.143.231 - - [10/Jul/2026:23:41:45 -0700] "POST /xmlrpc.php HTTP/1.1" 403 4352 "-" "Jetpack by WordPress.com"
89.124.92.70 - - [10/Jul/2026:23:41:45 -0700] "POST /wp-comments-post.php HTTP/1.1" 302 4295 "https://vanessavaladezrealty.com/hello-world/" "Mozilla/5.0 (Windows NT 10.0; Win64; x64) AppleWebKit/537.36 (KHTML, like Gecko) Chrome/129.0.0.0 Safari/537.36"
89.124.92.70 - - [10/Jul/2026:23:41:46 -0700] "GET /hello-world/ HTTP/1.1" 200 129007 "https://vanessavaladezrealty.com/hello-world/#comment-1383" "Mozilla/5.0 (Windows NT 10.0; Win64; x64) AppleWebKit/537.36 (KHTML, like Gecko) Chrome/129.0.0.0 Safari/537.36"
49.204.143.231 - - [10/Jul/2026:23:41:56 -0700] "POST /xmlrpc.php HTTP/1.1" 403 4352 "-" "Jetpack by WordPress.com"
49.204.143.231 - - [10/Jul/2026:23:42:06 -0700] "POST /xmlrpc.php HTTP/1.1" 403 4352 "-" "WordPress.com; https://wordpress.com"
49.204.143.231 - - [10/Jul/2026:23:42:17 -0700] "POST /xmlrpc.php HTTP/1.1" 403 4352 "-" "WordPress.com; https://wordpress.com"
49.204.143.231 - - [10/Jul/2026:23:42:27 -0700] "POST /xmlrpc.php HTTP/1.1" 200 4129 "-" "Jetpack/13.0; WordPress/6.3; http://site63777511.com"
49.204.143.231 - - [10/Jul/2026:23:42:38 -0700] "POST /xmlrpc.php HTTP/1.1" 403 4352 "-" "Jetpack by WordPress.com"
49.204.143.231 - - [10/Jul/2026:23:42:48 -0700] "POST /xmlrpc.php HTTP/1.1" 403 4352 "-" "Jetpack by WordPress.com"
49.204.143.231 - - [10/Jul/2026:23:42:59 -0700] "POST /xmlrpc.php HTTP/1.1" 403 4352 "-" "Jetpack by WordPress.com"
35.235.84.95 - - [10/Jul/2026:23:43:10 -0700] "POST /wp-cron.php?doing_wp_cron=1783752190.5821321010589599609375 HTTP/1.1" 200 3587 "-" "WordPress/7.0.1; https://vanessavaladezrealty.com"
49.204.143.231 - - [10/Jul/2026:23:43:09 -0700] "POST /xmlrpc.php HTTP/1.1" 200 4129 "-" "Jetpack/13.0; WordPress/6.3; http://site16627909.com"
49.204.143.231 - - [10/Jul/2026:23:43:19 -0700] "POST /xmlrpc.php HTTP/1.1" 403 4352 "-" "WordPress.com; https://wordpress.com"
49.204.143.231 - - [10/Jul/2026:23:43:30 -0700] "POST /xmlrpc.php HTTP/1.1" 403 4352 "-" "Jetpack by WordPress.com"
49.204.143.231 - - [10/Jul/2026:23:43:40 -0700] "POST /xmlrpc.php HTTP/1.1" 200 4129 "-" "Jetpack/12.5; WordPress/6.3; http://site49493442.com"
35.235.84.95 - - [10/Jul/2026:23:43:52 -0700] "POST /wp-cron.php?doing_wp_cron=1783752232.4746019840240478515625 HTTP/1.1" 200 3587 "-" "WordPress/7.0.1; https://vanessavaladezrealty.com"
49.204.143.231 - - [10/Jul/2026:23:43:51 -0700] "POST /xmlrpc.php HTTP/1.1" 200 4129 "-" "Jetpack/12.0; WordPress/6.3; http://site91496985.com"
49.204.143.231 - - [10/Jul/2026:23:44:01 -0700] "POST /xmlrpc.php HTTP/1.1" 200 4129 "-" "Jetpack/12.0; WordPress/6.3; http://site55734781.com"
49.204.143.231 - - [10/Jul/2026:23:44:12 -0700] "POST /xmlrpc.php HTTP/1.1" 403 4352 "-" "WordPress.com; https://wordpress.com"
49.204.143.231 - - [10/Jul/2026:23:44:22 -0700] "POST /xmlrpc.php HTTP/1.1" 403 4352 "-" "Jetpack by WordPress.com"
49.204.143.231 - - [10/Jul/2026:23:44:33 -0700] "POST /xmlrpc.php HTTP/1.1" 403 4352 "-" "Jetpack by WordPress.com"
35.235.84.95 - - [10/Jul/2026:23:44:53 -0700] "POST /wp-cron.php?doing_wp_cron=1783752293.3254969120025634765625 HTTP/1.1" 200 3587 "-" "WordPress/7.0.1; https://vanessavaladezrealty.com"
93.36.218.243 - - [10/Jul/2026:23:44:52 -0700] "POST /xmlrpc.php HTTP/1.1" 200 4129 "-" "Jetpack/12.5; WordPress/6.3; http://site48337967.com"
93.36.218.243 - - [10/Jul/2026:23:45:02 -0700] "POST /xmlrpc.php HTTP/1.1" 200 4129 "-" "WordPress.com; https://wordpress.com"
93.36.218.243 - - [10/Jul/2026:23:45:12 -0700] "POST /xmlrpc.php HTTP/1.1" 200 4129 "-" "WordPress.com; https://wordpress.com"
93.36.218.243 - - [10/Jul/2026:23:45:23 -0700] "POST /xmlrpc.php HTTP/1.1" 200 4129 "-" "Jetpack/13.0; WordPress/6.1; http://site27654517.com"
93.36.218.243 - - [10/Jul/2026:23:45:33 -0700] "POST /xmlrpc.php HTTP/1.1" 200 4129 "-" "WordPress.com; https://wordpress.com"
93.36.218.243 - - [10/Jul/2026:23:45:44 -0700] "POST /xmlrpc.php HTTP/1.1" 200 4129 "-" "Jetpack by WordPress.com (Jetpack 12.1; WordPress 6.2)"
35.235.84.95 - - [10/Jul/2026:23:45:55 -0700] "POST /wp-cron.php?doing_wp_cron=1783752355.9256041049957275390625 HTTP/1.1" 200 3587 "-" "WordPress/7.0.1; https://vanessavaladezrealty.com"
93.36.218.243 - - [10/Jul/2026:23:45:54 -0700] "POST /xmlrpc.php HTTP/1.1" 200 4129 "-" "Jetpack/12.0; WordPress/6.4; http://site41148843.com"
93.36.218.243 - - [10/Jul/2026:23:46:05 -0700] "POST /xmlrpc.php HTTP/1.1" 200 4129 "-" "Jetpack by WordPress.com"
93.36.218.243 - - [10/Jul/2026:23:46:15 -0700] "POST /xmlrpc.php HTTP/1.1" 200 4129 "-" "Jetpack by WordPress.com"
35.235.84.95 - - [10/Jul/2026:23:46:27 -0700] "POST /wp-cron.php?doing_wp_cron=1783752387.5686221122741699218750 HTTP/1.1" 200 3587 "-" "WordPress/7.0.1; https://vanessavaladezrealty.com"
93.36.218.243 - - [10/Jul/2026:23:46:26 -0700] "POST /xmlrpc.php HTTP/1.1" 200 4129 "-" "Jetpack/13.0; WordPress/6.2; http://site17654294.com"
114.119.155.58 - - [10/Jul/2026:23:46:36 -0700] "GET /properties/132-Residential-3325-Plaza-Del-Paz-6-Rooms-3-Bedrooms-3-Bathrooms-USD575-000/ HTTP/1.1" 200 33060 "https://vanessavaladezrealty.com/properties/vanessavaladez?wplpage=4" "Mozilla/5.0 (Linux; Android 7.0;) AppleWebKit/537.36 (HTML, like Gecko) Mobile Safari/537.36 (compatible; PetalBot;+https://webmaster.petalsearch.com/site/petalbot)"
93.36.218.243 - - [10/Jul/2026:23:46:37 -0700] "POST /xmlrpc.php HTTP/1.1" 200 4129 "-" "Jetpack by WordPress.com"
93.36.218.243 - - [10/Jul/2026:23:46:47 -0700] "POST /xmlrpc.php HTTP/1.1" 200 4129 "-" "Jetpack by WordPress.com (Jetpack 12.0; WordPress 6.2)"
93.36.218.243 - - [10/Jul/2026:23:46:58 -0700] "POST /xmlrpc.php HTTP/1.1" 200 4129 "-" "WordPress.com; https://wordpress.com"
93.36.218.243 - - [10/Jul/2026:23:47:08 -0700] "POST /xmlrpc.php HTTP/1.1" 200 4129 "-" "Jetpack by WordPress.com"
93.36.218.243 - - [10/Jul/2026:23:47:19 -0700] "POST /xmlrpc.php HTTP/1.1" 200 4129 "-" "Jetpack by WordPress.com"
35.235.84.95 - - [10/Jul/2026:23:47:30 -0700] "POST /wp-cron.php?doing_wp_cron=1783752450.9707651138305664062500 HTTP/1.1" 200 3587 "-" "WordPress/7.0.1; https://vanessavaladezrealty.com"
93.36.218.243 - - [10/Jul/2026:23:47:29 -0700] "POST /xmlrpc.php HTTP/1.1" 200 4129 "-" "Jetpack/12.1; WordPress/6.4; http://site70777061.com"
93.36.218.243 - - [10/Jul/2026:23:47:40 -0700] "POST /xmlrpc.php HTTP/1.1" 403 4352 "-" "Jetpack by WordPress.com"
35.235.84.95 - - [10/Jul/2026:23:47:52 -0700] "POST /wp-cron.php?doing_wp_cron=1783752472.3852009773254394531250 HTTP/1.1" 200 3587 "-" "WordPress/7.0.1; https://vanessavaladezrealty.com"
93.36.218.243 - - [10/Jul/2026:23:47:51 -0700] "POST /xmlrpc.php HTTP/1.1" 200 4129 "-" "Jetpack/13.0; WordPress/6.2; http://site17452239.com"
93.36.218.243 - - [10/Jul/2026:23:48:01 -0700] "POST /xmlrpc.php HTTP/1.1" 200 4129 "-" "Jetpack/12.5; WordPress/6.1; http://site39058307.com"
93.36.218.243 - - [10/Jul/2026:23:48:12 -0700] "POST /xmlrpc.php HTTP/1.1" 200 4129 "-" "WordPress.com; https://wordpress.com"
93.36.218.243 - - [10/Jul/2026:23:48:22 -0700] "POST /xmlrpc.php HTTP/1.1" 200 4129 "-" "Jetpack by WordPress.com (Jetpack 12.0; WordPress 6.4)"
93.36.218.243 - - [10/Jul/2026:23:48:33 -0700] "POST /xmlrpc.php HTTP/1.1" 403 4352 "-" "WordPress.com; https://wordpress.com"
93.36.218.243 - - [10/Jul/2026:23:48:43 -0700] "POST /xmlrpc.php HTTP/1.1" 403 4352 "-" "Jetpack by WordPress.com"
93.36.218.243 - - [10/Jul/2026:23:48:54 -0700] "POST /xmlrpc.php HTTP/1.1" 403 4352 "-" "WordPress.com; https://wordpress.com"
35.235.84.95 - - [10/Jul/2026:23:49:06 -0700] "POST /wp-cron.php?doing_wp_cron=1783752546.0625710487365722656250 HTTP/1.1" 200 3587 "-" "WordPress/7.0.1; https://vanessavaladezrealty.com"
93.36.218.243 - - [10/Jul/2026:23:49:05 -0700] "POST /xmlrpc.php HTTP/1.1" 200 4129 "-" "Jetpack/12.0; WordPress/6.3; http://site55633679.com"
93.36.218.243 - - [10/Jul/2026:23:49:15 -0700] "POST /xmlrpc.php HTTP/1.1" 403 4352 "-" "WordPress.com; https://wordpress.com"
93.36.218.243 - - [10/Jul/2026:23:49:26 -0700] "POST /xmlrpc.php HTTP/1.1" 200 4129 "-" "Jetpack/12.0; WordPress/6.2; http://site97434350.com"
93.36.218.243 - - [10/Jul/2026:23:49:36 -0700] "POST /xmlrpc.php HTTP/1.1" 403 4352 "-" "WordPress.com; https://wordpress.com"
93.36.218.243 - - [10/Jul/2026:23:49:47 -0700] "POST /xmlrpc.php HTTP/1.1" 200 4129 "-" "Jetpack by WordPress.com (Jetpack 12.5; WordPress 6.4)"
35.235.84.95 - - [10/Jul/2026:23:49:53 -0700] "POST /wp-cron.php?doing_wp_cron=1783752593.2828700542449951171875 HTTP/1.1" 200 3587 "-" "WordPress/7.0.1; https://vanessavaladezrealty.com"
82.199.213.115 - - [10/Jul/2026:23:49:52 -0700] "GET /properties/150-0-0-0-$0/tel:7027760711 HTTP/1.1" 301 4150 "-" "Mozilla/5.0 (Macintosh; Intel Mac OS X 10_14_6) AppleWebKit/537.36 (KHTML, like Gecko) Chrome/101.0.4951.54 Safari/537.36"
82.199.213.115 - - [10/Jul/2026:23:49:55 -0700] "GET /properties/150-0-0-0-0/tel:7027760711/ HTTP/1.1" 301 4302 "-" "Mozilla/5.0 (Macintosh; Intel Mac OS X 10_14_6) AppleWebKit/537.36 (KHTML, like Gecko) Chrome/101.0.4951.54 Safari/537.36"
82.199.213.115 - - [10/Jul/2026:23:49:57 -0700] "GET /properties/150-0-0-0-%240 HTTP/1.1" 301 4080 "-" "Mozilla/5.0 (Macintosh; Intel Mac OS X 10_14_6) AppleWebKit/537.36 (KHTML, like Gecko) Chrome/101.0.4951.54 Safari/537.36"
93.36.218.243 - - [10/Jul/2026:23:50:18 -0700] "POST /xmlrpc.php HTTP/1.1" 200 4129 "-" "Jetpack by WordPress.com (Jetpack 12.1; WordPress 6.2)"
93.36.218.243 - - [10/Jul/2026:23:50:08 -0700] "POST /xmlrpc.php HTTP/1.1" 200 4129 "-" "Jetpack by WordPress.com (Jetpack 12.1; WordPress 6.2)"
93.36.218.243 - - [10/Jul/2026:23:49:57 -0700] "POST /xmlrpc.php HTTP/1.1" 403 4352 "-" "WordPress.com; https://wordpress.com"
93.36.218.243 - - [10/Jul/2026:23:50:29 -0700] "POST /xmlrpc.php HTTP/1.1" 200 4129 "-" "Jetpack/13.0; WordPress/6.3; http://site48077030.com"
82.199.213.115 - - [10/Jul/2026:23:49:59 -0700] "GET /properties/150-0-0-0-%240/ HTTP/1.1" 200 33031 "-" "Mozilla/5.0 (Macintosh; Intel Mac OS X 10_14_6) AppleWebKit/537.36 (KHTML, like Gecko) Chrome/101.0.4951.54 Safari/537.36"
93.36.218.243 - - [10/Jul/2026:23:50:40 -0700] "POST /xmlrpc.php HTTP/1.1" 200 4129 "-" "Jetpack by WordPress.com (Jetpack 12.5; WordPress 6.4)"
35.235.84.95 - - [10/Jul/2026:23:50:51 -0700] "POST /wp-cron.php?doing_wp_cron=1783752651.7261478900909423828125 HTTP/1.1" 200 3587 "-" "WordPress/7.0.1; https://vanessavaladezrealty.com"
93.36.218.243 - - [10/Jul/2026:23:50:50 -0700] "POST /xmlrpc.php HTTP/1.1" 200 4129 "-" "Jetpack/13.0; WordPress/6.3; http://site23563322.com"
93.36.218.243 - - [10/Jul/2026:23:51:01 -0700] "POST /xmlrpc.php HTTP/1.1" 200 4129 "-" "Jetpack by WordPress.com (Jetpack 12.0; WordPress 6.3)"
93.36.218.243 - - [10/Jul/2026:23:51:11 -0700] "POST /xmlrpc.php HTTP/1.1" 403 4352 "-" "Jetpack by WordPress.com"
93.36.218.243 - - [10/Jul/2026:23:51:22 -0700] "POST /xmlrpc.php HTTP/1.1" 403 4352 "-" "Jetpack by WordPress.com"
93.36.218.243 - - [10/Jul/2026:23:51:32 -0700] "POST /xmlrpc.php HTTP/1.1" 403 4352 "-" "WordPress.com; https://wordpress.com"
93.36.218.243 - - [10/Jul/2026:23:51:43 -0700] "POST /xmlrpc.php HTTP/1.1" 403 4352 "-" "WordPress.com; https://wordpress.com"
35.235.84.95 - - [10/Jul/2026:23:51:55 -0700] "POST /wp-cron.php?doing_wp_cron=1783752715.1310958862304687500000 HTTP/1.1" 200 3587 "-" "WordPress/7.0.1; https://vanessavaladezrealty.com"
93.36.218.243 - - [10/Jul/2026:23:51:54 -0700] "POST /xmlrpc.php HTTP/1.1" 200 4129 "-" "Jetpack by WordPress.com (Jetpack 12.0; WordPress 6.3)"
49.204.143.231 - - [10/Jul/2026:23:51:58 -0700] "POST /xmlrpc.php HTTP/1.1" 403 4352 "-" "WordPress.com; https://wordpress.com"
93.36.218.243 - - [10/Jul/2026:23:52:04 -0700] "POST /xmlrpc.php HTTP/1.1" 403 4352 "-" "WordPress.com; https://wordpress.com"
49.204.143.231 - - [10/Jul/2026:23:52:08 -0700] "POST /xmlrpc.php HTTP/1.1" 403 4352 "-" "Jetpack by WordPress.com"
93.36.218.243 - - [10/Jul/2026:23:52:15 -0700] "POST /xmlrpc.php HTTP/1.1" 403 4352 "-" "Jetpack by WordPress.com"
49.204.143.231 - - [10/Jul/2026:23:52:18 -0700] "POST /xmlrpc.php HTTP/1.1" 403 4352 "-" "Jetpack by WordPress.com"
93.36.218.243 - - [10/Jul/2026:23:52:25 -0700] "POST /xmlrpc.php HTTP/1.1" 403 4352 "-" "Jetpack by WordPress.com"
49.204.143.231 - - [10/Jul/2026:23:52:29 -0700] "POST /xmlrpc.php HTTP/1.1" 403 4352 "-" "WordPress.com; https://wordpress.com"
93.36.218.243 - - [10/Jul/2026:23:52:36 -0700] "POST /xmlrpc.php HTTP/1.1" 403 4352 "-" "Jetpack by WordPress.com"
49.204.143.231 - - [10/Jul/2026:23:52:39 -0700] "POST /xmlrpc.php HTTP/1.1" 403 4352 "-" "Jetpack by WordPress.com"
93.36.218.243 - - [10/Jul/2026:23:52:46 -0700] "POST /xmlrpc.php HTTP/1.1" 403 4352 "-" "WordPress.com; https://wordpress.com"
49.204.143.231 - - [10/Jul/2026:23:52:50 -0700] "POST /xmlrpc.php HTTP/1.1" 403 4352 "-" "Jetpack by WordPress.com"
93.36.218.243 - - [10/Jul/2026:23:52:57 -0700] "POST /xmlrpc.php HTTP/1.1" 403 4352 "-" "WordPress.com; https://wordpress.com"
49.204.143.231 - - [10/Jul/2026:23:53:00 -0700] "POST /xmlrpc.php HTTP/1.1" 403 4352 "-" "WordPress.com; https://wordpress.com"
35.235.84.95 - - [10/Jul/2026:23:53:09 -0700] "POST /wp-cron.php?doing_wp_cron=1783752789.4654328823089599609375 HTTP/1.1" 200 3587 "-" "WordPress/7.0.1; https://vanessavaladezrealty.com"
93.36.218.243 - - [10/Jul/2026:23:53:08 -0700] "POST /xmlrpc.php HTTP/1.1" 200 4129 "-" "Jetpack/12.0; WordPress/6.2; http://site42628374.com"
49.204.143.231 - - [10/Jul/2026:23:53:11 -0700] "POST /xmlrpc.php HTTP/1.1" 403 4352 "-" "Jetpack by WordPress.com"
93.36.218.243 - - [10/Jul/2026:23:53:18 -0700] "POST /xmlrpc.php HTTP/1.1" 200 4129 "-" "Jetpack by WordPress.com (Jetpack 12.0; WordPress 6.4)"
98.97.179.22 - - [10/Jul/2026:23:53:23 -0700] "GET /properties/?pid=119&wplview=property_show HTTP/1.1" 200 38174 "-" "Mozilla/5.0 (X11; OpenBSD i386) AppleWebKit/537.36 (KHTML, like Gecko) Chrome/36.0.1985.125 Safari/537.36"
49.204.143.231 - - [10/Jul/2026:23:53:21 -0700] "POST /xmlrpc.php HTTP/1.1" 200 4129 "-" "Jetpack by WordPress.com (Jetpack 12.5; WordPress 6.2)"
93.36.218.243 - - [10/Jul/2026:23:53:29 -0700] "POST /xmlrpc.php HTTP/1.1" 403 4352 "-" "WordPress.com; https://wordpress.com"
49.204.143.231 - - [10/Jul/2026:23:53:32 -0700] "POST /xmlrpc.php HTTP/1.1" 403 4352 "-" "WordPress.com; https://wordpress.com"
93.36.218.243 - - [10/Jul/2026:23:53:39 -0700] "POST /xmlrpc.php HTTP/1.1" 200 4129 "-" "Jetpack by WordPress.com (Jetpack 13.0; WordPress 6.3)"
35.235.84.95 - - [10/Jul/2026:23:53:51 -0700] "POST /wp-cron.php?doing_wp_cron=1783752831.1631391048431396484375 HTTP/1.1" 200 3587 "-" "WordPress/7.0.1; https://vanessavaladezrealty.com"
49.204.143.231 - - [10/Jul/2026:23:53:53 -0700] "POST /xmlrpc.php HTTP/1.1" 403 4352 "-" "WordPress.com; https://wordpress.com"
93.36.218.243 - - [10/Jul/2026:23:53:50 -0700] "POST /xmlrpc.php HTTP/1.1" 200 4129 "-" "Jetpack by WordPress.com (Jetpack 12.0; WordPress 6.1)"
2.50.137.69 - - [10/Jul/2026:23:53:50 -0700] "POST /xmlrpc.php HTTP/1.1" 200 4129 "-" "Jetpack/13.0; WordPress/6.3; http://site82238557.com"
49.204.143.231 - - [10/Jul/2026:23:53:42 -0700] "POST /xmlrpc.php HTTP/1.1" 200 4129 "-" "Jetpack by WordPress.com (Jetpack 12.0; WordPress 6.2)"
2.50.137.69 - - [10/Jul/2026:23:53:59 -0700] "POST /xmlrpc.php HTTP/1.1" 200 4129 "-" "Jetpack by WordPress.com (Jetpack 12.5; WordPress 6.3)"
93.36.218.243 - - [10/Jul/2026:23:54:00 -0700] "POST /xmlrpc.php HTTP/1.1" 200 4129 "-" "Jetpack/13.0; WordPress/6.2; http://site18502728.com"
49.204.143.231 - - [10/Jul/2026:23:54:03 -0700] "POST /xmlrpc.php HTTP/1.1" 200 4129 "-" "Jetpack/12.5; WordPress/6.4; http://site44321962.com"
93.36.218.243 - - [10/Jul/2026:23:54:11 -0700] "POST /xmlrpc.php HTTP/1.1" 403 4352 "-" "Jetpack by WordPress.com"
2.50.137.69 - - [10/Jul/2026:23:54:10 -0700] "POST /xmlrpc.php HTTP/1.1" 200 4129 "-" "Jetpack by WordPress.com (Jetpack 12.1; WordPress 6.4)"
49.204.143.231 - - [10/Jul/2026:23:54:14 -0700] "POST /xmlrpc.php HTTP/1.1" 200 4129 "-" "Jetpack/13.0; WordPress/6.3; http://site87211195.com"
2.50.137.69 - - [10/Jul/2026:23:54:21 -0700] "POST /xmlrpc.php HTTP/1.1" 200 4129 "-" "WordPress.com; https://wordpress.com"
93.36.218.243 - - [10/Jul/2026:23:54:21 -0700] "POST /xmlrpc.php HTTP/1.1" 200 4129 "-" "Jetpack/12.1; WordPress/6.2; http://site15395917.com"
49.204.143.231 - - [10/Jul/2026:23:54:25 -0700] "POST /xmlrpc.php HTTP/1.1" 403 4352 "-" "Jetpack by WordPress.com"
93.36.218.243 - - [10/Jul/2026:23:54:32 -0700] "POST /xmlrpc.php HTTP/1.1" 403 4352 "-" "Jetpack by WordPress.com"
2.50.137.69 - - [10/Jul/2026:23:54:32 -0700] "POST /xmlrpc.php HTTP/1.1" 200 4129 "-" "Jetpack by WordPress.com (Jetpack 12.0; WordPress 6.2)"
49.204.143.231 - - [10/Jul/2026:23:54:35 -0700] "POST /xmlrpc.php HTTP/1.1" 200 4129 "-" "Jetpack by WordPress.com (Jetpack 12.0; WordPress 6.3)"
93.36.218.243 - - [10/Jul/2026:23:54:42 -0700] "POST /xmlrpc.php HTTP/1.1" 200 4129 "-" "Jetpack by WordPress.com (Jetpack 12.1; WordPress 6.3)"
2.50.137.69 - - [10/Jul/2026:23:54:43 -0700] "POST /xmlrpc.php HTTP/1.1" 200 4129 "-" "Jetpack by WordPress.com"
49.204.143.231 - - [10/Jul/2026:23:54:46 -0700] "POST /xmlrpc.php HTTP/1.1" 403 4352 "-" "WordPress.com; https://wordpress.com"
35.235.84.95 - - [10/Jul/2026:23:54:54 -0700] "POST /wp-cron.php?doing_wp_cron=1783752894.9123530387878417968750 HTTP/1.1" 200 3587 "-" "WordPress/7.0.1; https://vanessavaladezrealty.com"
2.50.137.69 - - [10/Jul/2026:23:54:53 -0700] "POST /xmlrpc.php HTTP/1.1" 200 4129 "-" "Jetpack/12.0; WordPress/6.4; http://site38714515.com"
49.204.143.231 - - [10/Jul/2026:23:54:56 -0700] "POST /xmlrpc.php HTTP/1.1" 200 4129 "-" "Jetpack by WordPress.com (Jetpack 12.1; WordPress 6.4)"
93.36.218.243 - - [10/Jul/2026:23:54:53 -0700] "POST /xmlrpc.php HTTP/1.1" 403 4352 "-" "WordPress.com; https://wordpress.com"
93.36.218.243 - - [10/Jul/2026:23:55:04 -0700] "POST /xmlrpc.php HTTP/1.1" 403 4352 "-" "Jetpack by WordPress.com"
2.50.137.69 - - [10/Jul/2026:23:55:04 -0700] "POST /xmlrpc.php HTTP/1.1" 200 4129 "-" "Jetpack by WordPress.com"
49.204.143.231 - - [10/Jul/2026:23:55:07 -0700] "POST /xmlrpc.php HTTP/1.1" 200 4129 "-" "Jetpack/13.0; WordPress/6.3; http://site35545184.com"
93.36.218.243 - - [10/Jul/2026:23:55:14 -0700] "POST /xmlrpc.php HTTP/1.1" 403 4352 "-" "Jetpack by WordPress.com"
2.50.137.69 - - [10/Jul/2026:23:55:15 -0700] "POST /xmlrpc.php HTTP/1.1" 200 4129 "-" "Jetpack by WordPress.com"
49.204.143.231 - - [10/Jul/2026:23:55:17 -0700] "POST /xmlrpc.php HTTP/1.1" 403 4352 "-" "WordPress.com; https://wordpress.com"
93.36.218.243 - - [10/Jul/2026:23:55:25 -0700] "POST /xmlrpc.php HTTP/1.1" 403 4352 "-" "Jetpack by WordPress.com"
2.50.137.69 - - [10/Jul/2026:23:55:26 -0700] "POST /xmlrpc.php HTTP/1.1" 200 4129 "-" "Jetpack by WordPress.com (Jetpack 12.1; WordPress 6.4)"
49.204.143.231 - - [10/Jul/2026:23:55:28 -0700] "POST /xmlrpc.php HTTP/1.1" 200 4129 "-" "Jetpack/13.0; WordPress/6.1; http://site91353670.com"
93.36.218.243 - - [10/Jul/2026:23:55:35 -0700] "POST /xmlrpc.php HTTP/1.1" 200 4129 "-" "Jetpack by WordPress.com (Jetpack 13.0; WordPress 6.4)"
2.50.137.69 - - [10/Jul/2026:23:55:36 -0700] "POST /xmlrpc.php HTTP/1.1" 200 4129 "-" "WordPress.com; https://wordpress.com"
49.204.143.231 - - [10/Jul/2026:23:55:38 -0700] "POST /xmlrpc.php HTTP/1.1" 200 4129 "-" "Jetpack/12.0; WordPress/6.3; http://site16686856.com"
93.36.218.243 - - [10/Jul/2026:23:55:46 -0700] "POST /xmlrpc.php HTTP/1.1" 403 4352 "-" "Jetpack by WordPress.com"
2.50.137.69 - - [10/Jul/2026:23:55:47 -0700] "POST /xmlrpc.php HTTP/1.1" 200 4129 "-" "Jetpack by WordPress.com (Jetpack 12.0; WordPress 6.3)"
49.204.143.231 - - [10/Jul/2026:23:55:48 -0700] "POST /xmlrpc.php HTTP/1.1" 403 4352 "-" "Jetpack by WordPress.com"
93.36.218.243 - - [10/Jul/2026:23:55:56 -0700] "POST /xmlrpc.php HTTP/1.1" 403 4352 "-" "Jetpack by WordPress.com"
35.235.84.95 - - [10/Jul/2026:23:55:59 -0700] "POST /wp-cron.php?doing_wp_cron=1783752959.1625330448150634765625 HTTP/1.1" 200 3587 "-" "WordPress/7.0.1; https://vanessavaladezrealty.com"
2.50.137.69 - - [10/Jul/2026:23:55:58 -0700] "POST /xmlrpc.php HTTP/1.1" 200 4129 "-" "Jetpack by WordPress.com (Jetpack 12.1; WordPress 6.1)"
49.204.143.231 - - [10/Jul/2026:23:55:59 -0700] "POST /xmlrpc.php HTTP/1.1" 200 4129 "-" "Jetpack by WordPress.com (Jetpack 12.1; WordPress 6.3)"
93.36.218.243 - - [10/Jul/2026:23:56:07 -0700] "POST /xmlrpc.php HTTP/1.1" 200 4129 "-" "Jetpack by WordPress.com (Jetpack 12.5; WordPress 6.4)"
2.50.137.69 - - [10/Jul/2026:23:56:08 -0700] "POST /xmlrpc.php HTTP/1.1" 200 4129 "-" "Jetpack by WordPress.com"
49.204.143.231 - - [10/Jul/2026:23:56:09 -0700] "POST /xmlrpc.php HTTP/1.1" 403 4352 "-" "WordPress.com; https://wordpress.com"
93.36.218.243 - - [10/Jul/2026:23:56:17 -0700] "POST /xmlrpc.php HTTP/1.1" 403 4352 "-" "Jetpack by WordPress.com"
2.50.137.69 - - [10/Jul/2026:23:56:19 -0700] "POST /xmlrpc.php HTTP/1.1" 200 4129 "-" "WordPress.com; https://wordpress.com"
49.204.143.231 - - [10/Jul/2026:23:56:20 -0700] "POST /xmlrpc.php HTTP/1.1" 200 4129 "-" "Jetpack by WordPress.com (Jetpack 12.5; WordPress 6.4)"
35.235.84.95 - - [10/Jul/2026:23:56:30 -0700] "POST /wp-cron.php?doing_wp_cron=1783752990.0487430095672607421875 HTTP/1.1" 200 3587 "-" "WordPress/7.0.1; https://vanessavaladezrealty.com"
93.36.218.243 - - [10/Jul/2026:23:56:28 -0700] "POST /xmlrpc.php HTTP/1.1" 200 4129 "-" "Jetpack by WordPress.com (Jetpack 12.0; WordPress 6.3)"
49.204.143.231 - - [10/Jul/2026:23:56:30 -0700] "POST /xmlrpc.php HTTP/1.1" 403 4352 "-" "WordPress.com; https://wordpress.com"
2.50.137.69 - - [10/Jul/2026:23:56:31 -0700] "POST /xmlrpc.php HTTP/1.1" 200 4129 "-" "Jetpack/12.1; WordPress/6.1; http://site90224213.com"
93.36.218.243 - - [10/Jul/2026:23:56:39 -0700] "POST /xmlrpc.php HTTP/1.1" 403 4352 "-" "WordPress.com; https://wordpress.com"
49.204.143.231 - - [10/Jul/2026:23:56:41 -0700] "POST /xmlrpc.php HTTP/1.1" 403 4352 "-" "WordPress.com; https://wordpress.com"
2.50.137.69 - - [10/Jul/2026:23:56:41 -0700] "POST /xmlrpc.php HTTP/1.1" 200 4129 "-" "WordPress.com; https://wordpress.com"
93.36.218.243 - - [10/Jul/2026:23:56:49 -0700] "POST /xmlrpc.php HTTP/1.1" 403 4352 "-" "Jetpack by WordPress.com"
49.204.143.231 - - [10/Jul/2026:23:56:52 -0700] "POST /xmlrpc.php HTTP/1.1" 403 4352 "-" "WordPress.com; https://wordpress.com"
2.50.137.69 - - [10/Jul/2026:23:56:52 -0700] "POST /xmlrpc.php HTTP/1.1" 200 4129 "-" "Jetpack by WordPress.com (Jetpack 12.5; WordPress 6.3)"
93.36.218.243 - - [10/Jul/2026:23:57:00 -0700] "POST /xmlrpc.php HTTP/1.1" 403 4352 "-" "Jetpack by WordPress.com"
49.204.143.231 - - [10/Jul/2026:23:57:02 -0700] "POST /xmlrpc.php HTTP/1.1" 200 4129 "-" "Jetpack/12.0; WordPress/6.3; http://site33634539.com"
2.50.137.69 - - [10/Jul/2026:23:57:03 -0700] "POST /xmlrpc.php HTTP/1.1" 200 4129 "-" "WordPress.com; https://wordpress.com"
2.50.137.69 - - [10/Jul/2026:23:57:13 -0700] "POST /xmlrpc.php HTTP/1.1" 200 4129 "-" "Jetpack/12.5; WordPress/6.2; http://site48689834.com"
93.36.218.243 - - [10/Jul/2026:23:57:10 -0700] "POST /xmlrpc.php HTTP/1.1" 200 4129 "-" "Jetpack/12.5; WordPress/6.1; http://site85997084.com"
49.204.143.231 - - [10/Jul/2026:23:57:12 -0700] "POST /xmlrpc.php HTTP/1.1" 200 4129 "-" "Jetpack by WordPress.com (Jetpack 12.5; WordPress 6.2)"
93.36.218.243 - - [10/Jul/2026:23:57:21 -0700] "POST /xmlrpc.php HTTP/1.1" 403 4352 "-" "WordPress.com; https://wordpress.com"
49.204.143.231 - - [10/Jul/2026:23:57:23 -0700] "POST /xmlrpc.php HTTP/1.1" 200 4129 "-" "Jetpack by WordPress.com (Jetpack 12.5; WordPress 6.2)"
2.50.137.69 - - [10/Jul/2026:23:57:24 -0700] "POST /xmlrpc.php HTTP/1.1" 200 4129 "-" "Jetpack by WordPress.com"
93.36.218.243 - - [10/Jul/2026:23:57:32 -0700] "POST /xmlrpc.php HTTP/1.1" 403 4352 "-" "WordPress.com; https://wordpress.com"
35.235.84.95 - - [10/Jul/2026:23:57:34 -0700] "POST /wp-cron.php?doing_wp_cron=1783753054.9111669063568115234375 HTTP/1.1" 200 3587 "-" "WordPress/7.0.1; https://vanessavaladezrealty.com"
49.204.143.231 - - [10/Jul/2026:23:57:33 -0700] "POST /xmlrpc.php HTTP/1.1" 200 4129 "-" "Jetpack/13.0; WordPress/6.3; http://site11014489.com"
2.50.137.69 - - [10/Jul/2026:23:57:35 -0700] "POST /xmlrpc.php HTTP/1.1" 403 4352 "-" "WordPress.com; https://wordpress.com"
93.36.218.243 - - [10/Jul/2026:23:57:42 -0700] "POST /xmlrpc.php HTTP/1.1" 200 4129 "-" "Jetpack by WordPress.com (Jetpack 13.0; WordPress 6.3)"
49.204.143.231 - - [10/Jul/2026:23:57:44 -0700] "POST /xmlrpc.php HTTP/1.1" 200 4129 "-" "Jetpack/12.0; WordPress/6.1; http://site70564244.com"
2.50.137.69 - - [10/Jul/2026:23:57:46 -0700] "POST /xmlrpc.php HTTP/1.1" 403 4352 "-" "Jetpack by WordPress.com"
93.36.218.243 - - [10/Jul/2026:23:57:53 -0700] "POST /xmlrpc.php HTTP/1.1" 403 4352 "-" "WordPress.com; https://wordpress.com"
35.235.84.95 - - [10/Jul/2026:23:57:55 -0700] "POST /wp-cron.php?doing_wp_cron=1783753075.9026060104370117187500 HTTP/1.1" 200 3587 "-" "WordPress/7.0.1; https://vanessavaladezrealty.com"
49.204.143.231 - - [10/Jul/2026:23:57:54 -0700] "POST /xmlrpc.php HTTP/1.1" 200 4129 "-" "Jetpack by WordPress.com (Jetpack 13.0; WordPress 6.4)"
2.50.137.69 - - [10/Jul/2026:23:57:57 -0700] "POST /xmlrpc.php HTTP/1.1" 403 4352 "-" "Jetpack by WordPress.com"
93.36.218.243 - - [10/Jul/2026:23:58:03 -0700] "POST /xmlrpc.php HTTP/1.1" 200 4129 "-" "Jetpack/13.0; WordPress/6.4; http://site34885964.com"
2.50.137.69 - - [10/Jul/2026:23:58:07 -0700] "POST /xmlrpc.php HTTP/1.1" 200 4129 "-" "Jetpack/12.0; WordPress/6.2; http://site19056591.com"
93.36.218.243 - - [10/Jul/2026:23:58:14 -0700] "POST /xmlrpc.php HTTP/1.1" 403 4352 "-" "Jetpack by WordPress.com"
2.50.137.69 - - [10/Jul/2026:23:58:18 -0700] "POST /xmlrpc.php HTTP/1.1" 200 4129 "-" "Jetpack by WordPress.com (Jetpack 12.1; WordPress 6.3)"
93.36.218.243 - - [10/Jul/2026:23:58:24 -0700] "POST /xmlrpc.php HTTP/1.1" 200 4129 "-" "Jetpack by WordPress.com (Jetpack 12.1; WordPress 6.3)"
2.50.137.69 - - [10/Jul/2026:23:58:29 -0700] "POST /xmlrpc.php HTTP/1.1" 403 4352 "-" "WordPress.com; https://wordpress.com"
35.235.84.95 - - [10/Jul/2026:23:58:51 -0700] "POST /wp-cron.php?doing_wp_cron=1783753131.7082960605621337890625 HTTP/1.1" 200 3587 "-" "WordPress/7.0.1; https://vanessavaladezrealty.com"
2.50.137.69 - - [10/Jul/2026:23:58:39 -0700] "POST /xmlrpc.php HTTP/1.1" 403 4352 "-" "Jetpack by WordPress.com"
2.50.137.69 - - [10/Jul/2026:23:58:50 -0700] "POST /xmlrpc.php HTTP/1.1" 200 4129 "-" "Jetpack by WordPress.com (Jetpack 12.0; WordPress 6.4)"
93.36.218.243 - - [10/Jul/2026:23:58:35 -0700] "POST /xmlrpc.php HTTP/1.1" 200 4129 "-" "Jetpack/12.1; WordPress/6.1; http://site12213932.com"
93.36.218.243 - - [10/Jul/2026:23:58:56 -0700] "POST /xmlrpc.php HTTP/1.1" 403 4352 "-" "WordPress.com; https://wordpress.com"
93.36.218.243 - - [10/Jul/2026:23:58:45 -0700] "POST /xmlrpc.php HTTP/1.1" 403 4352 "-" "Jetpack by WordPress.com"
2.50.137.69 - - [10/Jul/2026:23:59:01 -0700] "POST /xmlrpc.php HTTP/1.1" 200 4129 "-" "Jetpack by WordPress.com (Jetpack 12.1; WordPress 6.3)"
2.50.137.69 - - [10/Jul/2026:23:59:12 -0700] "POST /xmlrpc.php HTTP/1.1" 403 4352 "-" "WordPress.com; https://wordpress.com"
93.36.218.243 - - [10/Jul/2026:23:59:07 -0700] "POST /xmlrpc.php HTTP/1.1" 403 4352 "-" "WordPress.com; https://wordpress.com"
93.36.218.243 - - [10/Jul/2026:23:59:17 -0700] "POST /xmlrpc.php HTTP/1.1" 200 4129 "-" "Jetpack by WordPress.com (Jetpack 13.0; WordPress 6.1)"
2.50.137.69 - - [10/Jul/2026:23:59:23 -0700] "POST /xmlrpc.php HTTP/1.1" 200 4129 "-" "Jetpack/12.0; WordPress/6.3; http://site76613738.com"
93.36.218.243 - - [10/Jul/2026:23:59:28 -0700] "POST /xmlrpc.php HTTP/1.1" 200 4129 "-" "Jetpack/12.1; WordPress/6.2; http://site70901458.com"
2.50.137.69 - - [10/Jul/2026:23:59:34 -0700] "POST /xmlrpc.php HTTP/1.1" 200 4129 "-" "Jetpack by WordPress.com (Jetpack 12.1; WordPress 6.2)"
93.36.218.243 - - [10/Jul/2026:23:59:38 -0700] "POST /xmlrpc.php HTTP/1.1" 403 4352 "-" "Jetpack by WordPress.com"
2.50.137.69 - - [10/Jul/2026:23:59:44 -0700] "POST /xmlrpc.php HTTP/1.1" 403 4352 "-" "WordPress.com; https://wordpress.com"
93.36.218.243 - - [10/Jul/2026:23:59:49 -0700] "POST /xmlrpc.php HTTP/1.1" 403 4352 "-" "WordPress.com; https://wordpress.com"
35.235.84.95 - - [10/Jul/2026:23:59:56 -0700] "POST /wp-cron.php?doing_wp_cron=1783753196.7678680419921875000000 HTTP/1.1" 200 3587 "-" "WordPress/7.0.1; https://vanessavaladezrealty.com"
2.50.137.69 - - [10/Jul/2026:23:59:55 -0700] "POST /xmlrpc.php HTTP/1.1" 200 4129 "-" "Jetpack/12.0; WordPress/6.3; http://site26608532.com"
93.36.218.243 - - [11/Jul/2026:00:00:00 -0700] "POST /xmlrpc.php HTTP/1.1" 200 4129 "-" "Jetpack/12.0; WordPress/6.4; http://site43117454.com"
2.50.137.69 - - [11/Jul/2026:00:00:06 -0700] "POST /xmlrpc.php HTTP/1.1" 403 4352 "-" "WordPress.com; https://wordpress.com"
93.36.218.243 - - [11/Jul/2026:00:00:14 -0700] "POST /xmlrpc.php HTTP/1.1" 200 4129 "-" "Jetpack/12.5; WordPress/6.3; http://site59900440.com"
2.50.137.69 - - [11/Jul/2026:00:00:17 -0700] "POST /xmlrpc.php HTTP/1.1" 200 4129 "-" "Jetpack by WordPress.com (Jetpack 12.0; WordPress 6.3)"
93.36.218.243 - - [11/Jul/2026:00:00:21 -0700] "POST /xmlrpc.php HTTP/1.1" 403 4352 "-" "WordPress.com; https://wordpress.com"
2.50.137.69 - - [11/Jul/2026:00:00:28 -0700] "POST /xmlrpc.php HTTP/1.1" 403 4352 "-" "Jetpack by WordPress.com"
93.36.218.243 - - [11/Jul/2026:00:00:31 -0700] "POST /xmlrpc.php HTTP/1.1" 200 4129 "-" "Jetpack/12.5; WordPress/6.1; http://site51202801.com"
2.50.137.69 - - [11/Jul/2026:00:00:39 -0700] "POST /xmlrpc.php HTTP/1.1" 403 4352 "-" "WordPress.com; https://wordpress.com"
93.36.218.243 - - [11/Jul/2026:00:00:42 -0700] "POST /xmlrpc.php HTTP/1.1" 403 4352 "-" "WordPress.com; https://wordpress.com"
35.235.84.95 - - [11/Jul/2026:00:00:43 -0700] "HEAD / HTTP/1.1" 200 4253 "-" "Mozilla/5.0 (Windows NT 10.0; Win64; x64) AppleWebKit/537.36 (KHTML, like Gecko) Chrome/117.0.0.0 Safari/537.36"
35.235.84.95 - - [11/Jul/2026:00:00:53 -0700] "POST /wp-cron.php?doing_wp_cron=1783753253.8257749080657958984375 HTTP/1.1" 200 3587 "-" "WordPress/7.0.1; https://vanessavaladezrealty.com"
2.50.137.69 - - [11/Jul/2026:00:00:50 -0700] "POST /xmlrpc.php HTTP/1.1" 403 4352 "-" "Jetpack by WordPress.com"
93.36.218.243 - - [11/Jul/2026:00:00:52 -0700] "POST /xmlrpc.php HTTP/1.1" 200 4129 "-" "Jetpack/12.0; WordPress/6.2; http://site10361193.com"
2.50.137.69 - - [11/Jul/2026:00:01:01 -0700] "POST /xmlrpc.php HTTP/1.1" 403 4352 "-" "Jetpack by WordPress.com"
93.36.218.243 - - [11/Jul/2026:00:01:03 -0700] "POST /xmlrpc.php HTTP/1.1" 200 4129 "-" "Jetpack by WordPress.com (Jetpack 13.0; WordPress 6.1)"
2.50.137.69 - - [11/Jul/2026:00:01:12 -0700] "POST /xmlrpc.php HTTP/1.1" 403 4352 "-" "Jetpack by WordPress.com"
93.36.218.243 - - [11/Jul/2026:00:01:13 -0700] "POST /xmlrpc.php HTTP/1.1" 200 4129 "-" "Jetpack by WordPress.com (Jetpack 12.5; WordPress 6.2)"
2.50.137.69 - - [11/Jul/2026:00:01:23 -0700] "POST /xmlrpc.php HTTP/1.1" 403 4352 "-" "Jetpack by WordPress.com"
93.36.218.243 - - [11/Jul/2026:00:01:24 -0700] "POST /xmlrpc.php HTTP/1.1" 403 4352 "-" "WordPress.com; https://wordpress.com"
35.235.84.95 - - [11/Jul/2026:00:01:35 -0700] "POST /wp-cron.php?doing_wp_cron=1783753295.2957830429077148437500 HTTP/1.1" 200 3587 "-" "WordPress/7.0.1; https://vanessavaladezrealty.com"
93.36.218.243 - - [11/Jul/2026:00:01:34 -0700] "POST /xmlrpc.php HTTP/1.1" 403 4352 "-" "WordPress.com; https://wordpress.com"
2.50.137.69 - - [11/Jul/2026:00:01:34 -0700] "POST /xmlrpc.php HTTP/1.1" 200 4129 "-" "Jetpack by WordPress.com (Jetpack 12.0; WordPress 6.4)"
93.36.218.243 - - [11/Jul/2026:00:01:45 -0700] "POST /xmlrpc.php HTTP/1.1" 403 4352 "-" "WordPress.com; https://wordpress.com"
2.50.137.69 - - [11/Jul/2026:00:01:45 -0700] "POST /xmlrpc.php HTTP/1.1" 200 4129 "-" "Jetpack by WordPress.com (Jetpack 12.1; WordPress 6.1)"
2.50.137.69 - - [11/Jul/2026:00:01:56 -0700] "POST /xmlrpc.php HTTP/1.1" 200 4129 "-" "Jetpack/12.5; WordPress/6.2; http://site32154168.com"
93.36.218.243 - - [11/Jul/2026:00:01:56 -0700] "POST /xmlrpc.php HTTP/1.1" 200 4129 "-" "Jetpack/12.0; WordPress/6.4; http://site42694539.com"
2.50.137.69 - - [11/Jul/2026:00:02:07 -0700] "POST /xmlrpc.php HTTP/1.1" 403 4352 "-" "Jetpack by WordPress.com"
93.36.218.243 - - [11/Jul/2026:00:02:17 -0700] "POST /xmlrpc.php HTTP/1.1" 403 4352 "-" "Jetpack by WordPress.com"
93.36.218.243 - - [11/Jul/2026:00:02:06 -0700] "POST /xmlrpc.php HTTP/1.1" 200 4129 "-" "Jetpack/12.5; WordPress/6.1; http://site50812861.com"
2.50.137.69 - - [11/Jul/2026:00:02:18 -0700] "POST /xmlrpc.php HTTP/1.1" 403 4352 "-" "Jetpack by WordPress.com"
2.50.137.69 - - [11/Jul/2026:00:02:29 -0700] "POST /xmlrpc.php HTTP/1.1" 403 4352 "-" "WordPress.com; https://wordpress.com"
93.36.218.243 - - [11/Jul/2026:00:02:27 -0700] "POST /xmlrpc.php HTTP/1.1" 200 4129 "-" "Jetpack/12.5; WordPress/6.4; http://site82697424.com"
35.235.84.95 - - [11/Jul/2026:00:02:39 -0700] "POST /wp-cron.php?doing_wp_cron=1783753359.5908439159393310546875 HTTP/1.1" 200 3587 "-" "WordPress/7.0.1; https://vanessavaladezrealty.com"
93.36.218.243 - - [11/Jul/2026:00:02:38 -0700] "POST /xmlrpc.php HTTP/1.1" 200 4129 "-" "Jetpack/12.0; WordPress/6.2; http://site39924048.com"
2.50.137.69 - - [11/Jul/2026:00:02:39 -0700] "POST /xmlrpc.php HTTP/1.1" 200 4129 "-" "Jetpack by WordPress.com (Jetpack 12.5; WordPress 6.3)"
35.235.84.95 - - [11/Jul/2026:00:02:50 -0700] "POST /wp-cron.php?doing_wp_cron=1783753370.1444389820098876953125 HTTP/1.1" 200 3587 "-" "WordPress/7.0.1; https://vanessavaladezrealty.com"
2.50.137.69 - - [11/Jul/2026:00:02:50 -0700] "POST /xmlrpc.php HTTP/1.1" 403 4352 "-" "WordPress.com; https://wordpress.com"
93.36.218.243 - - [11/Jul/2026:00:02:49 -0700] "POST /xmlrpc.php HTTP/1.1" 200 4129 "-" "Jetpack/12.1; WordPress/6.1; http://site52765826.com"
93.36.218.243 - - [11/Jul/2026:00:02:59 -0700] "POST /xmlrpc.php HTTP/1.1" 200 4129 "-" "Jetpack by WordPress.com (Jetpack 12.5; WordPress 6.2)"
2.50.137.69 - - [11/Jul/2026:00:03:01 -0700] "POST /xmlrpc.php HTTP/1.1" 403 4352 "-" "Jetpack by WordPress.com"
93.36.218.243 - - [11/Jul/2026:00:03:10 -0700] "POST /xmlrpc.php HTTP/1.1" 403 4352 "-" "WordPress.com; https://wordpress.com"
2.50.137.69 - - [11/Jul/2026:00:03:13 -0700] "POST /xmlrpc.php HTTP/1.1" 200 4129 "-" "Jetpack by WordPress.com (Jetpack 12.5; WordPress 6.3)"
93.36.218.243 - - [11/Jul/2026:00:03:20 -0700] "POST /xmlrpc.php HTTP/1.1" 200 4129 "-" "Jetpack by WordPress.com (Jetpack 12.5; WordPress 6.1)"
2.50.137.69 - - [11/Jul/2026:00:03:23 -0700] "POST /xmlrpc.php HTTP/1.1" 403 4352 "-" "WordPress.com; https://wordpress.com"
93.36.218.243 - - [11/Jul/2026:00:03:31 -0700] "POST /xmlrpc.php HTTP/1.1" 403 4352 "-" "WordPress.com; https://wordpress.com"
