114.198.138.124 - - [10/Jul/2026:17:17:38 -0700] "POST /xmlrpc.php HTTP/1.1" 200 4129 "-" "Jetpack/12.1; WordPress/6.4; http://site46538383.com"
47.230.110.129 - - [10/Jul/2026:17:17:47 -0700] "POST /xmlrpc.php HTTP/1.1" 403 4352 "-" "WordPress.com; https://wordpress.com"
114.198.138.124 - - [10/Jul/2026:17:17:48 -0700] "POST /xmlrpc.php HTTP/1.1" 200 4129 "-" "Jetpack by WordPress.com (Jetpack 12.1; WordPress 6.3)"
35.235.84.95 - - [10/Jul/2026:17:18:00 -0700] "POST /wp-cron.php?doing_wp_cron=1783729080.5853919982910156250000 HTTP/1.1" 200 3587 "-" "WordPress/7.0.1; https://vanessavaladezrealty.com"
47.230.110.129 - - [10/Jul/2026:17:17:58 -0700] "POST /xmlrpc.php HTTP/1.1" 403 4352 "-" "WordPress.com; https://wordpress.com"
114.198.138.124 - - [10/Jul/2026:17:17:59 -0700] "POST /xmlrpc.php HTTP/1.1" 200 4129 "-" "Jetpack/13.0; WordPress/6.2; http://site12133351.com"
47.230.110.129 - - [10/Jul/2026:17:18:08 -0700] "POST /xmlrpc.php HTTP/1.1" 403 4352 "-" "WordPress.com; https://wordpress.com"
114.198.138.124 - - [10/Jul/2026:17:18:10 -0700] "POST /xmlrpc.php HTTP/1.1" 200 4129 "-" "Jetpack/12.1; WordPress/6.4; http://site54029175.com"
47.230.110.129 - - [10/Jul/2026:17:18:19 -0700] "POST /xmlrpc.php HTTP/1.1" 403 4352 "-" "Jetpack by WordPress.com"
114.198.138.124 - - [10/Jul/2026:17:18:20 -0700] "POST /xmlrpc.php HTTP/1.1" 403 4352 "-" "Jetpack by WordPress.com"
47.230.110.129 - - [10/Jul/2026:17:18:29 -0700] "POST /xmlrpc.php HTTP/1.1" 403 4352 "-" "Jetpack by WordPress.com"
114.198.138.124 - - [10/Jul/2026:17:18:31 -0700] "POST /xmlrpc.php HTTP/1.1" 200 4129 "-" "Jetpack/13.0; WordPress/6.2; http://site69316385.com"
35.235.84.95 - - [10/Jul/2026:17:18:54 -0700] "POST /wp-cron.php?doing_wp_cron=1783729134.2801001071929931640625 HTTP/1.1" 200 3587 "-" "WordPress/7.0.1; https://vanessavaladezrealty.com"
47.230.110.129 - - [10/Jul/2026:17:18:40 -0700] "POST /xmlrpc.php HTTP/1.1" 403 4352 "-" "Jetpack by WordPress.com"
114.198.138.124 - - [10/Jul/2026:17:18:42 -0700] "POST /xmlrpc.php HTTP/1.1" 403 4352 "-" "WordPress.com; https://wordpress.com"
114.198.138.124 - - [10/Jul/2026:17:18:52 -0700] "POST /xmlrpc.php HTTP/1.1" 200 4129 "-" "Jetpack by WordPress.com (Jetpack 12.5; WordPress 6.1)"
47.230.110.129 - - [10/Jul/2026:17:18:51 -0700] "POST /xmlrpc.php HTTP/1.1" 403 4352 "-" "WordPress.com; https://wordpress.com"
85.208.96.196 - - [10/Jul/2026:17:19:00 -0700] "GET /robots.txt HTTP/1.1" 200 4273 "-" "Mozilla/5.0 (compatible; SemrushBot/7~bl; +http://www.semrush.com/bot.html)"
85.208.96.199 - - [10/Jul/2026:17:19:04 -0700] "GET /properties/132-Residential-3325-Plaza-Del-Paz-6-Rooms-3-Bedrooms-3-Bathrooms-USD575-000/ HTTP/1.1" 200 33063 "-" "Mozilla/5.0 (compatible; SemrushBot/7~bl; +http://www.semrush.com/bot.html)"
114.198.138.124 - - [10/Jul/2026:17:19:03 -0700] "POST /xmlrpc.php HTTP/1.1" 403 4352 "-" "Jetpack by WordPress.com"
47.230.110.129 - - [10/Jul/2026:17:19:01 -0700] "POST /xmlrpc.php HTTP/1.1" 403 4352 "-" "WordPress.com; https://wordpress.com"
47.230.110.129 - - [10/Jul/2026:17:19:12 -0700] "POST /xmlrpc.php HTTP/1.1" 403 4352 "-" "Jetpack by WordPress.com"
114.198.138.124 - - [10/Jul/2026:17:19:14 -0700] "POST /xmlrpc.php HTTP/1.1" 403 4352 "-" "WordPress.com; https://wordpress.com"
47.230.110.129 - - [10/Jul/2026:17:19:22 -0700] "POST /xmlrpc.php HTTP/1.1" 403 4352 "-" "WordPress.com; https://wordpress.com"
114.198.138.124 - - [10/Jul/2026:17:19:24 -0700] "POST /xmlrpc.php HTTP/1.1" 403 4352 "-" "WordPress.com; https://wordpress.com"
47.230.110.129 - - [10/Jul/2026:17:19:33 -0700] "POST /xmlrpc.php HTTP/1.1" 403 4352 "-" "WordPress.com; https://wordpress.com"
114.198.138.124 - - [10/Jul/2026:17:19:35 -0700] "POST /xmlrpc.php HTTP/1.1" 200 4129 "-" "Jetpack by WordPress.com (Jetpack 12.5; WordPress 6.2)"
47.230.110.129 - - [10/Jul/2026:17:19:44 -0700] "POST /xmlrpc.php HTTP/1.1" 200 4129 "-" "Jetpack by WordPress.com (Jetpack 13.0; WordPress 6.3)"
114.198.138.124 - - [10/Jul/2026:17:19:45 -0700] "POST /xmlrpc.php HTTP/1.1" 200 4129 "-" "Jetpack/12.1; WordPress/6.3; http://site24314123.com"
47.230.110.129 - - [10/Jul/2026:17:19:54 -0700] "POST /xmlrpc.php HTTP/1.1" 403 4352 "-" "Jetpack by WordPress.com"
114.198.138.124 - - [10/Jul/2026:17:19:56 -0700] "POST /xmlrpc.php HTTP/1.1" 403 4352 "-" "WordPress.com; https://wordpress.com"
35.235.84.95 - - [10/Jul/2026:17:20:06 -0700] "POST /wp-cron.php?doing_wp_cron=1783729206.3794660568237304687500 HTTP/1.1" 200 3587 "-" "WordPress/7.0.1; https://vanessavaladezrealty.com"
47.230.110.129 - - [10/Jul/2026:17:20:05 -0700] "POST /xmlrpc.php HTTP/1.1" 200 4129 "-" "Jetpack by WordPress.com (Jetpack 12.5; WordPress 6.2)"
114.198.138.124 - - [10/Jul/2026:17:20:07 -0700] "POST /xmlrpc.php HTTP/1.1" 200 4129 "-" "Jetpack by WordPress.com (Jetpack 13.0; WordPress 6.3)"
47.230.110.129 - - [10/Jul/2026:17:20:15 -0700] "POST /xmlrpc.php HTTP/1.1" 200 4129 "-" "Jetpack by WordPress.com (Jetpack 12.1; WordPress 6.3)"
114.198.138.124 - - [10/Jul/2026:17:20:17 -0700] "POST /xmlrpc.php HTTP/1.1" 200 4129 "-" "Jetpack by WordPress.com (Jetpack 12.1; WordPress 6.2)"
47.230.110.129 - - [10/Jul/2026:17:20:26 -0700] "POST /xmlrpc.php HTTP/1.1" 403 4352 "-" "WordPress.com; https://wordpress.com"
114.198.138.124 - - [10/Jul/2026:17:20:28 -0700] "POST /xmlrpc.php HTTP/1.1" 200 4129 "-" "Jetpack by WordPress.com (Jetpack 13.0; WordPress 6.3)"
47.230.110.129 - - [10/Jul/2026:17:20:37 -0700] "POST /xmlrpc.php HTTP/1.1" 200 4129 "-" "Jetpack/13.0; WordPress/6.2; http://site65703826.com"
114.198.138.124 - - [10/Jul/2026:17:20:39 -0700] "POST /xmlrpc.php HTTP/1.1" 403 4352 "-" "WordPress.com; https://wordpress.com"
35.235.84.95 - - [10/Jul/2026:17:20:50 -0700] "POST /wp-cron.php?doing_wp_cron=1783729250.6571829319000244140625 HTTP/1.1" 200 3587 "-" "WordPress/7.0.1; https://vanessavaladezrealty.com"
114.198.138.124 - - [10/Jul/2026:17:20:49 -0700] "POST /xmlrpc.php HTTP/1.1" 200 4129 "-" "Jetpack by WordPress.com (Jetpack 13.0; WordPress 6.4)"
47.230.110.129 - - [10/Jul/2026:17:20:47 -0700] "POST /xmlrpc.php HTTP/1.1" 200 4129 "-" "Jetpack by WordPress.com (Jetpack 12.5; WordPress 6.3)"
47.230.110.129 - - [10/Jul/2026:17:20:58 -0700] "POST /xmlrpc.php HTTP/1.1" 403 4352 "-" "WordPress.com; https://wordpress.com"
114.198.138.124 - - [10/Jul/2026:17:21:00 -0700] "POST /xmlrpc.php HTTP/1.1" 403 4352 "-" "Jetpack by WordPress.com"
47.230.110.129 - - [10/Jul/2026:17:21:08 -0700] "POST /xmlrpc.php HTTP/1.1" 200 4129 "-" "Jetpack/12.5; WordPress/6.3; http://site74766363.com"
114.198.138.124 - - [10/Jul/2026:17:21:10 -0700] "POST /xmlrpc.php HTTP/1.1" 200 4129 "-" "Jetpack/13.0; WordPress/6.3; http://site52400041.com"
47.230.110.129 - - [10/Jul/2026:17:21:19 -0700] "POST /xmlrpc.php HTTP/1.1" 403 4352 "-" "WordPress.com; https://wordpress.com"
114.198.138.124 - - [10/Jul/2026:17:21:21 -0700] "POST /xmlrpc.php HTTP/1.1" 200 4129 "-" "Jetpack by WordPress.com (Jetpack 12.5; WordPress 6.1)"
47.230.110.129 - - [10/Jul/2026:17:21:30 -0700] "POST /xmlrpc.php HTTP/1.1" 403 4352 "-" "WordPress.com; https://wordpress.com"
114.198.138.124 - - [10/Jul/2026:17:21:32 -0700] "POST /xmlrpc.php HTTP/1.1" 403 4352 "-" "Jetpack by WordPress.com"
35.235.84.95 - - [10/Jul/2026:17:21:41 -0700] "POST /wp-cron.php?doing_wp_cron=1783729301.8894948959350585937500 HTTP/1.1" 200 3587 "-" "WordPress/7.0.1; https://vanessavaladezrealty.com"
47.230.110.129 - - [10/Jul/2026:17:21:40 -0700] "POST /xmlrpc.php HTTP/1.1" 200 4129 "-" "Jetpack/12.0; WordPress/6.3; http://site14442481.com"
114.198.138.124 - - [10/Jul/2026:17:21:43 -0700] "POST /xmlrpc.php HTTP/1.1" 403 4352 "-" "WordPress.com; https://wordpress.com"
47.230.110.129 - - [10/Jul/2026:17:21:51 -0700] "POST /xmlrpc.php HTTP/1.1" 200 4129 "-" "Jetpack by WordPress.com (Jetpack 12.5; WordPress 6.3)"
114.198.138.124 - - [10/Jul/2026:17:21:53 -0700] "POST /xmlrpc.php HTTP/1.1" 403 4352 "-" "Jetpack by WordPress.com"
47.230.110.129 - - [10/Jul/2026:17:22:02 -0700] "POST /xmlrpc.php HTTP/1.1" 403 4352 "-" "WordPress.com; https://wordpress.com"
114.198.138.124 - - [10/Jul/2026:17:22:04 -0700] "POST /xmlrpc.php HTTP/1.1" 403 4352 "-" "WordPress.com; https://wordpress.com"
47.230.110.129 - - [10/Jul/2026:17:22:12 -0700] "POST /xmlrpc.php HTTP/1.1" 200 4129 "-" "Jetpack/12.5; WordPress/6.2; http://site68011684.com"
114.198.138.124 - - [10/Jul/2026:17:22:15 -0700] "POST /xmlrpc.php HTTP/1.1" 403 4352 "-" "Jetpack by WordPress.com"
47.230.110.129 - - [10/Jul/2026:17:22:23 -0700] "POST /xmlrpc.php HTTP/1.1" 200 4129 "-" "Jetpack/13.0; WordPress/6.4; http://site37968650.com"
114.198.138.124 - - [10/Jul/2026:17:22:25 -0700] "POST /xmlrpc.php HTTP/1.1" 403 4352 "-" "Jetpack by WordPress.com"
47.230.110.129 - - [10/Jul/2026:17:22:33 -0700] "POST /xmlrpc.php HTTP/1.1" 403 4352 "-" "Jetpack by WordPress.com"
114.198.138.124 - - [10/Jul/2026:17:22:36 -0700] "POST /xmlrpc.php HTTP/1.1" 200 4129 "-" "Jetpack/12.5; WordPress/6.1; http://site35477948.com"
47.230.110.129 - - [10/Jul/2026:17:22:44 -0700] "POST /xmlrpc.php HTTP/1.1" 403 4352 "-" "WordPress.com; https://wordpress.com"
35.235.84.95 - - [10/Jul/2026:17:22:48 -0700] "POST /wp-cron.php?doing_wp_cron=1783729368.3170359134674072265625 HTTP/1.1" 200 3587 "-" "WordPress/7.0.1; https://vanessavaladezrealty.com"
114.198.138.124 - - [10/Jul/2026:17:22:47 -0700] "POST /xmlrpc.php HTTP/1.1" 200 4129 "-" "Jetpack/12.5; WordPress/6.4; http://site21029398.com"
47.230.110.129 - - [10/Jul/2026:17:22:54 -0700] "POST /xmlrpc.php HTTP/1.1" 403 4352 "-" "Jetpack by WordPress.com"
114.198.138.124 - - [10/Jul/2026:17:22:57 -0700] "POST /xmlrpc.php HTTP/1.1" 403 4352 "-" "WordPress.com; https://wordpress.com"
35.235.84.95 - - [10/Jul/2026:17:23:06 -0700] "POST /wp-cron.php?doing_wp_cron=1783729386.7462360858917236328125 HTTP/1.1" 200 3587 "-" "WordPress/7.0.1; https://vanessavaladezrealty.com"
47.230.110.129 - - [10/Jul/2026:17:23:05 -0700] "POST /xmlrpc.php HTTP/1.1" 200 4129 "-" "Jetpack by WordPress.com (Jetpack 13.0; WordPress 6.1)"
114.198.138.124 - - [10/Jul/2026:17:23:08 -0700] "POST /xmlrpc.php HTTP/1.1" 200 4129 "-" "Jetpack/12.0; WordPress/6.1; http://site25396887.com"
47.230.110.129 - - [10/Jul/2026:17:23:16 -0700] "POST /xmlrpc.php HTTP/1.1" 403 4352 "-" "Jetpack by WordPress.com"
114.198.138.124 - - [10/Jul/2026:17:23:19 -0700] "POST /xmlrpc.php HTTP/1.1" 403 4352 "-" "WordPress.com; https://wordpress.com"
47.230.110.129 - - [10/Jul/2026:17:23:26 -0700] "POST /xmlrpc.php HTTP/1.1" 200 4129 "-" "Jetpack/12.0; WordPress/6.3; http://site77331119.com"
114.198.138.124 - - [10/Jul/2026:17:23:29 -0700] "POST /xmlrpc.php HTTP/1.1" 403 4352 "-" "Jetpack by WordPress.com"
47.230.110.129 - - [10/Jul/2026:17:23:37 -0700] "POST /xmlrpc.php HTTP/1.1" 200 4129 "-" "Jetpack by WordPress.com (Jetpack 12.5; WordPress 6.2)"
47.230.110.129 - - [10/Jul/2026:17:23:48 -0700] "POST /xmlrpc.php HTTP/1.1" 200 4129 "-" "Jetpack/12.1; WordPress/6.4; http://site11381212.com"
47.230.110.129 - - [10/Jul/2026:17:23:58 -0700] "POST /xmlrpc.php HTTP/1.1" 403 4352 "-" "WordPress.com; https://wordpress.com"
47.230.110.129 - - [10/Jul/2026:17:24:09 -0700] "POST /xmlrpc.php HTTP/1.1" 403 4352 "-" "WordPress.com; https://wordpress.com"
47.230.110.129 - - [10/Jul/2026:17:24:19 -0700] "POST /xmlrpc.php HTTP/1.1" 403 4352 "-" "Jetpack by WordPress.com"
35.235.84.95 - - [10/Jul/2026:17:24:31 -0700] "POST /wp-cron.php?doing_wp_cron=1783729471.7475459575653076171875 HTTP/1.1" 200 3587 "-" "WordPress/7.0.1; https://vanessavaladezrealty.com"
47.230.110.129 - - [10/Jul/2026:17:24:30 -0700] "POST /xmlrpc.php HTTP/1.1" 200 4129 "-" "Jetpack/12.0; WordPress/6.4; http://site13616220.com"
47.230.110.129 - - [10/Jul/2026:17:24:41 -0700] "POST /xmlrpc.php HTTP/1.1" 403 4352 "-" "WordPress.com; https://wordpress.com"
47.230.110.129 - - [10/Jul/2026:17:24:51 -0700] "POST /xmlrpc.php HTTP/1.1" 403 4352 "-" "WordPress.com; https://wordpress.com"
35.235.84.95 - - [10/Jul/2026:17:25:03 -0700] "POST /wp-cron.php?doing_wp_cron=1783729503.5613050460815429687500 HTTP/1.1" 200 3587 "-" "WordPress/7.0.1; https://vanessavaladezrealty.com"
47.230.110.129 - - [10/Jul/2026:17:25:02 -0700] "POST /xmlrpc.php HTTP/1.1" 200 4129 "-" "Jetpack/12.1; WordPress/6.4; http://site87653439.com"
47.230.110.129 - - [10/Jul/2026:17:25:13 -0700] "POST /xmlrpc.php HTTP/1.1" 403 4352 "-" "WordPress.com; https://wordpress.com"
47.230.110.129 - - [10/Jul/2026:17:25:23 -0700] "POST /xmlrpc.php HTTP/1.1" 200 4129 "-" "Jetpack/12.1; WordPress/6.1; http://site16341390.com"
190.112.218.163 - - [10/Jul/2026:17:25:25 -0700] "GET /properties/?pid=95&wplview=property_show HTTP/1.1" 200 35085 "-" "Mozilla/5.0 (Macintosh; Intel Mac OS X 10_14_6) AppleWebKit/537.36 (KHTML, like Gecko) Brave Chrome/85.0.4183.102 Safari/537.36"
47.230.110.129 - - [10/Jul/2026:17:25:34 -0700] "POST /xmlrpc.php HTTP/1.1" 403 4352 "-" "Jetpack by WordPress.com"
47.230.110.129 - - [10/Jul/2026:17:25:44 -0700] "POST /xmlrpc.php HTTP/1.1" 200 4129 "-" "Jetpack by WordPress.com (Jetpack 12.1; WordPress 6.1)"
47.230.110.129 - - [10/Jul/2026:17:25:55 -0700] "POST /xmlrpc.php HTTP/1.1" 403 4352 "-" "Jetpack by WordPress.com"
35.235.84.95 - - [10/Jul/2026:17:26:07 -0700] "POST /wp-cron.php?doing_wp_cron=1783729567.1250529289245605468750 HTTP/1.1" 200 3587 "-" "WordPress/7.0.1; https://vanessavaladezrealty.com"
47.230.110.129 - - [10/Jul/2026:17:26:06 -0700] "POST /xmlrpc.php HTTP/1.1" 200 4129 "-" "Jetpack/12.1; WordPress/6.2; http://site40836054.com"
43.166.240.231 - - [10/Jul/2026:17:26:11 -0700] "GET / HTTP/1.1" 200 38356 "http://www.vanessavaladezrealty.com" "Mozilla/5.0 (iPhone; CPU iPhone OS 13_2_3 like Mac OS X) AppleWebKit/605.1.15 (KHTML, like Gecko) Version/13.0.3 Mobile/15E148 Safari/604.1"
47.230.110.129 - - [10/Jul/2026:17:26:16 -0700] "POST /xmlrpc.php HTTP/1.1" 200 4129 "-" "Jetpack/12.0; WordPress/6.1; http://site88454981.com"
47.230.110.129 - - [10/Jul/2026:17:26:27 -0700] "POST /xmlrpc.php HTTP/1.1" 403 4352 "-" "WordPress.com; https://wordpress.com"
35.235.84.95 - - [10/Jul/2026:17:26:38 -0700] "POST /wp-cron.php?doing_wp_cron=1783729598.9261639118194580078125 HTTP/1.1" 200 3587 "-" "WordPress/7.0.1; https://vanessavaladezrealty.com"
47.230.110.129 - - [10/Jul/2026:17:26:37 -0700] "POST /xmlrpc.php HTTP/1.1" 200 4129 "-" "Jetpack/12.5; WordPress/6.3; http://site18391531.com"
47.230.110.129 - - [10/Jul/2026:17:26:48 -0700] "POST /xmlrpc.php HTTP/1.1" 403 4352 "-" "Jetpack by WordPress.com"
47.230.110.129 - - [10/Jul/2026:17:26:59 -0700] "POST /xmlrpc.php HTTP/1.1" 200 4129 "-" "Jetpack/12.0; WordPress/6.1; http://site17474443.com"
47.230.110.129 - - [10/Jul/2026:17:27:09 -0700] "POST /xmlrpc.php HTTP/1.1" 403 4352 "-" "WordPress.com; https://wordpress.com"
47.230.110.129 - - [10/Jul/2026:17:27:20 -0700] "POST /xmlrpc.php HTTP/1.1" 403 4352 "-" "Jetpack by WordPress.com"
160.187.68.214 - - [10/Jul/2026:17:27:23 -0700] "GET /wp-login.php HTTP/1.1" 200 6364 "-" "Mozilla/5.0 (Windows NT 10.0; Win64; x64) AppleWebKit/537.36 (KHTML, like Gecko) Chrome/133.0.0.0 Safari/537.36"
160.187.68.214 - - [10/Jul/2026:17:27:26 -0700] "POST /wp-login.php HTTP/1.1" 200 6450 "https://vanessavaladezrealty.com/wp-login.php" "Mozilla/5.0 (Windows NT 10.0; Win64; x64) AppleWebKit/537.36 (KHTML, like Gecko) Chrome/133.0.0.0 Safari/537.36"
47.230.110.129 - - [10/Jul/2026:17:27:30 -0700] "POST /xmlrpc.php HTTP/1.1" 403 4352 "-" "Jetpack by WordPress.com"
47.230.110.129 - - [10/Jul/2026:17:27:41 -0700] "POST /xmlrpc.php HTTP/1.1" 403 4352 "-" "Jetpack by WordPress.com"
35.235.84.95 - - [10/Jul/2026:17:27:52 -0700] "POST /wp-cron.php?doing_wp_cron=1783729672.9427270889282226562500 HTTP/1.1" 200 3587 "-" "WordPress/7.0.1; https://vanessavaladezrealty.com"
47.230.110.129 - - [10/Jul/2026:17:27:51 -0700] "POST /xmlrpc.php HTTP/1.1" 200 4129 "-" "Jetpack/12.5; WordPress/6.2; http://site34724577.com"
47.230.110.129 - - [10/Jul/2026:17:28:02 -0700] "POST /xmlrpc.php HTTP/1.1" 403 4352 "-" "WordPress.com; https://wordpress.com"
47.230.110.129 - - [10/Jul/2026:17:28:13 -0700] "POST /xmlrpc.php HTTP/1.1" 200 4129 "-" "Jetpack/12.5; WordPress/6.2; http://site96537846.com"
47.230.110.129 - - [10/Jul/2026:17:28:23 -0700] "POST /xmlrpc.php HTTP/1.1" 403 4352 "-" "WordPress.com; https://wordpress.com"
47.230.110.129 - - [10/Jul/2026:17:28:34 -0700] "POST /xmlrpc.php HTTP/1.1" 403 4352 "-" "WordPress.com; https://wordpress.com"
47.230.110.129 - - [10/Jul/2026:17:28:44 -0700] "POST /xmlrpc.php HTTP/1.1" 200 4129 "-" "Jetpack by WordPress.com (Jetpack 12.5; WordPress 6.1)"
35.235.84.95 - - [10/Jul/2026:17:28:56 -0700] "POST /wp-cron.php?doing_wp_cron=1783729736.3182239532470703125000 HTTP/1.1" 200 3587 "-" "WordPress/7.0.1; https://vanessavaladezrealty.com"
47.230.110.129 - - [10/Jul/2026:17:28:55 -0700] "POST /xmlrpc.php HTTP/1.1" 200 4129 "-" "Jetpack by WordPress.com (Jetpack 13.0; WordPress 6.1)"
47.230.110.129 - - [10/Jul/2026:17:29:05 -0700] "POST /xmlrpc.php HTTP/1.1" 200 4129 "-" "Jetpack by WordPress.com (Jetpack 12.5; WordPress 6.3)"
47.230.110.129 - - [10/Jul/2026:17:29:16 -0700] "POST /xmlrpc.php HTTP/1.1" 403 4352 "-" "Jetpack by WordPress.com"
47.230.110.129 - - [10/Jul/2026:17:29:26 -0700] "POST /xmlrpc.php HTTP/1.1" 200 4129 "-" "Jetpack/13.0; WordPress/6.1; http://site81996446.com"
47.230.110.129 - - [10/Jul/2026:17:29:37 -0700] "POST /xmlrpc.php HTTP/1.1" 403 4352 "-" "Jetpack by WordPress.com"
47.230.110.129 - - [10/Jul/2026:17:29:47 -0700] "POST /xmlrpc.php HTTP/1.1" 403 4352 "-" "Jetpack by WordPress.com"
35.235.84.95 - - [10/Jul/2026:17:29:59 -0700] "POST /wp-cron.php?doing_wp_cron=1783729799.6256730556488037109375 HTTP/1.1" 200 3587 "-" "WordPress/7.0.1; https://vanessavaladezrealty.com"
47.230.110.129 - - [10/Jul/2026:17:29:58 -0700] "POST /xmlrpc.php HTTP/1.1" 200 4129 "-" "Jetpack by WordPress.com (Jetpack 12.0; WordPress 6.4)"
39.44.7.25 - - [10/Jul/2026:17:29:59 -0700] "GET /properties/140-Residential-1802-Goldfield-Street-USD125-000/tel:7027760711 HTTP/1.1" 301 4187 "-" "Mozilla/5.0 (Windows NT 5.1) AppleWebKit/537.36 (KHTML, like Gecko) Chrome/35.0.2309.372 Safari/537.36"
39.44.7.25 - - [10/Jul/2026:17:30:01 -0700] "GET /properties/140-Residential-1802-Goldfield-Street-USD125-000/tel:7027760711/ HTTP/1.1" 301 4336 "-" "Mozilla/5.0 (Windows NT 5.1) AppleWebKit/537.36 (KHTML, like Gecko) Chrome/35.0.2309.372 Safari/537.36"
39.44.7.25 - - [10/Jul/2026:17:30:03 -0700] "GET /properties/140-Residential-1802-Goldfield-Street-USD125-000 HTTP/1.1" 301 4114 "-" "Mozilla/5.0 (Windows NT 5.1) AppleWebKit/537.36 (KHTML, like Gecko) Chrome/35.0.2309.372 Safari/537.36"
39.44.7.25 - - [10/Jul/2026:17:30:04 -0700] "GET /properties/140-Residential-1802-Goldfield-Street-USD125-000/ HTTP/1.1" 200 33411 "-" "Mozilla/5.0 (Windows NT 5.1) AppleWebKit/537.36 (KHTML, like Gecko) Chrome/35.0.2309.372 Safari/537.36"
47.230.110.129 - - [10/Jul/2026:17:30:09 -0700] "POST /xmlrpc.php HTTP/1.1" 200 4129 "-" "Jetpack by WordPress.com (Jetpack 12.0; WordPress 6.4)"
47.230.110.129 - - [10/Jul/2026:17:30:19 -0700] "POST /xmlrpc.php HTTP/1.1" 403 4352 "-" "WordPress.com; https://wordpress.com"
47.230.110.129 - - [10/Jul/2026:17:30:30 -0700] "POST /xmlrpc.php HTTP/1.1" 403 4352 "-" "Jetpack by WordPress.com"
47.230.110.129 - - [10/Jul/2026:17:30:40 -0700] "POST /xmlrpc.php HTTP/1.1" 403 4352 "-" "Jetpack by WordPress.com"
47.230.110.129 - - [10/Jul/2026:17:30:51 -0700] "POST /xmlrpc.php HTTP/1.1" 403 4352 "-" "Jetpack by WordPress.com"
47.230.110.129 - - [10/Jul/2026:17:31:02 -0700] "POST /xmlrpc.php HTTP/1.1" 403 4352 "-" "WordPress.com; https://wordpress.com"
35.235.84.95 - - [10/Jul/2026:17:31:13 -0700] "POST /wp-cron.php?doing_wp_cron=1783729873.7066850662231445312500 HTTP/1.1" 200 3587 "-" "WordPress/7.0.1; https://vanessavaladezrealty.com"
47.230.110.129 - - [10/Jul/2026:17:31:12 -0700] "POST /xmlrpc.php HTTP/1.1" 200 4129 "-" "Jetpack by WordPress.com (Jetpack 13.0; WordPress 6.2)"
47.230.110.129 - - [10/Jul/2026:17:31:23 -0700] "POST /xmlrpc.php HTTP/1.1" 200 4129 "-" "Jetpack/12.5; WordPress/6.4; http://site38962929.com"
35.235.84.95 - - [10/Jul/2026:17:31:34 -0700] "POST /wp-cron.php?doing_wp_cron=1783729894.6290860176086425781250 HTTP/1.1" 200 3587 "-" "WordPress/7.0.1; https://vanessavaladezrealty.com"
47.230.110.129 - - [10/Jul/2026:17:31:33 -0700] "POST /xmlrpc.php HTTP/1.1" 200 4129 "-" "Jetpack by WordPress.com (Jetpack 12.5; WordPress 6.1)"
47.230.110.129 - - [10/Jul/2026:17:31:44 -0700] "POST /xmlrpc.php HTTP/1.1" 403 4352 "-" "WordPress.com; https://wordpress.com"
47.230.110.129 - - [10/Jul/2026:17:31:54 -0700] "POST /xmlrpc.php HTTP/1.1" 200 4129 "-" "Jetpack/12.5; WordPress/6.2; http://site65906438.com"
47.230.110.129 - - [10/Jul/2026:17:32:05 -0700] "POST /xmlrpc.php HTTP/1.1" 200 4129 "-" "Jetpack by WordPress.com (Jetpack 12.5; WordPress 6.4)"
47.230.110.129 - - [10/Jul/2026:17:32:15 -0700] "POST /xmlrpc.php HTTP/1.1" 200 4129 "-" "Jetpack by WordPress.com (Jetpack 12.0; WordPress 6.1)"
138.246.253.24 - - [10/Jul/2026:17:32:21 -0700] "GET /robots.txt HTTP/1.1" 200 4272 "-" "Mozilla/5.0 (Windows NT 10.0; Win64; x64) AppleWebKit/537.36 (KHTML, like Gecko) Chrome/103.0.5060.134 Safari/537.36"
47.230.110.129 - - [10/Jul/2026:17:32:26 -0700] "POST /xmlrpc.php HTTP/1.1" 403 4352 "-" "Jetpack by WordPress.com"
47.230.110.129 - - [10/Jul/2026:17:32:36 -0700] "POST /xmlrpc.php HTTP/1.1" 403 4352 "-" "Jetpack by WordPress.com"
47.230.110.129 - - [10/Jul/2026:17:32:47 -0700] "POST /xmlrpc.php HTTP/1.1" 403 4352 "-" "Jetpack by WordPress.com"
47.230.110.129 - - [10/Jul/2026:17:32:57 -0700] "POST /xmlrpc.php HTTP/1.1" 403 4352 "-" "WordPress.com; https://wordpress.com"
35.235.84.95 - - [10/Jul/2026:17:33:01 -0700] "POST /wp-cron.php?doing_wp_cron=1783729981.3751990795135498046875 HTTP/1.1" 200 3587 "-" "WordPress/7.0.1; https://vanessavaladezrealty.com"
149.210.223.24 - - [10/Jul/2026:17:33:00 -0700] "GET /wp-login.php HTTP/1.1" 200 6364 "-" "Mozilla/5.0 (Windows NT 10.0; Win64; x64) AppleWebKit/537.36 (KHTML, like Gecko) Chrome/133.0.0.0 Safari/537.36"
149.210.223.24 - - [10/Jul/2026:17:33:01 -0700] "POST /wp-login.php HTTP/1.1" 200 6444 "https://vanessavaladezrealty.com/wp-login.php" "Mozilla/5.0 (Windows NT 10.0; Win64; x64) AppleWebKit/537.36 (KHTML, like Gecko) Chrome/133.0.0.0 Safari/537.36"
47.230.110.129 - - [10/Jul/2026:17:33:08 -0700] "POST /xmlrpc.php HTTP/1.1" 200 4129 "-" "Jetpack by WordPress.com (Jetpack 13.0; WordPress 6.2)"
47.230.110.129 - - [10/Jul/2026:17:33:18 -0700] "POST /xmlrpc.php HTTP/1.1" 403 4352 "-" "Jetpack by WordPress.com"
47.230.110.129 - - [10/Jul/2026:17:33:29 -0700] "POST /xmlrpc.php HTTP/1.1" 200 4129 "-" "Jetpack/13.0; WordPress/6.2; http://site14131182.com"
47.230.110.129 - - [10/Jul/2026:17:33:39 -0700] "POST /xmlrpc.php HTTP/1.1" 200 4129 "-" "Jetpack/12.0; WordPress/6.3; http://site65509690.com"
47.230.110.129 - - [10/Jul/2026:17:33:50 -0700] "POST /xmlrpc.php HTTP/1.1" 403 4352 "-" "Jetpack by WordPress.com"
47.230.110.129 - - [10/Jul/2026:17:34:00 -0700] "POST /xmlrpc.php HTTP/1.1" 403 4352 "-" "WordPress.com; https://wordpress.com"
47.230.110.129 - - [10/Jul/2026:17:34:11 -0700] "POST /xmlrpc.php HTTP/1.1" 403 4352 "-" "Jetpack by WordPress.com"
47.230.110.129 - - [10/Jul/2026:17:34:21 -0700] "POST /xmlrpc.php HTTP/1.1" 403 4352 "-" "Jetpack by WordPress.com"
47.230.110.129 - - [10/Jul/2026:17:34:32 -0700] "POST /xmlrpc.php HTTP/1.1" 403 4352 "-" "WordPress.com; https://wordpress.com"
47.230.110.129 - - [10/Jul/2026:17:34:42 -0700] "POST /xmlrpc.php HTTP/1.1" 403 4352 "-" "WordPress.com; https://wordpress.com"
35.235.84.95 - - [10/Jul/2026:17:34:54 -0700] "POST /wp-cron.php?doing_wp_cron=1783730094.4049909114837646484375 HTTP/1.1" 200 3587 "-" "WordPress/7.0.1; https://vanessavaladezrealty.com"
47.230.110.129 - - [10/Jul/2026:17:34:53 -0700] "POST /xmlrpc.php HTTP/1.1" 200 4129 "-" "Jetpack/12.1; WordPress/6.1; http://site51887276.com"
15.235.27.51 - - [10/Jul/2026:17:35:01 -0700] "GET /robots.txt HTTP/1.1" 200 4273 "-" "Mozilla/5.0 (compatible; AhrefsBot/7.0; +http://ahrefs.com/robot/)"
54.39.136.44 - - [10/Jul/2026:17:35:03 -0700] "GET /wp-sitemap.xml HTTP/1.1" 200 4315 "-" "Mozilla/5.0 (compatible; AhrefsBot/7.0; +http://ahrefs.com/robot/)"
47.230.110.129 - - [10/Jul/2026:17:35:03 -0700] "POST /xmlrpc.php HTTP/1.1" 200 4129 "-" "Jetpack/12.1; WordPress/6.4; http://site36471666.com"
54.39.0.92 - - [10/Jul/2026:17:35:06 -0700] "GET /wp-sitemap-posts-post-1.xml HTTP/1.1" 200 4306 "-" "Mozilla/5.0 (compatible; AhrefsBot/7.0; +http://ahrefs.com/robot/)"
142.44.228.151 - - [10/Jul/2026:17:35:09 -0700] "GET /wp-sitemap-posts-page-1.xml HTTP/1.1" 200 4388 "-" "Mozilla/5.0 (compatible; AhrefsBot/7.0; +http://ahrefs.com/robot/)"
78.142.18.172 - - [10/Jul/2026:17:35:09 -0700] "GET /wp-login.php HTTP/1.1" 200 6364 "-" "Mozilla/5.0 (Windows NT 10.0; Win64; x64) AppleWebKit/537.36 (KHTML, like Gecko) Chrome/133.0.0.0 Safari/537.36"
54.39.203.147 - - [10/Jul/2026:17:35:11 -0700] "GET /wp-sitemap-taxonomies-category-1.xml HTTP/1.1" 200 4278 "-" "Mozilla/5.0 (compatible; AhrefsBot/7.0; +http://ahrefs.com/robot/)"
142.44.228.137 - - [10/Jul/2026:17:35:15 -0700] "GET /wp-sitemap-users-1.xml HTTP/1.1" 200 4283 "-" "Mozilla/5.0 (compatible; AhrefsBot/7.0; +http://ahrefs.com/robot/)"
78.142.18.172 - - [10/Jul/2026:17:35:10 -0700] "POST /wp-login.php HTTP/1.1" 200 6466 "https://vanessavaladezrealty.com/wp-login.php" "Mozilla/5.0 (Windows NT 10.0; Win64; x64) AppleWebKit/537.36 (KHTML, like Gecko) Chrome/133.0.0.0 Safari/537.36"
47.230.110.129 - - [10/Jul/2026:17:35:14 -0700] "POST /xmlrpc.php HTTP/1.1" 403 4352 "-" "WordPress.com; https://wordpress.com"
47.230.110.129 - - [10/Jul/2026:17:35:24 -0700] "POST /xmlrpc.php HTTP/1.1" 403 4352 "-" "Jetpack by WordPress.com"
47.230.110.129 - - [10/Jul/2026:17:35:35 -0700] "POST /xmlrpc.php HTTP/1.1" 200 4129 "-" "Jetpack by WordPress.com (Jetpack 12.1; WordPress 6.4)"
47.230.110.129 - - [10/Jul/2026:17:35:45 -0700] "POST /xmlrpc.php HTTP/1.1" 403 4352 "-" "WordPress.com; https://wordpress.com"
35.235.84.95 - - [10/Jul/2026:17:35:57 -0700] "POST /wp-cron.php?doing_wp_cron=1783730157.5099389553070068359375 HTTP/1.1" 200 3587 "-" "WordPress/7.0.1; https://vanessavaladezrealty.com"
47.230.110.129 - - [10/Jul/2026:17:35:56 -0700] "POST /xmlrpc.php HTTP/1.1" 200 4129 "-" "Jetpack by WordPress.com (Jetpack 12.1; WordPress 6.2)"
47.230.110.129 - - [10/Jul/2026:17:36:06 -0700] "POST /xmlrpc.php HTTP/1.1" 403 4352 "-" "WordPress.com; https://wordpress.com"
47.230.110.129 - - [10/Jul/2026:17:36:17 -0700] "POST /xmlrpc.php HTTP/1.1" 403 4352 "-" "WordPress.com; https://wordpress.com"
35.235.84.95 - - [10/Jul/2026:17:36:29 -0700] "POST /wp-cron.php?doing_wp_cron=1783730188.9785139560699462890625 HTTP/1.1" 200 3587 "-" "WordPress/7.0.1; https://vanessavaladezrealty.com"
47.230.110.129 - - [10/Jul/2026:17:36:27 -0700] "POST /xmlrpc.php HTTP/1.1" 200 4129 "-" "Jetpack by WordPress.com (Jetpack 12.0; WordPress 6.4)"
47.230.110.129 - - [10/Jul/2026:17:36:38 -0700] "POST /xmlrpc.php HTTP/1.1" 200 4129 "-" "Jetpack by WordPress.com (Jetpack 12.0; WordPress 6.2)"
47.230.110.129 - - [10/Jul/2026:17:36:48 -0700] "POST /xmlrpc.php HTTP/1.1" 200 4129 "-" "Jetpack by WordPress.com (Jetpack 12.1; WordPress 6.2)"
35.235.84.95 - - [10/Jul/2026:17:39:43 -0700] "POST /wp-cron.php?doing_wp_cron=1783730383.8539700508117675781250 HTTP/1.1" 200 3587 "-" "WordPress/7.0.1; https://vanessavaladezrealty.com"
20.153.140.50 - - [10/Jul/2026:17:39:42 -0700] "GET /wp-login.php HTTP/1.1" 200 6364 "-" "Mozilla/5.0 (Windows NT 10.0; Win64; x64) AppleWebKit/537.36 (KHTML, like Gecko) Chrome/133.0.0.0 Safari/537.36"
20.153.140.50 - - [10/Jul/2026:17:39:44 -0700] "POST /wp-login.php HTTP/1.1" 200 6446 "https://vanessavaladezrealty.com/wp-login.php" "Mozilla/5.0 (Windows NT 10.0; Win64; x64) AppleWebKit/537.36 (KHTML, like Gecko) Chrome/133.0.0.0 Safari/537.36"
35.235.84.95 - - [10/Jul/2026:17:43:42 -0700] "POST /wp-cron.php?doing_wp_cron=1783730622.5547690391540527343750 HTTP/1.1" 200 3587 "-" "WordPress/7.0.1; https://vanessavaladezrealty.com"
66.249.70.199 - - [10/Jul/2026:17:43:41 -0700] "GET /robots.txt HTTP/1.1" 200 4273 "-" "Mozilla/5.0 (compatible; Googlebot/2.1; +http://www.google.com/bot.html)"
66.249.70.200 - - [10/Jul/2026:17:43:42 -0700] "GET /feed/ HTTP/1.1" 200 5142 "-" "Mozilla/5.0 (Linux; Android 6.0.1; Nexus 5X Build/MMB29P) AppleWebKit/537.36 (KHTML, like Gecko) Chrome/150.0.7871.46 Mobile Safari/537.36 (compatible; Googlebot/2.1; +http://www.google.com/bot.html)"
35.235.84.95 - - [10/Jul/2026:17:45:59 -0700] "POST /wp-cron.php?doing_wp_cron=1783730759.2309370040893554687500 HTTP/1.1" 200 3587 "-" "WordPress/7.0.1; https://vanessavaladezrealty.com"
45.71.154.235 - - [10/Jul/2026:17:45:58 -0700] "GET /properties/91-Residential-Lease-5621-Eagle-Claw-Avenue-5-Rooms-3-Bedrooms-2-Bathrooms-USD1-845/tel:7027760711 HTTP/1.1" 301 4222 "-" "Mozilla/5.0 (Macintosh; Intel Mac OS X 10_15_4) AppleWebKit/537.36 (KHTML, like Gecko) Chrome/100.0.4896.127 Safari/537.36"
45.71.154.235 - - [10/Jul/2026:17:45:59 -0700] "GET /properties/91-Residential-Lease-5621-Eagle-Claw-Avenue-5-Rooms-3-Bedrooms-2-Bathrooms-USD1-845/tel:7027760711/ HTTP/1.1" 301 4371 "-" "Mozilla/5.0 (Macintosh; Intel Mac OS X 10_15_4) AppleWebKit/537.36 (KHTML, like Gecko) Chrome/100.0.4896.127 Safari/537.36"
45.71.154.235 - - [10/Jul/2026:17:46:01 -0700] "GET /properties/91-Residential-Lease-5621-Eagle-Claw-Avenue-5-Rooms-3-Bedrooms-2-Bathrooms-USD1-845 HTTP/1.1" 301 4149 "-" "Mozilla/5.0 (Macintosh; Intel Mac OS X 10_15_4) AppleWebKit/537.36 (KHTML, like Gecko) Chrome/100.0.4896.127 Safari/537.36"
45.71.154.235 - - [10/Jul/2026:17:46:02 -0700] "GET /properties/91-Residential-Lease-5621-Eagle-Claw-Avenue-5-Rooms-3-Bedrooms-2-Bathrooms-USD1-845/ HTTP/1.1" 200 34525 "-" "Mozilla/5.0 (Macintosh; Intel Mac OS X 10_15_4) AppleWebKit/537.36 (KHTML, like Gecko) Chrome/100.0.4896.127 Safari/537.36"
66.249.70.200 - - [10/Jul/2026:17:46:17 -0700] "GET /comments/feed/ HTTP/1.1" 200 4701 "-" "Mozilla/5.0 (Linux; Android 6.0.1; Nexus 5X Build/MMB29P) AppleWebKit/537.36 (KHTML, like Gecko) Chrome/150.0.7871.46 Mobile Safari/537.36 (compatible; Googlebot/2.1; +http://www.google.com/bot.html)"
45.131.194.117 - - [10/Jul/2026:17:47:53 -0700] "GET / HTTP/1.1" 200 38355 "-" "Mozilla/5.0 (Windows NT 10.0; Win64; x64; rv:109.0) Gecko/20100101 Firefox/117.0"
45.146.54.104 - - [10/Jul/2026:17:47:55 -0700] "GET /wp-login.php HTTP/1.1" 200 6364 "-" "Mozilla/5.0 (Windows NT 6.1; Win64; x64) Chrome/115.0.0.0 Safari/537.36"
35.235.84.95 - - [10/Jul/2026:17:49:52 -0700] "POST /wp-cron.php?doing_wp_cron=1783730992.6129949092864990234375 HTTP/1.1" 200 3587 "-" "WordPress/7.0.1; https://vanessavaladezrealty.com"
216.73.216.49 - - [10/Jul/2026:17:49:51 -0700] "GET /robots.txt HTTP/1.1" 200 4273 "-" "Mozilla/5.0 AppleWebKit/537.36 (KHTML, like Gecko; compatible; ClaudeBot/1.0; +claudebot@anthropic.com)"
216.73.216.49 - - [10/Jul/2026:17:49:52 -0700] "GET /wp-sitemap.xml HTTP/1.1" 200 4257 "-" "Mozilla/5.0 AppleWebKit/537.36 (KHTML, like Gecko; compatible; ClaudeBot/1.0; +claudebot@anthropic.com)"
216.73.163.28 - - [10/Jul/2026:17:56:12 -0700] "GET / HTTP/1.1" 200 38357 "-" "Mozilla/5.0 (Windows NT 6.1; Win64; x64) Chrome/115.0.0.0 Safari/537.36"
216.73.163.26 - - [10/Jul/2026:17:56:14 -0700] "GET /wp-login.php HTTP/1.1" 200 6364 "-" "Mozilla/5.0 (Windows NT 10.0; Win64; x64; rv:109.0) Gecko/20100101 Firefox/117.0"
160.187.68.214 - - [10/Jul/2026:17:56:17 -0700] "GET /wp-json/wp/v2/users/me HTTP/1.1" 403 4352 "-" "Mozilla/5.0 (Windows NT 10.0; Win64; x64) AppleWebKit/537.36 (KHTML, like Gecko) Chrome/133.0.0.0 Safari/537.36"
35.235.84.95 - - [10/Jul/2026:18:00:38 -0700] "HEAD / HTTP/1.1" 200 4253 "-" "Mozilla/5.0 (Windows NT 10.0; Win64; x64) AppleWebKit/537.36 (KHTML, like Gecko) Chrome/117.0.0.0 Safari/537.36"
35.235.84.95 - - [10/Jul/2026:18:01:54 -0700] "POST /wp-cron.php?doing_wp_cron=1783731714.6711339950561523437500 HTTP/1.1" 200 3587 "-" "WordPress/7.0.1; https://vanessavaladezrealty.com"
148.66.159.112 - - [10/Jul/2026:18:01:53 -0700] "GET /wp-login.php HTTP/1.1" 200 6364 "-" "Mozilla/5.0 (Windows NT 10.0; Win64; x64) AppleWebKit/537.36 (KHTML, like Gecko) Chrome/133.0.0.0 Safari/537.36"
148.66.159.112 - - [10/Jul/2026:18:01:55 -0700] "POST /wp-login.php HTTP/1.1" 200 6444 "https://vanessavaladezrealty.com/wp-login.php" "Mozilla/5.0 (Windows NT 10.0; Win64; x64) AppleWebKit/537.36 (KHTML, like Gecko) Chrome/133.0.0.0 Safari/537.36"
35.235.84.95 - - [10/Jul/2026:18:03:42 -0700] "POST /wp-cron.php?doing_wp_cron=1783731822.0219819545745849609375 HTTP/1.1" 200 3587 "-" "WordPress/7.0.1; https://vanessavaladezrealty.com"
88.99.30.91 - - [10/Jul/2026:18:03:40 -0700] "GET /wp-login.php HTTP/1.1" 200 6364 "-" "Mozilla/5.0 (Windows NT 10.0; Win64; x64) AppleWebKit/537.36 (KHTML, like Gecko) Chrome/133.0.0.0 Safari/537.36"
88.99.30.91 - - [10/Jul/2026:18:03:42 -0700] "POST /wp-login.php HTTP/1.1" 200 6466 "https://vanessavaladezrealty.com/wp-login.php" "Mozilla/5.0 (Windows NT 10.0; Win64; x64) AppleWebKit/537.36 (KHTML, like Gecko) Chrome/133.0.0.0 Safari/537.36"
35.235.84.95 - - [10/Jul/2026:18:08:13 -0700] "POST /wp-cron.php?doing_wp_cron=1783732093.1305260658264160156250 HTTP/1.1" 200 3587 "-" "WordPress/7.0.1; https://vanessavaladezrealty.com"
78.142.18.172 - - [10/Jul/2026:18:08:12 -0700] "GET /wp-login.php HTTP/1.1" 200 6364 "-" "Mozilla/5.0 (Windows NT 10.0; Win64; x64) AppleWebKit/537.36 (KHTML, like Gecko) Chrome/133.0.0.0 Safari/537.36"
78.142.18.172 - - [10/Jul/2026:18:08:13 -0700] "POST /wp-login.php HTTP/1.1" 200 6445 "https://vanessavaladezrealty.com/wp-login.php" "Mozilla/5.0 (Windows NT 10.0; Win64; x64) AppleWebKit/537.36 (KHTML, like Gecko) Chrome/133.0.0.0 Safari/537.36"
35.235.84.95 - - [10/Jul/2026:18:13:43 -0700] "POST /wp-cron.php?doing_wp_cron=1783732423.9395489692687988281250 HTTP/1.1" 200 3587 "-" "WordPress/7.0.1; https://vanessavaladezrealty.com"
172.184.213.160 - - [10/Jul/2026:18:13:42 -0700] "GET /wp/wp-login.php HTTP/1.1" 404 98763 "-" "Mozilla/5.0 (X11; Linux x86_64) AppleWebKit/537.36 (KHTML, like Gecko) Chrome/120.0.0.0 Safari/537.36"
172.184.213.160 - - [10/Jul/2026:18:13:44 -0700] "POST /wp/wp-login.php HTTP/1.1" 404 98705 "https://vanessavaladezrealty.com/wp/wp-login.php" "Mozilla/5.0 (Macintosh; Intel Mac OS X 10_15_7) AppleWebKit/537.36 (KHTML, like Gecko) Chrome/120.0.0.0 Safari/537.36"
35.235.84.95 - - [10/Jul/2026:18:16:49 -0700] "POST /wp-cron.php?doing_wp_cron=1783732609.7841529846191406250000 HTTP/1.1" 200 3587 "-" "WordPress/7.0.1; https://vanessavaladezrealty.com"
189.175.18.73 - - [10/Jul/2026:18:16:48 -0700] "GET /properties/124-Residential-7951-Quail-Harbor-Street-8-Rooms-3-Bedrooms-3-Bathrooms-USD480-864/tel:7027760711 HTTP/1.1" 301 4221 "-" "Mozilla/5.0 (Windows NT 6.1) AppleWebKit/537.36 (KHTML, like Gecko) Chrome/78.0.3904.108 Safari/537.36"
189.175.18.73 - - [10/Jul/2026:18:16:50 -0700] "GET /properties/124-Residential-7951-Quail-Harbor-Street-8-Rooms-3-Bedrooms-3-Bathrooms-USD480-864/tel:7027760711/ HTTP/1.1" 301 4370 "-" "Mozilla/5.0 (Windows NT 6.1) AppleWebKit/537.36 (KHTML, like Gecko) Chrome/78.0.3904.108 Safari/537.36"
189.175.18.73 - - [10/Jul/2026:18:16:51 -0700] "GET /properties/124-Residential-7951-Quail-Harbor-Street-8-Rooms-3-Bedrooms-3-Bathrooms-USD480-864 HTTP/1.1" 301 4148 "-" "Mozilla/5.0 (Windows NT 6.1) AppleWebKit/537.36 (KHTML, like Gecko) Chrome/78.0.3904.108 Safari/537.36"
189.175.18.73 - - [10/Jul/2026:18:16:52 -0700] "GET /properties/124-Residential-7951-Quail-Harbor-Street-8-Rooms-3-Bedrooms-3-Bathrooms-USD480-864/ HTTP/1.1" 200 37963 "-" "Mozilla/5.0 (Windows NT 6.1) AppleWebKit/537.36 (KHTML, like Gecko) Chrome/78.0.3904.108 Safari/537.36"
35.235.84.95 - - [10/Jul/2026:18:20:25 -0700] "POST /wp-cron.php?doing_wp_cron=1783732825.5168430805206298828125 HTTP/1.1" 200 3587 "-" "WordPress/7.0.1; https://vanessavaladezrealty.com"
3.254.76.87 - - [10/Jul/2026:18:20:24 -0700] "GET / HTTP/1.1" 301 4112 "-" "Mozilla/5.0 (compatible; NetcraftSurveyAgent/1.0; +info@netcraft.com)"
35.235.84.95 - - [10/Jul/2026:18:21:48 -0700] "POST /wp-cron.php?doing_wp_cron=1783732908.9503250122070312500000 HTTP/1.1" 200 3587 "-" "WordPress/7.0.1; https://vanessavaladezrealty.com"
38.194.254.134 - - [10/Jul/2026:18:21:47 -0700] "GET /properties/vanessavaladez/tel:7027760711 HTTP/1.1" 301 4153 "-" "Mozilla/5.0 (Macintosh; Intel Mac OS X 10_15_7) AppleWebKit/537.36 (KHTML, like Gecko) Chrome/101.0.0.0 Safari/537.36"
38.194.254.134 - - [10/Jul/2026:18:21:49 -0700] "GET /properties/vanessavaladez/tel:7027760711/ HTTP/1.1" 200 32728 "-" "Mozilla/5.0 (Macintosh; Intel Mac OS X 10_15_7) AppleWebKit/537.36 (KHTML, like Gecko) Chrome/101.0.0.0 Safari/537.36"
199.189.225.167 - - [10/Jul/2026:18:22:35 -0700] "GET /wp-login.php HTTP/1.1" 200 6364 "-" "Mozilla/5.0 (Windows NT 10.0; Win64; x64) AppleWebKit/537.36 (KHTML, like Gecko) Chrome/133.0.0.0 Safari/537.36"
199.189.225.167 - - [10/Jul/2026:18:22:36 -0700] "POST /wp-login.php HTTP/1.1" 200 6450 "https://vanessavaladezrealty.com/wp-login.php" "Mozilla/5.0 (Windows NT 10.0; Win64; x64) AppleWebKit/537.36 (KHTML, like Gecko) Chrome/133.0.0.0 Safari/537.36"
35.235.84.95 - - [10/Jul/2026:18:29:16 -0700] "POST /wp-cron.php?doing_wp_cron=1783733356.7453720569610595703125 HTTP/1.1" 200 3587 "-" "WordPress/7.0.1; https://vanessavaladezrealty.com"
159.198.42.25 - - [10/Jul/2026:18:29:15 -0700] "GET /wp-login.php HTTP/1.1" 200 6364 "-" "Mozilla/5.0 (Windows NT 10.0; Win64; x64) AppleWebKit/537.36 (KHTML, like Gecko) Chrome/133.0.0.0 Safari/537.36"
159.198.42.25 - - [10/Jul/2026:18:29:16 -0700] "POST /wp-login.php HTTP/1.1" 200 6444 "https://vanessavaladezrealty.com/wp-login.php" "Mozilla/5.0 (Windows NT 10.0; Win64; x64) AppleWebKit/537.36 (KHTML, like Gecko) Chrome/133.0.0.0 Safari/537.36"
35.235.84.95 - - [10/Jul/2026:18:30:31 -0700] "POST /wp-cron.php?doing_wp_cron=1783733431.8617730140686035156250 HTTP/1.1" 200 3587 "-" "WordPress/7.0.1; https://vanessavaladezrealty.com"
201.182.18.26 - - [10/Jul/2026:18:30:30 -0700] "GET /properties/?pid=104&wplview=property_show HTTP/1.1" 200 36157 "-" "Mozilla/5.0 (Macintosh; Intel Mac OS X 10_13_6) AppleWebKit/537.36 (KHTML, like Gecko) Chrome/68.0.3440.106 Safari/537.36"
35.235.84.95 - - [10/Jul/2026:18:30:51 -0700] "POST /wp-cron.php?doing_wp_cron=1783733451.9418470859527587890625 HTTP/1.1" 200 3587 "-" "WordPress/7.0.1; https://vanessavaladezrealty.com"
154.61.75.100 - - [10/Jul/2026:18:30:50 -0700] "GET /wp-login.php HTTP/1.1" 200 6364 "-" "Mozilla/5.0 (Windows NT 10.0; Win64; x64) AppleWebKit/537.36 (KHTML, like Gecko) Chrome/133.0.0.0 Safari/537.36"
154.61.75.100 - - [10/Jul/2026:18:30:52 -0700] "POST /wp-login.php HTTP/1.1" 200 6466 "https://vanessavaladezrealty.com/wp-login.php" "Mozilla/5.0 (Windows NT 10.0; Win64; x64) AppleWebKit/537.36 (KHTML, like Gecko) Chrome/133.0.0.0 Safari/537.36"
35.235.84.95 - - [10/Jul/2026:18:33:45 -0700] "POST /wp-cron.php?doing_wp_cron=1783733625.6213541030883789062500 HTTP/1.1" 200 3587 "-" "WordPress/7.0.1; https://vanessavaladezrealty.com"
190.154.188.148 - - [10/Jul/2026:18:33:43 -0700] "GET /properties/133-Residential-6603-Brick-House-Avenue-5-Rooms-3-Bedrooms-2-Bathrooms-USD329-500/ HTTP/1.1" 200 37029 "-" "Mozilla/5.0 (Windows NT 6.1; Win64; x64) AppleWebKit/537.36 (KHTML, like Gecko) Chrome/86.0.4240.198 Safari/537.36"
35.235.84.95 - - [10/Jul/2026:18:36:59 -0700] "POST /wp-cron.php?doing_wp_cron=1783733819.3520050048828125000000 HTTP/1.1" 200 3587 "-" "WordPress/7.0.1; https://vanessavaladezrealty.com"
184.168.124.4 - - [10/Jul/2026:18:36:58 -0700] "GET /wp-login.php HTTP/1.1" 200 6364 "-" "Mozilla/5.0 (Windows NT 10.0; Win64; x64) AppleWebKit/537.36 (KHTML, like Gecko) Chrome/133.0.0.0 Safari/537.36"
184.168.124.4 - - [10/Jul/2026:18:36:59 -0700] "POST /wp-login.php HTTP/1.1" 200 6446 "https://vanessavaladezrealty.com/wp-login.php" "Mozilla/5.0 (Windows NT 10.0; Win64; x64) AppleWebKit/537.36 (KHTML, like Gecko) Chrome/133.0.0.0 Safari/537.36"
35.235.84.95 - - [10/Jul/2026:18:45:11 -0700] "POST /wp-cron.php?doing_wp_cron=1783734311.3643751144409179687500 HTTP/1.1" 200 3587 "-" "WordPress/7.0.1; https://vanessavaladezrealty.com"
114.119.155.210 - - [10/Jul/2026:18:45:10 -0700] "GET /properties?wplview=property_show&pid=96 HTTP/1.1" 301 4152 "https://vanessavaladezrealty.com/home-previuos" "Mozilla/5.0 (Linux; Android 7.0;) AppleWebKit/537.36 (HTML, like Gecko) Mobile Safari/537.36 (compatible; PetalBot;+https://webmaster.petalsearch.com/site/petalbot)"
114.119.155.210 - - [10/Jul/2026:18:45:12 -0700] "GET /properties/?wplview=property_show&pid=96 HTTP/1.1" 200 32441 "https://vanessavaladezrealty.com/home-previuos" "Mozilla/5.0 (Linux; Android 7.0;) AppleWebKit/537.36 (HTML, like Gecko) Mobile Safari/537.36 (compatible; PetalBot;+https://webmaster.petalsearch.com/site/petalbot)"
105.77.208.244 - - [10/Jul/2026:18:45:40 -0700] "GET /contact/ HTTP/1.1" 200 27983 "-" "Mozilla/5.0 (Macintosh; Intel Mac OS X 14_4_1) AppleWebKit/537.36 (KHTML, like Gecko) Chrome/134.0.6998.45 Safari/537.36"
35.235.84.95 - - [10/Jul/2026:18:58:19 -0700] "POST /wp-cron.php?doing_wp_cron=1783735099.2006099224090576171875 HTTP/1.1" 200 3587 "-" "WordPress/7.0.1; https://vanessavaladezrealty.com"
67.43.12.67 - - [10/Jul/2026:18:58:18 -0700] "GET /wp-login.php HTTP/1.1" 200 6364 "-" "Mozilla/5.0 (Windows NT 10.0; Win64; x64) AppleWebKit/537.36 (KHTML, like Gecko) Chrome/133.0.0.0 Safari/537.36"
67.43.12.67 - - [10/Jul/2026:18:58:19 -0700] "POST /wp-login.php HTTP/1.1" 200 6466 "https://vanessavaladezrealty.com/wp-login.php" "Mozilla/5.0 (Windows NT 10.0; Win64; x64) AppleWebKit/537.36 (KHTML, like Gecko) Chrome/133.0.0.0 Safari/537.36"
189.251.81.229 - - [10/Jul/2026:18:58:32 -0700] "GET / HTTP/1.1" 200 38352 "-" "Mozilla/5.0 (Windows NT 10.0; Win64; x64) AppleWebKit/537.36 (KHTML, like Gecko) Chrome/62.0.3202.89 Safari/537.36"
103.51.53.39 - - [10/Jul/2026:18:58:41 -0700] "GET /properties/108-Residential-6422-Point-Isabel-Way-8-Rooms-3-Bedrooms-3-Bathrooms-USD375-000/tel:7027760711 HTTP/1.1" 301 4218 "-" "Mozilla/5.0 (Windows NT 6.1; Win64; x64) AppleWebKit/537.36 (KHTML, like Gecko) Chrome/101.0.0.0 Safari/537.36"
103.51.53.39 - - [10/Jul/2026:18:58:43 -0700] "GET /properties/108-Residential-6422-Point-Isabel-Way-8-Rooms-3-Bedrooms-3-Bathrooms-USD375-000/tel:7027760711/ HTTP/1.1" 301 4367 "-" "Mozilla/5.0 (Windows NT 6.1; Win64; x64) AppleWebKit/537.36 (KHTML, like Gecko) Chrome/101.0.0.0 Safari/537.36"
103.51.53.39 - - [10/Jul/2026:18:58:45 -0700] "GET /properties/108-Residential-6422-Point-Isabel-Way-8-Rooms-3-Bedrooms-3-Bathrooms-USD375-000 HTTP/1.1" 301 4145 "-" "Mozilla/5.0 (Windows NT 6.1; Win64; x64) AppleWebKit/537.36 (KHTML, like Gecko) Chrome/101.0.0.0 Safari/537.36"
103.51.53.39 - - [10/Jul/2026:18:58:46 -0700] "GET /properties/108-Residential-6422-Point-Isabel-Way-8-Rooms-3-Bedrooms-3-Bathrooms-USD375-000/ HTTP/1.1" 200 38256 "-" "Mozilla/5.0 (Windows NT 6.1; Win64; x64) AppleWebKit/537.36 (KHTML, like Gecko) Chrome/101.0.0.0 Safari/537.36"
35.235.84.95 - - [10/Jul/2026:19:00:42 -0700] "HEAD / HTTP/1.1" 200 4253 "-" "Mozilla/5.0 (Windows NT 10.0; Win64; x64) AppleWebKit/537.36 (KHTML, like Gecko) Chrome/117.0.0.0 Safari/537.36"
35.235.84.95 - - [10/Jul/2026:19:02:43 -0700] "POST /wp-cron.php?doing_wp_cron=1783735363.5276420116424560546875 HTTP/1.1" 200 3587 "-" "WordPress/7.0.1; https://vanessavaladezrealty.com"
60.205.8.163 - - [10/Jul/2026:19:02:42 -0700] "GET /wp-login.php HTTP/1.1" 200 6364 "-" "Mozilla/5.0 (Windows NT 10.0; Win64; x64) AppleWebKit/537.36 (KHTML, like Gecko) Chrome/133.0.0.0 Safari/537.36"
60.205.8.163 - - [10/Jul/2026:19:02:44 -0700] "POST /wp-login.php HTTP/1.1" 200 6445 "https://vanessavaladezrealty.com/wp-login.php" "Mozilla/5.0 (Windows NT 10.0; Win64; x64) AppleWebKit/537.36 (KHTML, like Gecko) Chrome/133.0.0.0 Safari/537.36"
35.235.84.95 - - [10/Jul/2026:19:05:21 -0700] "POST /wp-cron.php?doing_wp_cron=1783735521.4820649623870849609375 HTTP/1.1" 200 3587 "-" "WordPress/7.0.1; https://vanessavaladezrealty.com"
102.117.230.53 - - [10/Jul/2026:19:05:19 -0700] "GET /properties/?pid=107&wplview=property_show HTTP/1.1" 200 38593 "-" "Mozilla/5.0 (Macintosh; Intel Mac OS X 10_15_6) AppleWebKit/537.36 (KHTML, like Gecko) Brave Chrome/84.0.4147.125 Safari/537.36"
190.6.49.26 - - [10/Jul/2026:19:05:34 -0700] "GET /properties/112-Residential-405-Cactus-Bloom-Lane-7-Rooms-3-Bedrooms-2-Bathrooms-USD240-000/ HTTP/1.1" 200 34263 "-" "Mozilla/5.0 (Windows NT 6.1; WOW64) AppleWebKit/537.36 (KHTML, like Gecko) Chrome/41.0.2227.0 Safari/537.36"
35.235.84.95 - - [10/Jul/2026:19:09:46 -0700] "POST /wp-cron.php?doing_wp_cron=1783735786.5279459953308105468750 HTTP/1.1" 200 3587 "-" "WordPress/7.0.1; https://vanessavaladezrealty.com"
114.119.155.210 - - [10/Jul/2026:19:09:45 -0700] "GET /wp-sitemap-taxonomies-category-1.xml HTTP/1.1" 200 4278 "https://vanessavaladezrealty.com/wp-sitemap-taxonomies-category-1.xml" "Mozilla/5.0 (Linux; Android 7.0;) AppleWebKit/537.36 (HTML, like Gecko) Mobile Safari/537.36 (compatible; PetalBot;+https://webmaster.petalsearch.com/site/petalbot)"
114.119.155.58 - - [10/Jul/2026:19:11:09 -0700] "GET /wp-content/uploads/WPL/147/hrx.php HTTP/1.1" 200 5689 "https://vanessavaladezrealty.com/?page_id=16" "Mozilla/5.0 (Linux; Android 7.0;) AppleWebKit/537.36 (HTML, like Gecko) Mobile Safari/537.36 (compatible; PetalBot;+https://webmaster.petalsearch.com/site/petalbot)"
35.235.84.95 - - [10/Jul/2026:19:12:33 -0700] "POST /wp-cron.php?doing_wp_cron=1783735953.6991519927978515625000 HTTP/1.1" 200 3587 "-" "WordPress/7.0.1; https://vanessavaladezrealty.com"
114.119.151.126 - - [10/Jul/2026:19:12:32 -0700] "GET /properties/123-Residential-3740-Thomas-Patrick-Avenue-3-Rooms-3-Bedrooms-3-Bathrooms-USD330-000/ HTTP/1.1" 200 31758 "https://vanessavaladezrealty.com/properties/vanessavaladez?wplpage=4" "Mozilla/5.0 (Linux; Android 7.0;) AppleWebKit/537.36 (HTML, like Gecko) Mobile Safari/537.36 (compatible; PetalBot;+https://webmaster.petalsearch.com/site/petalbot)"
35.235.84.95 - - [10/Jul/2026:19:14:09 -0700] "POST /wp-cron.php?doing_wp_cron=1783736049.0138731002807617187500 HTTP/1.1" 200 3587 "-" "WordPress/7.0.1; https://vanessavaladezrealty.com"
187.189.248.6 - - [10/Jul/2026:19:14:07 -0700] "GET /properties/vanessavaladez/tel:7027760711/tel:7027760711/tel:7027760711/tel:7027760711/tel:7027760711/tel:7027760711/tel:7027760711/?wplpage=1 HTTP/1.1" 200 32805 "-" "Mozilla/5.0 (Windows NT 10.0; Win64; x64) AppleWebKit/537.36 (KHTML, like Gecko) Chrome/96.0.4664.93 Safari/537.36"
35.235.84.95 - - [10/Jul/2026:19:18:41 -0700] "POST /wp-cron.php?doing_wp_cron=1783736321.4905610084533691406250 HTTP/1.1" 200 3587 "-" "WordPress/7.0.1; https://vanessavaladezrealty.com"
54.170.101.234 - - [10/Jul/2026:19:18:39 -0700] "GET / HTTP/1.1" 200 361433 "-" "Mozilla/5.0 (compatible; NetcraftSurveyAgent/1.0; +info@netcraft.com)"
170.246.191.71 - - [10/Jul/2026:19:19:21 -0700] "GET /properties/100-Residential-Lease-3077-Camino-Sereno-Avenue-5-Rooms-3-Bedrooms-3-Bathrooms-USD2-500/tel:7027760711 HTTP/1.1" 301 4226 "-" "Mozilla/5.0 (Macintosh; Intel Mac OS X 10_9_5) AppleWebKit/537.36 (KHTML, like Gecko) Chrome/66.0.3359.181 Safari/537.36"
170.246.191.71 - - [10/Jul/2026:19:19:23 -0700] "GET /properties/100-Residential-Lease-3077-Camino-Sereno-Avenue-5-Rooms-3-Bedrooms-3-Bathrooms-USD2-500/tel:7027760711/ HTTP/1.1" 301 4375 "-" "Mozilla/5.0 (Macintosh; Intel Mac OS X 10_9_5) AppleWebKit/537.36 (KHTML, like Gecko) Chrome/66.0.3359.181 Safari/537.36"
170.246.191.71 - - [10/Jul/2026:19:19:24 -0700] "GET /properties/100-Residential-Lease-3077-Camino-Sereno-Avenue-5-Rooms-3-Bedrooms-3-Bathrooms-USD2-500 HTTP/1.1" 301 4153 "-" "Mozilla/5.0 (Macintosh; Intel Mac OS X 10_9_5) AppleWebKit/537.36 (KHTML, like Gecko) Chrome/66.0.3359.181 Safari/537.36"
170.246.191.71 - - [10/Jul/2026:19:19:26 -0700] "GET /properties/100-Residential-Lease-3077-Camino-Sereno-Avenue-5-Rooms-3-Bedrooms-3-Bathrooms-USD2-500/ HTTP/1.1" 200 35898 "-" "Mozilla/5.0 (Macintosh; Intel Mac OS X 10_9_5) AppleWebKit/537.36 (KHTML, like Gecko) Chrome/66.0.3359.181 Safari/537.36"
35.235.84.95 - - [10/Jul/2026:19:26:27 -0700] "POST /wp-cron.php?doing_wp_cron=1783736787.1383969783782958984375 HTTP/1.1" 200 3587 "-" "WordPress/7.0.1; https://vanessavaladezrealty.com"
209.42.18.223 - - [10/Jul/2026:19:26:26 -0700] "GET /wp-login.php HTTP/1.1" 200 6364 "-" "Mozilla/5.0 (Windows NT 10.0; Win64; x64) AppleWebKit/537.36 (KHTML, like Gecko) Chrome/133.0.0.0 Safari/537.36"
209.42.18.223 - - [10/Jul/2026:19:26:27 -0700] "POST /wp-login.php HTTP/1.1" 200 6466 "https://vanessavaladezrealty.com/wp-login.php" "Mozilla/5.0 (Windows NT 10.0; Win64; x64) AppleWebKit/537.36 (KHTML, like Gecko) Chrome/133.0.0.0 Safari/537.36"
164.132.57.252 - - [10/Jul/2026:19:27:18 -0700] "GET /wp-login.php HTTP/1.1" 200 6364 "-" "Mozilla/5.0 (Windows NT 10.0; Win64; x64) AppleWebKit/537.36 (KHTML, like Gecko) Chrome/133.0.0.0 Safari/537.36"
164.132.57.252 - - [10/Jul/2026:19:27:19 -0700] "POST /wp-login.php HTTP/1.1" 200 6444 "https://vanessavaladezrealty.com/wp-login.php" "Mozilla/5.0 (Windows NT 10.0; Win64; x64) AppleWebKit/537.36 (KHTML, like Gecko) Chrome/133.0.0.0 Safari/537.36"
35.235.84.95 - - [10/Jul/2026:19:32:35 -0700] "POST /wp-cron.php?doing_wp_cron=1783737155.0406720638275146484375 HTTP/1.1" 200 3587 "-" "WordPress/7.0.1; https://vanessavaladezrealty.com"
114.119.159.8 - - [10/Jul/2026:19:32:33 -0700] "GET /properties/?wplview=property_show&pid=109 HTTP/1.1" 200 32195 "https://vanessavaladezrealty.com/home-previuos" "Mozilla/5.0 (Linux; Android 7.0;) AppleWebKit/537.36 (HTML, like Gecko) Mobile Safari/537.36 (compatible; PetalBot;+https://webmaster.petalsearch.com/site/petalbot)"
31.57.184.20 - - [10/Jul/2026:19:33:14 -0700] "GET /wp-login.php HTTP/1.1" 200 6364 "-" "Mozilla/5.0 (Macintosh; Intel Mac OS X 10_15_7) AppleWebKit/537.36 (KHTML, like Gecko) Chrome/120.0.0.0 Safari/537.36"
