193.36.225.70 - - [10/Jul/2026:22:14:00 -0700] "GET /wp-admin/ HTTP/1.1" 302 3784 "https://vanessavaladezrealty.com/wp-admin/" "Mozilla/5.0 (Windows NT 10.0; Win64; x64) AppleWebKit/537.36 (KHTML, like Gecko) Chrome/90.0.4430.85 Safari/537.36"
193.36.225.70 - - [10/Jul/2026:22:14:01 -0700] "GET /wp-login.php?redirect_to=https%3A%2F%2Fvanessavaladezrealty.com%2Fwp-admin%2F&reauth=1 HTTP/1.1" 200 8365 "https://vanessavaladezrealty.com/wp-admin/" "Mozilla/5.0 (Windows NT 10.0; Win64; x64) AppleWebKit/537.36 (KHTML, like Gecko) Chrome/90.0.4430.85 Safari/537.36"
193.36.225.11 - - [10/Jul/2026:22:14:05 -0700] "POST /wp-login.php HTTP/1.1" 200 6518 "https://vanessavaladezrealty.com/wp-admin/" "Mozilla/5.0 (Windows NT 10.0; Win64; x64) AppleWebKit/537.36 (KHTML, like Gecko) Chrome/90.0.4430.85 Safari/537.36"
193.36.225.11 - - [10/Jul/2026:22:14:06 -0700] "POST /admin HTTP/1.1" 302 4148 "https://vanessavaladezrealty.com/wp-admin/" "Mozilla/5.0 (Windows NT 10.0; Win64; x64) AppleWebKit/537.36 (KHTML, like Gecko) Chrome/90.0.4430.85 Safari/537.36"
193.36.225.11 - - [10/Jul/2026:22:14:07 -0700] "GET /wp-admin/ HTTP/1.1" 302 3784 "https://vanessavaladezrealty.com/wp-admin/" "Mozilla/5.0 (Windows NT 10.0; Win64; x64) AppleWebKit/537.36 (KHTML, like Gecko) Chrome/90.0.4430.85 Safari/537.36"
193.36.225.11 - - [10/Jul/2026:22:14:08 -0700] "GET /wp-login.php?redirect_to=https%3A%2F%2Fvanessavaladezrealty.com%2Fwp-admin%2F&reauth=1 HTTP/1.1" 200 8365 "https://vanessavaladezrealty.com/wp-admin/" "Mozilla/5.0 (Windows NT 10.0; Win64; x64) AppleWebKit/537.36 (KHTML, like Gecko) Chrome/90.0.4430.85 Safari/537.36"
136.144.33.100 - - [10/Jul/2026:22:14:14 -0700] "POST /wp-login.php HTTP/1.1" 200 6525 "https://vanessavaladezrealty.com/wp-admin/" "Mozilla/5.0 (Windows NT 10.0; Win64; x64) AppleWebKit/537.36 (KHTML, like Gecko) Chrome/90.0.4430.85 Safari/537.36"
136.144.33.100 - - [10/Jul/2026:22:14:16 -0700] "GET /wp-admin/ HTTP/1.1" 302 3784 "https://vanessavaladezrealty.com/wp-admin/" "Mozilla/5.0 (Windows NT 10.0; Win64; x64) AppleWebKit/537.36 (KHTML, like Gecko) Chrome/90.0.4430.85 Safari/537.36"
136.144.33.100 - - [10/Jul/2026:22:14:18 -0700] "GET /wp-login.php?redirect_to=https%3A%2F%2Fvanessavaladezrealty.com%2Fwp-admin%2F&reauth=1 HTTP/1.1" 200 8365 "https://vanessavaladezrealty.com/wp-admin/" "Mozilla/5.0 (Windows NT 10.0; Win64; x64) AppleWebKit/537.36 (KHTML, like Gecko) Chrome/90.0.4430.85 Safari/537.36"
136.144.33.109 - - [10/Jul/2026:22:14:25 -0700] "POST /admin HTTP/1.1" 302 4148 "https://vanessavaladezrealty.com/wp-admin/" "Mozilla/5.0 (Windows NT 10.0; Win64; x64) AppleWebKit/537.36 (KHTML, like Gecko) Chrome/90.0.4430.85 Safari/537.36"
136.144.33.109 - - [10/Jul/2026:22:14:24 -0700] "POST /wp-login.php HTTP/1.1" 200 6522 "https://vanessavaladezrealty.com/wp-admin/" "Mozilla/5.0 (Windows NT 10.0; Win64; x64) AppleWebKit/537.36 (KHTML, like Gecko) Chrome/90.0.4430.85 Safari/537.36"
136.144.33.100 - - [10/Jul/2026:22:14:15 -0700] "POST /admin HTTP/1.1" 302 4148 "https://vanessavaladezrealty.com/wp-admin/" "Mozilla/5.0 (Windows NT 10.0; Win64; x64) AppleWebKit/537.36 (KHTML, like Gecko) Chrome/90.0.4430.85 Safari/537.36"
136.144.33.109 - - [10/Jul/2026:22:14:26 -0700] "GET /wp-admin/ HTTP/1.1" 302 3784 "https://vanessavaladezrealty.com/wp-admin/" "Mozilla/5.0 (Windows NT 10.0; Win64; x64) AppleWebKit/537.36 (KHTML, like Gecko) Chrome/90.0.4430.85 Safari/537.36"
136.144.33.109 - - [10/Jul/2026:22:14:27 -0700] "GET /wp-login.php?redirect_to=https%3A%2F%2Fvanessavaladezrealty.com%2Fwp-admin%2F&reauth=1 HTTP/1.1" 200 8365 "https://vanessavaladezrealty.com/wp-admin/" "Mozilla/5.0 (Windows NT 10.0; Win64; x64) AppleWebKit/537.36 (KHTML, like Gecko) Chrome/90.0.4430.85 Safari/537.36"
136.144.33.98 - - [10/Jul/2026:22:14:35 -0700] "POST /wp-login.php HTTP/1.1" 200 6516 "https://vanessavaladezrealty.com/wp-admin/" "Mozilla/5.0 (Windows NT 10.0; Win64; x64) AppleWebKit/537.36 (KHTML, like Gecko) Chrome/90.0.4430.85 Safari/537.36"
136.144.33.98 - - [10/Jul/2026:22:14:36 -0700] "POST /admin HTTP/1.1" 302 4148 "https://vanessavaladezrealty.com/wp-admin/" "Mozilla/5.0 (Windows NT 10.0; Win64; x64) AppleWebKit/537.36 (KHTML, like Gecko) Chrome/90.0.4430.85 Safari/537.36"
136.144.33.98 - - [10/Jul/2026:22:14:37 -0700] "GET /wp-admin/ HTTP/1.1" 302 3784 "https://vanessavaladezrealty.com/wp-admin/" "Mozilla/5.0 (Windows NT 10.0; Win64; x64) AppleWebKit/537.36 (KHTML, like Gecko) Chrome/90.0.4430.85 Safari/537.36"
136.144.33.98 - - [10/Jul/2026:22:14:39 -0700] "GET /wp-login.php?redirect_to=https%3A%2F%2Fvanessavaladezrealty.com%2Fwp-admin%2F&reauth=1 HTTP/1.1" 200 8365 "https://vanessavaladezrealty.com/wp-admin/" "Mozilla/5.0 (Windows NT 10.0; Win64; x64) AppleWebKit/537.36 (KHTML, like Gecko) Chrome/90.0.4430.85 Safari/537.36"
136.144.33.102 - - [10/Jul/2026:22:14:44 -0700] "POST /admin HTTP/1.1" 302 4148 "https://vanessavaladezrealty.com/wp-admin/" "Mozilla/5.0 (Windows NT 10.0; Win64; x64) AppleWebKit/537.36 (KHTML, like Gecko) Chrome/90.0.4430.85 Safari/537.36"
136.144.33.102 - - [10/Jul/2026:22:14:45 -0700] "GET /wp-admin/ HTTP/1.1" 302 3784 "https://vanessavaladezrealty.com/wp-admin/" "Mozilla/5.0 (Windows NT 10.0; Win64; x64) AppleWebKit/537.36 (KHTML, like Gecko) Chrome/90.0.4430.85 Safari/537.36"
136.144.33.102 - - [10/Jul/2026:22:14:46 -0700] "GET /wp-login.php?redirect_to=https%3A%2F%2Fvanessavaladezrealty.com%2Fwp-admin%2F&reauth=1 HTTP/1.1" 200 8365 "https://vanessavaladezrealty.com/wp-admin/" "Mozilla/5.0 (Windows NT 10.0; Win64; x64) AppleWebKit/537.36 (KHTML, like Gecko) Chrome/90.0.4430.85 Safari/537.36"
136.144.33.102 - - [10/Jul/2026:22:14:43 -0700] "POST /wp-login.php HTTP/1.1" 200 6523 "https://vanessavaladezrealty.com/wp-admin/" "Mozilla/5.0 (Windows NT 10.0; Win64; x64) AppleWebKit/537.36 (KHTML, like Gecko) Chrome/90.0.4430.85 Safari/537.36"
35.235.84.95 - - [10/Jul/2026:22:14:54 -0700] "POST /wp-cron.php?doing_wp_cron=1783746894.6592009067535400390625 HTTP/1.1" 200 3587 "-" "WordPress/7.0.1; https://vanessavaladezrealty.com"
136.144.33.101 - - [10/Jul/2026:22:14:54 -0700] "POST /admin HTTP/1.1" 302 4148 "https://vanessavaladezrealty.com/wp-admin/" "Mozilla/5.0 (Windows NT 10.0; Win64; x64) AppleWebKit/537.36 (KHTML, like Gecko) Chrome/90.0.4430.85 Safari/537.36"
136.144.33.101 - - [10/Jul/2026:22:14:53 -0700] "POST /wp-login.php HTTP/1.1" 200 6526 "https://vanessavaladezrealty.com/wp-admin/" "Mozilla/5.0 (Windows NT 10.0; Win64; x64) AppleWebKit/537.36 (KHTML, like Gecko) Chrome/90.0.4430.85 Safari/537.36"
136.144.33.101 - - [10/Jul/2026:22:14:56 -0700] "GET /wp-admin/ HTTP/1.1" 302 3784 "https://vanessavaladezrealty.com/wp-admin/" "Mozilla/5.0 (Windows NT 10.0; Win64; x64) AppleWebKit/537.36 (KHTML, like Gecko) Chrome/90.0.4430.85 Safari/537.36"
136.144.33.101 - - [10/Jul/2026:22:15:03 -0700] "GET /wp-login.php?redirect_to=https%3A%2F%2Fvanessavaladezrealty.com%2Fwp-admin%2F&reauth=1 HTTP/1.1" 200 8365 "https://vanessavaladezrealty.com/wp-admin/" "Mozilla/5.0 (Windows NT 10.0; Win64; x64) AppleWebKit/537.36 (KHTML, like Gecko) Chrome/90.0.4430.85 Safari/537.36"
161.97.129.228 - - [10/Jul/2026:22:15:03 -0700] "GET /wp-login.php HTTP/1.1" 200 6364 "-" "Mozilla/5.0 (Windows NT 10.0; Win64; x64) AppleWebKit/537.36 (KHTML, like Gecko) Chrome/133.0.0.0 Safari/537.36"
161.97.129.228 - - [10/Jul/2026:22:15:05 -0700] "POST /wp-login.php HTTP/1.1" 200 6466 "https://vanessavaladezrealty.com/wp-login.php" "Mozilla/5.0 (Windows NT 10.0; Win64; x64) AppleWebKit/537.36 (KHTML, like Gecko) Chrome/133.0.0.0 Safari/537.36"
37.140.223.68 - - [10/Jul/2026:22:15:07 -0700] "POST /wp-login.php HTTP/1.1" 200 6522 "https://vanessavaladezrealty.com/wp-admin/" "Mozilla/5.0 (Windows NT 10.0; Win64; x64) AppleWebKit/537.36 (KHTML, like Gecko) Chrome/90.0.4430.85 Safari/537.36"
37.140.223.68 - - [10/Jul/2026:22:15:08 -0700] "POST /admin HTTP/1.1" 302 4148 "https://vanessavaladezrealty.com/wp-admin/" "Mozilla/5.0 (Windows NT 10.0; Win64; x64) AppleWebKit/537.36 (KHTML, like Gecko) Chrome/90.0.4430.85 Safari/537.36"
37.140.223.68 - - [10/Jul/2026:22:15:09 -0700] "GET /wp-admin/ HTTP/1.1" 302 3784 "https://vanessavaladezrealty.com/wp-admin/" "Mozilla/5.0 (Windows NT 10.0; Win64; x64) AppleWebKit/537.36 (KHTML, like Gecko) Chrome/90.0.4430.85 Safari/537.36"
37.140.223.68 - - [10/Jul/2026:22:15:10 -0700] "GET /wp-login.php?redirect_to=https%3A%2F%2Fvanessavaladezrealty.com%2Fwp-admin%2F&reauth=1 HTTP/1.1" 200 8365 "https://vanessavaladezrealty.com/wp-admin/" "Mozilla/5.0 (Windows NT 10.0; Win64; x64) AppleWebKit/537.36 (KHTML, like Gecko) Chrome/90.0.4430.85 Safari/537.36"
87.199.207.10 - - [10/Jul/2026:22:15:19 -0700] "GET /hello-world/ HTTP/1.1" 200 126058 "https://vanessavaladezrealty.com/hello-world/" "Mozilla/5.0 (Windows NT 10.0; Win64; x64) AppleWebKit/537.36 (KHTML, like Gecko) Chrome/131.0.0.0 Safari/537.36"
87.199.207.10 - - [10/Jul/2026:22:15:21 -0700] "POST /wp-comments-post.php HTTP/1.1" 302 4293 "https://vanessavaladezrealty.com/hello-world/" "Mozilla/5.0 (Windows NT 10.0; Win64; x64) AppleWebKit/537.36 (KHTML, like Gecko) Chrome/131.0.0.0 Safari/537.36"
136.144.33.97 - - [10/Jul/2026:22:15:23 -0700] "POST /wp-login.php HTTP/1.1" 200 6519 "https://vanessavaladezrealty.com/wp-admin/" "Mozilla/5.0 (Windows NT 10.0; Win64; x64) AppleWebKit/537.36 (KHTML, like Gecko) Chrome/90.0.4430.85 Safari/537.36"
87.199.207.10 - - [10/Jul/2026:22:15:23 -0700] "GET /hello-world/ HTTP/1.1" 200 128958 "https://vanessavaladezrealty.com/hello-world/#comment-1379" "Mozilla/5.0 (Windows NT 10.0; Win64; x64) AppleWebKit/537.36 (KHTML, like Gecko) Chrome/131.0.0.0 Safari/537.36"
136.144.33.97 - - [10/Jul/2026:22:15:24 -0700] "POST /admin HTTP/1.1" 302 4148 "https://vanessavaladezrealty.com/wp-admin/" "Mozilla/5.0 (Windows NT 10.0; Win64; x64) AppleWebKit/537.36 (KHTML, like Gecko) Chrome/90.0.4430.85 Safari/537.36"
136.144.33.97 - - [10/Jul/2026:22:15:25 -0700] "GET /wp-admin/ HTTP/1.1" 302 3784 "https://vanessavaladezrealty.com/wp-admin/" "Mozilla/5.0 (Windows NT 10.0; Win64; x64) AppleWebKit/537.36 (KHTML, like Gecko) Chrome/90.0.4430.85 Safari/537.36"
136.144.33.97 - - [10/Jul/2026:22:15:26 -0700] "GET /wp-login.php?redirect_to=https%3A%2F%2Fvanessavaladezrealty.com%2Fwp-admin%2F&reauth=1 HTTP/1.1" 200 8365 "https://vanessavaladezrealty.com/wp-admin/" "Mozilla/5.0 (Windows NT 10.0; Win64; x64) AppleWebKit/537.36 (KHTML, like Gecko) Chrome/90.0.4430.85 Safari/537.36"
136.144.33.96 - - [10/Jul/2026:22:15:34 -0700] "POST /wp-login.php HTTP/1.1" 200 6519 "https://vanessavaladezrealty.com/wp-admin/" "Mozilla/5.0 (Windows NT 10.0; Win64; x64) AppleWebKit/537.36 (KHTML, like Gecko) Chrome/90.0.4430.85 Safari/537.36"
136.144.33.96 - - [10/Jul/2026:22:15:35 -0700] "POST /admin HTTP/1.1" 302 4148 "https://vanessavaladezrealty.com/wp-admin/" "Mozilla/5.0 (Windows NT 10.0; Win64; x64) AppleWebKit/537.36 (KHTML, like Gecko) Chrome/90.0.4430.85 Safari/537.36"
136.144.33.96 - - [10/Jul/2026:22:15:36 -0700] "GET /wp-admin/ HTTP/1.1" 302 3784 "https://vanessavaladezrealty.com/wp-admin/" "Mozilla/5.0 (Windows NT 10.0; Win64; x64) AppleWebKit/537.36 (KHTML, like Gecko) Chrome/90.0.4430.85 Safari/537.36"
136.144.33.96 - - [10/Jul/2026:22:15:37 -0700] "GET /wp-login.php?redirect_to=https%3A%2F%2Fvanessavaladezrealty.com%2Fwp-admin%2F&reauth=1 HTTP/1.1" 200 8365 "https://vanessavaladezrealty.com/wp-admin/" "Mozilla/5.0 (Windows NT 10.0; Win64; x64) AppleWebKit/537.36 (KHTML, like Gecko) Chrome/90.0.4430.85 Safari/537.36"
136.144.33.112 - - [10/Jul/2026:22:15:40 -0700] "POST /wp-login.php HTTP/1.1" 200 6525 "https://vanessavaladezrealty.com/wp-admin/" "Mozilla/5.0 (Windows NT 10.0; Win64; x64) AppleWebKit/537.36 (KHTML, like Gecko) Chrome/90.0.4430.85 Safari/537.36"
136.144.33.112 - - [10/Jul/2026:22:15:41 -0700] "POST /admin HTTP/1.1" 302 4148 "https://vanessavaladezrealty.com/wp-admin/" "Mozilla/5.0 (Windows NT 10.0; Win64; x64) AppleWebKit/537.36 (KHTML, like Gecko) Chrome/90.0.4430.85 Safari/537.36"
136.144.33.112 - - [10/Jul/2026:22:15:42 -0700] "GET /wp-admin/ HTTP/1.1" 302 3784 "https://vanessavaladezrealty.com/wp-admin/" "Mozilla/5.0 (Windows NT 10.0; Win64; x64) AppleWebKit/537.36 (KHTML, like Gecko) Chrome/90.0.4430.85 Safari/537.36"
136.144.33.112 - - [10/Jul/2026:22:15:44 -0700] "GET /wp-login.php?redirect_to=https%3A%2F%2Fvanessavaladezrealty.com%2Fwp-admin%2F&reauth=1 HTTP/1.1" 200 8365 "https://vanessavaladezrealty.com/wp-admin/" "Mozilla/5.0 (Windows NT 10.0; Win64; x64) AppleWebKit/537.36 (KHTML, like Gecko) Chrome/90.0.4430.85 Safari/537.36"
35.235.84.95 - - [10/Jul/2026:22:15:50 -0700] "POST /wp-cron.php?doing_wp_cron=1783746950.8508970737457275390625 HTTP/1.1" 200 3587 "-" "WordPress/7.0.1; https://vanessavaladezrealty.com"
193.36.225.63 - - [10/Jul/2026:22:15:49 -0700] "POST /admin HTTP/1.1" 302 4148 "https://vanessavaladezrealty.com/wp-admin/" "Mozilla/5.0 (Windows NT 10.0; Win64; x64) AppleWebKit/537.36 (KHTML, like Gecko) Chrome/90.0.4430.85 Safari/537.36"
193.36.225.63 - - [10/Jul/2026:22:15:50 -0700] "GET /wp-admin/ HTTP/1.1" 302 3784 "https://vanessavaladezrealty.com/wp-admin/" "Mozilla/5.0 (Windows NT 10.0; Win64; x64) AppleWebKit/537.36 (KHTML, like Gecko) Chrome/90.0.4430.85 Safari/537.36"
193.36.225.63 - - [10/Jul/2026:22:15:52 -0700] "GET /wp-login.php?redirect_to=https%3A%2F%2Fvanessavaladezrealty.com%2Fwp-admin%2F&reauth=1 HTTP/1.1" 200 8365 "https://vanessavaladezrealty.com/wp-admin/" "Mozilla/5.0 (Windows NT 10.0; Win64; x64) AppleWebKit/537.36 (KHTML, like Gecko) Chrome/90.0.4430.85 Safari/537.36"
193.36.225.63 - - [10/Jul/2026:22:15:48 -0700] "POST /wp-login.php HTTP/1.1" 200 6525 "https://vanessavaladezrealty.com/wp-admin/" "Mozilla/5.0 (Windows NT 10.0; Win64; x64) AppleWebKit/537.36 (KHTML, like Gecko) Chrome/90.0.4430.85 Safari/537.36"
193.36.225.72 - - [10/Jul/2026:22:15:58 -0700] "POST /wp-login.php HTTP/1.1" 200 6517 "https://vanessavaladezrealty.com/wp-admin/" "Mozilla/5.0 (Windows NT 10.0; Win64; x64) AppleWebKit/537.36 (KHTML, like Gecko) Chrome/90.0.4430.85 Safari/537.36"
193.36.225.72 - - [10/Jul/2026:22:15:59 -0700] "POST /admin HTTP/1.1" 302 4148 "https://vanessavaladezrealty.com/wp-admin/" "Mozilla/5.0 (Windows NT 10.0; Win64; x64) AppleWebKit/537.36 (KHTML, like Gecko) Chrome/90.0.4430.85 Safari/537.36"
193.36.225.72 - - [10/Jul/2026:22:16:00 -0700] "GET /wp-admin/ HTTP/1.1" 302 3784 "https://vanessavaladezrealty.com/wp-admin/" "Mozilla/5.0 (Windows NT 10.0; Win64; x64) AppleWebKit/537.36 (KHTML, like Gecko) Chrome/90.0.4430.85 Safari/537.36"
193.36.225.72 - - [10/Jul/2026:22:16:01 -0700] "GET /wp-login.php?redirect_to=https%3A%2F%2Fvanessavaladezrealty.com%2Fwp-admin%2F&reauth=1 HTTP/1.1" 200 8365 "https://vanessavaladezrealty.com/wp-admin/" "Mozilla/5.0 (Windows NT 10.0; Win64; x64) AppleWebKit/537.36 (KHTML, like Gecko) Chrome/90.0.4430.85 Safari/537.36"
136.144.33.106 - - [10/Jul/2026:22:16:04 -0700] "POST /wp-login.php HTTP/1.1" 200 6459 "https://vanessavaladezrealty.com/wp-admin/" "Mozilla/5.0 (Windows NT 10.0; Win64; x64) AppleWebKit/537.36 (KHTML, like Gecko) Chrome/90.0.4430.85 Safari/537.36"
136.144.33.106 - - [10/Jul/2026:22:16:05 -0700] "POST /admin HTTP/1.1" 302 4148 "https://vanessavaladezrealty.com/wp-admin/" "Mozilla/5.0 (Windows NT 10.0; Win64; x64) AppleWebKit/537.36 (KHTML, like Gecko) Chrome/90.0.4430.85 Safari/537.36"
136.144.33.106 - - [10/Jul/2026:22:16:06 -0700] "GET /wp-admin/ HTTP/1.1" 302 3784 "https://vanessavaladezrealty.com/wp-admin/" "Mozilla/5.0 (Windows NT 10.0; Win64; x64) AppleWebKit/537.36 (KHTML, like Gecko) Chrome/90.0.4430.85 Safari/537.36"
136.144.33.106 - - [10/Jul/2026:22:16:08 -0700] "GET /wp-login.php?redirect_to=https%3A%2F%2Fvanessavaladezrealty.com%2Fwp-admin%2F&reauth=1 HTTP/1.1" 200 8365 "https://vanessavaladezrealty.com/wp-admin/" "Mozilla/5.0 (Windows NT 10.0; Win64; x64) AppleWebKit/537.36 (KHTML, like Gecko) Chrome/90.0.4430.85 Safari/537.36"
136.144.33.101 - - [10/Jul/2026:22:16:11 -0700] "POST /wp-login.php HTTP/1.1" 200 6459 "https://vanessavaladezrealty.com/wp-admin/" "Mozilla/5.0 (Windows NT 10.0; Win64; x64) AppleWebKit/537.36 (KHTML, like Gecko) Chrome/90.0.4430.85 Safari/537.36"
136.144.33.101 - - [10/Jul/2026:22:16:12 -0700] "POST /admin HTTP/1.1" 302 4148 "https://vanessavaladezrealty.com/wp-admin/" "Mozilla/5.0 (Windows NT 10.0; Win64; x64) AppleWebKit/537.36 (KHTML, like Gecko) Chrome/90.0.4430.85 Safari/537.36"
136.144.33.101 - - [10/Jul/2026:22:16:13 -0700] "GET /wp-admin/ HTTP/1.1" 302 3784 "https://vanessavaladezrealty.com/wp-admin/" "Mozilla/5.0 (Windows NT 10.0; Win64; x64) AppleWebKit/537.36 (KHTML, like Gecko) Chrome/90.0.4430.85 Safari/537.36"
136.144.33.101 - - [10/Jul/2026:22:16:14 -0700] "GET /wp-login.php?redirect_to=https%3A%2F%2Fvanessavaladezrealty.com%2Fwp-admin%2F&reauth=1 HTTP/1.1" 200 8365 "https://vanessavaladezrealty.com/wp-admin/" "Mozilla/5.0 (Windows NT 10.0; Win64; x64) AppleWebKit/537.36 (KHTML, like Gecko) Chrome/90.0.4430.85 Safari/537.36"
190.150.36.20 - - [10/Jul/2026:22:16:16 -0700] "GET /properties/149-0-0-0-$0/ HTTP/1.1" 200 33090 "-" "Mozilla/5.0 (Macintosh; Intel Mac OS X 11_2_0) AppleWebKit/537.36 (KHTML, like Gecko) Brave Chrome/87.0.4280.101 Safari/537.36"
172.245.102.46 - - [10/Jul/2026:22:16:17 -0700] "POST /wp-login.php HTTP/1.1" 200 6518 "https://vanessavaladezrealty.com/wp-admin/" "Mozilla/5.0 (Windows NT 10.0; Win64; x64) AppleWebKit/537.36 (KHTML, like Gecko) Chrome/90.0.4430.85 Safari/537.36"
172.245.102.46 - - [10/Jul/2026:22:16:18 -0700] "POST /admin HTTP/1.1" 302 4148 "https://vanessavaladezrealty.com/wp-admin/" "Mozilla/5.0 (Windows NT 10.0; Win64; x64) AppleWebKit/537.36 (KHTML, like Gecko) Chrome/90.0.4430.85 Safari/537.36"
172.245.102.46 - - [10/Jul/2026:22:16:20 -0700] "GET /wp-admin/ HTTP/1.1" 302 3784 "https://vanessavaladezrealty.com/wp-admin/" "Mozilla/5.0 (Windows NT 10.0; Win64; x64) AppleWebKit/537.36 (KHTML, like Gecko) Chrome/90.0.4430.85 Safari/537.36"
172.245.102.46 - - [10/Jul/2026:22:16:22 -0700] "GET /wp-login.php?redirect_to=https%3A%2F%2Fvanessavaladezrealty.com%2Fwp-admin%2F&reauth=1 HTTP/1.1" 200 8365 "https://vanessavaladezrealty.com/wp-admin/" "Mozilla/5.0 (Windows NT 10.0; Win64; x64) AppleWebKit/537.36 (KHTML, like Gecko) Chrome/90.0.4430.85 Safari/537.36"
35.235.84.95 - - [10/Jul/2026:22:16:30 -0700] "POST /wp-cron.php?doing_wp_cron=1783746990.1398110389709472656250 HTTP/1.1" 200 3587 "-" "WordPress/7.0.1; https://vanessavaladezrealty.com"
161.97.129.228 - - [10/Jul/2026:22:16:29 -0700] "GET /wp-login.php HTTP/1.1" 200 6364 "-" "Mozilla/5.0 (Windows NT 10.0; Win64; x64) AppleWebKit/537.36 (KHTML, like Gecko) Chrome/133.0.0.0 Safari/537.36"
136.144.33.104 - - [10/Jul/2026:22:16:29 -0700] "POST /wp-login.php HTTP/1.1" 200 6520 "https://vanessavaladezrealty.com/wp-admin/" "Mozilla/5.0 (Windows NT 10.0; Win64; x64) AppleWebKit/537.36 (KHTML, like Gecko) Chrome/90.0.4430.85 Safari/537.36"
161.97.129.228 - - [10/Jul/2026:22:16:30 -0700] "POST /wp-login.php HTTP/1.1" 200 6444 "https://vanessavaladezrealty.com/wp-login.php" "Mozilla/5.0 (Windows NT 10.0; Win64; x64) AppleWebKit/537.36 (KHTML, like Gecko) Chrome/133.0.0.0 Safari/537.36"
136.144.33.104 - - [10/Jul/2026:22:16:30 -0700] "POST /admin HTTP/1.1" 302 4148 "https://vanessavaladezrealty.com/wp-admin/" "Mozilla/5.0 (Windows NT 10.0; Win64; x64) AppleWebKit/537.36 (KHTML, like Gecko) Chrome/90.0.4430.85 Safari/537.36"
136.144.33.104 - - [10/Jul/2026:22:16:31 -0700] "GET /wp-admin/ HTTP/1.1" 302 3784 "https://vanessavaladezrealty.com/wp-admin/" "Mozilla/5.0 (Windows NT 10.0; Win64; x64) AppleWebKit/537.36 (KHTML, like Gecko) Chrome/90.0.4430.85 Safari/537.36"
136.144.33.104 - - [10/Jul/2026:22:16:32 -0700] "GET /wp-login.php?redirect_to=https%3A%2F%2Fvanessavaladezrealty.com%2Fwp-admin%2F&reauth=1 HTTP/1.1" 200 8365 "https://vanessavaladezrealty.com/wp-admin/" "Mozilla/5.0 (Windows NT 10.0; Win64; x64) AppleWebKit/537.36 (KHTML, like Gecko) Chrome/90.0.4430.85 Safari/537.36"
193.36.225.68 - - [10/Jul/2026:22:16:36 -0700] "POST /wp-login.php HTTP/1.1" 200 6519 "https://vanessavaladezrealty.com/wp-admin/" "Mozilla/5.0 (Windows NT 10.0; Win64; x64) AppleWebKit/537.36 (KHTML, like Gecko) Chrome/90.0.4430.85 Safari/537.36"
193.36.225.68 - - [10/Jul/2026:22:16:37 -0700] "POST /admin HTTP/1.1" 302 4148 "https://vanessavaladezrealty.com/wp-admin/" "Mozilla/5.0 (Windows NT 10.0; Win64; x64) AppleWebKit/537.36 (KHTML, like Gecko) Chrome/90.0.4430.85 Safari/537.36"
193.36.225.68 - - [10/Jul/2026:22:16:38 -0700] "GET /wp-admin/ HTTP/1.1" 302 3784 "https://vanessavaladezrealty.com/wp-admin/" "Mozilla/5.0 (Windows NT 10.0; Win64; x64) AppleWebKit/537.36 (KHTML, like Gecko) Chrome/90.0.4430.85 Safari/537.36"
193.36.225.68 - - [10/Jul/2026:22:16:40 -0700] "GET /wp-login.php?redirect_to=https%3A%2F%2Fvanessavaladezrealty.com%2Fwp-admin%2F&reauth=1 HTTP/1.1" 200 8365 "https://vanessavaladezrealty.com/wp-admin/" "Mozilla/5.0 (Windows NT 10.0; Win64; x64) AppleWebKit/537.36 (KHTML, like Gecko) Chrome/90.0.4430.85 Safari/537.36"
136.144.33.108 - - [10/Jul/2026:22:16:45 -0700] "POST /wp-login.php HTTP/1.1" 200 6521 "https://vanessavaladezrealty.com/wp-admin/" "Mozilla/5.0 (Windows NT 10.0; Win64; x64) AppleWebKit/537.36 (KHTML, like Gecko) Chrome/90.0.4430.85 Safari/537.36"
136.144.33.108 - - [10/Jul/2026:22:16:46 -0700] "POST /admin HTTP/1.1" 302 4148 "https://vanessavaladezrealty.com/wp-admin/" "Mozilla/5.0 (Windows NT 10.0; Win64; x64) AppleWebKit/537.36 (KHTML, like Gecko) Chrome/90.0.4430.85 Safari/537.36"
136.144.33.108 - - [10/Jul/2026:22:16:47 -0700] "GET /wp-admin/ HTTP/1.1" 302 3784 "https://vanessavaladezrealty.com/wp-admin/" "Mozilla/5.0 (Windows NT 10.0; Win64; x64) AppleWebKit/537.36 (KHTML, like Gecko) Chrome/90.0.4430.85 Safari/537.36"
136.144.33.108 - - [10/Jul/2026:22:16:48 -0700] "GET /wp-login.php?redirect_to=https%3A%2F%2Fvanessavaladezrealty.com%2Fwp-admin%2F&reauth=1 HTTP/1.1" 200 8365 "https://vanessavaladezrealty.com/wp-admin/" "Mozilla/5.0 (Windows NT 10.0; Win64; x64) AppleWebKit/537.36 (KHTML, like Gecko) Chrome/90.0.4430.85 Safari/537.36"
172.245.102.45 - - [10/Jul/2026:22:16:55 -0700] "POST /wp-login.php HTTP/1.1" 200 6519 "https://vanessavaladezrealty.com/wp-admin/" "Mozilla/5.0 (Windows NT 10.0; Win64; x64) AppleWebKit/537.36 (KHTML, like Gecko) Chrome/90.0.4430.85 Safari/537.36"
172.245.102.45 - - [10/Jul/2026:22:16:56 -0700] "POST /admin HTTP/1.1" 302 4148 "https://vanessavaladezrealty.com/wp-admin/" "Mozilla/5.0 (Windows NT 10.0; Win64; x64) AppleWebKit/537.36 (KHTML, like Gecko) Chrome/90.0.4430.85 Safari/537.36"
172.245.102.45 - - [10/Jul/2026:22:16:57 -0700] "GET /wp-admin/ HTTP/1.1" 302 3784 "https://vanessavaladezrealty.com/wp-admin/" "Mozilla/5.0 (Windows NT 10.0; Win64; x64) AppleWebKit/537.36 (KHTML, like Gecko) Chrome/90.0.4430.85 Safari/537.36"
172.245.102.45 - - [10/Jul/2026:22:16:58 -0700] "GET /wp-login.php?redirect_to=https%3A%2F%2Fvanessavaladezrealty.com%2Fwp-admin%2F&reauth=1 HTTP/1.1" 200 8365 "https://vanessavaladezrealty.com/wp-admin/" "Mozilla/5.0 (Windows NT 10.0; Win64; x64) AppleWebKit/537.36 (KHTML, like Gecko) Chrome/90.0.4430.85 Safari/537.36"
136.144.33.110 - - [10/Jul/2026:22:17:05 -0700] "POST /wp-login.php HTTP/1.1" 200 6520 "https://vanessavaladezrealty.com/wp-admin/" "Mozilla/5.0 (Windows NT 10.0; Win64; x64) AppleWebKit/537.36 (KHTML, like Gecko) Chrome/90.0.4430.85 Safari/537.36"
136.144.33.110 - - [10/Jul/2026:22:17:06 -0700] "POST /admin HTTP/1.1" 302 4148 "https://vanessavaladezrealty.com/wp-admin/" "Mozilla/5.0 (Windows NT 10.0; Win64; x64) AppleWebKit/537.36 (KHTML, like Gecko) Chrome/90.0.4430.85 Safari/537.36"
136.144.33.110 - - [10/Jul/2026:22:17:07 -0700] "GET /wp-admin/ HTTP/1.1" 302 3784 "https://vanessavaladezrealty.com/wp-admin/" "Mozilla/5.0 (Windows NT 10.0; Win64; x64) AppleWebKit/537.36 (KHTML, like Gecko) Chrome/90.0.4430.85 Safari/537.36"
136.144.33.110 - - [10/Jul/2026:22:17:08 -0700] "GET /wp-login.php?redirect_to=https%3A%2F%2Fvanessavaladezrealty.com%2Fwp-admin%2F&reauth=1 HTTP/1.1" 200 8365 "https://vanessavaladezrealty.com/wp-admin/" "Mozilla/5.0 (Windows NT 10.0; Win64; x64) AppleWebKit/537.36 (KHTML, like Gecko) Chrome/90.0.4430.85 Safari/537.36"
193.36.225.62 - - [10/Jul/2026:22:17:14 -0700] "POST /wp-login.php HTTP/1.1" 200 6522 "https://vanessavaladezrealty.com/wp-admin/" "Mozilla/5.0 (Windows NT 10.0; Win64; x64) AppleWebKit/537.36 (KHTML, like Gecko) Chrome/90.0.4430.85 Safari/537.36"
193.36.225.62 - - [10/Jul/2026:22:17:15 -0700] "POST /admin HTTP/1.1" 302 4148 "https://vanessavaladezrealty.com/wp-admin/" "Mozilla/5.0 (Windows NT 10.0; Win64; x64) AppleWebKit/537.36 (KHTML, like Gecko) Chrome/90.0.4430.85 Safari/537.36"
193.36.225.62 - - [10/Jul/2026:22:17:16 -0700] "GET /wp-admin/ HTTP/1.1" 302 3784 "https://vanessavaladezrealty.com/wp-admin/" "Mozilla/5.0 (Windows NT 10.0; Win64; x64) AppleWebKit/537.36 (KHTML, like Gecko) Chrome/90.0.4430.85 Safari/537.36"
193.36.225.62 - - [10/Jul/2026:22:17:17 -0700] "GET /wp-login.php?redirect_to=https%3A%2F%2Fvanessavaladezrealty.com%2Fwp-admin%2F&reauth=1 HTTP/1.1" 200 8365 "https://vanessavaladezrealty.com/wp-admin/" "Mozilla/5.0 (Windows NT 10.0; Win64; x64) AppleWebKit/537.36 (KHTML, like Gecko) Chrome/90.0.4430.85 Safari/537.36"
136.144.33.54 - - [10/Jul/2026:22:17:24 -0700] "POST /admin HTTP/1.1" 302 4148 "https://vanessavaladezrealty.com/wp-admin/" "Mozilla/5.0 (Windows NT 10.0; Win64; x64) AppleWebKit/537.36 (KHTML, like Gecko) Chrome/90.0.4430.85 Safari/537.36"
136.144.33.54 - - [10/Jul/2026:22:17:25 -0700] "GET /wp-admin/ HTTP/1.1" 302 3784 "https://vanessavaladezrealty.com/wp-admin/" "Mozilla/5.0 (Windows NT 10.0; Win64; x64) AppleWebKit/537.36 (KHTML, like Gecko) Chrome/90.0.4430.85 Safari/537.36"
136.144.33.54 - - [10/Jul/2026:22:17:26 -0700] "GET /wp-login.php?redirect_to=https%3A%2F%2Fvanessavaladezrealty.com%2Fwp-admin%2F&reauth=1 HTTP/1.1" 200 8365 "https://vanessavaladezrealty.com/wp-admin/" "Mozilla/5.0 (Windows NT 10.0; Win64; x64) AppleWebKit/537.36 (KHTML, like Gecko) Chrome/90.0.4430.85 Safari/537.36"
35.235.84.95 - - [10/Jul/2026:22:17:31 -0700] "POST /wp-cron.php?doing_wp_cron=1783747051.3338499069213867187500 HTTP/1.1" 200 3587 "-" "WordPress/7.0.1; https://vanessavaladezrealty.com"
136.144.33.105 - - [10/Jul/2026:22:17:31 -0700] "POST /admin HTTP/1.1" 302 4148 "https://vanessavaladezrealty.com/wp-admin/" "Mozilla/5.0 (Windows NT 10.0; Win64; x64) AppleWebKit/537.36 (KHTML, like Gecko) Chrome/90.0.4430.85 Safari/537.36"
136.144.33.105 - - [10/Jul/2026:22:17:32 -0700] "GET /wp-admin/ HTTP/1.1" 302 3784 "https://vanessavaladezrealty.com/wp-admin/" "Mozilla/5.0 (Windows NT 10.0; Win64; x64) AppleWebKit/537.36 (KHTML, like Gecko) Chrome/90.0.4430.85 Safari/537.36"
136.144.33.54 - - [10/Jul/2026:22:17:23 -0700] "POST /wp-login.php HTTP/1.1" 200 6459 "https://vanessavaladezrealty.com/wp-admin/" "Mozilla/5.0 (Windows NT 10.0; Win64; x64) AppleWebKit/537.36 (KHTML, like Gecko) Chrome/90.0.4430.85 Safari/537.36"
136.144.33.105 - - [10/Jul/2026:22:17:30 -0700] "POST /wp-login.php HTTP/1.1" 200 6518 "https://vanessavaladezrealty.com/wp-admin/" "Mozilla/5.0 (Windows NT 10.0; Win64; x64) AppleWebKit/537.36 (KHTML, like Gecko) Chrome/90.0.4430.85 Safari/537.36"
136.144.33.105 - - [10/Jul/2026:22:17:33 -0700] "GET /wp-login.php?redirect_to=https%3A%2F%2Fvanessavaladezrealty.com%2Fwp-admin%2F&reauth=1 HTTP/1.1" 200 8365 "https://vanessavaladezrealty.com/wp-admin/" "Mozilla/5.0 (Windows NT 10.0; Win64; x64) AppleWebKit/537.36 (KHTML, like Gecko) Chrome/90.0.4430.85 Safari/537.36"
136.144.33.28 - - [10/Jul/2026:22:17:39 -0700] "POST /admin HTTP/1.1" 302 4148 "https://vanessavaladezrealty.com/wp-admin/" "Mozilla/5.0 (Windows NT 10.0; Win64; x64) AppleWebKit/537.36 (KHTML, like Gecko) Chrome/90.0.4430.85 Safari/537.36"
136.144.33.28 - - [10/Jul/2026:22:17:40 -0700] "GET /wp-admin/ HTTP/1.1" 302 3784 "https://vanessavaladezrealty.com/wp-admin/" "Mozilla/5.0 (Windows NT 10.0; Win64; x64) AppleWebKit/537.36 (KHTML, like Gecko) Chrome/90.0.4430.85 Safari/537.36"
136.144.33.28 - - [10/Jul/2026:22:17:41 -0700] "GET /wp-login.php?redirect_to=https%3A%2F%2Fvanessavaladezrealty.com%2Fwp-admin%2F&reauth=1 HTTP/1.1" 200 8365 "https://vanessavaladezrealty.com/wp-admin/" "Mozilla/5.0 (Windows NT 10.0; Win64; x64) AppleWebKit/537.36 (KHTML, like Gecko) Chrome/90.0.4430.85 Safari/537.36"
35.235.84.95 - - [10/Jul/2026:22:17:53 -0700] "POST /wp-cron.php?doing_wp_cron=1783747073.5509901046752929687500 HTTP/1.1" 200 3587 "-" "WordPress/7.0.1; https://vanessavaladezrealty.com"
136.144.33.109 - - [10/Jul/2026:22:17:53 -0700] "POST /admin HTTP/1.1" 302 4148 "https://vanessavaladezrealty.com/wp-admin/" "Mozilla/5.0 (Windows NT 10.0; Win64; x64) AppleWebKit/537.36 (KHTML, like Gecko) Chrome/90.0.4430.85 Safari/537.36"
136.144.33.109 - - [10/Jul/2026:22:17:54 -0700] "GET /wp-admin/ HTTP/1.1" 302 3784 "https://vanessavaladezrealty.com/wp-admin/" "Mozilla/5.0 (Windows NT 10.0; Win64; x64) AppleWebKit/537.36 (KHTML, like Gecko) Chrome/90.0.4430.85 Safari/537.36"
136.144.33.109 - - [10/Jul/2026:22:17:55 -0700] "GET /wp-login.php?redirect_to=https%3A%2F%2Fvanessavaladezrealty.com%2Fwp-admin%2F&reauth=1 HTTP/1.1" 200 8365 "https://vanessavaladezrealty.com/wp-admin/" "Mozilla/5.0 (Windows NT 10.0; Win64; x64) AppleWebKit/537.36 (KHTML, like Gecko) Chrome/90.0.4430.85 Safari/537.36"
136.144.33.28 - - [10/Jul/2026:22:17:38 -0700] "POST /wp-login.php HTTP/1.1" 200 6518 "https://vanessavaladezrealty.com/wp-admin/" "Mozilla/5.0 (Windows NT 10.0; Win64; x64) AppleWebKit/537.36 (KHTML, like Gecko) Chrome/90.0.4430.85 Safari/537.36"
136.144.33.109 - - [10/Jul/2026:22:17:52 -0700] "POST /wp-login.php HTTP/1.1" 200 6516 "https://vanessavaladezrealty.com/wp-admin/" "Mozilla/5.0 (Windows NT 10.0; Win64; x64) AppleWebKit/537.36 (KHTML, like Gecko) Chrome/90.0.4430.85 Safari/537.36"
136.144.33.100 - - [10/Jul/2026:22:18:01 -0700] "POST /wp-login.php HTTP/1.1" 200 6522 "https://vanessavaladezrealty.com/wp-admin/" "Mozilla/5.0 (Windows NT 10.0; Win64; x64) AppleWebKit/537.36 (KHTML, like Gecko) Chrome/90.0.4430.85 Safari/537.36"
136.144.33.100 - - [10/Jul/2026:22:18:02 -0700] "POST /admin HTTP/1.1" 302 4148 "https://vanessavaladezrealty.com/wp-admin/" "Mozilla/5.0 (Windows NT 10.0; Win64; x64) AppleWebKit/537.36 (KHTML, like Gecko) Chrome/90.0.4430.85 Safari/537.36"
136.144.33.100 - - [10/Jul/2026:22:18:03 -0700] "GET /wp-admin/ HTTP/1.1" 302 3784 "https://vanessavaladezrealty.com/wp-admin/" "Mozilla/5.0 (Windows NT 10.0; Win64; x64) AppleWebKit/537.36 (KHTML, like Gecko) Chrome/90.0.4430.85 Safari/537.36"
136.144.33.100 - - [10/Jul/2026:22:18:04 -0700] "GET /wp-login.php?redirect_to=https%3A%2F%2Fvanessavaladezrealty.com%2Fwp-admin%2F&reauth=1 HTTP/1.1" 200 8365 "https://vanessavaladezrealty.com/wp-admin/" "Mozilla/5.0 (Windows NT 10.0; Win64; x64) AppleWebKit/537.36 (KHTML, like Gecko) Chrome/90.0.4430.85 Safari/537.36"
136.144.33.104 - - [10/Jul/2026:22:18:14 -0700] "POST /wp-login.php HTTP/1.1" 200 6521 "https://vanessavaladezrealty.com/wp-admin/" "Mozilla/5.0 (Windows NT 10.0; Win64; x64) AppleWebKit/537.36 (KHTML, like Gecko) Chrome/90.0.4430.85 Safari/537.36"
136.144.33.104 - - [10/Jul/2026:22:18:15 -0700] "POST /admin HTTP/1.1" 302 4148 "https://vanessavaladezrealty.com/wp-admin/" "Mozilla/5.0 (Windows NT 10.0; Win64; x64) AppleWebKit/537.36 (KHTML, like Gecko) Chrome/90.0.4430.85 Safari/537.36"
136.144.33.104 - - [10/Jul/2026:22:18:16 -0700] "GET /wp-admin/ HTTP/1.1" 302 3784 "https://vanessavaladezrealty.com/wp-admin/" "Mozilla/5.0 (Windows NT 10.0; Win64; x64) AppleWebKit/537.36 (KHTML, like Gecko) Chrome/90.0.4430.85 Safari/537.36"
136.144.33.104 - - [10/Jul/2026:22:18:17 -0700] "GET /wp-login.php?redirect_to=https%3A%2F%2Fvanessavaladezrealty.com%2Fwp-admin%2F&reauth=1 HTTP/1.1" 200 8365 "https://vanessavaladezrealty.com/wp-admin/" "Mozilla/5.0 (Windows NT 10.0; Win64; x64) AppleWebKit/537.36 (KHTML, like Gecko) Chrome/90.0.4430.85 Safari/537.36"
193.36.225.70 - - [10/Jul/2026:22:18:30 -0700] "POST /wp-login.php HTTP/1.1" 200 6520 "https://vanessavaladezrealty.com/wp-admin/" "Mozilla/5.0 (Windows NT 10.0; Win64; x64) AppleWebKit/537.36 (KHTML, like Gecko) Chrome/90.0.4430.85 Safari/537.36"
193.36.225.70 - - [10/Jul/2026:22:18:31 -0700] "POST /admin HTTP/1.1" 302 4148 "https://vanessavaladezrealty.com/wp-admin/" "Mozilla/5.0 (Windows NT 10.0; Win64; x64) AppleWebKit/537.36 (KHTML, like Gecko) Chrome/90.0.4430.85 Safari/537.36"
193.36.225.70 - - [10/Jul/2026:22:18:32 -0700] "GET /wp-admin/ HTTP/1.1" 302 3784 "https://vanessavaladezrealty.com/wp-admin/" "Mozilla/5.0 (Windows NT 10.0; Win64; x64) AppleWebKit/537.36 (KHTML, like Gecko) Chrome/90.0.4430.85 Safari/537.36"
193.36.225.70 - - [10/Jul/2026:22:18:33 -0700] "GET /wp-login.php?redirect_to=https%3A%2F%2Fvanessavaladezrealty.com%2Fwp-admin%2F&reauth=1 HTTP/1.1" 200 8365 "https://vanessavaladezrealty.com/wp-admin/" "Mozilla/5.0 (Windows NT 10.0; Win64; x64) AppleWebKit/537.36 (KHTML, like Gecko) Chrome/90.0.4430.85 Safari/537.36"
136.144.33.107 - - [10/Jul/2026:22:18:38 -0700] "POST /wp-login.php HTTP/1.1" 200 6523 "https://vanessavaladezrealty.com/wp-admin/" "Mozilla/5.0 (Windows NT 10.0; Win64; x64) AppleWebKit/537.36 (KHTML, like Gecko) Chrome/90.0.4430.85 Safari/537.36"
136.144.33.107 - - [10/Jul/2026:22:18:39 -0700] "POST /admin HTTP/1.1" 302 4148 "https://vanessavaladezrealty.com/wp-admin/" "Mozilla/5.0 (Windows NT 10.0; Win64; x64) AppleWebKit/537.36 (KHTML, like Gecko) Chrome/90.0.4430.85 Safari/537.36"
136.144.33.107 - - [10/Jul/2026:22:18:40 -0700] "GET /wp-admin/ HTTP/1.1" 302 3784 "https://vanessavaladezrealty.com/wp-admin/" "Mozilla/5.0 (Windows NT 10.0; Win64; x64) AppleWebKit/537.36 (KHTML, like Gecko) Chrome/90.0.4430.85 Safari/537.36"
136.144.33.107 - - [10/Jul/2026:22:18:41 -0700] "GET /wp-login.php?redirect_to=https%3A%2F%2Fvanessavaladezrealty.com%2Fwp-admin%2F&reauth=1 HTTP/1.1" 200 8365 "https://vanessavaladezrealty.com/wp-admin/" "Mozilla/5.0 (Windows NT 10.0; Win64; x64) AppleWebKit/537.36 (KHTML, like Gecko) Chrome/90.0.4430.85 Safari/537.36"
35.235.84.95 - - [10/Jul/2026:22:18:50 -0700] "POST /wp-cron.php?doing_wp_cron=1783747130.9098670482635498046875 HTTP/1.1" 200 3587 "-" "WordPress/7.0.1; https://vanessavaladezrealty.com"
136.144.33.28 - - [10/Jul/2026:22:18:49 -0700] "POST /wp-login.php HTTP/1.1" 200 6517 "https://vanessavaladezrealty.com/wp-admin/" "Mozilla/5.0 (Windows NT 10.0; Win64; x64) AppleWebKit/537.36 (KHTML, like Gecko) Chrome/90.0.4430.85 Safari/537.36"
136.144.33.28 - - [10/Jul/2026:22:18:50 -0700] "POST /admin HTTP/1.1" 302 4148 "https://vanessavaladezrealty.com/wp-admin/" "Mozilla/5.0 (Windows NT 10.0; Win64; x64) AppleWebKit/537.36 (KHTML, like Gecko) Chrome/90.0.4430.85 Safari/537.36"
136.144.33.28 - - [10/Jul/2026:22:18:51 -0700] "GET /wp-admin/ HTTP/1.1" 302 3784 "https://vanessavaladezrealty.com/wp-admin/" "Mozilla/5.0 (Windows NT 10.0; Win64; x64) AppleWebKit/537.36 (KHTML, like Gecko) Chrome/90.0.4430.85 Safari/537.36"
136.144.33.28 - - [10/Jul/2026:22:18:52 -0700] "GET /wp-login.php?redirect_to=https%3A%2F%2Fvanessavaladezrealty.com%2Fwp-admin%2F&reauth=1 HTTP/1.1" 200 8365 "https://vanessavaladezrealty.com/wp-admin/" "Mozilla/5.0 (Windows NT 10.0; Win64; x64) AppleWebKit/537.36 (KHTML, like Gecko) Chrome/90.0.4430.85 Safari/537.36"
136.144.33.96 - - [10/Jul/2026:22:18:56 -0700] "POST /wp-login.php HTTP/1.1" 200 6519 "https://vanessavaladezrealty.com/wp-admin/" "Mozilla/5.0 (Windows NT 10.0; Win64; x64) AppleWebKit/537.36 (KHTML, like Gecko) Chrome/90.0.4430.85 Safari/537.36"
136.144.33.96 - - [10/Jul/2026:22:18:57 -0700] "POST /admin HTTP/1.1" 302 4148 "https://vanessavaladezrealty.com/wp-admin/" "Mozilla/5.0 (Windows NT 10.0; Win64; x64) AppleWebKit/537.36 (KHTML, like Gecko) Chrome/90.0.4430.85 Safari/537.36"
136.144.33.96 - - [10/Jul/2026:22:18:58 -0700] "GET /wp-admin/ HTTP/1.1" 302 3784 "https://vanessavaladezrealty.com/wp-admin/" "Mozilla/5.0 (Windows NT 10.0; Win64; x64) AppleWebKit/537.36 (KHTML, like Gecko) Chrome/90.0.4430.85 Safari/537.36"
136.144.33.96 - - [10/Jul/2026:22:18:59 -0700] "GET /wp-login.php?redirect_to=https%3A%2F%2Fvanessavaladezrealty.com%2Fwp-admin%2F&reauth=1 HTTP/1.1" 200 8365 "https://vanessavaladezrealty.com/wp-admin/" "Mozilla/5.0 (Windows NT 10.0; Win64; x64) AppleWebKit/537.36 (KHTML, like Gecko) Chrome/90.0.4430.85 Safari/537.36"
136.144.33.96 - - [10/Jul/2026:22:19:05 -0700] "POST /wp-login.php HTTP/1.1" 200 6522 "https://vanessavaladezrealty.com/wp-admin/" "Mozilla/5.0 (Windows NT 10.0; Win64; x64) AppleWebKit/537.36 (KHTML, like Gecko) Chrome/90.0.4430.85 Safari/537.36"
136.144.33.96 - - [10/Jul/2026:22:19:06 -0700] "POST /admin HTTP/1.1" 302 4148 "https://vanessavaladezrealty.com/wp-admin/" "Mozilla/5.0 (Windows NT 10.0; Win64; x64) AppleWebKit/537.36 (KHTML, like Gecko) Chrome/90.0.4430.85 Safari/537.36"
136.144.33.96 - - [10/Jul/2026:22:19:07 -0700] "GET /wp-admin/ HTTP/1.1" 302 3784 "https://vanessavaladezrealty.com/wp-admin/" "Mozilla/5.0 (Windows NT 10.0; Win64; x64) AppleWebKit/537.36 (KHTML, like Gecko) Chrome/90.0.4430.85 Safari/537.36"
136.144.33.96 - - [10/Jul/2026:22:19:08 -0700] "GET /wp-login.php?redirect_to=https%3A%2F%2Fvanessavaladezrealty.com%2Fwp-admin%2F&reauth=1 HTTP/1.1" 200 8365 "https://vanessavaladezrealty.com/wp-admin/" "Mozilla/5.0 (Windows NT 10.0; Win64; x64) AppleWebKit/537.36 (KHTML, like Gecko) Chrome/90.0.4430.85 Safari/537.36"
193.36.225.58 - - [10/Jul/2026:22:19:13 -0700] "POST /admin HTTP/1.1" 302 4148 "https://vanessavaladezrealty.com/wp-admin/" "Mozilla/5.0 (Windows NT 10.0; Win64; x64) AppleWebKit/537.36 (KHTML, like Gecko) Chrome/90.0.4430.85 Safari/537.36"
193.36.225.58 - - [10/Jul/2026:22:19:14 -0700] "GET /wp-admin/ HTTP/1.1" 302 3784 "https://vanessavaladezrealty.com/wp-admin/" "Mozilla/5.0 (Windows NT 10.0; Win64; x64) AppleWebKit/537.36 (KHTML, like Gecko) Chrome/90.0.4430.85 Safari/537.36"
193.36.225.58 - - [10/Jul/2026:22:19:15 -0700] "GET /wp-login.php?redirect_to=https%3A%2F%2Fvanessavaladezrealty.com%2Fwp-admin%2F&reauth=1 HTTP/1.1" 200 8365 "https://vanessavaladezrealty.com/wp-admin/" "Mozilla/5.0 (Windows NT 10.0; Win64; x64) AppleWebKit/537.36 (KHTML, like Gecko) Chrome/90.0.4430.85 Safari/537.36"
193.36.225.58 - - [10/Jul/2026:22:19:12 -0700] "POST /wp-login.php HTTP/1.1" 200 6520 "https://vanessavaladezrealty.com/wp-admin/" "Mozilla/5.0 (Windows NT 10.0; Win64; x64) AppleWebKit/537.36 (KHTML, like Gecko) Chrome/90.0.4430.85 Safari/537.36"
37.140.223.68 - - [10/Jul/2026:22:19:20 -0700] "POST /admin HTTP/1.1" 302 4148 "https://vanessavaladezrealty.com/wp-admin/" "Mozilla/5.0 (Windows NT 10.0; Win64; x64) AppleWebKit/537.36 (KHTML, like Gecko) Chrome/90.0.4430.85 Safari/537.36"
37.140.223.68 - - [10/Jul/2026:22:19:21 -0700] "GET /wp-admin/ HTTP/1.1" 302 3784 "https://vanessavaladezrealty.com/wp-admin/" "Mozilla/5.0 (Windows NT 10.0; Win64; x64) AppleWebKit/537.36 (KHTML, like Gecko) Chrome/90.0.4430.85 Safari/537.36"
37.140.223.68 - - [10/Jul/2026:22:19:22 -0700] "GET /wp-login.php?redirect_to=https%3A%2F%2Fvanessavaladezrealty.com%2Fwp-admin%2F&reauth=1 HTTP/1.1" 200 8365 "https://vanessavaladezrealty.com/wp-admin/" "Mozilla/5.0 (Windows NT 10.0; Win64; x64) AppleWebKit/537.36 (KHTML, like Gecko) Chrome/90.0.4430.85 Safari/537.36"
37.140.223.68 - - [10/Jul/2026:22:19:19 -0700] "POST /wp-login.php HTTP/1.1" 200 6518 "https://vanessavaladezrealty.com/wp-admin/" "Mozilla/5.0 (Windows NT 10.0; Win64; x64) AppleWebKit/537.36 (KHTML, like Gecko) Chrome/90.0.4430.85 Safari/537.36"
193.36.225.62 - - [10/Jul/2026:22:19:31 -0700] "POST /wp-login.php HTTP/1.1" 200 6516 "https://vanessavaladezrealty.com/wp-admin/" "Mozilla/5.0 (Windows NT 10.0; Win64; x64) AppleWebKit/537.36 (KHTML, like Gecko) Chrome/90.0.4430.85 Safari/537.36"
193.36.225.62 - - [10/Jul/2026:22:19:32 -0700] "POST /admin HTTP/1.1" 302 4148 "https://vanessavaladezrealty.com/wp-admin/" "Mozilla/5.0 (Windows NT 10.0; Win64; x64) AppleWebKit/537.36 (KHTML, like Gecko) Chrome/90.0.4430.85 Safari/537.36"
193.36.225.62 - - [10/Jul/2026:22:19:33 -0700] "GET /wp-admin/ HTTP/1.1" 302 3784 "https://vanessavaladezrealty.com/wp-admin/" "Mozilla/5.0 (Windows NT 10.0; Win64; x64) AppleWebKit/537.36 (KHTML, like Gecko) Chrome/90.0.4430.85 Safari/537.36"
193.36.225.62 - - [10/Jul/2026:22:19:34 -0700] "GET /wp-login.php?redirect_to=https%3A%2F%2Fvanessavaladezrealty.com%2Fwp-admin%2F&reauth=1 HTTP/1.1" 200 8365 "https://vanessavaladezrealty.com/wp-admin/" "Mozilla/5.0 (Windows NT 10.0; Win64; x64) AppleWebKit/537.36 (KHTML, like Gecko) Chrome/90.0.4430.85 Safari/537.36"
136.144.33.215 - - [10/Jul/2026:22:19:43 -0700] "POST /wp-login.php HTTP/1.1" 200 6517 "https://vanessavaladezrealty.com/wp-admin/" "Mozilla/5.0 (Windows NT 10.0; Win64; x64) AppleWebKit/537.36 (KHTML, like Gecko) Chrome/90.0.4430.85 Safari/537.36"
136.144.33.215 - - [10/Jul/2026:22:19:44 -0700] "POST /admin HTTP/1.1" 302 4148 "https://vanessavaladezrealty.com/wp-admin/" "Mozilla/5.0 (Windows NT 10.0; Win64; x64) AppleWebKit/537.36 (KHTML, like Gecko) Chrome/90.0.4430.85 Safari/537.36"
136.144.33.215 - - [10/Jul/2026:22:19:45 -0700] "GET /wp-admin/ HTTP/1.1" 302 3784 "https://vanessavaladezrealty.com/wp-admin/" "Mozilla/5.0 (Windows NT 10.0; Win64; x64) AppleWebKit/537.36 (KHTML, like Gecko) Chrome/90.0.4430.85 Safari/537.36"
136.144.33.215 - - [10/Jul/2026:22:19:46 -0700] "GET /wp-login.php?redirect_to=https%3A%2F%2Fvanessavaladezrealty.com%2Fwp-admin%2F&reauth=1 HTTP/1.1" 200 8365 "https://vanessavaladezrealty.com/wp-admin/" "Mozilla/5.0 (Windows NT 10.0; Win64; x64) AppleWebKit/537.36 (KHTML, like Gecko) Chrome/90.0.4430.85 Safari/537.36"
35.235.84.95 - - [10/Jul/2026:22:19:51 -0700] "POST /wp-cron.php?doing_wp_cron=1783747191.5866580009460449218750 HTTP/1.1" 200 3587 "-" "WordPress/7.0.1; https://vanessavaladezrealty.com"
136.144.33.98 - - [10/Jul/2026:22:19:50 -0700] "POST /wp-login.php HTTP/1.1" 200 6522 "https://vanessavaladezrealty.com/wp-admin/" "Mozilla/5.0 (Windows NT 10.0; Win64; x64) AppleWebKit/537.36 (KHTML, like Gecko) Chrome/90.0.4430.85 Safari/537.36"
136.144.33.98 - - [10/Jul/2026:22:19:51 -0700] "POST /admin HTTP/1.1" 302 4148 "https://vanessavaladezrealty.com/wp-admin/" "Mozilla/5.0 (Windows NT 10.0; Win64; x64) AppleWebKit/537.36 (KHTML, like Gecko) Chrome/90.0.4430.85 Safari/537.36"
136.144.33.98 - - [10/Jul/2026:22:19:52 -0700] "GET /wp-admin/ HTTP/1.1" 302 3784 "https://vanessavaladezrealty.com/wp-admin/" "Mozilla/5.0 (Windows NT 10.0; Win64; x64) AppleWebKit/537.36 (KHTML, like Gecko) Chrome/90.0.4430.85 Safari/537.36"
136.144.33.98 - - [10/Jul/2026:22:19:53 -0700] "GET /wp-login.php?redirect_to=https%3A%2F%2Fvanessavaladezrealty.com%2Fwp-admin%2F&reauth=1 HTTP/1.1" 200 8365 "https://vanessavaladezrealty.com/wp-admin/" "Mozilla/5.0 (Windows NT 10.0; Win64; x64) AppleWebKit/537.36 (KHTML, like Gecko) Chrome/90.0.4430.85 Safari/537.36"
193.36.225.64 - - [10/Jul/2026:22:19:59 -0700] "POST /wp-login.php HTTP/1.1" 200 6522 "https://vanessavaladezrealty.com/wp-admin/" "Mozilla/5.0 (Windows NT 10.0; Win64; x64) AppleWebKit/537.36 (KHTML, like Gecko) Chrome/90.0.4430.85 Safari/537.36"
193.36.225.64 - - [10/Jul/2026:22:20:00 -0700] "POST /admin HTTP/1.1" 302 4148 "https://vanessavaladezrealty.com/wp-admin/" "Mozilla/5.0 (Windows NT 10.0; Win64; x64) AppleWebKit/537.36 (KHTML, like Gecko) Chrome/90.0.4430.85 Safari/537.36"
193.36.225.64 - - [10/Jul/2026:22:20:01 -0700] "GET /wp-admin/ HTTP/1.1" 302 3784 "https://vanessavaladezrealty.com/wp-admin/" "Mozilla/5.0 (Windows NT 10.0; Win64; x64) AppleWebKit/537.36 (KHTML, like Gecko) Chrome/90.0.4430.85 Safari/537.36"
156.230.191.191 - - [10/Jul/2026:22:20:02 -0700] "GET /properties/118-Residential-Lease-8250-North-Grand-Canyon-Drive-1070-6-Rooms-2-Bedrooms-2-Bathrooms-USD1-250/ HTTP/1.1" 200 35627 "-" "Mozilla/5.0 (X11; OpenBSD i386) AppleWebKit/537.36 (KHTML, like Gecko) Chrome/36.0.1985.125 Safari/537.36"
193.36.225.64 - - [10/Jul/2026:22:20:02 -0700] "GET /wp-login.php?redirect_to=https%3A%2F%2Fvanessavaladezrealty.com%2Fwp-admin%2F&reauth=1 HTTP/1.1" 200 8365 "https://vanessavaladezrealty.com/wp-admin/" "Mozilla/5.0 (Windows NT 10.0; Win64; x64) AppleWebKit/537.36 (KHTML, like Gecko) Chrome/90.0.4430.85 Safari/537.36"
172.245.102.45 - - [10/Jul/2026:22:20:10 -0700] "POST /wp-login.php HTTP/1.1" 200 6518 "https://vanessavaladezrealty.com/wp-admin/" "Mozilla/5.0 (Windows NT 10.0; Win64; x64) AppleWebKit/537.36 (KHTML, like Gecko) Chrome/90.0.4430.85 Safari/537.36"
172.245.102.45 - - [10/Jul/2026:22:20:11 -0700] "POST /admin HTTP/1.1" 302 4148 "https://vanessavaladezrealty.com/wp-admin/" "Mozilla/5.0 (Windows NT 10.0; Win64; x64) AppleWebKit/537.36 (KHTML, like Gecko) Chrome/90.0.4430.85 Safari/537.36"
172.245.102.45 - - [10/Jul/2026:22:20:12 -0700] "GET /wp-admin/ HTTP/1.1" 302 3784 "https://vanessavaladezrealty.com/wp-admin/" "Mozilla/5.0 (Windows NT 10.0; Win64; x64) AppleWebKit/537.36 (KHTML, like Gecko) Chrome/90.0.4430.85 Safari/537.36"
172.245.102.45 - - [10/Jul/2026:22:20:13 -0700] "GET /wp-login.php?redirect_to=https%3A%2F%2Fvanessavaladezrealty.com%2Fwp-admin%2F&reauth=1 HTTP/1.1" 200 8365 "https://vanessavaladezrealty.com/wp-admin/" "Mozilla/5.0 (Windows NT 10.0; Win64; x64) AppleWebKit/537.36 (KHTML, like Gecko) Chrome/90.0.4430.85 Safari/537.36"
35.235.84.95 - - [10/Jul/2026:22:22:37 -0700] "POST /wp-cron.php?doing_wp_cron=1783747357.1155719757080078125000 HTTP/1.1" 200 3587 "-" "WordPress/7.0.1; https://vanessavaladezrealty.com"
191.101.50.240 - - [10/Jul/2026:22:22:35 -0700] "GET /wp-login.php HTTP/1.1" 200 6364 "-" "Mozilla/5.0 (Windows NT 10.0; Win64; x64) AppleWebKit/537.36 (KHTML, like Gecko) Chrome/133.0.0.0 Safari/537.36"
191.101.50.240 - - [10/Jul/2026:22:22:37 -0700] "POST /wp-login.php HTTP/1.1" 200 6446 "https://vanessavaladezrealty.com/wp-login.php" "Mozilla/5.0 (Windows NT 10.0; Win64; x64) AppleWebKit/537.36 (KHTML, like Gecko) Chrome/133.0.0.0 Safari/537.36"
146.103.110.13 - - [10/Jul/2026:22:22:40 -0700] "GET /hello-world/ HTTP/1.1" 200 126058 "https://vanessavaladezrealty.com/hello-world/" "Mozilla/5.0 (Windows NT 10.0; Win64; x64) AppleWebKit/537.36 (KHTML, like Gecko) Chrome/129.0.0.0 Safari/537.36"
146.103.110.13 - - [10/Jul/2026:22:22:43 -0700] "POST /wp-comments-post.php HTTP/1.1" 302 4276 "https://vanessavaladezrealty.com/hello-world/" "Mozilla/5.0 (Windows NT 10.0; Win64; x64) AppleWebKit/537.36 (KHTML, like Gecko) Chrome/129.0.0.0 Safari/537.36"
146.103.110.13 - - [10/Jul/2026:22:22:44 -0700] "GET /hello-world/ HTTP/1.1" 200 129006 "https://vanessavaladezrealty.com/hello-world/#comment-1380" "Mozilla/5.0 (Windows NT 10.0; Win64; x64) AppleWebKit/537.36 (KHTML, like Gecko) Chrome/129.0.0.0 Safari/537.36"
35.235.84.95 - - [10/Jul/2026:22:25:08 -0700] "POST /wp-cron.php?doing_wp_cron=1783747508.2974669933319091796875 HTTP/1.1" 200 3587 "-" "WordPress/7.0.1; https://vanessavaladezrealty.com"
8.217.108.67 - - [10/Jul/2026:22:25:07 -0700] "GET /wp-login.php HTTP/1.1" 200 6364 "-" "Mozilla/5.0 (Windows NT 10.0; Win64; x64) AppleWebKit/537.36 (KHTML, like Gecko) Chrome/133.0.0.0 Safari/537.36"
8.217.108.67 - - [10/Jul/2026:22:25:09 -0700] "POST /wp-login.php HTTP/1.1" 200 6450 "https://vanessavaladezrealty.com/wp-login.php" "Mozilla/5.0 (Windows NT 10.0; Win64; x64) AppleWebKit/537.36 (KHTML, like Gecko) Chrome/133.0.0.0 Safari/537.36"
35.235.84.95 - - [10/Jul/2026:22:29:52 -0700] "POST /wp-cron.php?doing_wp_cron=1783747792.4832680225372314453125 HTTP/1.1" 200 3587 "-" "WordPress/7.0.1; https://vanessavaladezrealty.com"
89.124.87.116 - - [10/Jul/2026:22:29:51 -0700] "GET /hello-world/ HTTP/1.1" 200 126058 "https://vanessavaladezrealty.com/hello-world/" "Mozilla/5.0 (Windows NT 10.0; Win64; x64) AppleWebKit/537.36 (KHTML, like Gecko) Chrome/130.0.0.0 Safari/537.36"
89.124.87.116 - - [10/Jul/2026:22:29:53 -0700] "POST /wp-comments-post.php HTTP/1.1" 302 4223 "https://vanessavaladezrealty.com/hello-world/" "Mozilla/5.0 (Windows NT 10.0; Win64; x64) AppleWebKit/537.36 (KHTML, like Gecko) Chrome/130.0.0.0 Safari/537.36"
89.124.87.116 - - [10/Jul/2026:22:29:55 -0700] "GET /hello-world/ HTTP/1.1" 200 129130 "https://vanessavaladezrealty.com/hello-world/#comment-1381" "Mozilla/5.0 (Windows NT 10.0; Win64; x64) AppleWebKit/537.36 (KHTML, like Gecko) Chrome/130.0.0.0 Safari/537.36"
35.235.84.95 - - [10/Jul/2026:22:36:32 -0700] "POST /wp-cron.php?doing_wp_cron=1783748192.4349720478057861328125 HTTP/1.1" 200 3587 "-" "WordPress/7.0.1; https://vanessavaladezrealty.com"
191.97.124.208 - - [10/Jul/2026:22:36:30 -0700] "GET /properties/vanessavaladez/tel:7027760711/tel:7027760711/tel:7027760711/tel:7027760711/tel:7027760711/tel:7027760711/tel:7027760711/tel:7027760711/?wplpage=1 HTTP/1.1" 200 32832 "-" "Mozilla/5.0 (Windows NT 6.1; WOW64) AppleWebKit/537.36 (KHTML, like Gecko) Chrome/104.0.0.0 Safari/537.36"
35.235.84.95 - - [10/Jul/2026:22:37:57 -0700] "POST /wp-cron.php?doing_wp_cron=1783748277.7188770771026611328125 HTTP/1.1" 200 3587 "-" "WordPress/7.0.1; https://vanessavaladezrealty.com"
47.128.98.138 - - [10/Jul/2026:22:37:56 -0700] "GET /robots.txt HTTP/1.1" 200 4273 "-" "Mozilla/5.0 (Linux; Android 5.0) AppleWebKit/537.36 (KHTML, like Gecko) Mobile Safari/537.36 (compatible; Bytespider; spider-feedback@bytedance.com)"
200.128.9.8 - - [10/Jul/2026:22:38:24 -0700] "GET /wp-login.php HTTP/1.1" 200 6364 "-" "Mozilla/5.0 (Windows NT 10.0; Win64; x64) AppleWebKit/537.36 (KHTML, like Gecko) Chrome/133.0.0.0 Safari/537.36"
200.128.9.8 - - [10/Jul/2026:22:38:26 -0700] "POST /wp-login.php HTTP/1.1" 200 6445 "https://vanessavaladezrealty.com/wp-login.php" "Mozilla/5.0 (Windows NT 10.0; Win64; x64) AppleWebKit/537.36 (KHTML, like Gecko) Chrome/133.0.0.0 Safari/537.36"
35.235.84.95 - - [10/Jul/2026:22:41:25 -0700] "POST /wp-cron.php?doing_wp_cron=1783748485.1562900543212890625000 HTTP/1.1" 200 3587 "-" "WordPress/7.0.1; https://vanessavaladezrealty.com"
