35.235.84.95 - - [10/Jul/2026:21:45:51 -0700] "POST /wp-cron.php?doing_wp_cron=1783745151.8584411144256591796875 HTTP/1.1" 200 3587 "-" "WordPress/7.0.1; https://vanessavaladezrealty.com"
203.76.222.92 - - [10/Jul/2026:21:45:50 -0700] "POST /xmlrpc.php HTTP/1.1" 200 4129 "-" "Mozilla/5.0 (Windows NT 6.3; x86) AppleWebKit/537.36 (KHTML, like Gecko) Firefox/87.0.0.0 Safari/537.36"
203.76.222.92 - - [10/Jul/2026:21:46:09 -0700] "POST /xmlrpc.php HTTP/1.1" 200 4129 "-" "Mozilla/5.0 (Linux; Android 10; x86) AppleWebKit/537.36 (KHTML, like Gecko) Safari/13.0.0.0 Safari/537.36"
35.235.84.95 - - [10/Jul/2026:21:46:29 -0700] "POST /wp-cron.php?doing_wp_cron=1783745189.7337570190429687500000 HTTP/1.1" 200 3587 "-" "WordPress/7.0.1; https://vanessavaladezrealty.com"
203.76.222.92 - - [10/Jul/2026:21:46:28 -0700] "POST /xmlrpc.php HTTP/1.1" 200 4129 "-" "Mozilla/5.0 (Macintosh; Intel Mac OS X 10_15_7; x86) AppleWebKit/537.36 (KHTML, like Gecko) Edge/95.0.0.0 Safari/537.36"
203.76.222.92 - - [10/Jul/2026:21:46:46 -0700] "POST /xmlrpc.php HTTP/1.1" 200 4129 "-" "Mozilla/5.0 (Windows NT 6.3; arm64) AppleWebKit/537.36 (KHTML, like Gecko) Firefox/100.0.0.0 Safari/537.36"
203.76.222.92 - - [10/Jul/2026:21:47:01 -0700] "POST /xmlrpc.php HTTP/1.1" 200 4129 "-" "Mozilla/5.0 (Windows NT 6.3; x86) AppleWebKit/537.36 (KHTML, like Gecko) Edge/96.0.0.0 Safari/537.36"
203.76.222.92 - - [10/Jul/2026:21:47:18 -0700] "POST /xmlrpc.php HTTP/1.1" 200 4129 "-" "Mozilla/5.0 (Windows NT 6.2; x86) AppleWebKit/537.36 (KHTML, like Gecko) Edge/92.0.0.0 Safari/537.36"
35.235.84.95 - - [10/Jul/2026:21:47:36 -0700] "POST /wp-cron.php?doing_wp_cron=1783745256.5002789497375488281250 HTTP/1.1" 200 3587 "-" "WordPress/7.0.1; https://vanessavaladezrealty.com"
203.76.222.92 - - [10/Jul/2026:21:47:35 -0700] "POST /xmlrpc.php HTTP/1.1" 200 4129 "-" "Mozilla/5.0 (X11; Ubuntu; Linux x86_64; arm64) AppleWebKit/537.36 (KHTML, like Gecko) Firefox/97.0.0.0 Safari/537.36"
103.93.219.103 - - [10/Jul/2026:21:47:37 -0700] "GET /properties/?pid=123&wplview=property_show HTTP/1.1" 200 35582 "-" "Mozilla/5.0 (Macintosh; Intel Mac OS X 10_11_6) AppleWebKit/537.36 (KHTML, like Gecko) Brave Chrome/79.0.3945.88 Safari/537.36"
186.5.202.1 - - [10/Jul/2026:21:47:42 -0700] "GET /properties/?pid=130&wplview=property_show HTTP/1.1" 200 34889 "-" "Mozilla/5.0 (Windows NT 6.3) AppleWebKit/537.36 (KHTML, like Gecko) Chrome/87.0.4280.88 Safari/537.36"
35.235.84.95 - - [10/Jul/2026:21:47:51 -0700] "POST /wp-cron.php?doing_wp_cron=1783745271.6527850627899169921875 HTTP/1.1" 200 3587 "-" "WordPress/7.0.1; https://vanessavaladezrealty.com"
203.76.222.92 - - [10/Jul/2026:21:47:50 -0700] "POST /xmlrpc.php HTTP/1.1" 200 4129 "-" "Mozilla/5.0 (Windows NT 6.3; x86) AppleWebKit/537.36 (KHTML, like Gecko) Safari/12.0.0.0 Safari/537.36"
203.76.222.92 - - [10/Jul/2026:21:48:05 -0700] "POST /xmlrpc.php HTTP/1.1" 200 4129 "-" "Mozilla/5.0 (Linux; Android 10; x64) AppleWebKit/537.36 (KHTML, like Gecko) Safari/10.0.0.0 Safari/537.36"
203.76.222.92 - - [10/Jul/2026:21:48:21 -0700] "POST /xmlrpc.php HTTP/1.1" 200 4129 "-" "Mozilla/5.0 (Linux; Android 10; x86) AppleWebKit/537.36 (KHTML, like Gecko) Edge/100.0.0.0 Safari/537.36"
161.97.129.228 - - [10/Jul/2026:21:48:24 -0700] "GET /wp-login.php HTTP/1.1" 200 6364 "-" "Mozilla/5.0 (Windows NT 10.0; Win64; x64) AppleWebKit/537.36 (KHTML, like Gecko) Chrome/133.0.0.0 Safari/537.36"
161.97.129.228 - - [10/Jul/2026:21:48:25 -0700] "POST /wp-login.php HTTP/1.1" 200 6444 "https://vanessavaladezrealty.com/wp-login.php" "Mozilla/5.0 (Windows NT 10.0; Win64; x64) AppleWebKit/537.36 (KHTML, like Gecko) Chrome/133.0.0.0 Safari/537.36"
203.76.222.92 - - [10/Jul/2026:21:48:38 -0700] "POST /xmlrpc.php HTTP/1.1" 200 4129 "-" "Mozilla/5.0 (Linux; Android 10; x86) AppleWebKit/537.36 (KHTML, like Gecko) Safari/12.0.0.0 Safari/537.36"
35.235.84.95 - - [10/Jul/2026:21:48:55 -0700] "POST /wp-cron.php?doing_wp_cron=1783745335.3972959518432617187500 HTTP/1.1" 200 3587 "-" "WordPress/7.0.1; https://vanessavaladezrealty.com"
203.76.222.92 - - [10/Jul/2026:21:48:54 -0700] "POST /xmlrpc.php HTTP/1.1" 200 4129 "-" "Mozilla/5.0 (X11; Ubuntu; Linux x86_64; arm64) AppleWebKit/537.36 (KHTML, like Gecko) Safari/14.0.0.0 Safari/537.36"
203.76.222.92 - - [10/Jul/2026:21:49:10 -0700] "POST /xmlrpc.php HTTP/1.1" 200 4129 "-" "Mozilla/5.0 (Windows NT 6.2; x86) AppleWebKit/537.36 (KHTML, like Gecko) Edge/83.0.0.0 Safari/537.36"
203.76.222.92 - - [10/Jul/2026:21:49:26 -0700] "POST /xmlrpc.php HTTP/1.1" 200 4129 "-" "Mozilla/5.0 (Windows NT 6.2; arm64) AppleWebKit/537.36 (KHTML, like Gecko) Chrome/80.0.0.0 Safari/537.36"
203.76.222.92 - - [10/Jul/2026:21:49:42 -0700] "POST /xmlrpc.php HTTP/1.1" 200 4129 "-" "Mozilla/5.0 (Windows NT 6.2; x86) AppleWebKit/537.36 (KHTML, like Gecko) Safari/14.0.0.0 Safari/537.36"
35.235.84.95 - - [10/Jul/2026:21:49:52 -0700] "POST /wp-cron.php?doing_wp_cron=1783745392.9648590087890625000000 HTTP/1.1" 200 3587 "-" "WordPress/7.0.1; https://vanessavaladezrealty.com"
190.103.23.194 - - [10/Jul/2026:21:49:51 -0700] "GET /properties/149-0-0-0-$0/tel:7027760711 HTTP/1.1" 301 4150 "-" "Mozilla/5.0 (Windows NT 10.0; Win64; x64) AppleWebKit/537.36 (KHTML, like Gecko) Chrome/78.0.3904.63 Safari/537.36"
190.103.23.194 - - [10/Jul/2026:21:49:53 -0700] "GET /properties/149-0-0-0-0/tel:7027760711/ HTTP/1.1" 301 4302 "-" "Mozilla/5.0 (Windows NT 10.0; Win64; x64) AppleWebKit/537.36 (KHTML, like Gecko) Chrome/78.0.3904.63 Safari/537.36"
190.103.23.194 - - [10/Jul/2026:21:49:55 -0700] "GET /properties/149-0-0-0-%240 HTTP/1.1" 301 4080 "-" "Mozilla/5.0 (Windows NT 10.0; Win64; x64) AppleWebKit/537.36 (KHTML, like Gecko) Chrome/78.0.3904.63 Safari/537.36"
190.103.23.194 - - [10/Jul/2026:21:49:56 -0700] "GET /properties/149-0-0-0-%240/ HTTP/1.1" 200 33034 "-" "Mozilla/5.0 (Windows NT 10.0; Win64; x64) AppleWebKit/537.36 (KHTML, like Gecko) Chrome/78.0.3904.63 Safari/537.36"
203.76.222.92 - - [10/Jul/2026:21:49:59 -0700] "POST /xmlrpc.php HTTP/1.1" 200 4129 "-" "Mozilla/5.0 (Windows NT 6.2; x64) AppleWebKit/537.36 (KHTML, like Gecko) Chrome/96.0.0.0 Safari/537.36"
203.76.222.92 - - [10/Jul/2026:21:50:17 -0700] "POST /xmlrpc.php HTTP/1.1" 200 4129 "-" "Mozilla/5.0 (Windows NT 10.0; x64) AppleWebKit/537.36 (KHTML, like Gecko) Firefox/79.0.0.0 Safari/537.36"
203.76.222.92 - - [10/Jul/2026:21:50:34 -0700] "POST /xmlrpc.php HTTP/1.1" 200 4129 "-" "Mozilla/5.0 (X11; Ubuntu; Linux x86_64; arm64) AppleWebKit/537.36 (KHTML, like Gecko) Chrome/85.0.0.0 Safari/537.36"
35.235.84.95 - - [10/Jul/2026:21:50:51 -0700] "POST /wp-cron.php?doing_wp_cron=1783745451.3763380050659179687500 HTTP/1.1" 200 3587 "-" "WordPress/7.0.1; https://vanessavaladezrealty.com"
203.76.222.92 - - [10/Jul/2026:21:50:50 -0700] "POST /xmlrpc.php HTTP/1.1" 200 4129 "-" "Mozilla/5.0 (Windows NT 6.3; arm64) AppleWebKit/537.36 (KHTML, like Gecko) Firefox/86.0.0.0 Safari/537.36"
203.76.222.92 - - [10/Jul/2026:21:51:06 -0700] "POST /xmlrpc.php HTTP/1.1" 200 4129 "-" "Mozilla/5.0 (Windows NT 6.2; arm64) AppleWebKit/537.36 (KHTML, like Gecko) Chrome/110.0.0.0 Safari/537.36"
203.76.222.92 - - [10/Jul/2026:21:51:22 -0700] "POST /xmlrpc.php HTTP/1.1" 200 4129 "-" "Mozilla/5.0 (Macintosh; Intel Mac OS X 10_15_7; x86) AppleWebKit/537.36 (KHTML, like Gecko) Chrome/106.0.0.0 Safari/537.36"
35.235.84.95 - - [10/Jul/2026:21:51:39 -0700] "POST /wp-cron.php?doing_wp_cron=1783745499.0598349571228027343750 HTTP/1.1" 200 3587 "-" "WordPress/7.0.1; https://vanessavaladezrealty.com"
203.76.222.92 - - [10/Jul/2026:21:51:38 -0700] "POST /xmlrpc.php HTTP/1.1" 200 4129 "-" "Mozilla/5.0 (X11; Ubuntu; Linux x86_64; x64) AppleWebKit/537.36 (KHTML, like Gecko) Firefox/72.0.0.0 Safari/537.36"
203.76.222.92 - - [10/Jul/2026:21:51:54 -0700] "POST /xmlrpc.php HTTP/1.1" 200 4129 "-" "Mozilla/5.0 (Windows NT 6.3; x86) AppleWebKit/537.36 (KHTML, like Gecko) Edge/92.0.0.0 Safari/537.36"
77.75.78.160 - - [10/Jul/2026:21:51:57 -0700] "GET /feed/ HTTP/1.1" 200 5142 "-" "Mozilla/5.0 (compatible; SeznamBot/4.0; +https://o-seznam.cz/napoveda/vyhledavani/en/seznambot-crawler/)"
203.76.222.92 - - [10/Jul/2026:21:52:10 -0700] "POST /xmlrpc.php HTTP/1.1" 200 4129 "-" "Mozilla/5.0 (Macintosh; Intel Mac OS X 10_15_7; x64) AppleWebKit/537.36 (KHTML, like Gecko) Edge/96.0.0.0 Safari/537.36"
203.76.222.92 - - [10/Jul/2026:21:52:24 -0700] "POST /xmlrpc.php HTTP/1.1" 200 4129 "-" "Mozilla/5.0 (X11; Ubuntu; Linux x86_64; arm64) AppleWebKit/537.36 (KHTML, like Gecko) Safari/14.0.0.0 Safari/537.36"
35.235.84.95 - - [10/Jul/2026:21:52:42 -0700] "POST /wp-cron.php?doing_wp_cron=1783745562.2175979614257812500000 HTTP/1.1" 200 3587 "-" "WordPress/7.0.1; https://vanessavaladezrealty.com"
203.76.222.92 - - [10/Jul/2026:21:52:41 -0700] "POST /xmlrpc.php HTTP/1.1" 200 4129 "-" "Mozilla/5.0 (Linux; Android 10; x64) AppleWebKit/537.36 (KHTML, like Gecko) Safari/14.0.0.0 Safari/537.36"
146.103.120.184 - - [10/Jul/2026:21:52:48 -0700] "GET /hello-world/ HTTP/1.1" 200 126058 "https://vanessavaladezrealty.com/hello-world/" "Mozilla/5.0 (Windows NT 10.0; Win64; x64) AppleWebKit/537.36 (KHTML, like Gecko) Chrome/131.0.0.0 Safari/537.36 Avast/131.0.0.0"
35.235.84.95 - - [10/Jul/2026:21:52:51 -0700] "POST /wp-cron.php?doing_wp_cron=1783745571.1822319030761718750000 HTTP/1.1" 200 3587 "-" "WordPress/7.0.1; https://vanessavaladezrealty.com"
146.103.120.184 - - [10/Jul/2026:21:52:50 -0700] "POST /wp-comments-post.php HTTP/1.1" 302 4293 "https://vanessavaladezrealty.com/hello-world/" "Mozilla/5.0 (Windows NT 10.0; Win64; x64) AppleWebKit/537.36 (KHTML, like Gecko) Chrome/131.0.0.0 Safari/537.36 Avast/131.0.0.0"
146.103.120.184 - - [10/Jul/2026:21:52:51 -0700] "GET /hello-world/ HTTP/1.1" 200 129278 "https://vanessavaladezrealty.com/hello-world/#comment-1378" "Mozilla/5.0 (Windows NT 10.0; Win64; x64) AppleWebKit/537.36 (KHTML, like Gecko) Chrome/131.0.0.0 Safari/537.36 Avast/131.0.0.0"
203.76.222.92 - - [10/Jul/2026:21:52:55 -0700] "POST /xmlrpc.php HTTP/1.1" 200 4129 "-" "Mozilla/5.0 (Windows NT 6.3; arm64) AppleWebKit/537.36 (KHTML, like Gecko) Safari/14.0.0.0 Safari/537.36"
203.76.222.92 - - [10/Jul/2026:21:53:11 -0700] "POST /xmlrpc.php HTTP/1.1" 200 4129 "-" "Mozilla/5.0 (Linux; Android 10; arm64) AppleWebKit/537.36 (KHTML, like Gecko) Opera/61.0.0.0 Safari/537.36"
203.76.222.92 - - [10/Jul/2026:21:53:25 -0700] "POST /xmlrpc.php HTTP/1.1" 200 4129 "-" "Mozilla/5.0 (Linux; Android 10; x64) AppleWebKit/537.36 (KHTML, like Gecko) Chrome/86.0.0.0 Safari/537.36"
203.76.222.92 - - [10/Jul/2026:21:53:42 -0700] "POST /xmlrpc.php HTTP/1.1" 200 4129 "-" "Mozilla/5.0 (Windows NT 6.3; x64) AppleWebKit/537.36 (KHTML, like Gecko) Firefox/72.0.0.0 Safari/537.36"
35.235.84.95 - - [10/Jul/2026:21:53:58 -0700] "POST /wp-cron.php?doing_wp_cron=1783745638.7236530780792236328125 HTTP/1.1" 200 3587 "-" "WordPress/7.0.1; https://vanessavaladezrealty.com"
203.76.222.92 - - [10/Jul/2026:21:53:57 -0700] "POST /xmlrpc.php HTTP/1.1" 200 4129 "-" "Mozilla/5.0 (Windows NT 6.3; x64) AppleWebKit/537.36 (KHTML, like Gecko) Chrome/110.0.0.0 Safari/537.36"
203.76.222.92 - - [10/Jul/2026:21:54:13 -0700] "POST /xmlrpc.php HTTP/1.1" 200 4129 "-" "Mozilla/5.0 (X11; Ubuntu; Linux x86_64; x64) AppleWebKit/537.36 (KHTML, like Gecko) Chrome/91.0.0.0 Safari/537.36"
203.76.222.92 - - [10/Jul/2026:21:54:28 -0700] "POST /xmlrpc.php HTTP/1.1" 200 4129 "-" "Mozilla/5.0 (Linux; Android 10; arm64) AppleWebKit/537.36 (KHTML, like Gecko) Opera/61.0.0.0 Safari/537.36"
203.76.222.92 - - [10/Jul/2026:21:54:44 -0700] "POST /xmlrpc.php HTTP/1.1" 200 4129 "-" "Mozilla/5.0 (X11; Ubuntu; Linux x86_64; x64) AppleWebKit/537.36 (KHTML, like Gecko) Firefox/81.0.0.0 Safari/537.36"
35.235.84.95 - - [10/Jul/2026:21:55:00 -0700] "POST /wp-cron.php?doing_wp_cron=1783745700.5140929222106933593750 HTTP/1.1" 200 3587 "-" "WordPress/7.0.1; https://vanessavaladezrealty.com"
203.76.222.92 - - [10/Jul/2026:21:54:59 -0700] "POST /xmlrpc.php HTTP/1.1" 200 4129 "-" "Mozilla/5.0 (Windows NT 10.0; x64) AppleWebKit/537.36 (KHTML, like Gecko) Opera/63.0.0.0 Safari/537.36"
203.76.222.92 - - [10/Jul/2026:21:55:14 -0700] "POST /xmlrpc.php HTTP/1.1" 200 4129 "-" "Mozilla/5.0 (X11; Ubuntu; Linux x86_64; x86) AppleWebKit/537.36 (KHTML, like Gecko) Opera/60.0.0.0 Safari/537.36"
203.76.222.92 - - [10/Jul/2026:21:55:30 -0700] "POST /xmlrpc.php HTTP/1.1" 200 4129 "-" "Mozilla/5.0 (Macintosh; Intel Mac OS X 10_15_7; x64) AppleWebKit/537.36 (KHTML, like Gecko) Opera/79.0.0.0 Safari/537.36"
203.76.222.92 - - [10/Jul/2026:21:55:47 -0700] "POST /xmlrpc.php HTTP/1.1" 200 4129 "-" "Mozilla/5.0 (Windows NT 6.2; x86) AppleWebKit/537.36 (KHTML, like Gecko) Safari/11.0.0.0 Safari/537.36"
35.235.84.95 - - [10/Jul/2026:21:56:04 -0700] "POST /wp-cron.php?doing_wp_cron=1783745764.6653370857238769531250 HTTP/1.1" 200 3587 "-" "WordPress/7.0.1; https://vanessavaladezrealty.com"
203.76.222.92 - - [10/Jul/2026:21:56:03 -0700] "POST /xmlrpc.php HTTP/1.1" 200 4129 "-" "Mozilla/5.0 (Macintosh; Intel Mac OS X 10_15_7; arm64) AppleWebKit/537.36 (KHTML, like Gecko) Edge/85.0.0.0 Safari/537.36"
203.76.222.92 - - [10/Jul/2026:21:56:19 -0700] "POST /xmlrpc.php HTTP/1.1" 200 4129 "-" "Mozilla/5.0 (Macintosh; Intel Mac OS X 10_15_7; x64) AppleWebKit/537.36 (KHTML, like Gecko) Firefox/78.0.0.0 Safari/537.36"
35.235.84.95 - - [10/Jul/2026:21:56:35 -0700] "POST /wp-cron.php?doing_wp_cron=1783745795.5457139015197753906250 HTTP/1.1" 200 3587 "-" "WordPress/7.0.1; https://vanessavaladezrealty.com"
203.76.222.92 - - [10/Jul/2026:21:56:34 -0700] "POST /xmlrpc.php HTTP/1.1" 200 4129 "-" "Mozilla/5.0 (Windows NT 10.0; arm64) AppleWebKit/537.36 (KHTML, like Gecko) Edge/91.0.0.0 Safari/537.36"
203.76.222.92 - - [10/Jul/2026:21:56:50 -0700] "POST /xmlrpc.php HTTP/1.1" 200 4129 "-" "Mozilla/5.0 (Windows NT 6.2; x64) AppleWebKit/537.36 (KHTML, like Gecko) Opera/60.0.0.0 Safari/537.36"
203.76.222.92 - - [10/Jul/2026:21:57:07 -0700] "POST /xmlrpc.php HTTP/1.1" 200 4129 "-" "Mozilla/5.0 (Windows NT 6.2; x64) AppleWebKit/537.36 (KHTML, like Gecko) Chrome/80.0.0.0 Safari/537.36"
203.76.222.92 - - [10/Jul/2026:21:57:22 -0700] "POST /xmlrpc.php HTTP/1.1" 200 4129 "-" "Mozilla/5.0 (Windows NT 6.3; x86) AppleWebKit/537.36 (KHTML, like Gecko) Safari/12.0.0.0 Safari/537.36"
35.235.84.95 - - [10/Jul/2026:21:57:38 -0700] "POST /wp-cron.php?doing_wp_cron=1783745858.6195070743560791015625 HTTP/1.1" 200 3587 "-" "WordPress/7.0.1; https://vanessavaladezrealty.com"
203.76.222.92 - - [10/Jul/2026:21:57:37 -0700] "POST /xmlrpc.php HTTP/1.1" 200 4129 "-" "Mozilla/5.0 (Linux; Android 10; x64) AppleWebKit/537.36 (KHTML, like Gecko) Chrome/114.0.0.0 Safari/537.36"
35.235.84.95 - - [10/Jul/2026:21:57:54 -0700] "POST /wp-cron.php?doing_wp_cron=1783745874.8926270008087158203125 HTTP/1.1" 200 3587 "-" "WordPress/7.0.1; https://vanessavaladezrealty.com"
203.76.222.92 - - [10/Jul/2026:21:57:53 -0700] "POST /xmlrpc.php HTTP/1.1" 200 4129 "-" "Mozilla/5.0 (X11; Ubuntu; Linux x86_64; x86) AppleWebKit/537.36 (KHTML, like Gecko) Edge/85.0.0.0 Safari/537.36"
203.76.222.92 - - [10/Jul/2026:21:58:08 -0700] "POST /xmlrpc.php HTTP/1.1" 200 4129 "-" "Mozilla/5.0 (X11; Ubuntu; Linux x86_64; x86) AppleWebKit/537.36 (KHTML, like Gecko) Edge/80.0.0.0 Safari/537.36"
203.76.222.92 - - [10/Jul/2026:21:58:23 -0700] "POST /xmlrpc.php HTTP/1.1" 200 4129 "-" "Mozilla/5.0 (Windows NT 6.3; x64) AppleWebKit/537.36 (KHTML, like Gecko) Edge/98.0.0.0 Safari/537.36"
203.76.222.92 - - [10/Jul/2026:21:58:38 -0700] "POST /xmlrpc.php HTTP/1.1" 200 4129 "-" "Mozilla/5.0 (X11; Ubuntu; Linux x86_64; x64) AppleWebKit/537.36 (KHTML, like Gecko) Firefox/72.0.0.0 Safari/537.36"
35.235.84.95 - - [10/Jul/2026:21:58:55 -0700] "POST /wp-cron.php?doing_wp_cron=1783745935.7159359455108642578125 HTTP/1.1" 200 3587 "-" "WordPress/7.0.1; https://vanessavaladezrealty.com"
203.76.222.92 - - [10/Jul/2026:21:58:54 -0700] "POST /xmlrpc.php HTTP/1.1" 200 4129 "-" "Mozilla/5.0 (Linux; Android 10; x86) AppleWebKit/537.36 (KHTML, like Gecko) Chrome/101.0.0.0 Safari/537.36"
203.76.222.92 - - [10/Jul/2026:21:59:10 -0700] "POST /xmlrpc.php HTTP/1.1" 200 4129 "-" "Mozilla/5.0 (Windows NT 6.2; arm64) AppleWebKit/537.36 (KHTML, like Gecko) Firefox/84.0.0.0 Safari/537.36"
203.76.222.92 - - [10/Jul/2026:21:59:24 -0700] "POST /xmlrpc.php HTTP/1.1" 200 4129 "-" "Mozilla/5.0 (Windows NT 10.0; x86) AppleWebKit/537.36 (KHTML, like Gecko) Chrome/99.0.0.0 Safari/537.36"
35.235.84.95 - - [10/Jul/2026:21:59:58 -0700] "POST /wp-cron.php?doing_wp_cron=1783745998.2104299068450927734375 HTTP/1.1" 200 3587 "-" "WordPress/7.0.1; https://vanessavaladezrealty.com"
203.76.222.92 - - [10/Jul/2026:21:59:40 -0700] "POST /xmlrpc.php HTTP/1.1" 200 4129 "-" "Mozilla/5.0 (Windows NT 10.0; arm64) AppleWebKit/537.36 (KHTML, like Gecko) Safari/10.0.0.0 Safari/537.36"
203.76.222.92 - - [10/Jul/2026:21:59:56 -0700] "POST /xmlrpc.php HTTP/1.1" 200 4129 "-" "Mozilla/5.0 (Windows NT 6.3; x64) AppleWebKit/537.36 (KHTML, like Gecko) Chrome/92.0.0.0 Safari/537.36"
203.76.222.92 - - [10/Jul/2026:22:00:15 -0700] "POST /xmlrpc.php HTTP/1.1" 200 4129 "-" "Mozilla/5.0 (Windows NT 10.0; x64) AppleWebKit/537.36 (KHTML, like Gecko) Firefox/92.0.0.0 Safari/537.36"
35.235.84.95 - - [10/Jul/2026:22:00:41 -0700] "HEAD / HTTP/1.1" 200 4253 "-" "Mozilla/5.0 (Windows NT 10.0; Win64; x64) AppleWebKit/537.36 (KHTML, like Gecko) Chrome/117.0.0.0 Safari/537.36"
203.76.222.92 - - [10/Jul/2026:22:00:47 -0700] "POST /xmlrpc.php HTTP/1.1" 200 4129 "-" "Mozilla/5.0 (Windows NT 6.3; x86) AppleWebKit/537.36 (KHTML, like Gecko) Safari/15.0.0.0 Safari/537.36"
203.76.222.92 - - [10/Jul/2026:22:00:32 -0700] "POST /xmlrpc.php HTTP/1.1" 200 4129 "-" "Mozilla/5.0 (Windows NT 6.3; x86) AppleWebKit/537.36 (KHTML, like Gecko) Opera/68.0.0.0 Safari/537.36"
35.235.84.95 - - [10/Jul/2026:22:01:02 -0700] "POST /wp-cron.php?doing_wp_cron=1783746062.7873399257659912109375 HTTP/1.1" 200 3587 "-" "WordPress/7.0.1; https://vanessavaladezrealty.com"
203.76.222.92 - - [10/Jul/2026:22:01:01 -0700] "POST /xmlrpc.php HTTP/1.1" 200 4129 "-" "Mozilla/5.0 (Windows NT 6.3; x64) AppleWebKit/537.36 (KHTML, like Gecko) Edge/93.0.0.0 Safari/537.36"
203.76.222.92 - - [10/Jul/2026:22:01:17 -0700] "POST /xmlrpc.php HTTP/1.1" 200 4129 "-" "Mozilla/5.0 (Windows NT 10.0; x64) AppleWebKit/537.36 (KHTML, like Gecko) Edge/86.0.0.0 Safari/537.36"
35.235.84.95 - - [10/Jul/2026:22:01:34 -0700] "POST /wp-cron.php?doing_wp_cron=1783746094.6436750888824462890625 HTTP/1.1" 200 3587 "-" "WordPress/7.0.1; https://vanessavaladezrealty.com"
203.76.222.92 - - [10/Jul/2026:22:01:33 -0700] "POST /xmlrpc.php HTTP/1.1" 200 4129 "-" "Mozilla/5.0 (X11; Ubuntu; Linux x86_64; x86) AppleWebKit/537.36 (KHTML, like Gecko) Safari/14.0.0.0 Safari/537.36"
203.76.222.92 - - [10/Jul/2026:22:01:49 -0700] "POST /xmlrpc.php HTTP/1.1" 200 4129 "-" "Mozilla/5.0 (Windows NT 6.3; arm64) AppleWebKit/537.36 (KHTML, like Gecko) Safari/13.0.0.0 Safari/537.36"
136.144.33.100 - - [10/Jul/2026:22:02:03 -0700] "POST /wp-login.php HTTP/1.1" 200 6517 "https://vanessavaladezrealty.com/wp-admin/" "Mozilla/5.0 (Windows NT 10.0; Win64; x64) AppleWebKit/537.36 (KHTML, like Gecko) Chrome/90.0.4430.85 Safari/537.36"
203.76.222.92 - - [10/Jul/2026:22:02:04 -0700] "POST /xmlrpc.php HTTP/1.1" 200 4129 "-" "Mozilla/5.0 (Macintosh; Intel Mac OS X 10_15_7; arm64) AppleWebKit/537.36 (KHTML, like Gecko) Chrome/84.0.0.0 Safari/537.36"
35.235.84.95 - - [10/Jul/2026:22:02:05 -0700] "POST /wp-cron.php?doing_wp_cron=1783746125.8296871185302734375000 HTTP/1.1" 200 3587 "-" "WordPress/7.0.1; https://vanessavaladezrealty.com"
136.144.33.100 - - [10/Jul/2026:22:02:04 -0700] "POST /admin HTTP/1.1" 302 4148 "https://vanessavaladezrealty.com/wp-admin/" "Mozilla/5.0 (Windows NT 10.0; Win64; x64) AppleWebKit/537.36 (KHTML, like Gecko) Chrome/90.0.4430.85 Safari/537.36"
136.144.33.100 - - [10/Jul/2026:22:02:06 -0700] "GET /wp-admin/ HTTP/1.1" 302 3784 "https://vanessavaladezrealty.com/wp-admin/" "Mozilla/5.0 (Windows NT 10.0; Win64; x64) AppleWebKit/537.36 (KHTML, like Gecko) Chrome/90.0.4430.85 Safari/537.36"
136.144.33.100 - - [10/Jul/2026:22:02:07 -0700] "GET /wp-login.php?redirect_to=https%3A%2F%2Fvanessavaladezrealty.com%2Fwp-admin%2F&reauth=1 HTTP/1.1" 200 8365 "https://vanessavaladezrealty.com/wp-admin/" "Mozilla/5.0 (Windows NT 10.0; Win64; x64) AppleWebKit/537.36 (KHTML, like Gecko) Chrome/90.0.4430.85 Safari/537.36"
193.36.225.71 - - [10/Jul/2026:22:02:13 -0700] "POST /wp-login.php HTTP/1.1" 200 6517 "https://vanessavaladezrealty.com/wp-admin/" "Mozilla/5.0 (Windows NT 10.0; Win64; x64) AppleWebKit/537.36 (KHTML, like Gecko) Chrome/90.0.4430.85 Safari/537.36"
193.36.225.71 - - [10/Jul/2026:22:02:14 -0700] "POST /admin HTTP/1.1" 302 4148 "https://vanessavaladezrealty.com/wp-admin/" "Mozilla/5.0 (Windows NT 10.0; Win64; x64) AppleWebKit/537.36 (KHTML, like Gecko) Chrome/90.0.4430.85 Safari/537.36"
193.36.225.71 - - [10/Jul/2026:22:02:15 -0700] "GET /wp-admin/ HTTP/1.1" 302 3784 "https://vanessavaladezrealty.com/wp-admin/" "Mozilla/5.0 (Windows NT 10.0; Win64; x64) AppleWebKit/537.36 (KHTML, like Gecko) Chrome/90.0.4430.85 Safari/537.36"
193.36.225.71 - - [10/Jul/2026:22:02:17 -0700] "GET /wp-login.php?redirect_to=https%3A%2F%2Fvanessavaladezrealty.com%2Fwp-admin%2F&reauth=1 HTTP/1.1" 200 8365 "https://vanessavaladezrealty.com/wp-admin/" "Mozilla/5.0 (Windows NT 10.0; Win64; x64) AppleWebKit/537.36 (KHTML, like Gecko) Chrome/90.0.4430.85 Safari/537.36"
203.76.222.92 - - [10/Jul/2026:22:02:20 -0700] "POST /xmlrpc.php HTTP/1.1" 200 4129 "-" "Mozilla/5.0 (Windows NT 6.2; x64) AppleWebKit/537.36 (KHTML, like Gecko) Chrome/80.0.0.0 Safari/537.36"
136.144.33.112 - - [10/Jul/2026:22:02:21 -0700] "POST /wp-login.php HTTP/1.1" 200 6517 "https://vanessavaladezrealty.com/wp-admin/" "Mozilla/5.0 (Windows NT 10.0; Win64; x64) AppleWebKit/537.36 (KHTML, like Gecko) Chrome/90.0.4430.85 Safari/537.36"
136.144.33.112 - - [10/Jul/2026:22:02:26 -0700] "POST /admin HTTP/1.1" 302 4148 "https://vanessavaladezrealty.com/wp-admin/" "Mozilla/5.0 (Windows NT 10.0; Win64; x64) AppleWebKit/537.36 (KHTML, like Gecko) Chrome/90.0.4430.85 Safari/537.36"
136.144.33.112 - - [10/Jul/2026:22:02:27 -0700] "GET /wp-admin/ HTTP/1.1" 302 3784 "https://vanessavaladezrealty.com/wp-admin/" "Mozilla/5.0 (Windows NT 10.0; Win64; x64) AppleWebKit/537.36 (KHTML, like Gecko) Chrome/90.0.4430.85 Safari/537.36"
136.144.33.112 - - [10/Jul/2026:22:02:28 -0700] "GET /wp-login.php?redirect_to=https%3A%2F%2Fvanessavaladezrealty.com%2Fwp-admin%2F&reauth=1 HTTP/1.1" 200 8365 "https://vanessavaladezrealty.com/wp-admin/" "Mozilla/5.0 (Windows NT 10.0; Win64; x64) AppleWebKit/537.36 (KHTML, like Gecko) Chrome/90.0.4430.85 Safari/537.36"
35.235.84.95 - - [10/Jul/2026:22:02:34 -0700] "POST /wp-cron.php?doing_wp_cron=1783746154.8875839710235595703125 HTTP/1.1" 200 3587 "-" "WordPress/7.0.1; https://vanessavaladezrealty.com"
136.144.33.97 - - [10/Jul/2026:22:02:33 -0700] "POST /wp-login.php HTTP/1.1" 200 6522 "https://vanessavaladezrealty.com/wp-admin/" "Mozilla/5.0 (Windows NT 10.0; Win64; x64) AppleWebKit/537.36 (KHTML, like Gecko) Chrome/90.0.4430.85 Safari/537.36"
136.144.33.97 - - [10/Jul/2026:22:02:35 -0700] "POST /admin HTTP/1.1" 302 4148 "https://vanessavaladezrealty.com/wp-admin/" "Mozilla/5.0 (Windows NT 10.0; Win64; x64) AppleWebKit/537.36 (KHTML, like Gecko) Chrome/90.0.4430.85 Safari/537.36"
203.76.222.92 - - [10/Jul/2026:22:02:36 -0700] "POST /xmlrpc.php HTTP/1.1" 200 4129 "-" "Mozilla/5.0 (Linux; Android 10; arm64) AppleWebKit/537.36 (KHTML, like Gecko) Safari/14.0.0.0 Safari/537.36"
136.144.33.97 - - [10/Jul/2026:22:02:37 -0700] "GET /wp-admin/ HTTP/1.1" 302 3784 "https://vanessavaladezrealty.com/wp-admin/" "Mozilla/5.0 (Windows NT 10.0; Win64; x64) AppleWebKit/537.36 (KHTML, like Gecko) Chrome/90.0.4430.85 Safari/537.36"
136.144.33.97 - - [10/Jul/2026:22:02:39 -0700] "GET /wp-login.php?redirect_to=https%3A%2F%2Fvanessavaladezrealty.com%2Fwp-admin%2F&reauth=1 HTTP/1.1" 200 8365 "https://vanessavaladezrealty.com/wp-admin/" "Mozilla/5.0 (Windows NT 10.0; Win64; x64) AppleWebKit/537.36 (KHTML, like Gecko) Chrome/90.0.4430.85 Safari/537.36"
193.36.225.62 - - [10/Jul/2026:22:02:47 -0700] "POST /admin HTTP/1.1" 302 4148 "https://vanessavaladezrealty.com/wp-admin/" "Mozilla/5.0 (Windows NT 10.0; Win64; x64) AppleWebKit/537.36 (KHTML, like Gecko) Chrome/90.0.4430.85 Safari/537.36"
35.235.84.95 - - [10/Jul/2026:22:02:50 -0700] "POST /wp-cron.php?doing_wp_cron=1783746170.1732449531555175781250 HTTP/1.1" 200 3587 "-" "WordPress/7.0.1; https://vanessavaladezrealty.com"
193.36.225.62 - - [10/Jul/2026:22:02:49 -0700] "GET /wp-admin/ HTTP/1.1" 302 3784 "https://vanessavaladezrealty.com/wp-admin/" "Mozilla/5.0 (Windows NT 10.0; Win64; x64) AppleWebKit/537.36 (KHTML, like Gecko) Chrome/90.0.4430.85 Safari/537.36"
193.36.225.62 - - [10/Jul/2026:22:02:50 -0700] "GET /wp-login.php?redirect_to=https%3A%2F%2Fvanessavaladezrealty.com%2Fwp-admin%2F&reauth=1 HTTP/1.1" 200 8365 "https://vanessavaladezrealty.com/wp-admin/" "Mozilla/5.0 (Windows NT 10.0; Win64; x64) AppleWebKit/537.36 (KHTML, like Gecko) Chrome/90.0.4430.85 Safari/537.36"
136.144.33.97 - - [10/Jul/2026:22:02:55 -0700] "POST /admin HTTP/1.1" 302 4148 "https://vanessavaladezrealty.com/wp-admin/" "Mozilla/5.0 (Windows NT 10.0; Win64; x64) AppleWebKit/537.36 (KHTML, like Gecko) Chrome/90.0.4430.85 Safari/537.36"
193.36.225.62 - - [10/Jul/2026:22:02:46 -0700] "POST /wp-login.php HTTP/1.1" 200 6520 "https://vanessavaladezrealty.com/wp-admin/" "Mozilla/5.0 (Windows NT 10.0; Win64; x64) AppleWebKit/537.36 (KHTML, like Gecko) Chrome/90.0.4430.85 Safari/537.36"
136.144.33.97 - - [10/Jul/2026:22:02:54 -0700] "POST /wp-login.php HTTP/1.1" 200 6519 "https://vanessavaladezrealty.com/wp-admin/" "Mozilla/5.0 (Windows NT 10.0; Win64; x64) AppleWebKit/537.36 (KHTML, like Gecko) Chrome/90.0.4430.85 Safari/537.36"
203.76.222.92 - - [10/Jul/2026:22:02:51 -0700] "POST /xmlrpc.php HTTP/1.1" 200 4129 "-" "Mozilla/5.0 (Windows NT 6.2; arm64) AppleWebKit/537.36 (KHTML, like Gecko) Opera/66.0.0.0 Safari/537.36"
136.144.33.97 - - [10/Jul/2026:22:02:56 -0700] "GET /wp-admin/ HTTP/1.1" 302 3784 "https://vanessavaladezrealty.com/wp-admin/" "Mozilla/5.0 (Windows NT 10.0; Win64; x64) AppleWebKit/537.36 (KHTML, like Gecko) Chrome/90.0.4430.85 Safari/537.36"
136.144.33.97 - - [10/Jul/2026:22:02:57 -0700] "GET /wp-login.php?redirect_to=https%3A%2F%2Fvanessavaladezrealty.com%2Fwp-admin%2F&reauth=1 HTTP/1.1" 200 8365 "https://vanessavaladezrealty.com/wp-admin/" "Mozilla/5.0 (Windows NT 10.0; Win64; x64) AppleWebKit/537.36 (KHTML, like Gecko) Chrome/90.0.4430.85 Safari/537.36"
136.144.33.110 - - [10/Jul/2026:22:03:00 -0700] "POST /wp-login.php HTTP/1.1" 200 6518 "https://vanessavaladezrealty.com/wp-admin/" "Mozilla/5.0 (Windows NT 10.0; Win64; x64) AppleWebKit/537.36 (KHTML, like Gecko) Chrome/90.0.4430.85 Safari/537.36"
136.144.33.110 - - [10/Jul/2026:22:03:01 -0700] "POST /admin HTTP/1.1" 302 4148 "https://vanessavaladezrealty.com/wp-admin/" "Mozilla/5.0 (Windows NT 10.0; Win64; x64) AppleWebKit/537.36 (KHTML, like Gecko) Chrome/90.0.4430.85 Safari/537.36"
136.144.33.110 - - [10/Jul/2026:22:03:02 -0700] "GET /wp-admin/ HTTP/1.1" 302 3784 "https://vanessavaladezrealty.com/wp-admin/" "Mozilla/5.0 (Windows NT 10.0; Win64; x64) AppleWebKit/537.36 (KHTML, like Gecko) Chrome/90.0.4430.85 Safari/537.36"
136.144.33.110 - - [10/Jul/2026:22:03:03 -0700] "GET /wp-login.php?redirect_to=https%3A%2F%2Fvanessavaladezrealty.com%2Fwp-admin%2F&reauth=1 HTTP/1.1" 200 8365 "https://vanessavaladezrealty.com/wp-admin/" "Mozilla/5.0 (Windows NT 10.0; Win64; x64) AppleWebKit/537.36 (KHTML, like Gecko) Chrome/90.0.4430.85 Safari/537.36"
203.76.222.92 - - [10/Jul/2026:22:03:06 -0700] "POST /xmlrpc.php HTTP/1.1" 200 4129 "-" "Mozilla/5.0 (Windows NT 10.0; x64) AppleWebKit/537.36 (KHTML, like Gecko) Edge/97.0.0.0 Safari/537.36"
193.36.225.61 - - [10/Jul/2026:22:03:07 -0700] "POST /wp-login.php HTTP/1.1" 200 6459 "https://vanessavaladezrealty.com/wp-admin/" "Mozilla/5.0 (Windows NT 10.0; Win64; x64) AppleWebKit/537.36 (KHTML, like Gecko) Chrome/90.0.4430.85 Safari/537.36"
193.36.225.61 - - [10/Jul/2026:22:03:08 -0700] "POST /admin HTTP/1.1" 302 4148 "https://vanessavaladezrealty.com/wp-admin/" "Mozilla/5.0 (Windows NT 10.0; Win64; x64) AppleWebKit/537.36 (KHTML, like Gecko) Chrome/90.0.4430.85 Safari/537.36"
193.36.225.61 - - [10/Jul/2026:22:03:09 -0700] "GET /wp-admin/ HTTP/1.1" 302 3784 "https://vanessavaladezrealty.com/wp-admin/" "Mozilla/5.0 (Windows NT 10.0; Win64; x64) AppleWebKit/537.36 (KHTML, like Gecko) Chrome/90.0.4430.85 Safari/537.36"
193.36.225.61 - - [10/Jul/2026:22:03:10 -0700] "GET /wp-login.php?redirect_to=https%3A%2F%2Fvanessavaladezrealty.com%2Fwp-admin%2F&reauth=1 HTTP/1.1" 200 8365 "https://vanessavaladezrealty.com/wp-admin/" "Mozilla/5.0 (Windows NT 10.0; Win64; x64) AppleWebKit/537.36 (KHTML, like Gecko) Chrome/90.0.4430.85 Safari/537.36"
136.144.33.53 - - [10/Jul/2026:22:03:16 -0700] "POST /wp-login.php HTTP/1.1" 200 6522 "https://vanessavaladezrealty.com/wp-admin/" "Mozilla/5.0 (Windows NT 10.0; Win64; x64) AppleWebKit/537.36 (KHTML, like Gecko) Chrome/90.0.4430.85 Safari/537.36"
136.144.33.53 - - [10/Jul/2026:22:03:17 -0700] "POST /admin HTTP/1.1" 302 4148 "https://vanessavaladezrealty.com/wp-admin/" "Mozilla/5.0 (Windows NT 10.0; Win64; x64) AppleWebKit/537.36 (KHTML, like Gecko) Chrome/90.0.4430.85 Safari/537.36"
136.144.33.53 - - [10/Jul/2026:22:03:18 -0700] "GET /wp-admin/ HTTP/1.1" 302 3784 "https://vanessavaladezrealty.com/wp-admin/" "Mozilla/5.0 (Windows NT 10.0; Win64; x64) AppleWebKit/537.36 (KHTML, like Gecko) Chrome/90.0.4430.85 Safari/537.36"
136.144.33.53 - - [10/Jul/2026:22:03:19 -0700] "GET /wp-login.php?redirect_to=https%3A%2F%2Fvanessavaladezrealty.com%2Fwp-admin%2F&reauth=1 HTTP/1.1" 200 8365 "https://vanessavaladezrealty.com/wp-admin/" "Mozilla/5.0 (Windows NT 10.0; Win64; x64) AppleWebKit/537.36 (KHTML, like Gecko) Chrome/90.0.4430.85 Safari/537.36"
203.76.222.92 - - [10/Jul/2026:22:03:20 -0700] "POST /xmlrpc.php HTTP/1.1" 200 4129 "-" "Mozilla/5.0 (Windows NT 10.0; x86) AppleWebKit/537.36 (KHTML, like Gecko) Chrome/112.0.0.0 Safari/537.36"
172.245.102.43 - - [10/Jul/2026:22:03:33 -0700] "POST /wp-login.php HTTP/1.1" 200 6524 "https://vanessavaladezrealty.com/wp-admin/" "Mozilla/5.0 (Windows NT 10.0; Win64; x64) AppleWebKit/537.36 (KHTML, like Gecko) Chrome/90.0.4430.85 Safari/537.36"
172.245.102.43 - - [10/Jul/2026:22:03:34 -0700] "POST /admin HTTP/1.1" 302 4148 "https://vanessavaladezrealty.com/wp-admin/" "Mozilla/5.0 (Windows NT 10.0; Win64; x64) AppleWebKit/537.36 (KHTML, like Gecko) Chrome/90.0.4430.85 Safari/537.36"
172.245.102.43 - - [10/Jul/2026:22:03:35 -0700] "GET /wp-admin/ HTTP/1.1" 302 3784 "https://vanessavaladezrealty.com/wp-admin/" "Mozilla/5.0 (Windows NT 10.0; Win64; x64) AppleWebKit/537.36 (KHTML, like Gecko) Chrome/90.0.4430.85 Safari/537.36"
203.76.222.92 - - [10/Jul/2026:22:03:35 -0700] "POST /xmlrpc.php HTTP/1.1" 200 4129 "-" "Mozilla/5.0 (Linux; Android 10; x86) AppleWebKit/537.36 (KHTML, like Gecko) Opera/72.0.0.0 Safari/537.36"
172.245.102.43 - - [10/Jul/2026:22:03:36 -0700] "GET /wp-login.php?redirect_to=https%3A%2F%2Fvanessavaladezrealty.com%2Fwp-admin%2F&reauth=1 HTTP/1.1" 200 8365 "https://vanessavaladezrealty.com/wp-admin/" "Mozilla/5.0 (Windows NT 10.0; Win64; x64) AppleWebKit/537.36 (KHTML, like Gecko) Chrome/90.0.4430.85 Safari/537.36"
193.36.225.72 - - [10/Jul/2026:22:03:45 -0700] "POST /wp-login.php HTTP/1.1" 200 6522 "https://vanessavaladezrealty.com/wp-admin/" "Mozilla/5.0 (Windows NT 10.0; Win64; x64) AppleWebKit/537.36 (KHTML, like Gecko) Chrome/90.0.4430.85 Safari/537.36"
35.235.84.95 - - [10/Jul/2026:22:03:50 -0700] "POST /wp-cron.php?doing_wp_cron=1783746230.0831470489501953125000 HTTP/1.1" 200 3587 "-" "WordPress/7.0.1; https://vanessavaladezrealty.com"
193.36.225.72 - - [10/Jul/2026:22:03:49 -0700] "POST /admin HTTP/1.1" 302 4148 "https://vanessavaladezrealty.com/wp-admin/" "Mozilla/5.0 (Windows NT 10.0; Win64; x64) AppleWebKit/537.36 (KHTML, like Gecko) Chrome/90.0.4430.85 Safari/537.36"
203.76.222.92 - - [10/Jul/2026:22:03:49 -0700] "POST /xmlrpc.php HTTP/1.1" 200 4129 "-" "Mozilla/5.0 (Windows NT 10.0; x86) AppleWebKit/537.36 (KHTML, like Gecko) Chrome/92.0.0.0 Safari/537.36"
193.36.225.72 - - [10/Jul/2026:22:03:50 -0700] "GET /wp-admin/ HTTP/1.1" 302 3784 "https://vanessavaladezrealty.com/wp-admin/" "Mozilla/5.0 (Windows NT 10.0; Win64; x64) AppleWebKit/537.36 (KHTML, like Gecko) Chrome/90.0.4430.85 Safari/537.36"
193.36.225.72 - - [10/Jul/2026:22:03:51 -0700] "GET /wp-login.php?redirect_to=https%3A%2F%2Fvanessavaladezrealty.com%2Fwp-admin%2F&reauth=1 HTTP/1.1" 200 8365 "https://vanessavaladezrealty.com/wp-admin/" "Mozilla/5.0 (Windows NT 10.0; Win64; x64) AppleWebKit/537.36 (KHTML, like Gecko) Chrome/90.0.4430.85 Safari/537.36"
136.144.33.96 - - [10/Jul/2026:22:03:56 -0700] "POST /wp-login.php HTTP/1.1" 200 6518 "https://vanessavaladezrealty.com/wp-admin/" "Mozilla/5.0 (Windows NT 10.0; Win64; x64) AppleWebKit/537.36 (KHTML, like Gecko) Chrome/90.0.4430.85 Safari/537.36"
136.144.33.96 - - [10/Jul/2026:22:03:57 -0700] "POST /admin HTTP/1.1" 302 4148 "https://vanessavaladezrealty.com/wp-admin/" "Mozilla/5.0 (Windows NT 10.0; Win64; x64) AppleWebKit/537.36 (KHTML, like Gecko) Chrome/90.0.4430.85 Safari/537.36"
136.144.33.96 - - [10/Jul/2026:22:03:58 -0700] "GET /wp-admin/ HTTP/1.1" 302 3784 "https://vanessavaladezrealty.com/wp-admin/" "Mozilla/5.0 (Windows NT 10.0; Win64; x64) AppleWebKit/537.36 (KHTML, like Gecko) Chrome/90.0.4430.85 Safari/537.36"
136.144.33.96 - - [10/Jul/2026:22:03:59 -0700] "GET /wp-login.php?redirect_to=https%3A%2F%2Fvanessavaladezrealty.com%2Fwp-admin%2F&reauth=1 HTTP/1.1" 200 8365 "https://vanessavaladezrealty.com/wp-admin/" "Mozilla/5.0 (Windows NT 10.0; Win64; x64) AppleWebKit/537.36 (KHTML, like Gecko) Chrome/90.0.4430.85 Safari/537.36"
136.144.33.96 - - [10/Jul/2026:22:04:05 -0700] "POST /wp-login.php HTTP/1.1" 200 6518 "https://vanessavaladezrealty.com/wp-admin/" "Mozilla/5.0 (Windows NT 10.0; Win64; x64) AppleWebKit/537.36 (KHTML, like Gecko) Chrome/90.0.4430.85 Safari/537.36"
203.76.222.92 - - [10/Jul/2026:22:04:06 -0700] "POST /xmlrpc.php HTTP/1.1" 200 4129 "-" "Mozilla/5.0 (Windows NT 10.0; x64) AppleWebKit/537.36 (KHTML, like Gecko) Opera/74.0.0.0 Safari/537.36"
136.144.33.96 - - [10/Jul/2026:22:04:07 -0700] "POST /admin HTTP/1.1" 302 4148 "https://vanessavaladezrealty.com/wp-admin/" "Mozilla/5.0 (Windows NT 10.0; Win64; x64) AppleWebKit/537.36 (KHTML, like Gecko) Chrome/90.0.4430.85 Safari/537.36"
136.144.33.96 - - [10/Jul/2026:22:04:08 -0700] "GET /wp-admin/ HTTP/1.1" 302 3784 "https://vanessavaladezrealty.com/wp-admin/" "Mozilla/5.0 (Windows NT 10.0; Win64; x64) AppleWebKit/537.36 (KHTML, like Gecko) Chrome/90.0.4430.85 Safari/537.36"
136.144.33.96 - - [10/Jul/2026:22:04:09 -0700] "GET /wp-login.php?redirect_to=https%3A%2F%2Fvanessavaladezrealty.com%2Fwp-admin%2F&reauth=1 HTTP/1.1" 200 8365 "https://vanessavaladezrealty.com/wp-admin/" "Mozilla/5.0 (Windows NT 10.0; Win64; x64) AppleWebKit/537.36 (KHTML, like Gecko) Chrome/90.0.4430.85 Safari/537.36"
172.245.102.43 - - [10/Jul/2026:22:04:17 -0700] "POST /wp-login.php HTTP/1.1" 200 6517 "https://vanessavaladezrealty.com/wp-admin/" "Mozilla/5.0 (Windows NT 10.0; Win64; x64) AppleWebKit/537.36 (KHTML, like Gecko) Chrome/90.0.4430.85 Safari/537.36"
172.245.102.43 - - [10/Jul/2026:22:04:19 -0700] "POST /admin HTTP/1.1" 302 4148 "https://vanessavaladezrealty.com/wp-admin/" "Mozilla/5.0 (Windows NT 10.0; Win64; x64) AppleWebKit/537.36 (KHTML, like Gecko) Chrome/90.0.4430.85 Safari/537.36"
203.76.222.92 - - [10/Jul/2026:22:04:20 -0700] "POST /xmlrpc.php HTTP/1.1" 200 4129 "-" "Mozilla/5.0 (X11; Ubuntu; Linux x86_64; arm64) AppleWebKit/537.36 (KHTML, like Gecko) Firefox/95.0.0.0 Safari/537.36"
172.245.102.43 - - [10/Jul/2026:22:04:20 -0700] "GET /wp-admin/ HTTP/1.1" 302 3784 "https://vanessavaladezrealty.com/wp-admin/" "Mozilla/5.0 (Windows NT 10.0; Win64; x64) AppleWebKit/537.36 (KHTML, like Gecko) Chrome/90.0.4430.85 Safari/537.36"
172.245.102.43 - - [10/Jul/2026:22:04:22 -0700] "GET /wp-login.php?redirect_to=https%3A%2F%2Fvanessavaladezrealty.com%2Fwp-admin%2F&reauth=1 HTTP/1.1" 200 8365 "https://vanessavaladezrealty.com/wp-admin/" "Mozilla/5.0 (Windows NT 10.0; Win64; x64) AppleWebKit/537.36 (KHTML, like Gecko) Chrome/90.0.4430.85 Safari/537.36"
136.144.33.109 - - [10/Jul/2026:22:04:24 -0700] "POST /wp-login.php HTTP/1.1" 200 6517 "https://vanessavaladezrealty.com/wp-admin/" "Mozilla/5.0 (Windows NT 10.0; Win64; x64) AppleWebKit/537.36 (KHTML, like Gecko) Chrome/90.0.4430.85 Safari/537.36"
136.144.33.109 - - [10/Jul/2026:22:04:25 -0700] "POST /admin HTTP/1.1" 302 4148 "https://vanessavaladezrealty.com/wp-admin/" "Mozilla/5.0 (Windows NT 10.0; Win64; x64) AppleWebKit/537.36 (KHTML, like Gecko) Chrome/90.0.4430.85 Safari/537.36"
136.144.33.109 - - [10/Jul/2026:22:04:27 -0700] "GET /wp-admin/ HTTP/1.1" 302 3784 "https://vanessavaladezrealty.com/wp-admin/" "Mozilla/5.0 (Windows NT 10.0; Win64; x64) AppleWebKit/537.36 (KHTML, like Gecko) Chrome/90.0.4430.85 Safari/537.36"
136.144.33.109 - - [10/Jul/2026:22:04:28 -0700] "GET /wp-login.php?redirect_to=https%3A%2F%2Fvanessavaladezrealty.com%2Fwp-admin%2F&reauth=1 HTTP/1.1" 200 8365 "https://vanessavaladezrealty.com/wp-admin/" "Mozilla/5.0 (Windows NT 10.0; Win64; x64) AppleWebKit/537.36 (KHTML, like Gecko) Chrome/90.0.4430.85 Safari/537.36"
203.76.222.92 - - [10/Jul/2026:22:04:36 -0700] "POST /xmlrpc.php HTTP/1.1" 200 4129 "-" "Mozilla/5.0 (Windows NT 10.0; arm64) AppleWebKit/537.36 (KHTML, like Gecko) Chrome/98.0.0.0 Safari/537.36"
172.245.102.41 - - [10/Jul/2026:22:04:38 -0700] "POST /wp-login.php HTTP/1.1" 200 6518 "https://vanessavaladezrealty.com/wp-admin/" "Mozilla/5.0 (Windows NT 10.0; Win64; x64) AppleWebKit/537.36 (KHTML, like Gecko) Chrome/90.0.4430.85 Safari/537.36"
172.245.102.41 - - [10/Jul/2026:22:04:39 -0700] "POST /admin HTTP/1.1" 302 4148 "https://vanessavaladezrealty.com/wp-admin/" "Mozilla/5.0 (Windows NT 10.0; Win64; x64) AppleWebKit/537.36 (KHTML, like Gecko) Chrome/90.0.4430.85 Safari/537.36"
172.245.102.41 - - [10/Jul/2026:22:04:40 -0700] "GET /wp-admin/ HTTP/1.1" 302 3784 "https://vanessavaladezrealty.com/wp-admin/" "Mozilla/5.0 (Windows NT 10.0; Win64; x64) AppleWebKit/537.36 (KHTML, like Gecko) Chrome/90.0.4430.85 Safari/537.36"
172.245.102.41 - - [10/Jul/2026:22:04:42 -0700] "GET /wp-login.php?redirect_to=https%3A%2F%2Fvanessavaladezrealty.com%2Fwp-admin%2F&reauth=1 HTTP/1.1" 200 8365 "https://vanessavaladezrealty.com/wp-admin/" "Mozilla/5.0 (Windows NT 10.0; Win64; x64) AppleWebKit/537.36 (KHTML, like Gecko) Chrome/90.0.4430.85 Safari/537.36"
172.245.102.42 - - [10/Jul/2026:22:04:48 -0700] "POST /admin HTTP/1.1" 302 4148 "https://vanessavaladezrealty.com/wp-admin/" "Mozilla/5.0 (Windows NT 10.0; Win64; x64) AppleWebKit/537.36 (KHTML, like Gecko) Chrome/90.0.4430.85 Safari/537.36"
35.235.84.95 - - [10/Jul/2026:22:04:50 -0700] "POST /wp-cron.php?doing_wp_cron=1783746290.7515099048614501953125 HTTP/1.1" 200 3587 "-" "WordPress/7.0.1; https://vanessavaladezrealty.com"
172.245.102.42 - - [10/Jul/2026:22:04:49 -0700] "GET /wp-admin/ HTTP/1.1" 302 3784 "https://vanessavaladezrealty.com/wp-admin/" "Mozilla/5.0 (Windows NT 10.0; Win64; x64) AppleWebKit/537.36 (KHTML, like Gecko) Chrome/90.0.4430.85 Safari/537.36"
136.144.33.101 - - [10/Jul/2026:22:04:55 -0700] "POST /wp-login.php HTTP/1.1" 200 6518 "https://vanessavaladezrealty.com/wp-admin/" "Mozilla/5.0 (Windows NT 10.0; Win64; x64) AppleWebKit/537.36 (KHTML, like Gecko) Chrome/90.0.4430.85 Safari/537.36"
136.144.33.101 - - [10/Jul/2026:22:04:56 -0700] "POST /admin HTTP/1.1" 302 4148 "https://vanessavaladezrealty.com/wp-admin/" "Mozilla/5.0 (Windows NT 10.0; Win64; x64) AppleWebKit/537.36 (KHTML, like Gecko) Chrome/90.0.4430.85 Safari/537.36"
157.100.61.49 - - [10/Jul/2026:22:04:56 -0700] "GET /properties/?pid=127&wplview=property_show HTTP/1.1" 200 35813 "-" "Mozilla/5.0 (Macintosh; Intel Mac OS X 10_15_7) AppleWebKit/537.36 (KHTML, like Gecko) Chrome/89.0.4389.105 Safari/537.36"
136.144.33.101 - - [10/Jul/2026:22:04:57 -0700] "GET /wp-admin/ HTTP/1.1" 302 3784 "https://vanessavaladezrealty.com/wp-admin/" "Mozilla/5.0 (Windows NT 10.0; Win64; x64) AppleWebKit/537.36 (KHTML, like Gecko) Chrome/90.0.4430.85 Safari/537.36"
136.144.33.101 - - [10/Jul/2026:22:04:59 -0700] "GET /wp-login.php?redirect_to=https%3A%2F%2Fvanessavaladezrealty.com%2Fwp-admin%2F&reauth=1 HTTP/1.1" 200 8365 "https://vanessavaladezrealty.com/wp-admin/" "Mozilla/5.0 (Windows NT 10.0; Win64; x64) AppleWebKit/537.36 (KHTML, like Gecko) Chrome/90.0.4430.85 Safari/537.36"
136.144.33.98 - - [10/Jul/2026:22:05:05 -0700] "POST /admin HTTP/1.1" 302 4148 "https://vanessavaladezrealty.com/wp-admin/" "Mozilla/5.0 (Windows NT 10.0; Win64; x64) AppleWebKit/537.36 (KHTML, like Gecko) Chrome/90.0.4430.85 Safari/537.36"
136.144.33.98 - - [10/Jul/2026:22:05:07 -0700] "GET /wp-admin/ HTTP/1.1" 302 3784 "https://vanessavaladezrealty.com/wp-admin/" "Mozilla/5.0 (Windows NT 10.0; Win64; x64) AppleWebKit/537.36 (KHTML, like Gecko) Chrome/90.0.4430.85 Safari/537.36"
136.144.33.98 - - [10/Jul/2026:22:05:08 -0700] "GET /wp-login.php?redirect_to=https%3A%2F%2Fvanessavaladezrealty.com%2Fwp-admin%2F&reauth=1 HTTP/1.1" 200 8365 "https://vanessavaladezrealty.com/wp-admin/" "Mozilla/5.0 (Windows NT 10.0; Win64; x64) AppleWebKit/537.36 (KHTML, like Gecko) Chrome/90.0.4430.85 Safari/537.36"
203.76.222.92 - - [10/Jul/2026:22:05:05 -0700] "POST /xmlrpc.php HTTP/1.1" 200 4129 "-" "Mozilla/5.0 (Windows NT 10.0; x86) AppleWebKit/537.36 (KHTML, like Gecko) Firefox/100.0.0.0 Safari/537.36"
136.144.33.98 - - [10/Jul/2026:22:05:04 -0700] "POST /wp-login.php HTTP/1.1" 200 6519 "https://vanessavaladezrealty.com/wp-admin/" "Mozilla/5.0 (Windows NT 10.0; Win64; x64) AppleWebKit/537.36 (KHTML, like Gecko) Chrome/90.0.4430.85 Safari/537.36"
203.76.222.92 - - [10/Jul/2026:22:04:50 -0700] "POST /xmlrpc.php HTTP/1.1" 200 4129 "-" "Mozilla/5.0 (Windows NT 6.3; x64) AppleWebKit/537.36 (KHTML, like Gecko) Safari/12.0.0.0 Safari/537.36"
172.245.102.42 - - [10/Jul/2026:22:04:50 -0700] "GET /wp-login.php?redirect_to=https%3A%2F%2Fvanessavaladezrealty.com%2Fwp-admin%2F&reauth=1 HTTP/1.1" 200 8365 "https://vanessavaladezrealty.com/wp-admin/" "Mozilla/5.0 (Windows NT 10.0; Win64; x64) AppleWebKit/537.36 (KHTML, like Gecko) Chrome/90.0.4430.85 Safari/537.36"
172.245.102.42 - - [10/Jul/2026:22:04:46 -0700] "POST /wp-login.php HTTP/1.1" 200 6518 "https://vanessavaladezrealty.com/wp-admin/" "Mozilla/5.0 (Windows NT 10.0; Win64; x64) AppleWebKit/537.36 (KHTML, like Gecko) Chrome/90.0.4430.85 Safari/537.36"
193.36.225.62 - - [10/Jul/2026:22:05:16 -0700] "POST /wp-login.php HTTP/1.1" 200 6519 "https://vanessavaladezrealty.com/wp-admin/" "Mozilla/5.0 (Windows NT 10.0; Win64; x64) AppleWebKit/537.36 (KHTML, like Gecko) Chrome/90.0.4430.85 Safari/537.36"
193.36.225.62 - - [10/Jul/2026:22:05:17 -0700] "POST /admin HTTP/1.1" 302 4148 "https://vanessavaladezrealty.com/wp-admin/" "Mozilla/5.0 (Windows NT 10.0; Win64; x64) AppleWebKit/537.36 (KHTML, like Gecko) Chrome/90.0.4430.85 Safari/537.36"
193.36.225.62 - - [10/Jul/2026:22:05:18 -0700] "GET /wp-admin/ HTTP/1.1" 302 3784 "https://vanessavaladezrealty.com/wp-admin/" "Mozilla/5.0 (Windows NT 10.0; Win64; x64) AppleWebKit/537.36 (KHTML, like Gecko) Chrome/90.0.4430.85 Safari/537.36"
203.76.222.92 - - [10/Jul/2026:22:05:19 -0700] "POST /xmlrpc.php HTTP/1.1" 200 4129 "-" "Mozilla/5.0 (Linux; Android 10; x64) AppleWebKit/537.36 (KHTML, like Gecko) Edge/82.0.0.0 Safari/537.36"
193.36.225.62 - - [10/Jul/2026:22:05:19 -0700] "GET /wp-login.php?redirect_to=https%3A%2F%2Fvanessavaladezrealty.com%2Fwp-admin%2F&reauth=1 HTTP/1.1" 200 8365 "https://vanessavaladezrealty.com/wp-admin/" "Mozilla/5.0 (Windows NT 10.0; Win64; x64) AppleWebKit/537.36 (KHTML, like Gecko) Chrome/90.0.4430.85 Safari/537.36"
193.36.225.69 - - [10/Jul/2026:22:05:26 -0700] "POST /wp-login.php HTTP/1.1" 200 6523 "https://vanessavaladezrealty.com/wp-admin/" "Mozilla/5.0 (Windows NT 10.0; Win64; x64) AppleWebKit/537.36 (KHTML, like Gecko) Chrome/90.0.4430.85 Safari/537.36"
193.36.225.69 - - [10/Jul/2026:22:05:28 -0700] "POST /admin HTTP/1.1" 302 4148 "https://vanessavaladezrealty.com/wp-admin/" "Mozilla/5.0 (Windows NT 10.0; Win64; x64) AppleWebKit/537.36 (KHTML, like Gecko) Chrome/90.0.4430.85 Safari/537.36"
193.36.225.69 - - [10/Jul/2026:22:05:29 -0700] "GET /wp-admin/ HTTP/1.1" 302 3784 "https://vanessavaladezrealty.com/wp-admin/" "Mozilla/5.0 (Windows NT 10.0; Win64; x64) AppleWebKit/537.36 (KHTML, like Gecko) Chrome/90.0.4430.85 Safari/537.36"
193.36.225.69 - - [10/Jul/2026:22:05:30 -0700] "GET /wp-login.php?redirect_to=https%3A%2F%2Fvanessavaladezrealty.com%2Fwp-admin%2F&reauth=1 HTTP/1.1" 200 8365 "https://vanessavaladezrealty.com/wp-admin/" "Mozilla/5.0 (Windows NT 10.0; Win64; x64) AppleWebKit/537.36 (KHTML, like Gecko) Chrome/90.0.4430.85 Safari/537.36"
203.76.222.92 - - [10/Jul/2026:22:05:36 -0700] "POST /xmlrpc.php HTTP/1.1" 200 4129 "-" "Mozilla/5.0 (Windows NT 10.0; x86) AppleWebKit/537.36 (KHTML, like Gecko) Firefox/90.0.0.0 Safari/537.36"
172.245.102.45 - - [10/Jul/2026:22:05:40 -0700] "POST /wp-login.php HTTP/1.1" 200 6525 "https://vanessavaladezrealty.com/wp-admin/" "Mozilla/5.0 (Windows NT 10.0; Win64; x64) AppleWebKit/537.36 (KHTML, like Gecko) Chrome/90.0.4430.85 Safari/537.36"
172.245.102.45 - - [10/Jul/2026:22:05:41 -0700] "POST /admin HTTP/1.1" 302 4148 "https://vanessavaladezrealty.com/wp-admin/" "Mozilla/5.0 (Windows NT 10.0; Win64; x64) AppleWebKit/537.36 (KHTML, like Gecko) Chrome/90.0.4430.85 Safari/537.36"
172.245.102.45 - - [10/Jul/2026:22:05:43 -0700] "GET /wp-admin/ HTTP/1.1" 302 3784 "https://vanessavaladezrealty.com/wp-admin/" "Mozilla/5.0 (Windows NT 10.0; Win64; x64) AppleWebKit/537.36 (KHTML, like Gecko) Chrome/90.0.4430.85 Safari/537.36"
172.245.102.45 - - [10/Jul/2026:22:05:45 -0700] "GET /wp-login.php?redirect_to=https%3A%2F%2Fvanessavaladezrealty.com%2Fwp-admin%2F&reauth=1 HTTP/1.1" 200 8365 "https://vanessavaladezrealty.com/wp-admin/" "Mozilla/5.0 (Windows NT 10.0; Win64; x64) AppleWebKit/537.36 (KHTML, like Gecko) Chrome/90.0.4430.85 Safari/537.36"
136.144.33.100 - - [10/Jul/2026:22:05:48 -0700] "POST /wp-login.php HTTP/1.1" 200 6516 "https://vanessavaladezrealty.com/wp-admin/" "Mozilla/5.0 (Windows NT 10.0; Win64; x64) AppleWebKit/537.36 (KHTML, like Gecko) Chrome/90.0.4430.85 Safari/537.36"
35.235.84.95 - - [10/Jul/2026:22:05:50 -0700] "POST /wp-cron.php?doing_wp_cron=1783746350.9641149044036865234375 HTTP/1.1" 200 3587 "-" "WordPress/7.0.1; https://vanessavaladezrealty.com"
203.76.222.92 - - [10/Jul/2026:22:05:50 -0700] "POST /xmlrpc.php HTTP/1.1" 200 4129 "-" "Mozilla/5.0 (Macintosh; Intel Mac OS X 10_15_7; x64) AppleWebKit/537.36 (KHTML, like Gecko) Firefox/78.0.0.0 Safari/537.36"
136.144.33.100 - - [10/Jul/2026:22:05:51 -0700] "POST /admin HTTP/1.1" 302 4148 "https://vanessavaladezrealty.com/wp-admin/" "Mozilla/5.0 (Windows NT 10.0; Win64; x64) AppleWebKit/537.36 (KHTML, like Gecko) Chrome/90.0.4430.85 Safari/537.36"
136.144.33.100 - - [10/Jul/2026:22:05:52 -0700] "GET /wp-admin/ HTTP/1.1" 302 3784 "https://vanessavaladezrealty.com/wp-admin/" "Mozilla/5.0 (Windows NT 10.0; Win64; x64) AppleWebKit/537.36 (KHTML, like Gecko) Chrome/90.0.4430.85 Safari/537.36"
136.144.33.100 - - [10/Jul/2026:22:05:53 -0700] "GET /wp-login.php?redirect_to=https%3A%2F%2Fvanessavaladezrealty.com%2Fwp-admin%2F&reauth=1 HTTP/1.1" 200 8365 "https://vanessavaladezrealty.com/wp-admin/" "Mozilla/5.0 (Windows NT 10.0; Win64; x64) AppleWebKit/537.36 (KHTML, like Gecko) Chrome/90.0.4430.85 Safari/537.36"
193.36.225.70 - - [10/Jul/2026:22:06:00 -0700] "POST /wp-login.php HTTP/1.1" 200 6521 "https://vanessavaladezrealty.com/wp-admin/" "Mozilla/5.0 (Windows NT 10.0; Win64; x64) AppleWebKit/537.36 (KHTML, like Gecko) Chrome/90.0.4430.85 Safari/537.36"
193.36.225.70 - - [10/Jul/2026:22:06:01 -0700] "POST /admin HTTP/1.1" 302 4148 "https://vanessavaladezrealty.com/wp-admin/" "Mozilla/5.0 (Windows NT 10.0; Win64; x64) AppleWebKit/537.36 (KHTML, like Gecko) Chrome/90.0.4430.85 Safari/537.36"
193.36.225.70 - - [10/Jul/2026:22:06:02 -0700] "GET /wp-admin/ HTTP/1.1" 302 3784 "https://vanessavaladezrealty.com/wp-admin/" "Mozilla/5.0 (Windows NT 10.0; Win64; x64) AppleWebKit/537.36 (KHTML, like Gecko) Chrome/90.0.4430.85 Safari/537.36"
193.36.225.70 - - [10/Jul/2026:22:06:03 -0700] "GET /wp-login.php?redirect_to=https%3A%2F%2Fvanessavaladezrealty.com%2Fwp-admin%2F&reauth=1 HTTP/1.1" 200 8365 "https://vanessavaladezrealty.com/wp-admin/" "Mozilla/5.0 (Windows NT 10.0; Win64; x64) AppleWebKit/537.36 (KHTML, like Gecko) Chrome/90.0.4430.85 Safari/537.36"
203.76.222.92 - - [10/Jul/2026:22:06:05 -0700] "POST /xmlrpc.php HTTP/1.1" 200 4129 "-" "Mozilla/5.0 (Linux; Android 10; arm64) AppleWebKit/537.36 (KHTML, like Gecko) Chrome/109.0.0.0 Safari/537.36"
193.36.225.65 - - [10/Jul/2026:22:06:07 -0700] "POST /wp-login.php HTTP/1.1" 200 6522 "https://vanessavaladezrealty.com/wp-admin/" "Mozilla/5.0 (Windows NT 10.0; Win64; x64) AppleWebKit/537.36 (KHTML, like Gecko) Chrome/90.0.4430.85 Safari/537.36"
193.36.225.65 - - [10/Jul/2026:22:06:09 -0700] "GET /wp-admin/ HTTP/1.1" 302 3784 "https://vanessavaladezrealty.com/wp-admin/" "Mozilla/5.0 (Windows NT 10.0; Win64; x64) AppleWebKit/537.36 (KHTML, like Gecko) Chrome/90.0.4430.85 Safari/537.36"
193.36.225.65 - - [10/Jul/2026:22:06:10 -0700] "GET /wp-login.php?redirect_to=https%3A%2F%2Fvanessavaladezrealty.com%2Fwp-admin%2F&reauth=1 HTTP/1.1" 200 8365 "https://vanessavaladezrealty.com/wp-admin/" "Mozilla/5.0 (Windows NT 10.0; Win64; x64) AppleWebKit/537.36 (KHTML, like Gecko) Chrome/90.0.4430.85 Safari/537.36"
193.36.225.65 - - [10/Jul/2026:22:06:08 -0700] "POST /admin HTTP/1.1" 302 4148 "https://vanessavaladezrealty.com/wp-admin/" "Mozilla/5.0 (Windows NT 10.0; Win64; x64) AppleWebKit/537.36 (KHTML, like Gecko) Chrome/90.0.4430.85 Safari/537.36"
