91.89.245.198 - - [10/Jul/2026:11:32:08 -0700] "POST /xmlrpc.php HTTP/1.1" 403 4352 "-" "WordPress.com; https://wordpress.com"
203.76.222.92 - - [10/Jul/2026:11:32:10 -0700] "POST /xmlrpc.php HTTP/1.1" 200 4129 "-" "Mozilla/5.0 (Windows NT 6.2; arm64) AppleWebKit/537.36 (KHTML, like Gecko) Safari/12.0.0.0 Safari/537.36"
91.89.245.198 - - [10/Jul/2026:11:32:18 -0700] "POST /xmlrpc.php HTTP/1.1" 200 4129 "-" "Jetpack/12.5; WordPress/6.3; http://site27479729.com"
203.76.222.92 - - [10/Jul/2026:11:32:27 -0700] "POST /xmlrpc.php HTTP/1.1" 200 4129 "-" "Mozilla/5.0 (Windows NT 6.2; x86) AppleWebKit/537.36 (KHTML, like Gecko) Edge/99.0.0.0 Safari/537.36"
35.235.84.95 - - [10/Jul/2026:11:32:30 -0700] "POST /wp-cron.php?doing_wp_cron=1783708350.3458480834960937500000 HTTP/1.1" 200 3587 "-" "WordPress/7.0.1; https://vanessavaladezrealty.com"
91.89.245.198 - - [10/Jul/2026:11:32:29 -0700] "POST /xmlrpc.php HTTP/1.1" 200 4129 "-" "Jetpack/12.1; WordPress/6.3; http://site99834438.com"
203.76.222.92 - - [10/Jul/2026:11:32:45 -0700] "POST /xmlrpc.php HTTP/1.1" 200 4129 "-" "Mozilla/5.0 (Windows NT 6.2; x86) AppleWebKit/537.36 (KHTML, like Gecko) Firefox/84.0.0.0 Safari/537.36"
35.235.84.95 - - [10/Jul/2026:11:32:51 -0700] "POST /wp-cron.php?doing_wp_cron=1783708371.6809749603271484375000 HTTP/1.1" 200 3587 "-" "WordPress/7.0.1; https://vanessavaladezrealty.com"
206.189.124.134 - - [10/Jul/2026:11:32:54 -0700] "GET / HTTP/1.1" 200 38354 "-" "Mozilla/5.0 (X11; Linux x86_64) AppleWebKit/537.36 (KHTML, like Gecko) Chrome/142.0.0.0 Safari/537.36"
91.89.245.198 - - [10/Jul/2026:11:32:50 -0700] "POST /xmlrpc.php HTTP/1.1" 200 4129 "-" "Jetpack by WordPress.com (Jetpack 12.1; WordPress 6.2)"
91.89.245.198 - - [10/Jul/2026:11:32:39 -0700] "POST /xmlrpc.php HTTP/1.1" 403 4352 "-" "Jetpack by WordPress.com"
206.189.124.134 - - [10/Jul/2026:11:33:00 -0700] "GET /wp-content/uploads/2021/12/cropped-cropped-Vanessa_Valadez_Logo-removebg-preview-5-32x32.png HTTP/1.1" 200 3620 "https://vanessavaladezrealty.com/" "Mozilla/5.0 (X11; Linux x86_64) AppleWebKit/537.36 (KHTML, like Gecko) Chrome/142.0.0.0 Safari/537.36"
206.189.124.134 - - [10/Jul/2026:11:33:00 -0700] "GET /wp-content/uploads/2021/12/cropped-cropped-Vanessa_Valadez_Logo-removebg-preview-5-32x32.png HTTP/1.1" 200 1774 "https://vanessavaladezrealty.com/" "Mozilla/5.0 (X11; Linux x86_64) AppleWebKit/537.36 (KHTML, like Gecko) Chrome/142.0.0.0 Safari/537.36"
91.89.245.198 - - [10/Jul/2026:11:33:01 -0700] "POST /xmlrpc.php HTTP/1.1" 403 4352 "-" "Jetpack by WordPress.com"
203.76.222.92 - - [10/Jul/2026:11:33:00 -0700] "POST /xmlrpc.php HTTP/1.1" 200 4129 "-" "Mozilla/5.0 (Macintosh; Intel Mac OS X 10_15_7; arm64) AppleWebKit/537.36 (KHTML, like Gecko) Chrome/88.0.0.0 Safari/537.36"
91.89.245.198 - - [10/Jul/2026:11:33:11 -0700] "POST /xmlrpc.php HTTP/1.1" 200 4129 "-" "Jetpack/13.0; WordPress/6.2; http://site20734289.com"
203.76.222.92 - - [10/Jul/2026:11:33:20 -0700] "POST /xmlrpc.php HTTP/1.1" 200 4129 "-" "Mozilla/5.0 (Windows NT 6.2; x86) AppleWebKit/537.36 (KHTML, like Gecko) Edge/95.0.0.0 Safari/537.36"
91.89.245.198 - - [10/Jul/2026:11:33:22 -0700] "POST /xmlrpc.php HTTP/1.1" 403 4352 "-" "Jetpack by WordPress.com"
91.89.245.198 - - [10/Jul/2026:11:33:43 -0700] "POST /xmlrpc.php HTTP/1.1" 403 4352 "-" "Jetpack by WordPress.com"
91.89.245.198 - - [10/Jul/2026:11:33:33 -0700] "POST /xmlrpc.php HTTP/1.1" 200 4129 "-" "Jetpack/12.5; WordPress/6.4; http://site74156381.com"
35.235.84.95 - - [10/Jul/2026:11:33:54 -0700] "POST /wp-cron.php?doing_wp_cron=1783708434.3625409603118896484375 HTTP/1.1" 200 3587 "-" "WordPress/7.0.1; https://vanessavaladezrealty.com"
203.76.222.92 - - [10/Jul/2026:11:33:53 -0700] "POST /xmlrpc.php HTTP/1.1" 200 4129 "-" "Mozilla/5.0 (Linux; Android 10; x86) AppleWebKit/537.36 (KHTML, like Gecko) Opera/70.0.0.0 Safari/537.36"
91.89.245.198 - - [10/Jul/2026:11:33:54 -0700] "POST /xmlrpc.php HTTP/1.1" 200 4129 "-" "Jetpack by WordPress.com (Jetpack 12.1; WordPress 6.2)"
203.76.222.92 - - [10/Jul/2026:11:33:37 -0700] "POST /xmlrpc.php HTTP/1.1" 200 4129 "-" "Mozilla/5.0 (Macintosh; Intel Mac OS X 10_15_7; arm64) AppleWebKit/537.36 (KHTML, like Gecko) Firefox/84.0.0.0 Safari/537.36"
91.89.245.198 - - [10/Jul/2026:11:34:04 -0700] "POST /xmlrpc.php HTTP/1.1" 200 4129 "-" "Jetpack by WordPress.com (Jetpack 12.5; WordPress 6.3)"
203.76.222.92 - - [10/Jul/2026:11:34:10 -0700] "POST /xmlrpc.php HTTP/1.1" 200 4129 "-" "Mozilla/5.0 (Windows NT 6.2; arm64) AppleWebKit/537.36 (KHTML, like Gecko) Safari/15.0.0.0 Safari/537.36"
91.89.245.198 - - [10/Jul/2026:11:34:15 -0700] "POST /xmlrpc.php HTTP/1.1" 403 4352 "-" "Jetpack by WordPress.com"
91.89.245.198 - - [10/Jul/2026:11:34:26 -0700] "POST /xmlrpc.php HTTP/1.1" 403 4352 "-" "WordPress.com; https://wordpress.com"
203.76.222.92 - - [10/Jul/2026:11:34:29 -0700] "POST /xmlrpc.php HTTP/1.1" 200 4129 "-" "Mozilla/5.0 (Windows NT 6.2; arm64) AppleWebKit/537.36 (KHTML, like Gecko) Firefox/76.0.0.0 Safari/537.36"
91.89.245.198 - - [10/Jul/2026:11:34:36 -0700] "POST /xmlrpc.php HTTP/1.1" 403 4352 "-" "Jetpack by WordPress.com"
203.76.222.92 - - [10/Jul/2026:11:34:46 -0700] "POST /xmlrpc.php HTTP/1.1" 200 4129 "-" "Mozilla/5.0 (Linux; Android 10; x64) AppleWebKit/537.36 (KHTML, like Gecko) Edge/100.0.0.0 Safari/537.36"
91.89.245.198 - - [10/Jul/2026:11:34:47 -0700] "POST /xmlrpc.php HTTP/1.1" 200 4129 "-" "Jetpack by WordPress.com (Jetpack 12.5; WordPress 6.2)"
35.235.84.95 - - [10/Jul/2026:11:34:58 -0700] "POST /wp-cron.php?doing_wp_cron=1783708498.9436619281768798828125 HTTP/1.1" 200 3587 "-" "WordPress/7.0.1; https://vanessavaladezrealty.com"
91.89.245.198 - - [10/Jul/2026:11:34:57 -0700] "POST /xmlrpc.php HTTP/1.1" 200 4129 "-" "Jetpack/13.0; WordPress/6.2; http://site42113270.com"
203.76.222.92 - - [10/Jul/2026:11:35:03 -0700] "POST /xmlrpc.php HTTP/1.1" 200 4129 "-" "Mozilla/5.0 (X11; Ubuntu; Linux x86_64; arm64) AppleWebKit/537.36 (KHTML, like Gecko) Safari/10.0.0.0 Safari/537.36"
91.89.245.198 - - [10/Jul/2026:11:35:08 -0700] "POST /xmlrpc.php HTTP/1.1" 403 4352 "-" "WordPress.com; https://wordpress.com"
91.89.245.198 - - [10/Jul/2026:11:35:19 -0700] "POST /xmlrpc.php HTTP/1.1" 200 4129 "-" "Jetpack/13.0; WordPress/6.1; http://site79006932.com"
203.76.222.92 - - [10/Jul/2026:11:35:20 -0700] "POST /xmlrpc.php HTTP/1.1" 200 4129 "-" "Mozilla/5.0 (Windows NT 6.3; x64) AppleWebKit/537.36 (KHTML, like Gecko) Firefox/73.0.0.0 Safari/537.36"
91.89.245.198 - - [10/Jul/2026:11:35:29 -0700] "POST /xmlrpc.php HTTP/1.1" 200 4129 "-" "Jetpack by WordPress.com (Jetpack 12.0; WordPress 6.3)"
203.76.222.92 - - [10/Jul/2026:11:35:37 -0700] "POST /xmlrpc.php HTTP/1.1" 200 4129 "-" "Mozilla/5.0 (X11; Ubuntu; Linux x86_64; arm64) AppleWebKit/537.36 (KHTML, like Gecko) Safari/11.0.0.0 Safari/537.36"
91.89.245.198 - - [10/Jul/2026:11:35:40 -0700] "POST /xmlrpc.php HTTP/1.1" 200 4129 "-" "Jetpack by WordPress.com (Jetpack 12.0; WordPress 6.4)"
91.89.245.198 - - [10/Jul/2026:11:35:50 -0700] "POST /xmlrpc.php HTTP/1.1" 403 4352 "-" "WordPress.com; https://wordpress.com"
35.235.84.95 - - [10/Jul/2026:11:35:53 -0700] "POST /wp-cron.php?doing_wp_cron=1783708553.1006870269775390625000 HTTP/1.1" 200 3587 "-" "WordPress/7.0.1; https://vanessavaladezrealty.com"
114.119.153.188 - - [10/Jul/2026:11:35:52 -0700] "GET /properties/129-Residential-2726-River-Ranch-Place-8-Rooms-3-Bedrooms-3-Bathrooms-USD363-900 HTTP/1.1" 301 4204 "https://vanessavaladezrealty.com/properties/vanessavaladez?wplpage=4" "Mozilla/5.0 (Linux; Android 7.0;) AppleWebKit/537.36 (HTML, like Gecko) Mobile Safari/537.36 (compatible; PetalBot;+https://webmaster.petalsearch.com/site/petalbot)"
203.76.222.92 - - [10/Jul/2026:11:35:53 -0700] "POST /xmlrpc.php HTTP/1.1" 200 4129 "-" "Mozilla/5.0 (Macintosh; Intel Mac OS X 10_15_7; x64) AppleWebKit/537.36 (KHTML, like Gecko) Opera/78.0.0.0 Safari/537.36"
114.119.153.188 - - [10/Jul/2026:11:35:53 -0700] "GET /properties/129-Residential-2726-River-Ranch-Place-8-Rooms-3-Bedrooms-3-Bathrooms-USD363-900/ HTTP/1.1" 200 33045 "https://vanessavaladezrealty.com/properties/vanessavaladez?wplpage=4" "Mozilla/5.0 (Linux; Android 7.0;) AppleWebKit/537.36 (HTML, like Gecko) Mobile Safari/537.36 (compatible; PetalBot;+https://webmaster.petalsearch.com/site/petalbot)"
91.89.245.198 - - [10/Jul/2026:11:36:01 -0700] "POST /xmlrpc.php HTTP/1.1" 200 4129 "-" "Jetpack by WordPress.com (Jetpack 12.1; WordPress 6.2)"
203.76.222.92 - - [10/Jul/2026:11:36:09 -0700] "POST /xmlrpc.php HTTP/1.1" 200 4129 "-" "Mozilla/5.0 (Windows NT 6.2; arm64) AppleWebKit/537.36 (KHTML, like Gecko) Chrome/89.0.0.0 Safari/537.36"
91.89.245.198 - - [10/Jul/2026:11:36:12 -0700] "POST /xmlrpc.php HTTP/1.1" 200 4129 "-" "Jetpack by WordPress.com (Jetpack 13.0; WordPress 6.2)"
91.89.245.198 - - [10/Jul/2026:11:36:22 -0700] "POST /xmlrpc.php HTTP/1.1" 403 4352 "-" "Jetpack by WordPress.com"
35.235.84.95 - - [10/Jul/2026:11:36:25 -0700] "POST /wp-cron.php?doing_wp_cron=1783708585.8864150047302246093750 HTTP/1.1" 200 3587 "-" "WordPress/7.0.1; https://vanessavaladezrealty.com"
203.76.222.92 - - [10/Jul/2026:11:36:24 -0700] "POST /xmlrpc.php HTTP/1.1" 200 4129 "-" "Mozilla/5.0 (Macintosh; Intel Mac OS X 10_15_7; arm64) AppleWebKit/537.36 (KHTML, like Gecko) Chrome/92.0.0.0 Safari/537.36"
91.89.245.198 - - [10/Jul/2026:11:36:33 -0700] "POST /xmlrpc.php HTTP/1.1" 200 4129 "-" "Jetpack/12.1; WordPress/6.2; http://site12577173.com"
203.76.222.92 - - [10/Jul/2026:11:36:41 -0700] "POST /xmlrpc.php HTTP/1.1" 200 4129 "-" "Mozilla/5.0 (Linux; Android 10; x64) AppleWebKit/537.36 (KHTML, like Gecko) Chrome/111.0.0.0 Safari/537.36"
91.89.245.198 - - [10/Jul/2026:11:36:44 -0700] "POST /xmlrpc.php HTTP/1.1" 200 4129 "-" "Jetpack/13.0; WordPress/6.1; http://site82597163.com"
91.89.245.198 - - [10/Jul/2026:11:36:54 -0700] "POST /xmlrpc.php HTTP/1.1" 200 4129 "-" "Jetpack by WordPress.com (Jetpack 12.0; WordPress 6.4)"
203.76.222.92 - - [10/Jul/2026:11:36:58 -0700] "POST /xmlrpc.php HTTP/1.1" 200 4129 "-" "Mozilla/5.0 (X11; Ubuntu; Linux x86_64; x86) AppleWebKit/537.36 (KHTML, like Gecko) Edge/80.0.0.0 Safari/537.36"
91.89.245.198 - - [10/Jul/2026:11:37:05 -0700] "POST /xmlrpc.php HTTP/1.1" 200 4129 "-" "Jetpack/13.0; WordPress/6.4; http://site23810867.com"
203.76.222.92 - - [10/Jul/2026:11:37:14 -0700] "POST /xmlrpc.php HTTP/1.1" 200 4129 "-" "Mozilla/5.0 (Windows NT 6.3; x64) AppleWebKit/537.36 (KHTML, like Gecko) Chrome/86.0.0.0 Safari/537.36"
91.89.245.198 - - [10/Jul/2026:11:37:15 -0700] "POST /xmlrpc.php HTTP/1.1" 200 4129 "-" "Jetpack/13.0; WordPress/6.1; http://site58136441.com"
35.235.84.95 - - [10/Jul/2026:11:37:28 -0700] "POST /wp-cron.php?doing_wp_cron=1783708648.0397899150848388671875 HTTP/1.1" 200 3587 "-" "WordPress/7.0.1; https://vanessavaladezrealty.com"
203.76.222.92 - - [10/Jul/2026:11:37:28 -0700] "POST /xmlrpc.php HTTP/1.1" 200 4129 "-" "Mozilla/5.0 (Windows NT 10.0; x86) AppleWebKit/537.36 (KHTML, like Gecko) Opera/71.0.0.0 Safari/537.36"
91.89.245.198 - - [10/Jul/2026:11:37:26 -0700] "POST /xmlrpc.php HTTP/1.1" 200 4129 "-" "Jetpack/12.5; WordPress/6.3; http://site68243810.com"
91.89.245.198 - - [10/Jul/2026:11:37:37 -0700] "POST /xmlrpc.php HTTP/1.1" 200 4129 "-" "Jetpack by WordPress.com (Jetpack 12.1; WordPress 6.4)"
203.76.222.92 - - [10/Jul/2026:11:37:45 -0700] "POST /xmlrpc.php HTTP/1.1" 200 4129 "-" "Mozilla/5.0 (X11; Ubuntu; Linux x86_64; x86) AppleWebKit/537.36 (KHTML, like Gecko) Safari/13.0.0.0 Safari/537.36"
91.89.245.198 - - [10/Jul/2026:11:37:47 -0700] "POST /xmlrpc.php HTTP/1.1" 200 4129 "-" "Jetpack/12.5; WordPress/6.1; http://site92462581.com"
91.89.245.198 - - [10/Jul/2026:11:37:58 -0700] "POST /xmlrpc.php HTTP/1.1" 403 4352 "-" "WordPress.com; https://wordpress.com"
35.235.84.95 - - [10/Jul/2026:11:38:02 -0700] "POST /wp-cron.php?doing_wp_cron=1783708682.0216319561004638671875 HTTP/1.1" 200 3587 "-" "WordPress/7.0.1; https://vanessavaladezrealty.com"
203.76.222.92 - - [10/Jul/2026:11:38:00 -0700] "POST /xmlrpc.php HTTP/1.1" 200 4129 "-" "Mozilla/5.0 (X11; Ubuntu; Linux x86_64; x64) AppleWebKit/537.36 (KHTML, like Gecko) Safari/11.0.0.0 Safari/537.36"
91.89.245.198 - - [10/Jul/2026:11:38:09 -0700] "POST /xmlrpc.php HTTP/1.1" 200 4129 "-" "Jetpack by WordPress.com (Jetpack 12.5; WordPress 6.3)"
203.76.222.92 - - [10/Jul/2026:11:38:20 -0700] "POST /xmlrpc.php HTTP/1.1" 200 4129 "-" "Mozilla/5.0 (X11; Ubuntu; Linux x86_64; x64) AppleWebKit/537.36 (KHTML, like Gecko) Chrome/105.0.0.0 Safari/537.36"
91.89.245.198 - - [10/Jul/2026:11:38:19 -0700] "POST /xmlrpc.php HTTP/1.1" 403 4352 "-" "WordPress.com; https://wordpress.com"
91.89.245.198 - - [10/Jul/2026:11:38:30 -0700] "POST /xmlrpc.php HTTP/1.1" 200 4129 "-" "Jetpack/13.0; WordPress/6.1; http://site60668728.com"
91.89.245.198 - - [10/Jul/2026:11:38:40 -0700] "POST /xmlrpc.php HTTP/1.1" 403 4352 "-" "Jetpack by WordPress.com"
35.235.84.95 - - [10/Jul/2026:11:38:52 -0700] "POST /wp-cron.php?doing_wp_cron=1783708732.4066751003265380859375 HTTP/1.1" 200 3587 "-" "WordPress/7.0.1; https://vanessavaladezrealty.com"
91.89.245.198 - - [10/Jul/2026:11:38:51 -0700] "POST /xmlrpc.php HTTP/1.1" 200 4129 "-" "Jetpack/12.5; WordPress/6.2; http://site77406460.com"
203.76.222.92 - - [10/Jul/2026:11:38:51 -0700] "POST /xmlrpc.php HTTP/1.1" 200 4129 "-" "Mozilla/5.0 (Windows NT 6.2; x64) AppleWebKit/537.36 (KHTML, like Gecko) Safari/15.0.0.0 Safari/537.36"
203.76.222.92 - - [10/Jul/2026:11:38:36 -0700] "POST /xmlrpc.php HTTP/1.1" 200 4129 "-" "Mozilla/5.0 (X11; Ubuntu; Linux x86_64; x64) AppleWebKit/537.36 (KHTML, like Gecko) Firefox/74.0.0.0 Safari/537.36"
91.89.245.198 - - [10/Jul/2026:11:39:02 -0700] "POST /xmlrpc.php HTTP/1.1" 403 4352 "-" "Jetpack by WordPress.com"
203.76.222.92 - - [10/Jul/2026:11:39:07 -0700] "POST /xmlrpc.php HTTP/1.1" 200 4129 "-" "Mozilla/5.0 (Linux; Android 10; arm64) AppleWebKit/537.36 (KHTML, like Gecko) Chrome/81.0.0.0 Safari/537.36"
91.89.245.198 - - [10/Jul/2026:11:39:14 -0700] "POST /xmlrpc.php HTTP/1.1" 403 4352 "-" "WordPress.com; https://wordpress.com"
91.89.245.198 - - [10/Jul/2026:11:39:23 -0700] "POST /xmlrpc.php HTTP/1.1" 403 4352 "-" "Jetpack by WordPress.com"
203.76.222.92 - - [10/Jul/2026:11:39:24 -0700] "POST /xmlrpc.php HTTP/1.1" 200 4129 "-" "Mozilla/5.0 (Windows NT 6.2; x64) AppleWebKit/537.36 (KHTML, like Gecko) Chrome/104.0.0.0 Safari/537.36"
91.89.245.198 - - [10/Jul/2026:11:39:33 -0700] "POST /xmlrpc.php HTTP/1.1" 200 4129 "-" "Jetpack by WordPress.com (Jetpack 12.5; WordPress 6.4)"
203.76.222.92 - - [10/Jul/2026:11:39:39 -0700] "POST /xmlrpc.php HTTP/1.1" 200 4129 "-" "Mozilla/5.0 (Windows NT 10.0; x64) AppleWebKit/537.36 (KHTML, like Gecko) Edge/95.0.0.0 Safari/537.36"
91.89.245.198 - - [10/Jul/2026:11:39:44 -0700] "POST /xmlrpc.php HTTP/1.1" 200 4129 "-" "Jetpack/12.1; WordPress/6.4; http://site83865739.com"
35.235.84.95 - - [10/Jul/2026:11:39:56 -0700] "POST /wp-cron.php?doing_wp_cron=1783708795.9848470687866210937500 HTTP/1.1" 200 3587 "-" "WordPress/7.0.1; https://vanessavaladezrealty.com"
91.89.245.198 - - [10/Jul/2026:11:39:55 -0700] "POST /xmlrpc.php HTTP/1.1" 200 4129 "-" "Jetpack by WordPress.com (Jetpack 12.1; WordPress 6.1)"
203.76.222.92 - - [10/Jul/2026:11:39:56 -0700] "POST /xmlrpc.php HTTP/1.1" 200 4129 "-" "Mozilla/5.0 (Windows NT 6.2; x64) AppleWebKit/537.36 (KHTML, like Gecko) Edge/100.0.0.0 Safari/537.36"
91.89.245.198 - - [10/Jul/2026:11:40:05 -0700] "POST /xmlrpc.php HTTP/1.1" 200 4129 "-" "Jetpack by WordPress.com (Jetpack 12.0; WordPress 6.1)"
203.76.222.92 - - [10/Jul/2026:11:40:14 -0700] "POST /xmlrpc.php HTTP/1.1" 200 4129 "-" "Mozilla/5.0 (X11; Ubuntu; Linux x86_64; x86) AppleWebKit/537.36 (KHTML, like Gecko) Edge/80.0.0.0 Safari/537.36"
91.89.245.198 - - [10/Jul/2026:11:40:16 -0700] "POST /xmlrpc.php HTTP/1.1" 403 4352 "-" "Jetpack by WordPress.com"
91.89.245.198 - - [10/Jul/2026:11:40:26 -0700] "POST /xmlrpc.php HTTP/1.1" 403 4352 "-" "WordPress.com; https://wordpress.com"
203.76.222.92 - - [10/Jul/2026:11:40:31 -0700] "POST /xmlrpc.php HTTP/1.1" 200 4129 "-" "Mozilla/5.0 (Windows NT 6.3; x86) AppleWebKit/537.36 (KHTML, like Gecko) Safari/13.0.0.0 Safari/537.36"
91.89.245.198 - - [10/Jul/2026:11:40:37 -0700] "POST /xmlrpc.php HTTP/1.1" 403 4352 "-" "Jetpack by WordPress.com"
35.235.84.95 - - [10/Jul/2026:11:40:49 -0700] "POST /wp-cron.php?doing_wp_cron=1783708849.7031030654907226562500 HTTP/1.1" 200 3587 "-" "WordPress/7.0.1; https://vanessavaladezrealty.com"
91.89.245.198 - - [10/Jul/2026:11:40:47 -0700] "POST /xmlrpc.php HTTP/1.1" 403 4352 "-" "Jetpack by WordPress.com"
203.76.222.92 - - [10/Jul/2026:11:40:48 -0700] "POST /xmlrpc.php HTTP/1.1" 200 4129 "-" "Mozilla/5.0 (Windows NT 6.2; arm64) AppleWebKit/537.36 (KHTML, like Gecko) Chrome/98.0.0.0 Safari/537.36"
91.89.245.198 - - [10/Jul/2026:11:40:58 -0700] "POST /xmlrpc.php HTTP/1.1" 403 4352 "-" "WordPress.com; https://wordpress.com"
203.76.222.92 - - [10/Jul/2026:11:41:05 -0700] "POST /xmlrpc.php HTTP/1.1" 200 4129 "-" "Mozilla/5.0 (Windows NT 6.2; arm64) AppleWebKit/537.36 (KHTML, like Gecko) Opera/65.0.0.0 Safari/537.36"
91.89.245.198 - - [10/Jul/2026:11:41:09 -0700] "POST /xmlrpc.php HTTP/1.1" 403 4352 "-" "WordPress.com; https://wordpress.com"
203.76.222.92 - - [10/Jul/2026:11:41:22 -0700] "POST /xmlrpc.php HTTP/1.1" 200 4129 "-" "Mozilla/5.0 (X11; Ubuntu; Linux x86_64; x64) AppleWebKit/537.36 (KHTML, like Gecko) Opera/75.0.0.0 Safari/537.36"
91.89.245.198 - - [10/Jul/2026:11:41:19 -0700] "POST /xmlrpc.php HTTP/1.1" 403 4352 "-" "WordPress.com; https://wordpress.com"
35.235.84.95 - - [10/Jul/2026:11:41:31 -0700] "POST /wp-cron.php?doing_wp_cron=1783708891.5184159278869628906250 HTTP/1.1" 200 3587 "-" "WordPress/7.0.1; https://vanessavaladezrealty.com"
91.89.245.198 - - [10/Jul/2026:11:41:30 -0700] "POST /xmlrpc.php HTTP/1.1" 200 4129 "-" "Jetpack by WordPress.com (Jetpack 12.0; WordPress 6.2)"
91.89.245.198 - - [10/Jul/2026:11:41:41 -0700] "POST /xmlrpc.php HTTP/1.1" 403 4352 "-" "Jetpack by WordPress.com"
203.76.222.92 - - [10/Jul/2026:11:41:37 -0700] "POST /xmlrpc.php HTTP/1.1" 200 4129 "-" "Mozilla/5.0 (Windows NT 6.3; x64) AppleWebKit/537.36 (KHTML, like Gecko) Safari/10.0.0.0 Safari/537.36"
203.76.222.92 - - [10/Jul/2026:11:41:53 -0700] "POST /xmlrpc.php HTTP/1.1" 200 4129 "-" "Mozilla/5.0 (Linux; Android 10; arm64) AppleWebKit/537.36 (KHTML, like Gecko) Firefox/96.0.0.0 Safari/537.36"
91.89.245.198 - - [10/Jul/2026:11:41:51 -0700] "POST /xmlrpc.php HTTP/1.1" 200 4129 "-" "Jetpack/12.1; WordPress/6.2; http://site34669143.com"
91.89.245.198 - - [10/Jul/2026:11:42:02 -0700] "POST /xmlrpc.php HTTP/1.1" 403 4352 "-" "WordPress.com; https://wordpress.com"
203.76.222.92 - - [10/Jul/2026:11:42:08 -0700] "POST /xmlrpc.php HTTP/1.1" 200 4129 "-" "Mozilla/5.0 (Windows NT 6.2; x64) AppleWebKit/537.36 (KHTML, like Gecko) Safari/14.0.0.0 Safari/537.36"
91.89.245.198 - - [10/Jul/2026:11:42:12 -0700] "POST /xmlrpc.php HTTP/1.1" 200 4129 "-" "Jetpack by WordPress.com (Jetpack 13.0; WordPress 6.1)"
91.89.245.198 - - [10/Jul/2026:11:42:23 -0700] "POST /xmlrpc.php HTTP/1.1" 403 4352 "-" "WordPress.com; https://wordpress.com"
203.76.222.92 - - [10/Jul/2026:11:42:25 -0700] "POST /xmlrpc.php HTTP/1.1" 200 4129 "-" "Mozilla/5.0 (Linux; Android 10; x86) AppleWebKit/537.36 (KHTML, like Gecko) Firefox/84.0.0.0 Safari/537.36"
91.89.245.198 - - [10/Jul/2026:11:42:34 -0700] "POST /xmlrpc.php HTTP/1.1" 403 4352 "-" "WordPress.com; https://wordpress.com"
35.235.84.95 - - [10/Jul/2026:11:42:42 -0700] "POST /wp-cron.php?doing_wp_cron=1783708962.1465959548950195312500 HTTP/1.1" 200 3587 "-" "WordPress/7.0.1; https://vanessavaladezrealty.com"
203.76.222.92 - - [10/Jul/2026:11:42:41 -0700] "POST /xmlrpc.php HTTP/1.1" 200 4129 "-" "Mozilla/5.0 (Windows NT 10.0; x86) AppleWebKit/537.36 (KHTML, like Gecko) Opera/79.0.0.0 Safari/537.36"
91.89.245.198 - - [10/Jul/2026:11:42:44 -0700] "POST /xmlrpc.php HTTP/1.1" 200 4129 "-" "Jetpack/12.1; WordPress/6.1; http://site96589200.com"
35.235.84.95 - - [10/Jul/2026:11:42:56 -0700] "POST /wp-cron.php?doing_wp_cron=1783708976.3672919273376464843750 HTTP/1.1" 200 3587 "-" "WordPress/7.0.1; https://vanessavaladezrealty.com"
91.89.245.198 - - [10/Jul/2026:11:42:55 -0700] "POST /xmlrpc.php HTTP/1.1" 200 4129 "-" "Jetpack/12.5; WordPress/6.3; http://site52116510.com"
203.76.222.92 - - [10/Jul/2026:11:42:55 -0700] "POST /xmlrpc.php HTTP/1.1" 200 4129 "-" "Mozilla/5.0 (Linux; Android 10; x64) AppleWebKit/537.36 (KHTML, like Gecko) Chrome/91.0.0.0 Safari/537.36"
91.89.245.198 - - [10/Jul/2026:11:43:05 -0700] "POST /xmlrpc.php HTTP/1.1" 200 4129 "-" "Jetpack by WordPress.com (Jetpack 13.0; WordPress 6.2)"
203.76.222.92 - - [10/Jul/2026:11:43:10 -0700] "POST /xmlrpc.php HTTP/1.1" 200 4129 "-" "Mozilla/5.0 (Windows NT 6.2; x64) AppleWebKit/537.36 (KHTML, like Gecko) Edge/80.0.0.0 Safari/537.36"
91.89.245.198 - - [10/Jul/2026:11:43:16 -0700] "POST /xmlrpc.php HTTP/1.1" 200 4129 "-" "Jetpack by WordPress.com (Jetpack 12.1; WordPress 6.2)"
91.89.245.198 - - [10/Jul/2026:11:43:27 -0700] "POST /xmlrpc.php HTTP/1.1" 200 4129 "-" "Jetpack by WordPress.com (Jetpack 12.5; WordPress 6.4)"
203.76.222.92 - - [10/Jul/2026:11:43:27 -0700] "POST /xmlrpc.php HTTP/1.1" 200 4129 "-" "Mozilla/5.0 (Windows NT 6.3; x64) AppleWebKit/537.36 (KHTML, like Gecko) Opera/61.0.0.0 Safari/537.36"
91.89.245.198 - - [10/Jul/2026:11:43:37 -0700] "POST /xmlrpc.php HTTP/1.1" 200 4129 "-" "Jetpack by WordPress.com (Jetpack 12.1; WordPress 6.3)"
203.76.222.92 - - [10/Jul/2026:11:43:44 -0700] "POST /xmlrpc.php HTTP/1.1" 200 4129 "-" "Mozilla/5.0 (Macintosh; Intel Mac OS X 10_15_7; arm64) AppleWebKit/537.36 (KHTML, like Gecko) Opera/70.0.0.0 Safari/537.36"
35.235.84.95 - - [10/Jul/2026:11:43:54 -0700] "POST /wp-cron.php?doing_wp_cron=1783709034.9719419479370117187500 HTTP/1.1" 200 3587 "-" "WordPress/7.0.1; https://vanessavaladezrealty.com"
91.89.245.198 - - [10/Jul/2026:11:43:54 -0700] "POST /xmlrpc.php HTTP/1.1" 200 4129 "-" "Jetpack by WordPress.com (Jetpack 12.1; WordPress 6.2)"
203.76.222.92 - - [10/Jul/2026:11:43:59 -0700] "POST /xmlrpc.php HTTP/1.1" 200 4129 "-" "Mozilla/5.0 (X11; Ubuntu; Linux x86_64; x86) AppleWebKit/537.36 (KHTML, like Gecko) Edge/93.0.0.0 Safari/537.36"
91.89.245.198 - - [10/Jul/2026:11:44:02 -0700] "POST /xmlrpc.php HTTP/1.1" 403 4352 "-" "Jetpack by WordPress.com (Jetpack 12.1; WordPress 6.2)"
91.89.245.198 - - [10/Jul/2026:11:44:11 -0700] "POST /xmlrpc.php HTTP/1.1" 403 4352 "-" "Jetpack by WordPress.com"
203.76.222.92 - - [10/Jul/2026:11:44:14 -0700] "POST /xmlrpc.php HTTP/1.1" 200 4129 "-" "Mozilla/5.0 (Macintosh; Intel Mac OS X 10_15_7; arm64) AppleWebKit/537.36 (KHTML, like Gecko) Chrome/83.0.0.0 Safari/537.36"
91.89.245.198 - - [10/Jul/2026:11:44:21 -0700] "POST /xmlrpc.php HTTP/1.1" 200 4129 "-" "Jetpack/12.5; WordPress/6.2; http://site29667112.com"
91.89.245.198 - - [10/Jul/2026:11:44:30 -0700] "POST /xmlrpc.php HTTP/1.1" 403 4352 "-" "Jetpack by WordPress.com"
203.76.222.92 - - [10/Jul/2026:11:44:32 -0700] "POST /xmlrpc.php HTTP/1.1" 200 4129 "-" "Mozilla/5.0 (Windows NT 6.3; arm64) AppleWebKit/537.36 (KHTML, like Gecko) Firefox/100.0.0.0 Safari/537.36"
91.89.245.198 - - [10/Jul/2026:11:44:41 -0700] "POST /xmlrpc.php HTTP/1.1" 403 4352 "-" "WordPress.com; https://wordpress.com"
35.235.84.95 - - [10/Jul/2026:11:44:50 -0700] "POST /wp-cron.php?doing_wp_cron=1783709090.6541008949279785156250 HTTP/1.1" 200 3587 "-" "WordPress/7.0.1; https://vanessavaladezrealty.com"
203.76.222.92 - - [10/Jul/2026:11:44:49 -0700] "POST /xmlrpc.php HTTP/1.1" 200 4129 "-" "Mozilla/5.0 (Windows NT 10.0; arm64) AppleWebKit/537.36 (KHTML, like Gecko) Opera/78.0.0.0 Safari/537.36"
91.89.245.198 - - [10/Jul/2026:11:44:51 -0700] "POST /xmlrpc.php HTTP/1.1" 403 4352 "-" "Jetpack by WordPress.com"
91.89.245.198 - - [10/Jul/2026:11:45:02 -0700] "POST /xmlrpc.php HTTP/1.1" 403 4352 "-" "Jetpack by WordPress.com"
203.76.222.92 - - [10/Jul/2026:11:45:03 -0700] "POST /xmlrpc.php HTTP/1.1" 200 4129 "-" "Mozilla/5.0 (X11; Ubuntu; Linux x86_64; x64) AppleWebKit/537.36 (KHTML, like Gecko) Edge/93.0.0.0 Safari/537.36"
91.89.245.198 - - [10/Jul/2026:11:45:13 -0700] "POST /xmlrpc.php HTTP/1.1" 403 4352 "-" "Jetpack by WordPress.com"
91.89.245.198 - - [10/Jul/2026:11:45:23 -0700] "POST /xmlrpc.php HTTP/1.1" 200 4129 "-" "Jetpack/12.0; WordPress/6.1; http://site36289906.com"
203.76.222.92 - - [10/Jul/2026:11:45:19 -0700] "POST /xmlrpc.php HTTP/1.1" 200 4129 "-" "Mozilla/5.0 (X11; Ubuntu; Linux x86_64; x86) AppleWebKit/537.36 (KHTML, like Gecko) Opera/76.0.0.0 Safari/537.36"
91.89.245.198 - - [10/Jul/2026:11:45:34 -0700] "POST /xmlrpc.php HTTP/1.1" 200 4129 "-" "Jetpack/12.5; WordPress/6.1; http://site38087597.com"
203.76.222.92 - - [10/Jul/2026:11:45:34 -0700] "POST /xmlrpc.php HTTP/1.1" 200 4129 "-" "Mozilla/5.0 (Windows NT 6.2; x64) AppleWebKit/537.36 (KHTML, like Gecko) Opera/79.0.0.0 Safari/537.36"
91.89.245.198 - - [10/Jul/2026:11:45:44 -0700] "POST /xmlrpc.php HTTP/1.1" 403 4352 "-" "WordPress.com; https://wordpress.com"
35.235.84.95 - - [10/Jul/2026:11:45:50 -0700] "POST /wp-cron.php?doing_wp_cron=1783709150.6753609180450439453125 HTTP/1.1" 200 3587 "-" "WordPress/7.0.1; https://vanessavaladezrealty.com"
82.21.115.52 - - [10/Jul/2026:11:45:51 -0700] "GET /wp-content/uploads/WPL/146/hx.php HTTP/1.1" 200 4576 "-" "Mozilla/5.0 (compatible; crawler)"
203.76.222.92 - - [10/Jul/2026:11:45:49 -0700] "POST /xmlrpc.php HTTP/1.1" 200 4129 "-" "Mozilla/5.0 (Windows NT 6.3; arm64) AppleWebKit/537.36 (KHTML, like Gecko) Chrome/95.0.0.0 Safari/537.36"
91.89.245.198 - - [10/Jul/2026:11:45:55 -0700] "POST /xmlrpc.php HTTP/1.1" 403 4352 "-" "WordPress.com; https://wordpress.com"
203.76.222.92 - - [10/Jul/2026:11:46:06 -0700] "POST /xmlrpc.php HTTP/1.1" 200 4129 "-" "Mozilla/5.0 (X11; Ubuntu; Linux x86_64; x64) AppleWebKit/537.36 (KHTML, like Gecko) Opera/69.0.0.0 Safari/537.36"
91.89.245.198 - - [10/Jul/2026:11:46:06 -0700] "POST /xmlrpc.php HTTP/1.1" 200 4129 "-" "Jetpack/12.0; WordPress/6.1; http://site28603287.com"
94.154.43.184 - - [10/Jul/2026:11:46:15 -0700] "GET /wp-content/plugins/astra-sites/inc/lib/onboarding/assets/dist/template-preview/main.js HTTP/1.1" 200 3620 "-" "Mozilla/5.0 (Windows NT 10.0; Win64; x64) AppleWebKit/537.36 (KHTML, like Gecko) Chrome/147.0.0.0 Safari/537.36"
94.154.43.184 - - [10/Jul/2026:11:46:15 -0700] "GET /wp-content/plugins/astra-sites/inc/lib/onboarding/assets/dist/template-preview/main.js HTTP/1.1" 200 6587 "-" "Mozilla/5.0 (Windows NT 10.0; Win64; x64) AppleWebKit/537.36 (KHTML, like Gecko) Chrome/147.0.0.0 Safari/537.36"
91.89.245.198 - - [10/Jul/2026:11:46:16 -0700] "POST /xmlrpc.php HTTP/1.1" 200 4129 "-" "Jetpack by WordPress.com (Jetpack 12.1; WordPress 6.4)"
203.76.222.92 - - [10/Jul/2026:11:46:22 -0700] "POST /xmlrpc.php HTTP/1.1" 200 4129 "-" "Mozilla/5.0 (Windows NT 6.3; x64) AppleWebKit/537.36 (KHTML, like Gecko) Edge/97.0.0.0 Safari/537.36"
35.235.84.95 - - [10/Jul/2026:11:46:41 -0700] "POST /wp-cron.php?doing_wp_cron=1783709201.4847249984741210937500 HTTP/1.1" 200 3587 "-" "WordPress/7.0.1; https://vanessavaladezrealty.com"
203.76.222.92 - - [10/Jul/2026:11:46:39 -0700] "POST /xmlrpc.php HTTP/1.1" 200 4129 "-" "Mozilla/5.0 (X11; Ubuntu; Linux x86_64; x64) AppleWebKit/537.36 (KHTML, like Gecko) Edge/89.0.0.0 Safari/537.36"
203.76.222.92 - - [10/Jul/2026:11:46:55 -0700] "POST /xmlrpc.php HTTP/1.1" 200 4129 "-" "Mozilla/5.0 (Windows NT 6.2; x86) AppleWebKit/537.36 (KHTML, like Gecko) Chrome/105.0.0.0 Safari/537.36"
203.76.222.92 - - [10/Jul/2026:11:47:11 -0700] "POST /xmlrpc.php HTTP/1.1" 200 4129 "-" "Mozilla/5.0 (Windows NT 6.3; x86) AppleWebKit/537.36 (KHTML, like Gecko) Firefox/91.0.0.0 Safari/537.36"
203.76.222.92 - - [10/Jul/2026:11:47:27 -0700] "POST /xmlrpc.php HTTP/1.1" 200 4129 "-" "Mozilla/5.0 (Macintosh; Intel Mac OS X 10_15_7; x64) AppleWebKit/537.36 (KHTML, like Gecko) Edge/91.0.0.0 Safari/537.36"
216.73.217.88 - - [10/Jul/2026:11:47:37 -0700] "GET /robots.txt HTTP/1.1" 200 4273 "-" "Mozilla/5.0 AppleWebKit/537.36 (KHTML, like Gecko; compatible; ClaudeBot/1.0; +claudebot@anthropic.com)"
216.73.217.88 - - [10/Jul/2026:11:47:38 -0700] "GET /wp-sitemap.xml HTTP/1.1" 200 4257 "-" "Mozilla/5.0 AppleWebKit/537.36 (KHTML, like Gecko; compatible; ClaudeBot/1.0; +claudebot@anthropic.com)"
35.235.84.95 - - [10/Jul/2026:11:47:44 -0700] "POST /wp-cron.php?doing_wp_cron=1783709264.7681450843811035156250 HTTP/1.1" 200 3587 "-" "WordPress/7.0.1; https://vanessavaladezrealty.com"
203.76.222.92 - - [10/Jul/2026:11:47:43 -0700] "POST /xmlrpc.php HTTP/1.1" 200 4129 "-" "Mozilla/5.0 (Windows NT 6.2; arm64) AppleWebKit/537.36 (KHTML, like Gecko) Safari/10.0.0.0 Safari/537.36"
35.235.84.95 - - [10/Jul/2026:11:48:01 -0700] "POST /wp-cron.php?doing_wp_cron=1783709281.5551609992980957031250 HTTP/1.1" 200 3587 "-" "WordPress/7.0.1; https://vanessavaladezrealty.com"
203.76.222.92 - - [10/Jul/2026:11:48:00 -0700] "POST /xmlrpc.php HTTP/1.1" 200 4129 "-" "Mozilla/5.0 (Windows NT 10.0; x64) AppleWebKit/537.36 (KHTML, like Gecko) Firefox/91.0.0.0 Safari/537.36"
203.76.222.92 - - [10/Jul/2026:11:48:16 -0700] "POST /xmlrpc.php HTTP/1.1" 200 4129 "-" "Mozilla/5.0 (X11; Ubuntu; Linux x86_64; x86) AppleWebKit/537.36 (KHTML, like Gecko) Safari/10.0.0.0 Safari/537.36"
203.76.222.92 - - [10/Jul/2026:11:48:32 -0700] "POST /xmlrpc.php HTTP/1.1" 200 4129 "-" "Mozilla/5.0 (Macintosh; Intel Mac OS X 10_15_7; x64) AppleWebKit/537.36 (KHTML, like Gecko) Edge/100.0.0.0 Safari/537.36"
35.235.84.95 - - [10/Jul/2026:11:48:50 -0700] "POST /wp-cron.php?doing_wp_cron=1783709330.1646549701690673828125 HTTP/1.1" 200 3587 "-" "WordPress/7.0.1; https://vanessavaladezrealty.com"
203.76.222.92 - - [10/Jul/2026:11:48:49 -0700] "POST /xmlrpc.php HTTP/1.1" 200 4129 "-" "Mozilla/5.0 (Windows NT 10.0; x64) AppleWebKit/537.36 (KHTML, like Gecko) Edge/98.0.0.0 Safari/537.36"
203.76.222.92 - - [10/Jul/2026:11:49:05 -0700] "POST /xmlrpc.php HTTP/1.1" 200 4129 "-" "Mozilla/5.0 (Linux; Android 10; x64) AppleWebKit/537.36 (KHTML, like Gecko) Chrome/87.0.0.0 Safari/537.36"
203.76.222.92 - - [10/Jul/2026:11:49:20 -0700] "POST /xmlrpc.php HTTP/1.1" 200 4129 "-" "Mozilla/5.0 (Windows NT 10.0; x64) AppleWebKit/537.36 (KHTML, like Gecko) Edge/83.0.0.0 Safari/537.36"
203.76.222.92 - - [10/Jul/2026:11:49:35 -0700] "POST /xmlrpc.php HTTP/1.1" 200 4129 "-" "Mozilla/5.0 (Windows NT 6.2; x86) AppleWebKit/537.36 (KHTML, like Gecko) Safari/12.0.0.0 Safari/537.36"
35.235.84.95 - - [10/Jul/2026:11:49:54 -0700] "POST /wp-cron.php?doing_wp_cron=1783709394.5072250366210937500000 HTTP/1.1" 200 3587 "-" "WordPress/7.0.1; https://vanessavaladezrealty.com"
203.76.222.92 - - [10/Jul/2026:11:49:53 -0700] "POST /xmlrpc.php HTTP/1.1" 200 4129 "-" "Mozilla/5.0 (Linux; Android 10; arm64) AppleWebKit/537.36 (KHTML, like Gecko) Chrome/115.0.0.0 Safari/537.36"
65.21.164.208 - - [10/Jul/2026:11:50:08 -0700] "HEAD / HTTP/1.1" 200 4253 "-" "Mozilla/5.0 (X11; Linux x86_64) AppleWebKit/537.36 (KHTML, like Gecko) Chrome/139.0.0.0 Safari/537.36"
65.21.164.208 - - [10/Jul/2026:11:50:10 -0700] "GET / HTTP/1.1" 200 38355 "-" "Mozilla/5.0 (X11; Linux x86_64) AppleWebKit/537.36 (KHTML, like Gecko) Chrome/139.0.0.0 Safari/537.36"
203.76.222.92 - - [10/Jul/2026:11:50:10 -0700] "POST /xmlrpc.php HTTP/1.1" 200 4129 "-" "Mozilla/5.0 (X11; Ubuntu; Linux x86_64; arm64) AppleWebKit/537.36 (KHTML, like Gecko) Opera/76.0.0.0 Safari/537.36"
203.76.222.92 - - [10/Jul/2026:11:50:27 -0700] "POST /xmlrpc.php HTTP/1.1" 200 4129 "-" "Mozilla/5.0 (X11; Ubuntu; Linux x86_64; arm64) AppleWebKit/537.36 (KHTML, like Gecko) Opera/74.0.0.0 Safari/537.36"
97.74.93.24 - - [10/Jul/2026:11:50:42 -0700] "GET /wp-login.php HTTP/1.1" 200 6364 "-" "Mozilla/5.0 (Windows NT 10.0; Win64; x64) AppleWebKit/537.36 (KHTML, like Gecko) Chrome/133.0.0.0 Safari/537.36"
97.74.93.24 - - [10/Jul/2026:11:50:44 -0700] "POST /wp-login.php HTTP/1.1" 200 6466 "https://vanessavaladezrealty.com/wp-login.php" "Mozilla/5.0 (Windows NT 10.0; Win64; x64) AppleWebKit/537.36 (KHTML, like Gecko) Chrome/133.0.0.0 Safari/537.36"
35.235.84.95 - - [10/Jul/2026:11:50:57 -0700] "POST /wp-cron.php?doing_wp_cron=1783709457.7109220027923583984375 HTTP/1.1" 200 3587 "-" "WordPress/7.0.1; https://vanessavaladezrealty.com"
203.76.222.92 - - [10/Jul/2026:11:50:56 -0700] "POST /xmlrpc.php HTTP/1.1" 200 4129 "-" "Mozilla/5.0 (Windows NT 6.3; arm64) AppleWebKit/537.36 (KHTML, like Gecko) Chrome/95.0.0.0 Safari/537.36"
203.76.222.92 - - [10/Jul/2026:11:51:12 -0700] "POST /xmlrpc.php HTTP/1.1" 200 4129 "-" "Mozilla/5.0 (Linux; Android 10; x86) AppleWebKit/537.36 (KHTML, like Gecko) Chrome/87.0.0.0 Safari/537.36"
35.235.84.95 - - [10/Jul/2026:11:51:31 -0700] "POST /wp-cron.php?doing_wp_cron=1783709491.9072320461273193359375 HTTP/1.1" 200 3587 "-" "WordPress/7.0.1; https://vanessavaladezrealty.com"
203.76.222.92 - - [10/Jul/2026:11:51:30 -0700] "POST /xmlrpc.php HTTP/1.1" 200 4129 "-" "Mozilla/5.0 (Windows NT 10.0; x86) AppleWebKit/537.36 (KHTML, like Gecko) Chrome/109.0.0.0 Safari/537.36"
203.76.222.92 - - [10/Jul/2026:11:51:49 -0700] "POST /xmlrpc.php HTTP/1.1" 200 4129 "-" "Mozilla/5.0 (Windows NT 10.0; arm64) AppleWebKit/537.36 (KHTML, like Gecko) Edge/92.0.0.0 Safari/537.36"
203.76.222.92 - - [10/Jul/2026:11:52:07 -0700] "POST /xmlrpc.php HTTP/1.1" 200 4129 "-" "Mozilla/5.0 (X11; Ubuntu; Linux x86_64; x86) AppleWebKit/537.36 (KHTML, like Gecko) Firefox/76.0.0.0 Safari/537.36"
203.76.222.92 - - [10/Jul/2026:11:52:25 -0700] "POST /xmlrpc.php HTTP/1.1" 200 4129 "-" "Mozilla/5.0 (Linux; Android 10; x64) AppleWebKit/537.36 (KHTML, like Gecko) Chrome/114.0.0.0 Safari/537.36"
35.235.84.95 - - [10/Jul/2026:11:52:40 -0700] "POST /wp-cron.php?doing_wp_cron=1783709560.5162389278411865234375 HTTP/1.1" 200 3587 "-" "WordPress/7.0.1; https://vanessavaladezrealty.com"
203.76.222.92 - - [10/Jul/2026:11:52:39 -0700] "POST /xmlrpc.php HTTP/1.1" 200 4129 "-" "Mozilla/5.0 (Windows NT 10.0; x64) AppleWebKit/537.36 (KHTML, like Gecko) Chrome/114.0.0.0 Safari/537.36"
35.235.84.95 - - [10/Jul/2026:11:52:57 -0700] "POST /wp-cron.php?doing_wp_cron=1783709577.3553740978240966796875 HTTP/1.1" 200 3587 "-" "WordPress/7.0.1; https://vanessavaladezrealty.com"
203.76.222.92 - - [10/Jul/2026:11:52:56 -0700] "POST /xmlrpc.php HTTP/1.1" 200 4129 "-" "Mozilla/5.0 (Linux; Android 10; x86) AppleWebKit/537.36 (KHTML, like Gecko) Edge/83.0.0.0 Safari/537.36"
203.76.222.92 - - [10/Jul/2026:11:53:12 -0700] "POST /xmlrpc.php HTTP/1.1" 200 4129 "-" "Mozilla/5.0 (Macintosh; Intel Mac OS X 10_15_7; arm64) AppleWebKit/537.36 (KHTML, like Gecko) Edge/94.0.0.0 Safari/537.36"
203.76.222.92 - - [10/Jul/2026:11:53:30 -0700] "POST /xmlrpc.php HTTP/1.1" 200 4129 "-" "Mozilla/5.0 (X11; Ubuntu; Linux x86_64; x86) AppleWebKit/537.36 (KHTML, like Gecko) Edge/84.0.0.0 Safari/537.36"
203.76.222.92 - - [10/Jul/2026:11:53:46 -0700] "POST /xmlrpc.php HTTP/1.1" 200 4129 "-" "Mozilla/5.0 (Macintosh; Intel Mac OS X 10_15_7; x64) AppleWebKit/537.36 (KHTML, like Gecko) Safari/12.0.0.0 Safari/537.36"
35.235.84.95 - - [10/Jul/2026:11:54:04 -0700] "POST /wp-cron.php?doing_wp_cron=1783709644.4317231178283691406250 HTTP/1.1" 200 3587 "-" "WordPress/7.0.1; https://vanessavaladezrealty.com"
203.76.222.92 - - [10/Jul/2026:11:54:03 -0700] "POST /xmlrpc.php HTTP/1.1" 200 4129 "-" "Mozilla/5.0 (Windows NT 6.2; x86) AppleWebKit/537.36 (KHTML, like Gecko) Opera/75.0.0.0 Safari/537.36"
203.76.222.92 - - [10/Jul/2026:11:54:18 -0700] "POST /xmlrpc.php HTTP/1.1" 200 4129 "-" "Mozilla/5.0 (X11; Ubuntu; Linux x86_64; arm64) AppleWebKit/537.36 (KHTML, like Gecko) Firefox/79.0.0.0 Safari/537.36"
203.76.222.92 - - [10/Jul/2026:11:54:34 -0700] "POST /xmlrpc.php HTTP/1.1" 200 4129 "-" "Mozilla/5.0 (Windows NT 10.0; x86) AppleWebKit/537.36 (KHTML, like Gecko) Firefox/83.0.0.0 Safari/537.36"
35.235.84.95 - - [10/Jul/2026:11:54:53 -0700] "POST /wp-cron.php?doing_wp_cron=1783709693.0234129428863525390625 HTTP/1.1" 200 3587 "-" "WordPress/7.0.1; https://vanessavaladezrealty.com"
203.76.222.92 - - [10/Jul/2026:11:54:51 -0700] "POST /xmlrpc.php HTTP/1.1" 200 4129 "-" "Mozilla/5.0 (X11; Ubuntu; Linux x86_64; x86) AppleWebKit/537.36 (KHTML, like Gecko) Chrome/107.0.0.0 Safari/537.36"
203.76.222.92 - - [10/Jul/2026:11:55:07 -0700] "POST /xmlrpc.php HTTP/1.1" 200 4129 "-" "Mozilla/5.0 (Windows NT 6.2; x86) AppleWebKit/537.36 (KHTML, like Gecko) Edge/89.0.0.0 Safari/537.36"
203.76.222.92 - - [10/Jul/2026:11:55:25 -0700] "POST /xmlrpc.php HTTP/1.1" 200 4129 "-" "Mozilla/5.0 (Windows NT 6.2; x64) AppleWebKit/537.36 (KHTML, like Gecko) Edge/88.0.0.0 Safari/537.36"
203.76.222.92 - - [10/Jul/2026:11:55:42 -0700] "POST /xmlrpc.php HTTP/1.1" 200 4129 "-" "Mozilla/5.0 (Windows NT 10.0; arm64) AppleWebKit/537.36 (KHTML, like Gecko) Edge/100.0.0.0 Safari/537.36"
35.235.84.95 - - [10/Jul/2026:11:56:05 -0700] "POST /wp-cron.php?doing_wp_cron=1783709765.3669190406799316406250 HTTP/1.1" 200 3587 "-" "WordPress/7.0.1; https://vanessavaladezrealty.com"
203.76.222.92 - - [10/Jul/2026:11:56:04 -0700] "POST /xmlrpc.php HTTP/1.1" 200 4129 "-" "Mozilla/5.0 (Windows NT 6.2; arm64) AppleWebKit/537.36 (KHTML, like Gecko) Firefox/82.0.0.0 Safari/537.36"
203.76.222.92 - - [10/Jul/2026:11:56:22 -0700] "POST /xmlrpc.php HTTP/1.1" 200 4129 "-" "Mozilla/5.0 (Windows NT 10.0; x64) AppleWebKit/537.36 (KHTML, like Gecko) Firefox/90.0.0.0 Safari/537.36"
35.235.84.95 - - [10/Jul/2026:11:56:39 -0700] "POST /wp-cron.php?doing_wp_cron=1783709799.8995618820190429687500 HTTP/1.1" 200 3587 "-" "WordPress/7.0.1; https://vanessavaladezrealty.com"
203.76.222.92 - - [10/Jul/2026:11:56:38 -0700] "POST /xmlrpc.php HTTP/1.1" 200 4129 "-" "Mozilla/5.0 (Macintosh; Intel Mac OS X 10_15_7; arm64) AppleWebKit/537.36 (KHTML, like Gecko) Firefox/71.0.0.0 Safari/537.36"
203.76.222.92 - - [10/Jul/2026:11:56:55 -0700] "POST /xmlrpc.php HTTP/1.1" 200 4129 "-" "Mozilla/5.0 (Windows NT 10.0; arm64) AppleWebKit/537.36 (KHTML, like Gecko) Safari/13.0.0.0 Safari/537.36"
203.76.222.92 - - [10/Jul/2026:11:57:14 -0700] "POST /xmlrpc.php HTTP/1.1" 200 4129 "-" "Mozilla/5.0 (Macintosh; Intel Mac OS X 10_15_7; arm64) AppleWebKit/537.36 (KHTML, like Gecko) Chrome/91.0.0.0 Safari/537.36"
203.76.222.92 - - [10/Jul/2026:11:57:31 -0700] "POST /xmlrpc.php HTTP/1.1" 200 4129 "-" "Mozilla/5.0 (Windows NT 6.2; arm64) AppleWebKit/537.36 (KHTML, like Gecko) Firefox/96.0.0.0 Safari/537.36"
35.235.84.95 - - [10/Jul/2026:11:57:48 -0700] "POST /wp-cron.php?doing_wp_cron=1783709868.2407710552215576171875 HTTP/1.1" 200 3587 "-" "WordPress/7.0.1; https://vanessavaladezrealty.com"
203.76.222.92 - - [10/Jul/2026:11:57:47 -0700] "POST /xmlrpc.php HTTP/1.1" 200 4129 "-" "Mozilla/5.0 (Windows NT 10.0; x86) AppleWebKit/537.36 (KHTML, like Gecko) Opera/65.0.0.0 Safari/537.36"
35.235.84.95 - - [10/Jul/2026:11:58:06 -0700] "POST /wp-cron.php?doing_wp_cron=1783709886.4263219833374023437500 HTTP/1.1" 200 3587 "-" "WordPress/7.0.1; https://vanessavaladezrealty.com"
203.76.222.92 - - [10/Jul/2026:11:58:05 -0700] "POST /xmlrpc.php HTTP/1.1" 200 4129 "-" "Mozilla/5.0 (Windows NT 6.3; x86) AppleWebKit/537.36 (KHTML, like Gecko) Edge/94.0.0.0 Safari/537.36"
203.76.222.92 - - [10/Jul/2026:11:58:27 -0700] "POST /xmlrpc.php HTTP/1.1" 200 4129 "-" "Mozilla/5.0 (Windows NT 6.2; arm64) AppleWebKit/537.36 (KHTML, like Gecko) Opera/69.0.0.0 Safari/537.36"
203.76.222.92 - - [10/Jul/2026:11:58:45 -0700] "POST /xmlrpc.php HTTP/1.1" 200 4129 "-" "Mozilla/5.0 (Linux; Android 10; x86) AppleWebKit/537.36 (KHTML, like Gecko) Safari/15.0.0.0 Safari/537.36"
35.235.84.95 - - [10/Jul/2026:11:59:04 -0700] "POST /wp-cron.php?doing_wp_cron=1783709944.1906750202178955078125 HTTP/1.1" 200 3587 "-" "WordPress/7.0.1; https://vanessavaladezrealty.com"
203.76.222.92 - - [10/Jul/2026:11:59:03 -0700] "POST /xmlrpc.php HTTP/1.1" 200 4129 "-" "Mozilla/5.0 (Windows NT 10.0; x64) AppleWebKit/537.36 (KHTML, like Gecko) Chrome/94.0.0.0 Safari/537.36"
203.76.222.92 - - [10/Jul/2026:11:59:19 -0700] "POST /xmlrpc.php HTTP/1.1" 200 4129 "-" "Mozilla/5.0 (Macintosh; Intel Mac OS X 10_15_7; x86) AppleWebKit/537.36 (KHTML, like Gecko) Firefox/71.0.0.0 Safari/537.36"
203.76.222.92 - - [10/Jul/2026:11:59:37 -0700] "POST /xmlrpc.php HTTP/1.1" 200 4129 "-" "Mozilla/5.0 (Macintosh; Intel Mac OS X 10_15_7; arm64) AppleWebKit/537.36 (KHTML, like Gecko) Edge/83.0.0.0 Safari/537.36"
213.209.159.223 - - [10/Jul/2026:11:59:45 -0700] "GET /.env HTTP/1.1" 403 4352 "-" "Mozilla/5.0 (SymbianOS/9.1; U; en-us) AppleWebKit/413 (KHTML, like Gecko) Safari/413"
213.209.159.223 - - [10/Jul/2026:11:59:45 -0700] "GET /.env.local HTTP/1.1" 403 4352 "-" "Mozilla/5.0 (SymbianOS/9.1; U; en-us) AppleWebKit/413 (KHTML, like Gecko) Safari/413"
213.209.159.223 - - [10/Jul/2026:11:59:45 -0700] "GET /.env.production HTTP/1.1" 403 4352 "-" "Mozilla/5.0 (SymbianOS/9.1; U; en-us) AppleWebKit/413 (KHTML, like Gecko) Safari/413"
213.209.159.223 - - [10/Jul/2026:11:59:45 -0700] "GET /.env.development HTTP/1.1" 403 4352 "-" "Mozilla/5.0 (SymbianOS/9.1; U; en-us) AppleWebKit/413 (KHTML, like Gecko) Safari/413"
213.209.159.223 - - [10/Jul/2026:11:59:45 -0700] "GET /.env.dev HTTP/1.1" 403 4352 "-" "Mozilla/5.0 (SymbianOS/9.1; U; en-us) AppleWebKit/413 (KHTML, like Gecko) Safari/413"
35.235.84.95 - - [10/Jul/2026:12:00:00 -0700] "POST /wp-cron.php?doing_wp_cron=1783710000.4529609680175781250000 HTTP/1.1" 200 3587 "-" "WordPress/7.0.1; https://vanessavaladezrealty.com"
203.76.222.92 - - [10/Jul/2026:11:59:59 -0700] "POST /xmlrpc.php HTTP/1.1" 200 4129 "-" "Mozilla/5.0 (Macintosh; Intel Mac OS X 10_15_7; x64) AppleWebKit/537.36 (KHTML, like Gecko) Opera/62.0.0.0 Safari/537.36"
203.76.222.92 - - [10/Jul/2026:12:00:17 -0700] "POST /xmlrpc.php HTTP/1.1" 200 4129 "-" "Mozilla/5.0 (X11; Ubuntu; Linux x86_64; arm64) AppleWebKit/537.36 (KHTML, like Gecko) Edge/88.0.0.0 Safari/537.36"
203.76.222.92 - - [10/Jul/2026:12:00:33 -0700] "POST /xmlrpc.php HTTP/1.1" 200 4129 "-" "Mozilla/5.0 (Windows NT 6.2; x86) AppleWebKit/537.36 (KHTML, like Gecko) Safari/15.0.0.0 Safari/537.36"
35.235.84.95 - - [10/Jul/2026:12:00:38 -0700] "HEAD / HTTP/1.1" 200 4253 "-" "Mozilla/5.0 (Windows NT 10.0; Win64; x64) AppleWebKit/537.36 (KHTML, like Gecko) Chrome/117.0.0.0 Safari/537.36"
35.235.84.95 - - [10/Jul/2026:12:00:53 -0700] "POST /wp-cron.php?doing_wp_cron=1783710053.0542678833007812500000 HTTP/1.1" 200 3587 "-" "WordPress/7.0.1; https://vanessavaladezrealty.com"
203.76.222.92 - - [10/Jul/2026:12:00:51 -0700] "POST /xmlrpc.php HTTP/1.1" 200 4129 "-" "Mozilla/5.0 (Macintosh; Intel Mac OS X 10_15_7; arm64) AppleWebKit/537.36 (KHTML, like Gecko) Firefox/78.0.0.0 Safari/537.36"
203.76.222.92 - - [10/Jul/2026:12:01:09 -0700] "POST /xmlrpc.php HTTP/1.1" 200 4129 "-" "Mozilla/5.0 (Windows NT 6.2; arm64) AppleWebKit/537.36 (KHTML, like Gecko) Chrome/86.0.0.0 Safari/537.36"
35.235.84.95 - - [10/Jul/2026:12:01:33 -0700] "POST /wp-cron.php?doing_wp_cron=1783710093.1485641002655029296875 HTTP/1.1" 200 3587 "-" "WordPress/7.0.1; https://vanessavaladezrealty.com"
203.76.222.92 - - [10/Jul/2026:12:01:32 -0700] "POST /xmlrpc.php HTTP/1.1" 200 4129 "-" "Mozilla/5.0 (Windows NT 6.3; x64) AppleWebKit/537.36 (KHTML, like Gecko) Chrome/81.0.0.0 Safari/537.36"
203.76.222.92 - - [10/Jul/2026:12:01:50 -0700] "POST /xmlrpc.php HTTP/1.1" 200 4129 "-" "Mozilla/5.0 (Windows NT 6.3; arm64) AppleWebKit/537.36 (KHTML, like Gecko) Opera/76.0.0.0 Safari/537.36"
203.76.222.92 - - [10/Jul/2026:12:02:13 -0700] "POST /xmlrpc.php HTTP/1.1" 200 4129 "-" "Mozilla/5.0 (Windows NT 10.0; x64) AppleWebKit/537.36 (KHTML, like Gecko) Firefox/100.0.0.0 Safari/537.36"
35.235.84.95 - - [10/Jul/2026:12:02:34 -0700] "POST /wp-cron.php?doing_wp_cron=1783710154.0017039775848388671875 HTTP/1.1" 200 3587 "-" "WordPress/7.0.1; https://vanessavaladezrealty.com"
203.76.222.92 - - [10/Jul/2026:12:02:32 -0700] "POST /xmlrpc.php HTTP/1.1" 200 4129 "-" "Mozilla/5.0 (Windows NT 6.3; x64) AppleWebKit/537.36 (KHTML, like Gecko) Firefox/93.0.0.0 Safari/537.36"
35.235.84.95 - - [10/Jul/2026:12:02:53 -0700] "POST /wp-cron.php?doing_wp_cron=1783710173.9322481155395507812500 HTTP/1.1" 200 3587 "-" "WordPress/7.0.1; https://vanessavaladezrealty.com"
203.76.222.92 - - [10/Jul/2026:12:03:09 -0700] "POST /xmlrpc.php HTTP/1.1" 200 4129 "-" "Mozilla/5.0 (Windows NT 6.2; x86) AppleWebKit/537.36 (KHTML, like Gecko) Firefox/81.0.0.0 Safari/537.36"
203.76.222.92 - - [10/Jul/2026:12:02:52 -0700] "POST /xmlrpc.php HTTP/1.1" 200 4129 "-" "Mozilla/5.0 (X11; Ubuntu; Linux x86_64; x64) AppleWebKit/537.36 (KHTML, like Gecko) Chrome/96.0.0.0 Safari/537.36"
78.142.18.172 - - [10/Jul/2026:12:03:38 -0700] "GET /wp-login.php HTTP/1.1" 200 6364 "-" "Mozilla/5.0 (Windows NT 10.0; Win64; x64) AppleWebKit/537.36 (KHTML, like Gecko) Chrome/133.0.0.0 Safari/537.36"
78.142.18.172 - - [10/Jul/2026:12:03:39 -0700] "POST /wp-login.php HTTP/1.1" 200 6450 "https://vanessavaladezrealty.com/wp-login.php" "Mozilla/5.0 (Windows NT 10.0; Win64; x64) AppleWebKit/537.36 (KHTML, like Gecko) Chrome/133.0.0.0 Safari/537.36"
203.76.222.92 - - [10/Jul/2026:12:03:35 -0700] "POST /xmlrpc.php HTTP/1.1" 200 4129 "-" "Mozilla/5.0 (X11; Ubuntu; Linux x86_64; x86) AppleWebKit/537.36 (KHTML, like Gecko) Edge/91.0.0.0 Safari/537.36"
35.235.84.95 - - [10/Jul/2026:12:04:03 -0700] "POST /wp-cron.php?doing_wp_cron=1783710243.4877979755401611328125 HTTP/1.1" 200 3587 "-" "WordPress/7.0.1; https://vanessavaladezrealty.com"
203.76.222.92 - - [10/Jul/2026:12:04:02 -0700] "POST /xmlrpc.php HTTP/1.1" 200 4129 "-" "Mozilla/5.0 (Windows NT 6.2; x86) AppleWebKit/537.36 (KHTML, like Gecko) Safari/13.0.0.0 Safari/537.36"
203.76.222.92 - - [10/Jul/2026:12:04:19 -0700] "POST /xmlrpc.php HTTP/1.1" 200 4129 "-" "Mozilla/5.0 (Windows NT 6.2; x86) AppleWebKit/537.36 (KHTML, like Gecko) Safari/12.0.0.0 Safari/537.36"
203.76.222.92 - - [10/Jul/2026:12:04:43 -0700] "POST /xmlrpc.php HTTP/1.1" 200 4129 "-" "Mozilla/5.0 (X11; Ubuntu; Linux x86_64; arm64) AppleWebKit/537.36 (KHTML, like Gecko) Safari/12.0.0.0 Safari/537.36"
35.235.84.95 - - [10/Jul/2026:12:05:07 -0700] "POST /wp-cron.php?doing_wp_cron=1783710307.2581689357757568359375 HTTP/1.1" 200 3587 "-" "WordPress/7.0.1; https://vanessavaladezrealty.com"
203.76.222.92 - - [10/Jul/2026:12:05:06 -0700] "POST /xmlrpc.php HTTP/1.1" 200 4129 "-" "Mozilla/5.0 (Windows NT 10.0; arm64) AppleWebKit/537.36 (KHTML, like Gecko) Chrome/113.0.0.0 Safari/537.36"
203.76.222.92 - - [10/Jul/2026:12:05:24 -0700] "POST /xmlrpc.php HTTP/1.1" 200 4129 "-" "Mozilla/5.0 (Windows NT 6.3; x86) AppleWebKit/537.36 (KHTML, like Gecko) Firefox/96.0.0.0 Safari/537.36"
35.235.84.95 - - [10/Jul/2026:12:06:48 -0700] "POST /wp-cron.php?doing_wp_cron=1783710408.2399990558624267578125 HTTP/1.1" 200 3587 "-" "WordPress/7.0.1; https://vanessavaladezrealty.com"
48.217.65.238 - - [10/Jul/2026:12:06:47 -0700] "GET /wp-login.php HTTP/1.1" 200 6364 "-" "Mozilla/5.0 (Windows NT 10.0; Win64; x64) AppleWebKit/537.36 (KHTML, like Gecko) Chrome/133.0.0.0 Safari/537.36"
48.217.65.238 - - [10/Jul/2026:12:06:48 -0700] "POST /wp-login.php HTTP/1.1" 200 6445 "https://vanessavaladezrealty.com/wp-login.php" "Mozilla/5.0 (Windows NT 10.0; Win64; x64) AppleWebKit/537.36 (KHTML, like Gecko) Chrome/133.0.0.0 Safari/537.36"
35.235.84.95 - - [10/Jul/2026:12:12:16 -0700] "POST /wp-cron.php?doing_wp_cron=1783710736.1926589012145996093750 HTTP/1.1" 200 3587 "-" "WordPress/7.0.1; https://vanessavaladezrealty.com"
197.55.224.228 - - [10/Jul/2026:12:12:15 -0700] "GET /properties/vanessavaladez/tel:7027760711/tel:7027760711/tel:7027760711/tel:7027760711/tel:7027760711/tel:7027760711/tel:7027760711/tel:7027760711/tel:7027760711 HTTP/1.1" 301 4273 "-" "Mozilla/5.0 (Macintosh; Intel Mac OS X 10_14_6) AppleWebKit/537.36 (KHTML, like Gecko) Chrome/88.0.4324.152 Safari/537.36"
197.55.224.228 - - [10/Jul/2026:12:12:16 -0700] "GET /properties/vanessavaladez/tel:7027760711/tel:7027760711/tel:7027760711/tel:7027760711/tel:7027760711/tel:7027760711/tel:7027760711/tel:7027760711/tel:7027760711/ HTTP/1.1" 200 32772 "-" "Mozilla/5.0 (Macintosh; Intel Mac OS X 10_14_6) AppleWebKit/537.36 (KHTML, like Gecko) Chrome/88.0.4324.152 Safari/537.36"
165.16.170.135 - - [10/Jul/2026:12:12:50 -0700] "GET /properties/?wplpage=1 HTTP/1.1" 200 30846 "-" "Mozilla/5.0 (Macintosh; Intel Mac OS X 10_15_4) AppleWebKit/537.36 (KHTML, like Gecko) Chrome/100.0.4896.127 Safari/537.36"
35.235.84.95 - - [10/Jul/2026:12:17:28 -0700] "POST /wp-cron.php?doing_wp_cron=1783711048.2244849205017089843750 HTTP/1.1" 200 3587 "-" "WordPress/7.0.1; https://vanessavaladezrealty.com"
54.147.182.90 - - [10/Jul/2026:12:17:26 -0700] "GET / HTTP/1.1" 200 38354 "-" "Mozilla/5.0 AppleWebKit/537.36 (KHTML, like Gecko; compatible; Amazonbot/0.1; +https://developer.amazon.com/support/amazonbot) Chrome/119.0.6045.214 Safari/537.36"
35.235.84.95 - - [10/Jul/2026:12:18:39 -0700] "POST /wp-cron.php?doing_wp_cron=1783711119.4066219329833984375000 HTTP/1.1" 200 3587 "-" "WordPress/7.0.1; https://vanessavaladezrealty.com"
161.97.129.228 - - [10/Jul/2026:12:18:38 -0700] "GET /wp-login.php HTTP/1.1" 200 6364 "-" "Mozilla/5.0 (Windows NT 10.0; Win64; x64) AppleWebKit/537.36 (KHTML, like Gecko) Chrome/133.0.0.0 Safari/537.36"
161.97.129.228 - - [10/Jul/2026:12:18:40 -0700] "POST /wp-login.php HTTP/1.1" 200 6446 "https://vanessavaladezrealty.com/wp-login.php" "Mozilla/5.0 (Windows NT 10.0; Win64; x64) AppleWebKit/537.36 (KHTML, like Gecko) Chrome/133.0.0.0 Safari/537.36"
35.235.84.95 - - [10/Jul/2026:12:19:27 -0700] "POST /wp-cron.php?doing_wp_cron=1783711167.4944589138031005859375 HTTP/1.1" 200 3587 "-" "WordPress/7.0.1; https://vanessavaladezrealty.com"
85.208.96.194 - - [10/Jul/2026:12:19:26 -0700] "GET /robots.txt HTTP/1.1" 200 4273 "-" "Mozilla/5.0 (compatible; SemrushBot/7~bl; +http://www.semrush.com/bot.html)"
185.191.171.9 - - [10/Jul/2026:12:19:27 -0700] "GET /properties/130-Residential-1783-JUPITER-Court-C-6-Rooms-2-Bedrooms-2-Bathrooms-USD215-000/ HTTP/1.1" 200 31071 "-" "Mozilla/5.0 (compatible; SemrushBot/7~bl; +http://www.semrush.com/bot.html)"
