103.75.185.95 - - [10/Jul/2026:22:41:23 -0700] "GET /wp-login.php HTTP/1.1" 200 6364 "-" "Mozilla/5.0 (Windows NT 10.0; Win64; x64) AppleWebKit/537.36 (KHTML, like Gecko) Chrome/133.0.0.0 Safari/537.36"
103.75.185.95 - - [10/Jul/2026:22:41:25 -0700] "POST /wp-login.php HTTP/1.1" 200 6466 "https://vanessavaladezrealty.com/wp-login.php" "Mozilla/5.0 (Windows NT 10.0; Win64; x64) AppleWebKit/537.36 (KHTML, like Gecko) Chrome/133.0.0.0 Safari/537.36"
35.235.84.95 - - [10/Jul/2026:22:45:23 -0700] "POST /wp-cron.php?doing_wp_cron=1783748723.1898379325866699218750 HTTP/1.1" 200 3587 "-" "WordPress/7.0.1; https://vanessavaladezrealty.com"
20.84.23.211 - - [10/Jul/2026:22:45:22 -0700] "GET /wp-login.php HTTP/1.1" 200 6364 "-" "Mozilla/5.0 (Windows NT 10.0; Win64; x64) AppleWebKit/537.36 (KHTML, like Gecko) Chrome/133.0.0.0 Safari/537.36"
20.84.23.211 - - [10/Jul/2026:22:45:23 -0700] "POST /wp-login.php HTTP/1.1" 200 6444 "https://vanessavaladezrealty.com/wp-login.php" "Mozilla/5.0 (Windows NT 10.0; Win64; x64) AppleWebKit/537.36 (KHTML, like Gecko) Chrome/133.0.0.0 Safari/537.36"
35.235.84.95 - - [10/Jul/2026:22:47:16 -0700] "POST /wp-cron.php?doing_wp_cron=1783748836.9646160602569580078125 HTTP/1.1" 200 3587 "-" "WordPress/7.0.1; https://vanessavaladezrealty.com"
57.141.18.7 - - [10/Jul/2026:22:47:15 -0700] "GET /SiteMap.aspx HTTP/1.1" 404 98763 "-" "Mozilla/5.0 (Macintosh; Intel Mac OS X 10_15_7) AppleWebKit/537.36 (KHTML, like Gecko) Chrome/145.0.0.0 Safari/537.36 (compatible; meta-externalagent/1.1 (+https://developers.facebook.com/docs/sharing/webmasters/crawler))"
35.235.84.95 - - [10/Jul/2026:22:49:40 -0700] "POST /wp-cron.php?doing_wp_cron=1783748980.4375650882720947265625 HTTP/1.1" 200 3587 "-" "WordPress/7.0.1; https://vanessavaladezrealty.com"
161.97.129.228 - - [10/Jul/2026:22:49:39 -0700] "GET /wp-login.php HTTP/1.1" 200 6364 "-" "Mozilla/5.0 (Windows NT 10.0; Win64; x64) AppleWebKit/537.36 (KHTML, like Gecko) Chrome/133.0.0.0 Safari/537.36"
161.97.129.228 - - [10/Jul/2026:22:49:40 -0700] "POST /wp-login.php HTTP/1.1" 200 6446 "https://vanessavaladezrealty.com/wp-login.php" "Mozilla/5.0 (Windows NT 10.0; Win64; x64) AppleWebKit/537.36 (KHTML, like Gecko) Chrome/133.0.0.0 Safari/537.36"
138.197.70.61 - - [10/Jul/2026:22:49:43 -0700] "GET /wp-login.php HTTP/1.1" 200 6364 "-" "Mozilla/5.0 (Windows NT 10.0; Win64; x64) AppleWebKit/537.36 (KHTML, like Gecko) Chrome/133.0.0.0 Safari/537.36"
57.141.18.42 - - [10/Jul/2026:22:49:43 -0700] "GET /sitemap_index.xml HTTP/1.1" 404 98763 "-" "Mozilla/5.0 (Macintosh; Intel Mac OS X 10_15_7) AppleWebKit/537.36 (KHTML, like Gecko) Chrome/145.0.0.0 Safari/537.36 (compatible; meta-externalagent/1.1 (+https://developers.facebook.com/docs/sharing/webmasters/crawler))"
138.197.70.61 - - [10/Jul/2026:22:49:44 -0700] "POST /wp-login.php HTTP/1.1" 200 6450 "https://vanessavaladezrealty.com/wp-login.php" "Mozilla/5.0 (Windows NT 10.0; Win64; x64) AppleWebKit/537.36 (KHTML, like Gecko) Chrome/133.0.0.0 Safari/537.36"
35.235.84.95 - - [10/Jul/2026:22:51:16 -0700] "POST /wp-cron.php?doing_wp_cron=1783749076.7005128860473632812500 HTTP/1.1" 200 3587 "-" "WordPress/7.0.1; https://vanessavaladezrealty.com"
89.124.105.236 - - [10/Jul/2026:22:51:15 -0700] "GET /hello-world/ HTTP/1.1" 200 126058 "https://vanessavaladezrealty.com/hello-world/" "Mozilla/5.0 (Windows NT 10.0; Win64; x64) AppleWebKit/537.36 (KHTML, like Gecko) Chrome/131.0.0.0 Safari/537.36 Avast/131.0.0.0"
89.124.105.236 - - [10/Jul/2026:22:51:17 -0700] "POST /wp-comments-post.php HTTP/1.1" 302 4229 "https://vanessavaladezrealty.com/hello-world/" "Mozilla/5.0 (Windows NT 10.0; Win64; x64) AppleWebKit/537.36 (KHTML, like Gecko) Chrome/131.0.0.0 Safari/537.36 Avast/131.0.0.0"
89.124.105.236 - - [10/Jul/2026:22:51:19 -0700] "GET /hello-world/ HTTP/1.1" 200 128431 "https://vanessavaladezrealty.com/hello-world/#comment-1382" "Mozilla/5.0 (Windows NT 10.0; Win64; x64) AppleWebKit/537.36 (KHTML, like Gecko) Chrome/131.0.0.0 Safari/537.36 Avast/131.0.0.0"
35.235.84.95 - - [10/Jul/2026:22:56:43 -0700] "POST /wp-cron.php?doing_wp_cron=1783749403.8536009788513183593750 HTTP/1.1" 200 3587 "-" "WordPress/7.0.1; https://vanessavaladezrealty.com"
172.245.102.41 - - [10/Jul/2026:22:56:42 -0700] "POST /wp-login.php HTTP/1.1" 200 6517 "https://vanessavaladezrealty.com/wp-admin/" "Mozilla/5.0 (Windows NT 10.0; Win64; x64) AppleWebKit/537.36 (KHTML, like Gecko) Chrome/90.0.4430.85 Safari/537.36"
172.245.102.41 - - [10/Jul/2026:22:56:43 -0700] "POST /admin HTTP/1.1" 302 4148 "https://vanessavaladezrealty.com/wp-admin/" "Mozilla/5.0 (Windows NT 10.0; Win64; x64) AppleWebKit/537.36 (KHTML, like Gecko) Chrome/90.0.4430.85 Safari/537.36"
172.245.102.41 - - [10/Jul/2026:22:56:45 -0700] "GET /wp-admin/ HTTP/1.1" 302 3784 "https://vanessavaladezrealty.com/wp-admin/" "Mozilla/5.0 (Windows NT 10.0; Win64; x64) AppleWebKit/537.36 (KHTML, like Gecko) Chrome/90.0.4430.85 Safari/537.36"
172.245.102.41 - - [10/Jul/2026:22:56:47 -0700] "GET /wp-login.php?redirect_to=https%3A%2F%2Fvanessavaladezrealty.com%2Fwp-admin%2F&reauth=1 HTTP/1.1" 200 8365 "https://vanessavaladezrealty.com/wp-admin/" "Mozilla/5.0 (Windows NT 10.0; Win64; x64) AppleWebKit/537.36 (KHTML, like Gecko) Chrome/90.0.4430.85 Safari/537.36"
136.144.33.53 - - [10/Jul/2026:22:56:57 -0700] "POST /wp-login.php HTTP/1.1" 200 6517 "https://vanessavaladezrealty.com/wp-admin/" "Mozilla/5.0 (Windows NT 10.0; Win64; x64) AppleWebKit/537.36 (KHTML, like Gecko) Chrome/90.0.4430.85 Safari/537.36"
136.144.33.53 - - [10/Jul/2026:22:56:58 -0700] "POST /admin HTTP/1.1" 302 4148 "https://vanessavaladezrealty.com/wp-admin/" "Mozilla/5.0 (Windows NT 10.0; Win64; x64) AppleWebKit/537.36 (KHTML, like Gecko) Chrome/90.0.4430.85 Safari/537.36"
136.144.33.53 - - [10/Jul/2026:22:56:59 -0700] "GET /wp-admin/ HTTP/1.1" 302 3784 "https://vanessavaladezrealty.com/wp-admin/" "Mozilla/5.0 (Windows NT 10.0; Win64; x64) AppleWebKit/537.36 (KHTML, like Gecko) Chrome/90.0.4430.85 Safari/537.36"
136.144.33.53 - - [10/Jul/2026:22:57:00 -0700] "GET /wp-login.php?redirect_to=https%3A%2F%2Fvanessavaladezrealty.com%2Fwp-admin%2F&reauth=1 HTTP/1.1" 200 8365 "https://vanessavaladezrealty.com/wp-admin/" "Mozilla/5.0 (Windows NT 10.0; Win64; x64) AppleWebKit/537.36 (KHTML, like Gecko) Chrome/90.0.4430.85 Safari/537.36"
136.144.33.29 - - [10/Jul/2026:22:57:05 -0700] "POST /wp-login.php HTTP/1.1" 200 6517 "https://vanessavaladezrealty.com/wp-admin/" "Mozilla/5.0 (Windows NT 10.0; Win64; x64) AppleWebKit/537.36 (KHTML, like Gecko) Chrome/90.0.4430.85 Safari/537.36"
136.144.33.29 - - [10/Jul/2026:22:57:06 -0700] "POST /admin HTTP/1.1" 302 4148 "https://vanessavaladezrealty.com/wp-admin/" "Mozilla/5.0 (Windows NT 10.0; Win64; x64) AppleWebKit/537.36 (KHTML, like Gecko) Chrome/90.0.4430.85 Safari/537.36"
136.144.33.29 - - [10/Jul/2026:22:57:07 -0700] "GET /wp-admin/ HTTP/1.1" 302 3784 "https://vanessavaladezrealty.com/wp-admin/" "Mozilla/5.0 (Windows NT 10.0; Win64; x64) AppleWebKit/537.36 (KHTML, like Gecko) Chrome/90.0.4430.85 Safari/537.36"
136.144.33.29 - - [10/Jul/2026:22:57:09 -0700] "GET /wp-login.php?redirect_to=https%3A%2F%2Fvanessavaladezrealty.com%2Fwp-admin%2F&reauth=1 HTTP/1.1" 200 8365 "https://vanessavaladezrealty.com/wp-admin/" "Mozilla/5.0 (Windows NT 10.0; Win64; x64) AppleWebKit/537.36 (KHTML, like Gecko) Chrome/90.0.4430.85 Safari/537.36"
193.36.225.72 - - [10/Jul/2026:22:57:21 -0700] "POST /wp-login.php HTTP/1.1" 200 6522 "https://vanessavaladezrealty.com/wp-admin/" "Mozilla/5.0 (Windows NT 10.0; Win64; x64) AppleWebKit/537.36 (KHTML, like Gecko) Chrome/90.0.4430.85 Safari/537.36"
193.36.225.72 - - [10/Jul/2026:22:57:22 -0700] "POST /admin HTTP/1.1" 302 4148 "https://vanessavaladezrealty.com/wp-admin/" "Mozilla/5.0 (Windows NT 10.0; Win64; x64) AppleWebKit/537.36 (KHTML, like Gecko) Chrome/90.0.4430.85 Safari/537.36"
193.36.225.72 - - [10/Jul/2026:22:57:23 -0700] "GET /wp-admin/ HTTP/1.1" 302 3784 "https://vanessavaladezrealty.com/wp-admin/" "Mozilla/5.0 (Windows NT 10.0; Win64; x64) AppleWebKit/537.36 (KHTML, like Gecko) Chrome/90.0.4430.85 Safari/537.36"
193.36.225.72 - - [10/Jul/2026:22:57:24 -0700] "GET /wp-login.php?redirect_to=https%3A%2F%2Fvanessavaladezrealty.com%2Fwp-admin%2F&reauth=1 HTTP/1.1" 200 8365 "https://vanessavaladezrealty.com/wp-admin/" "Mozilla/5.0 (Windows NT 10.0; Win64; x64) AppleWebKit/537.36 (KHTML, like Gecko) Chrome/90.0.4430.85 Safari/537.36"
136.144.33.241 - - [10/Jul/2026:22:57:34 -0700] "POST /wp-login.php HTTP/1.1" 200 6520 "https://vanessavaladezrealty.com/wp-admin/" "Mozilla/5.0 (Windows NT 10.0; Win64; x64) AppleWebKit/537.36 (KHTML, like Gecko) Chrome/90.0.4430.85 Safari/537.36"
136.144.33.241 - - [10/Jul/2026:22:57:35 -0700] "POST /admin HTTP/1.1" 302 4148 "https://vanessavaladezrealty.com/wp-admin/" "Mozilla/5.0 (Windows NT 10.0; Win64; x64) AppleWebKit/537.36 (KHTML, like Gecko) Chrome/90.0.4430.85 Safari/537.36"
136.144.33.241 - - [10/Jul/2026:22:57:36 -0700] "GET /wp-admin/ HTTP/1.1" 302 3784 "https://vanessavaladezrealty.com/wp-admin/" "Mozilla/5.0 (Windows NT 10.0; Win64; x64) AppleWebKit/537.36 (KHTML, like Gecko) Chrome/90.0.4430.85 Safari/537.36"
136.144.33.241 - - [10/Jul/2026:22:57:38 -0700] "GET /wp-login.php?redirect_to=https%3A%2F%2Fvanessavaladezrealty.com%2Fwp-admin%2F&reauth=1 HTTP/1.1" 200 8365 "https://vanessavaladezrealty.com/wp-admin/" "Mozilla/5.0 (Windows NT 10.0; Win64; x64) AppleWebKit/537.36 (KHTML, like Gecko) Chrome/90.0.4430.85 Safari/537.36"
136.144.33.106 - - [10/Jul/2026:22:57:42 -0700] "POST /wp-login.php HTTP/1.1" 200 6519 "https://vanessavaladezrealty.com/wp-admin/" "Mozilla/5.0 (Windows NT 10.0; Win64; x64) AppleWebKit/537.36 (KHTML, like Gecko) Chrome/90.0.4430.85 Safari/537.36"
35.235.84.95 - - [10/Jul/2026:22:57:44 -0700] "POST /wp-cron.php?doing_wp_cron=1783749464.5796730518341064453125 HTTP/1.1" 200 3587 "-" "WordPress/7.0.1; https://vanessavaladezrealty.com"
136.144.33.106 - - [10/Jul/2026:22:57:43 -0700] "POST /admin HTTP/1.1" 302 4148 "https://vanessavaladezrealty.com/wp-admin/" "Mozilla/5.0 (Windows NT 10.0; Win64; x64) AppleWebKit/537.36 (KHTML, like Gecko) Chrome/90.0.4430.85 Safari/537.36"
136.144.33.106 - - [10/Jul/2026:22:57:44 -0700] "GET /wp-admin/ HTTP/1.1" 302 3784 "https://vanessavaladezrealty.com/wp-admin/" "Mozilla/5.0 (Windows NT 10.0; Win64; x64) AppleWebKit/537.36 (KHTML, like Gecko) Chrome/90.0.4430.85 Safari/537.36"
136.144.33.106 - - [10/Jul/2026:22:57:46 -0700] "GET /wp-login.php?redirect_to=https%3A%2F%2Fvanessavaladezrealty.com%2Fwp-admin%2F&reauth=1 HTTP/1.1" 200 8365 "https://vanessavaladezrealty.com/wp-admin/" "Mozilla/5.0 (Windows NT 10.0; Win64; x64) AppleWebKit/537.36 (KHTML, like Gecko) Chrome/90.0.4430.85 Safari/537.36"
35.235.84.95 - - [10/Jul/2026:22:57:54 -0700] "POST /wp-cron.php?doing_wp_cron=1783749474.7542369365692138671875 HTTP/1.1" 200 3587 "-" "WordPress/7.0.1; https://vanessavaladezrealty.com"
136.144.33.99 - - [10/Jul/2026:22:57:53 -0700] "POST /wp-login.php HTTP/1.1" 200 6518 "https://vanessavaladezrealty.com/wp-admin/" "Mozilla/5.0 (Windows NT 10.0; Win64; x64) AppleWebKit/537.36 (KHTML, like Gecko) Chrome/90.0.4430.85 Safari/537.36"
136.144.33.99 - - [10/Jul/2026:22:57:54 -0700] "POST /admin HTTP/1.1" 302 4148 "https://vanessavaladezrealty.com/wp-admin/" "Mozilla/5.0 (Windows NT 10.0; Win64; x64) AppleWebKit/537.36 (KHTML, like Gecko) Chrome/90.0.4430.85 Safari/537.36"
136.144.33.99 - - [10/Jul/2026:22:57:55 -0700] "GET /wp-admin/ HTTP/1.1" 302 3784 "https://vanessavaladezrealty.com/wp-admin/" "Mozilla/5.0 (Windows NT 10.0; Win64; x64) AppleWebKit/537.36 (KHTML, like Gecko) Chrome/90.0.4430.85 Safari/537.36"
136.144.33.99 - - [10/Jul/2026:22:57:57 -0700] "GET /wp-login.php?redirect_to=https%3A%2F%2Fvanessavaladezrealty.com%2Fwp-admin%2F&reauth=1 HTTP/1.1" 200 8365 "https://vanessavaladezrealty.com/wp-admin/" "Mozilla/5.0 (Windows NT 10.0; Win64; x64) AppleWebKit/537.36 (KHTML, like Gecko) Chrome/90.0.4430.85 Safari/537.36"
193.36.225.64 - - [10/Jul/2026:22:58:09 -0700] "POST /wp-login.php HTTP/1.1" 200 6459 "https://vanessavaladezrealty.com/wp-admin/" "Mozilla/5.0 (Windows NT 10.0; Win64; x64) AppleWebKit/537.36 (KHTML, like Gecko) Chrome/90.0.4430.85 Safari/537.36"
193.36.225.64 - - [10/Jul/2026:22:58:11 -0700] "POST /admin HTTP/1.1" 302 4148 "https://vanessavaladezrealty.com/wp-admin/" "Mozilla/5.0 (Windows NT 10.0; Win64; x64) AppleWebKit/537.36 (KHTML, like Gecko) Chrome/90.0.4430.85 Safari/537.36"
193.36.225.64 - - [10/Jul/2026:22:58:12 -0700] "GET /wp-admin/ HTTP/1.1" 302 3784 "https://vanessavaladezrealty.com/wp-admin/" "Mozilla/5.0 (Windows NT 10.0; Win64; x64) AppleWebKit/537.36 (KHTML, like Gecko) Chrome/90.0.4430.85 Safari/537.36"
193.36.225.64 - - [10/Jul/2026:22:58:13 -0700] "GET /wp-login.php?redirect_to=https%3A%2F%2Fvanessavaladezrealty.com%2Fwp-admin%2F&reauth=1 HTTP/1.1" 200 8365 "https://vanessavaladezrealty.com/wp-admin/" "Mozilla/5.0 (Windows NT 10.0; Win64; x64) AppleWebKit/537.36 (KHTML, like Gecko) Chrome/90.0.4430.85 Safari/537.36"
193.36.225.71 - - [10/Jul/2026:22:58:19 -0700] "POST /wp-login.php HTTP/1.1" 200 6522 "https://vanessavaladezrealty.com/wp-admin/" "Mozilla/5.0 (Windows NT 10.0; Win64; x64) AppleWebKit/537.36 (KHTML, like Gecko) Chrome/90.0.4430.85 Safari/537.36"
193.36.225.71 - - [10/Jul/2026:22:58:20 -0700] "POST /admin HTTP/1.1" 302 4148 "https://vanessavaladezrealty.com/wp-admin/" "Mozilla/5.0 (Windows NT 10.0; Win64; x64) AppleWebKit/537.36 (KHTML, like Gecko) Chrome/90.0.4430.85 Safari/537.36"
193.36.225.71 - - [10/Jul/2026:22:58:21 -0700] "GET /wp-admin/ HTTP/1.1" 302 3784 "https://vanessavaladezrealty.com/wp-admin/" "Mozilla/5.0 (Windows NT 10.0; Win64; x64) AppleWebKit/537.36 (KHTML, like Gecko) Chrome/90.0.4430.85 Safari/537.36"
193.36.225.71 - - [10/Jul/2026:22:58:22 -0700] "GET /wp-login.php?redirect_to=https%3A%2F%2Fvanessavaladezrealty.com%2Fwp-admin%2F&reauth=1 HTTP/1.1" 200 8365 "https://vanessavaladezrealty.com/wp-admin/" "Mozilla/5.0 (Windows NT 10.0; Win64; x64) AppleWebKit/537.36 (KHTML, like Gecko) Chrome/90.0.4430.85 Safari/537.36"
136.144.33.109 - - [10/Jul/2026:22:58:29 -0700] "POST /wp-login.php HTTP/1.1" 200 6524 "https://vanessavaladezrealty.com/wp-admin/" "Mozilla/5.0 (Windows NT 10.0; Win64; x64) AppleWebKit/537.36 (KHTML, like Gecko) Chrome/90.0.4430.85 Safari/537.36"
136.144.33.109 - - [10/Jul/2026:22:58:30 -0700] "POST /admin HTTP/1.1" 302 4148 "https://vanessavaladezrealty.com/wp-admin/" "Mozilla/5.0 (Windows NT 10.0; Win64; x64) AppleWebKit/537.36 (KHTML, like Gecko) Chrome/90.0.4430.85 Safari/537.36"
136.144.33.109 - - [10/Jul/2026:22:58:31 -0700] "GET /wp-admin/ HTTP/1.1" 302 3784 "https://vanessavaladezrealty.com/wp-admin/" "Mozilla/5.0 (Windows NT 10.0; Win64; x64) AppleWebKit/537.36 (KHTML, like Gecko) Chrome/90.0.4430.85 Safari/537.36"
136.144.33.109 - - [10/Jul/2026:22:58:33 -0700] "GET /wp-login.php?redirect_to=https%3A%2F%2Fvanessavaladezrealty.com%2Fwp-admin%2F&reauth=1 HTTP/1.1" 200 8365 "https://vanessavaladezrealty.com/wp-admin/" "Mozilla/5.0 (Windows NT 10.0; Win64; x64) AppleWebKit/537.36 (KHTML, like Gecko) Chrome/90.0.4430.85 Safari/537.36"
37.140.223.68 - - [10/Jul/2026:22:58:40 -0700] "POST /wp-login.php HTTP/1.1" 200 6522 "https://vanessavaladezrealty.com/wp-admin/" "Mozilla/5.0 (Windows NT 10.0; Win64; x64) AppleWebKit/537.36 (KHTML, like Gecko) Chrome/90.0.4430.85 Safari/537.36"
35.235.84.95 - - [10/Jul/2026:22:58:50 -0700] "POST /wp-cron.php?doing_wp_cron=1783749530.2851560115814208984375 HTTP/1.1" 200 3587 "-" "WordPress/7.0.1; https://vanessavaladezrealty.com"
136.144.33.241 - - [10/Jul/2026:22:58:49 -0700] "POST /wp-login.php HTTP/1.1" 200 6518 "https://vanessavaladezrealty.com/wp-admin/" "Mozilla/5.0 (Windows NT 10.0; Win64; x64) AppleWebKit/537.36 (KHTML, like Gecko) Chrome/90.0.4430.85 Safari/537.36"
136.144.33.241 - - [10/Jul/2026:22:58:50 -0700] "POST /admin HTTP/1.1" 302 4148 "https://vanessavaladezrealty.com/wp-admin/" "Mozilla/5.0 (Windows NT 10.0; Win64; x64) AppleWebKit/537.36 (KHTML, like Gecko) Chrome/90.0.4430.85 Safari/537.36"
136.144.33.241 - - [10/Jul/2026:22:58:51 -0700] "GET /wp-admin/ HTTP/1.1" 302 3784 "https://vanessavaladezrealty.com/wp-admin/" "Mozilla/5.0 (Windows NT 10.0; Win64; x64) AppleWebKit/537.36 (KHTML, like Gecko) Chrome/90.0.4430.85 Safari/537.36"
136.144.33.241 - - [10/Jul/2026:22:58:53 -0700] "GET /wp-login.php?redirect_to=https%3A%2F%2Fvanessavaladezrealty.com%2Fwp-admin%2F&reauth=1 HTTP/1.1" 200 8365 "https://vanessavaladezrealty.com/wp-admin/" "Mozilla/5.0 (Windows NT 10.0; Win64; x64) AppleWebKit/537.36 (KHTML, like Gecko) Chrome/90.0.4430.85 Safari/537.36"
172.245.102.42 - - [10/Jul/2026:22:58:57 -0700] "POST /wp-login.php HTTP/1.1" 200 6518 "https://vanessavaladezrealty.com/wp-admin/" "Mozilla/5.0 (Windows NT 10.0; Win64; x64) AppleWebKit/537.36 (KHTML, like Gecko) Chrome/90.0.4430.85 Safari/537.36"
172.245.102.42 - - [10/Jul/2026:22:58:58 -0700] "POST /admin HTTP/1.1" 302 4148 "https://vanessavaladezrealty.com/wp-admin/" "Mozilla/5.0 (Windows NT 10.0; Win64; x64) AppleWebKit/537.36 (KHTML, like Gecko) Chrome/90.0.4430.85 Safari/537.36"
172.245.102.42 - - [10/Jul/2026:22:59:00 -0700] "GET /wp-admin/ HTTP/1.1" 302 3784 "https://vanessavaladezrealty.com/wp-admin/" "Mozilla/5.0 (Windows NT 10.0; Win64; x64) AppleWebKit/537.36 (KHTML, like Gecko) Chrome/90.0.4430.85 Safari/537.36"
172.245.102.42 - - [10/Jul/2026:22:59:01 -0700] "GET /wp-login.php?redirect_to=https%3A%2F%2Fvanessavaladezrealty.com%2Fwp-admin%2F&reauth=1 HTTP/1.1" 200 8365 "https://vanessavaladezrealty.com/wp-admin/" "Mozilla/5.0 (Windows NT 10.0; Win64; x64) AppleWebKit/537.36 (KHTML, like Gecko) Chrome/90.0.4430.85 Safari/537.36"
136.144.33.97 - - [10/Jul/2026:22:59:07 -0700] "POST /wp-login.php HTTP/1.1" 200 6517 "https://vanessavaladezrealty.com/wp-admin/" "Mozilla/5.0 (Windows NT 10.0; Win64; x64) AppleWebKit/537.36 (KHTML, like Gecko) Chrome/90.0.4430.85 Safari/537.36"
136.144.33.97 - - [10/Jul/2026:22:59:08 -0700] "POST /admin HTTP/1.1" 302 4148 "https://vanessavaladezrealty.com/wp-admin/" "Mozilla/5.0 (Windows NT 10.0; Win64; x64) AppleWebKit/537.36 (KHTML, like Gecko) Chrome/90.0.4430.85 Safari/537.36"
136.144.33.97 - - [10/Jul/2026:22:59:09 -0700] "GET /wp-admin/ HTTP/1.1" 302 3784 "https://vanessavaladezrealty.com/wp-admin/" "Mozilla/5.0 (Windows NT 10.0; Win64; x64) AppleWebKit/537.36 (KHTML, like Gecko) Chrome/90.0.4430.85 Safari/537.36"
136.144.33.97 - - [10/Jul/2026:22:59:10 -0700] "GET /wp-login.php?redirect_to=https%3A%2F%2Fvanessavaladezrealty.com%2Fwp-admin%2F&reauth=1 HTTP/1.1" 200 8365 "https://vanessavaladezrealty.com/wp-admin/" "Mozilla/5.0 (Windows NT 10.0; Win64; x64) AppleWebKit/537.36 (KHTML, like Gecko) Chrome/90.0.4430.85 Safari/537.36"
136.144.33.98 - - [10/Jul/2026:22:59:21 -0700] "POST /admin HTTP/1.1" 302 4148 "https://vanessavaladezrealty.com/wp-admin/" "Mozilla/5.0 (Windows NT 10.0; Win64; x64) AppleWebKit/537.36 (KHTML, like Gecko) Chrome/90.0.4430.85 Safari/537.36"
136.144.33.98 - - [10/Jul/2026:22:59:22 -0700] "GET /wp-admin/ HTTP/1.1" 302 3784 "https://vanessavaladezrealty.com/wp-admin/" "Mozilla/5.0 (Windows NT 10.0; Win64; x64) AppleWebKit/537.36 (KHTML, like Gecko) Chrome/90.0.4430.85 Safari/537.36"
136.144.33.98 - - [10/Jul/2026:22:59:23 -0700] "GET /wp-login.php?redirect_to=https%3A%2F%2Fvanessavaladezrealty.com%2Fwp-admin%2F&reauth=1 HTTP/1.1" 200 8365 "https://vanessavaladezrealty.com/wp-admin/" "Mozilla/5.0 (Windows NT 10.0; Win64; x64) AppleWebKit/537.36 (KHTML, like Gecko) Chrome/90.0.4430.85 Safari/537.36"
136.144.33.98 - - [10/Jul/2026:22:59:20 -0700] "POST /wp-login.php HTTP/1.1" 200 6517 "https://vanessavaladezrealty.com/wp-admin/" "Mozilla/5.0 (Windows NT 10.0; Win64; x64) AppleWebKit/537.36 (KHTML, like Gecko) Chrome/90.0.4430.85 Safari/537.36"
136.144.33.53 - - [10/Jul/2026:22:59:36 -0700] "POST /wp-login.php HTTP/1.1" 200 6518 "https://vanessavaladezrealty.com/wp-admin/" "Mozilla/5.0 (Windows NT 10.0; Win64; x64) AppleWebKit/537.36 (KHTML, like Gecko) Chrome/90.0.4430.85 Safari/537.36"
136.144.33.53 - - [10/Jul/2026:22:59:37 -0700] "POST /admin HTTP/1.1" 302 4148 "https://vanessavaladezrealty.com/wp-admin/" "Mozilla/5.0 (Windows NT 10.0; Win64; x64) AppleWebKit/537.36 (KHTML, like Gecko) Chrome/90.0.4430.85 Safari/537.36"
136.144.33.53 - - [10/Jul/2026:22:59:38 -0700] "GET /wp-admin/ HTTP/1.1" 302 3784 "https://vanessavaladezrealty.com/wp-admin/" "Mozilla/5.0 (Windows NT 10.0; Win64; x64) AppleWebKit/537.36 (KHTML, like Gecko) Chrome/90.0.4430.85 Safari/537.36"
136.144.33.53 - - [10/Jul/2026:22:59:40 -0700] "GET /wp-login.php?redirect_to=https%3A%2F%2Fvanessavaladezrealty.com%2Fwp-admin%2F&reauth=1 HTTP/1.1" 200 8365 "https://vanessavaladezrealty.com/wp-admin/" "Mozilla/5.0 (Windows NT 10.0; Win64; x64) AppleWebKit/537.36 (KHTML, like Gecko) Chrome/90.0.4430.85 Safari/537.36"
136.144.33.54 - - [10/Jul/2026:22:59:46 -0700] "POST /wp-login.php HTTP/1.1" 200 6518 "https://vanessavaladezrealty.com/wp-admin/" "Mozilla/5.0 (Windows NT 10.0; Win64; x64) AppleWebKit/537.36 (KHTML, like Gecko) Chrome/90.0.4430.85 Safari/537.36"
136.144.33.54 - - [10/Jul/2026:22:59:48 -0700] "POST /admin HTTP/1.1" 302 4148 "https://vanessavaladezrealty.com/wp-admin/" "Mozilla/5.0 (Windows NT 10.0; Win64; x64) AppleWebKit/537.36 (KHTML, like Gecko) Chrome/90.0.4430.85 Safari/537.36"
35.235.84.95 - - [10/Jul/2026:22:59:50 -0700] "POST /wp-cron.php?doing_wp_cron=1783749590.4120459556579589843750 HTTP/1.1" 200 3587 "-" "WordPress/7.0.1; https://vanessavaladezrealty.com"
136.144.33.54 - - [10/Jul/2026:22:59:49 -0700] "GET /wp-admin/ HTTP/1.1" 302 3784 "https://vanessavaladezrealty.com/wp-admin/" "Mozilla/5.0 (Windows NT 10.0; Win64; x64) AppleWebKit/537.36 (KHTML, like Gecko) Chrome/90.0.4430.85 Safari/537.36"
136.144.33.54 - - [10/Jul/2026:22:59:50 -0700] "GET /wp-login.php?redirect_to=https%3A%2F%2Fvanessavaladezrealty.com%2Fwp-admin%2F&reauth=1 HTTP/1.1" 200 8365 "https://vanessavaladezrealty.com/wp-admin/" "Mozilla/5.0 (Windows NT 10.0; Win64; x64) AppleWebKit/537.36 (KHTML, like Gecko) Chrome/90.0.4430.85 Safari/537.36"
193.36.225.58 - - [10/Jul/2026:22:59:55 -0700] "POST /admin HTTP/1.1" 302 4148 "https://vanessavaladezrealty.com/wp-admin/" "Mozilla/5.0 (Windows NT 10.0; Win64; x64) AppleWebKit/537.36 (KHTML, like Gecko) Chrome/90.0.4430.85 Safari/537.36"
193.36.225.58 - - [10/Jul/2026:22:59:56 -0700] "GET /wp-admin/ HTTP/1.1" 302 3784 "https://vanessavaladezrealty.com/wp-admin/" "Mozilla/5.0 (Windows NT 10.0; Win64; x64) AppleWebKit/537.36 (KHTML, like Gecko) Chrome/90.0.4430.85 Safari/537.36"
193.36.225.58 - - [10/Jul/2026:22:59:58 -0700] "GET /wp-login.php?redirect_to=https%3A%2F%2Fvanessavaladezrealty.com%2Fwp-admin%2F&reauth=1 HTTP/1.1" 200 8365 "https://vanessavaladezrealty.com/wp-admin/" "Mozilla/5.0 (Windows NT 10.0; Win64; x64) AppleWebKit/537.36 (KHTML, like Gecko) Chrome/90.0.4430.85 Safari/537.36"
193.36.225.58 - - [10/Jul/2026:22:59:54 -0700] "POST /wp-login.php HTTP/1.1" 200 6518 "https://vanessavaladezrealty.com/wp-admin/" "Mozilla/5.0 (Windows NT 10.0; Win64; x64) AppleWebKit/537.36 (KHTML, like Gecko) Chrome/90.0.4430.85 Safari/537.36"
200.108.57.115 - - [10/Jul/2026:23:00:02 -0700] "GET /properties/vanessavaladez/tel:7027760711/tel:7027760711/tel:7027760711/tel:7027760711/tel:7027760711/tel:7027760711/?wplpage=2 HTTP/1.1" 200 33550 "-" "Mozilla/5.0 (Macintosh; Intel Mac OS X 10_13_6) AppleWebKit/537.36 (KHTML, like Gecko) Brave Chrome/80.0.3987.162 Safari/537.36"
193.36.225.71 - - [10/Jul/2026:23:00:09 -0700] "POST /wp-login.php HTTP/1.1" 200 6519 "https://vanessavaladezrealty.com/wp-admin/" "Mozilla/5.0 (Windows NT 10.0; Win64; x64) AppleWebKit/537.36 (KHTML, like Gecko) Chrome/90.0.4430.85 Safari/537.36"
193.36.225.71 - - [10/Jul/2026:23:00:12 -0700] "POST /admin HTTP/1.1" 302 4148 "https://vanessavaladezrealty.com/wp-admin/" "Mozilla/5.0 (Windows NT 10.0; Win64; x64) AppleWebKit/537.36 (KHTML, like Gecko) Chrome/90.0.4430.85 Safari/537.36"
193.36.225.71 - - [10/Jul/2026:23:00:13 -0700] "GET /wp-admin/ HTTP/1.1" 302 3784 "https://vanessavaladezrealty.com/wp-admin/" "Mozilla/5.0 (Windows NT 10.0; Win64; x64) AppleWebKit/537.36 (KHTML, like Gecko) Chrome/90.0.4430.85 Safari/537.36"
193.36.225.71 - - [10/Jul/2026:23:00:15 -0700] "GET /wp-login.php?redirect_to=https%3A%2F%2Fvanessavaladezrealty.com%2Fwp-admin%2F&reauth=1 HTTP/1.1" 200 8365 "https://vanessavaladezrealty.com/wp-admin/" "Mozilla/5.0 (Windows NT 10.0; Win64; x64) AppleWebKit/537.36 (KHTML, like Gecko) Chrome/90.0.4430.85 Safari/537.36"
136.144.33.97 - - [10/Jul/2026:23:00:24 -0700] "POST /wp-login.php HTTP/1.1" 200 6519 "https://vanessavaladezrealty.com/wp-admin/" "Mozilla/5.0 (Windows NT 10.0; Win64; x64) AppleWebKit/537.36 (KHTML, like Gecko) Chrome/90.0.4430.85 Safari/537.36"
136.144.33.97 - - [10/Jul/2026:23:00:25 -0700] "POST /admin HTTP/1.1" 302 4148 "https://vanessavaladezrealty.com/wp-admin/" "Mozilla/5.0 (Windows NT 10.0; Win64; x64) AppleWebKit/537.36 (KHTML, like Gecko) Chrome/90.0.4430.85 Safari/537.36"
136.144.33.97 - - [10/Jul/2026:23:00:26 -0700] "GET /wp-admin/ HTTP/1.1" 302 3784 "https://vanessavaladezrealty.com/wp-admin/" "Mozilla/5.0 (Windows NT 10.0; Win64; x64) AppleWebKit/537.36 (KHTML, like Gecko) Chrome/90.0.4430.85 Safari/537.36"
136.144.33.97 - - [10/Jul/2026:23:00:27 -0700] "GET /wp-login.php?redirect_to=https%3A%2F%2Fvanessavaladezrealty.com%2Fwp-admin%2F&reauth=1 HTTP/1.1" 200 8365 "https://vanessavaladezrealty.com/wp-admin/" "Mozilla/5.0 (Windows NT 10.0; Win64; x64) AppleWebKit/537.36 (KHTML, like Gecko) Chrome/90.0.4430.85 Safari/537.36"
136.144.33.101 - - [10/Jul/2026:23:00:33 -0700] "POST /wp-login.php HTTP/1.1" 200 6523 "https://vanessavaladezrealty.com/wp-admin/" "Mozilla/5.0 (Windows NT 10.0; Win64; x64) AppleWebKit/537.36 (KHTML, like Gecko) Chrome/90.0.4430.85 Safari/537.36"
136.144.33.101 - - [10/Jul/2026:23:00:34 -0700] "POST /admin HTTP/1.1" 302 4148 "https://vanessavaladezrealty.com/wp-admin/" "Mozilla/5.0 (Windows NT 10.0; Win64; x64) AppleWebKit/537.36 (KHTML, like Gecko) Chrome/90.0.4430.85 Safari/537.36"
136.144.33.101 - - [10/Jul/2026:23:00:36 -0700] "GET /wp-admin/ HTTP/1.1" 302 3784 "https://vanessavaladezrealty.com/wp-admin/" "Mozilla/5.0 (Windows NT 10.0; Win64; x64) AppleWebKit/537.36 (KHTML, like Gecko) Chrome/90.0.4430.85 Safari/537.36"
136.144.33.101 - - [10/Jul/2026:23:00:37 -0700] "GET /wp-login.php?redirect_to=https%3A%2F%2Fvanessavaladezrealty.com%2Fwp-admin%2F&reauth=1 HTTP/1.1" 200 8365 "https://vanessavaladezrealty.com/wp-admin/" "Mozilla/5.0 (Windows NT 10.0; Win64; x64) AppleWebKit/537.36 (KHTML, like Gecko) Chrome/90.0.4430.85 Safari/537.36"
136.144.33.241 - - [10/Jul/2026:23:00:44 -0700] "POST /wp-login.php HTTP/1.1" 200 6525 "https://vanessavaladezrealty.com/wp-admin/" "Mozilla/5.0 (Windows NT 10.0; Win64; x64) AppleWebKit/537.36 (KHTML, like Gecko) Chrome/90.0.4430.85 Safari/537.36"
35.235.84.95 - - [10/Jul/2026:23:00:44 -0700] "HEAD / HTTP/1.1" 200 4253 "-" "Mozilla/5.0 (Windows NT 10.0; Win64; x64) AppleWebKit/537.36 (KHTML, like Gecko) Chrome/117.0.0.0 Safari/537.36"
136.144.33.241 - - [10/Jul/2026:23:00:45 -0700] "POST /admin HTTP/1.1" 302 4148 "https://vanessavaladezrealty.com/wp-admin/" "Mozilla/5.0 (Windows NT 10.0; Win64; x64) AppleWebKit/537.36 (KHTML, like Gecko) Chrome/90.0.4430.85 Safari/537.36"
136.144.33.241 - - [10/Jul/2026:23:00:46 -0700] "GET /wp-admin/ HTTP/1.1" 302 3784 "https://vanessavaladezrealty.com/wp-admin/" "Mozilla/5.0 (Windows NT 10.0; Win64; x64) AppleWebKit/537.36 (KHTML, like Gecko) Chrome/90.0.4430.85 Safari/537.36"
136.144.33.241 - - [10/Jul/2026:23:00:47 -0700] "GET /wp-login.php?redirect_to=https%3A%2F%2Fvanessavaladezrealty.com%2Fwp-admin%2F&reauth=1 HTTP/1.1" 200 8365 "https://vanessavaladezrealty.com/wp-admin/" "Mozilla/5.0 (Windows NT 10.0; Win64; x64) AppleWebKit/537.36 (KHTML, like Gecko) Chrome/90.0.4430.85 Safari/537.36"
35.235.84.95 - - [10/Jul/2026:23:01:00 -0700] "POST /wp-cron.php?doing_wp_cron=1783749660.6048870086669921875000 HTTP/1.1" 200 3587 "-" "WordPress/7.0.1; https://vanessavaladezrealty.com"
136.144.33.96 - - [10/Jul/2026:23:00:59 -0700] "POST /wp-login.php HTTP/1.1" 200 6516 "https://vanessavaladezrealty.com/wp-admin/" "Mozilla/5.0 (Windows NT 10.0; Win64; x64) AppleWebKit/537.36 (KHTML, like Gecko) Chrome/90.0.4430.85 Safari/537.36"
136.144.33.96 - - [10/Jul/2026:23:01:00 -0700] "POST /admin HTTP/1.1" 302 4148 "https://vanessavaladezrealty.com/wp-admin/" "Mozilla/5.0 (Windows NT 10.0; Win64; x64) AppleWebKit/537.36 (KHTML, like Gecko) Chrome/90.0.4430.85 Safari/537.36"
136.144.33.96 - - [10/Jul/2026:23:01:02 -0700] "GET /wp-admin/ HTTP/1.1" 302 3784 "https://vanessavaladezrealty.com/wp-admin/" "Mozilla/5.0 (Windows NT 10.0; Win64; x64) AppleWebKit/537.36 (KHTML, like Gecko) Chrome/90.0.4430.85 Safari/537.36"
136.144.33.96 - - [10/Jul/2026:23:01:03 -0700] "GET /wp-login.php?redirect_to=https%3A%2F%2Fvanessavaladezrealty.com%2Fwp-admin%2F&reauth=1 HTTP/1.1" 200 8365 "https://vanessavaladezrealty.com/wp-admin/" "Mozilla/5.0 (Windows NT 10.0; Win64; x64) AppleWebKit/537.36 (KHTML, like Gecko) Chrome/90.0.4430.85 Safari/537.36"
136.144.33.108 - - [10/Jul/2026:23:01:12 -0700] "POST /admin HTTP/1.1" 302 4148 "https://vanessavaladezrealty.com/wp-admin/" "Mozilla/5.0 (Windows NT 10.0; Win64; x64) AppleWebKit/537.36 (KHTML, like Gecko) Chrome/90.0.4430.85 Safari/537.36"
136.144.33.108 - - [10/Jul/2026:23:01:13 -0700] "GET /wp-admin/ HTTP/1.1" 302 3784 "https://vanessavaladezrealty.com/wp-admin/" "Mozilla/5.0 (Windows NT 10.0; Win64; x64) AppleWebKit/537.36 (KHTML, like Gecko) Chrome/90.0.4430.85 Safari/537.36"
136.144.33.108 - - [10/Jul/2026:23:01:15 -0700] "GET /wp-login.php?redirect_to=https%3A%2F%2Fvanessavaladezrealty.com%2Fwp-admin%2F&reauth=1 HTTP/1.1" 200 8365 "https://vanessavaladezrealty.com/wp-admin/" "Mozilla/5.0 (Windows NT 10.0; Win64; x64) AppleWebKit/537.36 (KHTML, like Gecko) Chrome/90.0.4430.85 Safari/537.36"
136.144.33.108 - - [10/Jul/2026:23:01:11 -0700] "POST /wp-login.php HTTP/1.1" 200 6521 "https://vanessavaladezrealty.com/wp-admin/" "Mozilla/5.0 (Windows NT 10.0; Win64; x64) AppleWebKit/537.36 (KHTML, like Gecko) Chrome/90.0.4430.85 Safari/537.36"
35.235.84.95 - - [10/Jul/2026:23:01:31 -0700] "POST /wp-cron.php?doing_wp_cron=1783749691.0578119754791259765625 HTTP/1.1" 200 3587 "-" "WordPress/7.0.1; https://vanessavaladezrealty.com"
136.144.33.53 - - [10/Jul/2026:23:01:29 -0700] "POST /wp-login.php HTTP/1.1" 200 6522 "https://vanessavaladezrealty.com/wp-admin/" "Mozilla/5.0 (Windows NT 10.0; Win64; x64) AppleWebKit/537.36 (KHTML, like Gecko) Chrome/90.0.4430.85 Safari/537.36"
136.144.33.53 - - [10/Jul/2026:23:01:31 -0700] "POST /admin HTTP/1.1" 302 4148 "https://vanessavaladezrealty.com/wp-admin/" "Mozilla/5.0 (Windows NT 10.0; Win64; x64) AppleWebKit/537.36 (KHTML, like Gecko) Chrome/90.0.4430.85 Safari/537.36"
136.144.33.53 - - [10/Jul/2026:23:01:32 -0700] "GET /wp-admin/ HTTP/1.1" 302 3784 "https://vanessavaladezrealty.com/wp-admin/" "Mozilla/5.0 (Windows NT 10.0; Win64; x64) AppleWebKit/537.36 (KHTML, like Gecko) Chrome/90.0.4430.85 Safari/537.36"
136.144.33.53 - - [10/Jul/2026:23:01:35 -0700] "GET /wp-login.php?redirect_to=https%3A%2F%2Fvanessavaladezrealty.com%2Fwp-admin%2F&reauth=1 HTTP/1.1" 200 8365 "https://vanessavaladezrealty.com/wp-admin/" "Mozilla/5.0 (Windows NT 10.0; Win64; x64) AppleWebKit/537.36 (KHTML, like Gecko) Chrome/90.0.4430.85 Safari/537.36"
136.144.33.97 - - [10/Jul/2026:23:01:42 -0700] "POST /admin HTTP/1.1" 302 4148 "https://vanessavaladezrealty.com/wp-admin/" "Mozilla/5.0 (Windows NT 10.0; Win64; x64) AppleWebKit/537.36 (KHTML, like Gecko) Chrome/90.0.4430.85 Safari/537.36"
136.144.33.97 - - [10/Jul/2026:23:01:43 -0700] "GET /wp-admin/ HTTP/1.1" 302 3784 "https://vanessavaladezrealty.com/wp-admin/" "Mozilla/5.0 (Windows NT 10.0; Win64; x64) AppleWebKit/537.36 (KHTML, like Gecko) Chrome/90.0.4430.85 Safari/537.36"
136.144.33.97 - - [10/Jul/2026:23:01:45 -0700] "GET /wp-login.php?redirect_to=https%3A%2F%2Fvanessavaladezrealty.com%2Fwp-admin%2F&reauth=1 HTTP/1.1" 200 8365 "https://vanessavaladezrealty.com/wp-admin/" "Mozilla/5.0 (Windows NT 10.0; Win64; x64) AppleWebKit/537.36 (KHTML, like Gecko) Chrome/90.0.4430.85 Safari/537.36"
193.36.225.72 - - [10/Jul/2026:23:01:49 -0700] "POST /wp-login.php HTTP/1.1" 200 6523 "https://vanessavaladezrealty.com/wp-admin/" "Mozilla/5.0 (Windows NT 10.0; Win64; x64) AppleWebKit/537.36 (KHTML, like Gecko) Chrome/90.0.4430.85 Safari/537.36"
136.144.33.97 - - [10/Jul/2026:23:01:41 -0700] "POST /wp-login.php HTTP/1.1" 200 6525 "https://vanessavaladezrealty.com/wp-admin/" "Mozilla/5.0 (Windows NT 10.0; Win64; x64) AppleWebKit/537.36 (KHTML, like Gecko) Chrome/90.0.4430.85 Safari/537.36"
193.36.225.72 - - [10/Jul/2026:23:01:50 -0700] "POST /admin HTTP/1.1" 302 4148 "https://vanessavaladezrealty.com/wp-admin/" "Mozilla/5.0 (Windows NT 10.0; Win64; x64) AppleWebKit/537.36 (KHTML, like Gecko) Chrome/90.0.4430.85 Safari/537.36"
193.36.225.72 - - [10/Jul/2026:23:01:51 -0700] "GET /wp-admin/ HTTP/1.1" 302 3784 "https://vanessavaladezrealty.com/wp-admin/" "Mozilla/5.0 (Windows NT 10.0; Win64; x64) AppleWebKit/537.36 (KHTML, like Gecko) Chrome/90.0.4430.85 Safari/537.36"
193.36.225.72 - - [10/Jul/2026:23:01:52 -0700] "GET /wp-login.php?redirect_to=https%3A%2F%2Fvanessavaladezrealty.com%2Fwp-admin%2F&reauth=1 HTTP/1.1" 200 8365 "https://vanessavaladezrealty.com/wp-admin/" "Mozilla/5.0 (Windows NT 10.0; Win64; x64) AppleWebKit/537.36 (KHTML, like Gecko) Chrome/90.0.4430.85 Safari/537.36"
136.144.33.28 - - [10/Jul/2026:23:01:56 -0700] "POST /wp-login.php HTTP/1.1" 200 6519 "https://vanessavaladezrealty.com/wp-admin/" "Mozilla/5.0 (Windows NT 10.0; Win64; x64) AppleWebKit/537.36 (KHTML, like Gecko) Chrome/90.0.4430.85 Safari/537.36"
136.144.33.28 - - [10/Jul/2026:23:01:57 -0700] "POST /admin HTTP/1.1" 302 4148 "https://vanessavaladezrealty.com/wp-admin/" "Mozilla/5.0 (Windows NT 10.0; Win64; x64) AppleWebKit/537.36 (KHTML, like Gecko) Chrome/90.0.4430.85 Safari/537.36"
136.144.33.28 - - [10/Jul/2026:23:01:59 -0700] "GET /wp-admin/ HTTP/1.1" 302 3784 "https://vanessavaladezrealty.com/wp-admin/" "Mozilla/5.0 (Windows NT 10.0; Win64; x64) AppleWebKit/537.36 (KHTML, like Gecko) Chrome/90.0.4430.85 Safari/537.36"
136.144.33.28 - - [10/Jul/2026:23:02:00 -0700] "GET /wp-login.php?redirect_to=https%3A%2F%2Fvanessavaladezrealty.com%2Fwp-admin%2F&reauth=1 HTTP/1.1" 200 8365 "https://vanessavaladezrealty.com/wp-admin/" "Mozilla/5.0 (Windows NT 10.0; Win64; x64) AppleWebKit/537.36 (KHTML, like Gecko) Chrome/90.0.4430.85 Safari/537.36"
193.36.225.68 - - [10/Jul/2026:23:02:09 -0700] "POST /wp-login.php HTTP/1.1" 200 6518 "https://vanessavaladezrealty.com/wp-admin/" "Mozilla/5.0 (Windows NT 10.0; Win64; x64) AppleWebKit/537.36 (KHTML, like Gecko) Chrome/90.0.4430.85 Safari/537.36"
35.235.84.95 - - [10/Jul/2026:23:02:11 -0700] "POST /wp-cron.php?doing_wp_cron=1783749731.1392180919647216796875 HTTP/1.1" 200 3587 "-" "WordPress/7.0.1; https://vanessavaladezrealty.com"
193.36.225.68 - - [10/Jul/2026:23:02:10 -0700] "POST /admin HTTP/1.1" 302 4148 "https://vanessavaladezrealty.com/wp-admin/" "Mozilla/5.0 (Windows NT 10.0; Win64; x64) AppleWebKit/537.36 (KHTML, like Gecko) Chrome/90.0.4430.85 Safari/537.36"
193.36.225.68 - - [10/Jul/2026:23:02:11 -0700] "GET /wp-admin/ HTTP/1.1" 302 3784 "https://vanessavaladezrealty.com/wp-admin/" "Mozilla/5.0 (Windows NT 10.0; Win64; x64) AppleWebKit/537.36 (KHTML, like Gecko) Chrome/90.0.4430.85 Safari/537.36"
193.36.225.68 - - [10/Jul/2026:23:02:12 -0700] "GET /wp-login.php?redirect_to=https%3A%2F%2Fvanessavaladezrealty.com%2Fwp-admin%2F&reauth=1 HTTP/1.1" 200 8365 "https://vanessavaladezrealty.com/wp-admin/" "Mozilla/5.0 (Windows NT 10.0; Win64; x64) AppleWebKit/537.36 (KHTML, like Gecko) Chrome/90.0.4430.85 Safari/537.36"
193.36.225.70 - - [10/Jul/2026:23:02:18 -0700] "POST /wp-login.php HTTP/1.1" 200 6528 "https://vanessavaladezrealty.com/wp-admin/" "Mozilla/5.0 (Windows NT 10.0; Win64; x64) AppleWebKit/537.36 (KHTML, like Gecko) Chrome/90.0.4430.85 Safari/537.36"
193.36.225.70 - - [10/Jul/2026:23:02:20 -0700] "POST /admin HTTP/1.1" 302 4148 "https://vanessavaladezrealty.com/wp-admin/" "Mozilla/5.0 (Windows NT 10.0; Win64; x64) AppleWebKit/537.36 (KHTML, like Gecko) Chrome/90.0.4430.85 Safari/537.36"
102.204.197.206 - - [10/Jul/2026:23:02:20 -0700] "GET /properties/vanessavaladez/tel:7027760711/tel:7027760711/tel:7027760711/?wplpage=2 HTTP/1.1" 200 33538 "-" "Mozilla/5.0 (Windows NT 6.1) AppleWebKit/537.36 (KHTML, like Gecko) Chrome/90.0.4430.93 Safari/537.36"
193.36.225.70 - - [10/Jul/2026:23:02:21 -0700] "GET /wp-admin/ HTTP/1.1" 302 3784 "https://vanessavaladezrealty.com/wp-admin/" "Mozilla/5.0 (Windows NT 10.0; Win64; x64) AppleWebKit/537.36 (KHTML, like Gecko) Chrome/90.0.4430.85 Safari/537.36"
193.36.225.70 - - [10/Jul/2026:23:02:22 -0700] "GET /wp-login.php?redirect_to=https%3A%2F%2Fvanessavaladezrealty.com%2Fwp-admin%2F&reauth=1 HTTP/1.1" 200 8365 "https://vanessavaladezrealty.com/wp-admin/" "Mozilla/5.0 (Windows NT 10.0; Win64; x64) AppleWebKit/537.36 (KHTML, like Gecko) Chrome/90.0.4430.85 Safari/537.36"
172.245.102.43 - - [10/Jul/2026:23:02:27 -0700] "POST /wp-login.php HTTP/1.1" 200 6523 "https://vanessavaladezrealty.com/wp-admin/" "Mozilla/5.0 (Windows NT 10.0; Win64; x64) AppleWebKit/537.36 (KHTML, like Gecko) Chrome/90.0.4430.85 Safari/537.36"
35.235.84.95 - - [10/Jul/2026:23:02:31 -0700] "POST /wp-cron.php?doing_wp_cron=1783749751.9562571048736572265625 HTTP/1.1" 200 3587 "-" "WordPress/7.0.1; https://vanessavaladezrealty.com"
172.245.102.43 - - [10/Jul/2026:23:02:31 -0700] "POST /admin HTTP/1.1" 302 4148 "https://vanessavaladezrealty.com/wp-admin/" "Mozilla/5.0 (Windows NT 10.0; Win64; x64) AppleWebKit/537.36 (KHTML, like Gecko) Chrome/90.0.4430.85 Safari/537.36"
172.245.102.43 - - [10/Jul/2026:23:02:33 -0700] "GET /wp-admin/ HTTP/1.1" 302 3784 "https://vanessavaladezrealty.com/wp-admin/" "Mozilla/5.0 (Windows NT 10.0; Win64; x64) AppleWebKit/537.36 (KHTML, like Gecko) Chrome/90.0.4430.85 Safari/537.36"
172.245.102.43 - - [10/Jul/2026:23:02:34 -0700] "GET /wp-login.php?redirect_to=https%3A%2F%2Fvanessavaladezrealty.com%2Fwp-admin%2F&reauth=1 HTTP/1.1" 200 8365 "https://vanessavaladezrealty.com/wp-admin/" "Mozilla/5.0 (Windows NT 10.0; Win64; x64) AppleWebKit/537.36 (KHTML, like Gecko) Chrome/90.0.4430.85 Safari/537.36"
193.36.225.10 - - [10/Jul/2026:23:02:42 -0700] "POST /wp-login.php HTTP/1.1" 200 6518 "https://vanessavaladezrealty.com/wp-admin/" "Mozilla/5.0 (Windows NT 10.0; Win64; x64) AppleWebKit/537.36 (KHTML, like Gecko) Chrome/90.0.4430.85 Safari/537.36"
193.36.225.10 - - [10/Jul/2026:23:02:43 -0700] "POST /admin HTTP/1.1" 302 4148 "https://vanessavaladezrealty.com/wp-admin/" "Mozilla/5.0 (Windows NT 10.0; Win64; x64) AppleWebKit/537.36 (KHTML, like Gecko) Chrome/90.0.4430.85 Safari/537.36"
193.36.225.10 - - [10/Jul/2026:23:02:44 -0700] "GET /wp-admin/ HTTP/1.1" 302 3784 "https://vanessavaladezrealty.com/wp-admin/" "Mozilla/5.0 (Windows NT 10.0; Win64; x64) AppleWebKit/537.36 (KHTML, like Gecko) Chrome/90.0.4430.85 Safari/537.36"
193.36.225.10 - - [10/Jul/2026:23:02:46 -0700] "GET /wp-login.php?redirect_to=https%3A%2F%2Fvanessavaladezrealty.com%2Fwp-admin%2F&reauth=1 HTTP/1.1" 200 8365 "https://vanessavaladezrealty.com/wp-admin/" "Mozilla/5.0 (Windows NT 10.0; Win64; x64) AppleWebKit/537.36 (KHTML, like Gecko) Chrome/90.0.4430.85 Safari/537.36"
35.235.84.95 - - [10/Jul/2026:23:02:54 -0700] "POST /wp-cron.php?doing_wp_cron=1783749774.6873068809509277343750 HTTP/1.1" 200 3587 "-" "WordPress/7.0.1; https://vanessavaladezrealty.com"
37.140.223.69 - - [10/Jul/2026:23:02:53 -0700] "POST /wp-login.php HTTP/1.1" 200 6516 "https://vanessavaladezrealty.com/wp-admin/" "Mozilla/5.0 (Windows NT 10.0; Win64; x64) AppleWebKit/537.36 (KHTML, like Gecko) Chrome/90.0.4430.85 Safari/537.36"
37.140.223.69 - - [10/Jul/2026:23:02:54 -0700] "POST /admin HTTP/1.1" 302 4148 "https://vanessavaladezrealty.com/wp-admin/" "Mozilla/5.0 (Windows NT 10.0; Win64; x64) AppleWebKit/537.36 (KHTML, like Gecko) Chrome/90.0.4430.85 Safari/537.36"
157.119.186.239 - - [10/Jul/2026:23:02:56 -0700] "GET /wp-login.php HTTP/1.1" 200 6364 "-" "Mozilla/5.0 (Windows NT 10.0; Win64; x64) AppleWebKit/537.36 (KHTML, like Gecko) Chrome/133.0.0.0 Safari/537.36"
37.140.223.69 - - [10/Jul/2026:23:02:57 -0700] "GET /wp-admin/ HTTP/1.1" 302 3784 "https://vanessavaladezrealty.com/wp-admin/" "Mozilla/5.0 (Windows NT 10.0; Win64; x64) AppleWebKit/537.36 (KHTML, like Gecko) Chrome/90.0.4430.85 Safari/537.36"
131.108.31.21 - - [10/Jul/2026:23:02:58 -0700] "GET /properties/vanessavaladez/tel:7027760711/tel:7027760711/tel:7027760711/tel:7027760711/tel:7027760711/tel:7027760711/tel:7027760711/?wplpage=4 HTTP/1.1" 200 33111 "-" "Mozilla/5.0 (Windows NT 5.1) AppleWebKit/537.36 (KHTML, like Gecko) Chrome/27.0.1453.93 Safari/537.36"
37.140.223.69 - - [10/Jul/2026:23:02:58 -0700] "GET /wp-login.php?redirect_to=https%3A%2F%2Fvanessavaladezrealty.com%2Fwp-admin%2F&reauth=1 HTTP/1.1" 200 8365 "https://vanessavaladezrealty.com/wp-admin/" "Mozilla/5.0 (Windows NT 10.0; Win64; x64) AppleWebKit/537.36 (KHTML, like Gecko) Chrome/90.0.4430.85 Safari/537.36"
172.245.102.41 - - [10/Jul/2026:23:03:07 -0700] "POST /admin HTTP/1.1" 302 4148 "https://vanessavaladezrealty.com/wp-admin/" "Mozilla/5.0 (Windows NT 10.0; Win64; x64) AppleWebKit/537.36 (KHTML, like Gecko) Chrome/90.0.4430.85 Safari/537.36"
157.119.186.239 - - [10/Jul/2026:23:02:59 -0700] "POST /wp-login.php HTTP/1.1" 200 6445 "https://vanessavaladezrealty.com/wp-login.php" "Mozilla/5.0 (Windows NT 10.0; Win64; x64) AppleWebKit/537.36 (KHTML, like Gecko) Chrome/133.0.0.0 Safari/537.36"
172.245.102.41 - - [10/Jul/2026:23:03:08 -0700] "GET /wp-admin/ HTTP/1.1" 302 3784 "https://vanessavaladezrealty.com/wp-admin/" "Mozilla/5.0 (Windows NT 10.0; Win64; x64) AppleWebKit/537.36 (KHTML, like Gecko) Chrome/90.0.4430.85 Safari/537.36"
172.245.102.41 - - [10/Jul/2026:23:03:10 -0700] "GET /wp-login.php?redirect_to=https%3A%2F%2Fvanessavaladezrealty.com%2Fwp-admin%2F&reauth=1 HTTP/1.1" 200 8365 "https://vanessavaladezrealty.com/wp-admin/" "Mozilla/5.0 (Windows NT 10.0; Win64; x64) AppleWebKit/537.36 (KHTML, like Gecko) Chrome/90.0.4430.85 Safari/537.36"
193.36.225.11 - - [10/Jul/2026:23:03:15 -0700] "POST /admin HTTP/1.1" 302 4148 "https://vanessavaladezrealty.com/wp-admin/" "Mozilla/5.0 (Windows NT 10.0; Win64; x64) AppleWebKit/537.36 (KHTML, like Gecko) Chrome/90.0.4430.85 Safari/537.36"
193.36.225.11 - - [10/Jul/2026:23:03:17 -0700] "GET /wp-admin/ HTTP/1.1" 302 3784 "https://vanessavaladezrealty.com/wp-admin/" "Mozilla/5.0 (Windows NT 10.0; Win64; x64) AppleWebKit/537.36 (KHTML, like Gecko) Chrome/90.0.4430.85 Safari/537.36"
193.36.225.11 - - [10/Jul/2026:23:03:19 -0700] "GET /wp-login.php?redirect_to=https%3A%2F%2Fvanessavaladezrealty.com%2Fwp-admin%2F&reauth=1 HTTP/1.1" 200 8365 "https://vanessavaladezrealty.com/wp-admin/" "Mozilla/5.0 (Windows NT 10.0; Win64; x64) AppleWebKit/537.36 (KHTML, like Gecko) Chrome/90.0.4430.85 Safari/537.36"
172.245.102.41 - - [10/Jul/2026:23:03:05 -0700] "POST /wp-login.php HTTP/1.1" 200 6526 "https://vanessavaladezrealty.com/wp-admin/" "Mozilla/5.0 (Windows NT 10.0; Win64; x64) AppleWebKit/537.36 (KHTML, like Gecko) Chrome/90.0.4430.85 Safari/537.36"
193.36.225.11 - - [10/Jul/2026:23:03:13 -0700] "POST /wp-login.php HTTP/1.1" 200 6516 "https://vanessavaladezrealty.com/wp-admin/" "Mozilla/5.0 (Windows NT 10.0; Win64; x64) AppleWebKit/537.36 (KHTML, like Gecko) Chrome/90.0.4430.85 Safari/537.36"
193.36.225.60 - - [10/Jul/2026:23:03:25 -0700] "POST /admin HTTP/1.1" 302 4148 "https://vanessavaladezrealty.com/wp-admin/" "Mozilla/5.0 (Windows NT 10.0; Win64; x64) AppleWebKit/537.36 (KHTML, like Gecko) Chrome/90.0.4430.85 Safari/537.36"
193.36.225.60 - - [10/Jul/2026:23:03:27 -0700] "GET /wp-admin/ HTTP/1.1" 302 3784 "https://vanessavaladezrealty.com/wp-admin/" "Mozilla/5.0 (Windows NT 10.0; Win64; x64) AppleWebKit/537.36 (KHTML, like Gecko) Chrome/90.0.4430.85 Safari/537.36"
193.36.225.60 - - [10/Jul/2026:23:03:29 -0700] "GET /wp-login.php?redirect_to=https%3A%2F%2Fvanessavaladezrealty.com%2Fwp-admin%2F&reauth=1 HTTP/1.1" 200 8365 "https://vanessavaladezrealty.com/wp-admin/" "Mozilla/5.0 (Windows NT 10.0; Win64; x64) AppleWebKit/537.36 (KHTML, like Gecko) Chrome/90.0.4430.85 Safari/537.36"
193.36.225.60 - - [10/Jul/2026:23:03:23 -0700] "POST /wp-login.php HTTP/1.1" 200 6520 "https://vanessavaladezrealty.com/wp-admin/" "Mozilla/5.0 (Windows NT 10.0; Win64; x64) AppleWebKit/537.36 (KHTML, like Gecko) Chrome/90.0.4430.85 Safari/537.36"
193.36.225.60 - - [10/Jul/2026:23:03:37 -0700] "POST /wp-login.php HTTP/1.1" 200 6517 "https://vanessavaladezrealty.com/wp-admin/" "Mozilla/5.0 (Windows NT 10.0; Win64; x64) AppleWebKit/537.36 (KHTML, like Gecko) Chrome/90.0.4430.85 Safari/537.36"
193.36.225.60 - - [10/Jul/2026:23:03:39 -0700] "POST /admin HTTP/1.1" 302 4148 "https://vanessavaladezrealty.com/wp-admin/" "Mozilla/5.0 (Windows NT 10.0; Win64; x64) AppleWebKit/537.36 (KHTML, like Gecko) Chrome/90.0.4430.85 Safari/537.36"
193.36.225.60 - - [10/Jul/2026:23:03:41 -0700] "GET /wp-admin/ HTTP/1.1" 302 3784 "https://vanessavaladezrealty.com/wp-admin/" "Mozilla/5.0 (Windows NT 10.0; Win64; x64) AppleWebKit/537.36 (KHTML, like Gecko) Chrome/90.0.4430.85 Safari/537.36"
193.36.225.60 - - [10/Jul/2026:23:03:43 -0700] "GET /wp-login.php?redirect_to=https%3A%2F%2Fvanessavaladezrealty.com%2Fwp-admin%2F&reauth=1 HTTP/1.1" 200 8365 "https://vanessavaladezrealty.com/wp-admin/" "Mozilla/5.0 (Windows NT 10.0; Win64; x64) AppleWebKit/537.36 (KHTML, like Gecko) Chrome/90.0.4430.85 Safari/537.36"
35.235.84.95 - - [10/Jul/2026:23:03:51 -0700] "POST /wp-cron.php?doing_wp_cron=1783749831.0354769229888916015625 HTTP/1.1" 200 3587 "-" "WordPress/7.0.1; https://vanessavaladezrealty.com"
193.36.225.65 - - [10/Jul/2026:23:03:50 -0700] "POST /wp-login.php HTTP/1.1" 200 6522 "https://vanessavaladezrealty.com/wp-admin/" "Mozilla/5.0 (Windows NT 10.0; Win64; x64) AppleWebKit/537.36 (KHTML, like Gecko) Chrome/90.0.4430.85 Safari/537.36"
193.36.225.65 - - [10/Jul/2026:23:03:51 -0700] "POST /admin HTTP/1.1" 302 4148 "https://vanessavaladezrealty.com/wp-admin/" "Mozilla/5.0 (Windows NT 10.0; Win64; x64) AppleWebKit/537.36 (KHTML, like Gecko) Chrome/90.0.4430.85 Safari/537.36"
193.36.225.65 - - [10/Jul/2026:23:03:53 -0700] "GET /wp-admin/ HTTP/1.1" 302 3784 "https://vanessavaladezrealty.com/wp-admin/" "Mozilla/5.0 (Windows NT 10.0; Win64; x64) AppleWebKit/537.36 (KHTML, like Gecko) Chrome/90.0.4430.85 Safari/537.36"
193.36.225.65 - - [10/Jul/2026:23:03:54 -0700] "GET /wp-login.php?redirect_to=https%3A%2F%2Fvanessavaladezrealty.com%2Fwp-admin%2F&reauth=1 HTTP/1.1" 200 8365 "https://vanessavaladezrealty.com/wp-admin/" "Mozilla/5.0 (Windows NT 10.0; Win64; x64) AppleWebKit/537.36 (KHTML, like Gecko) Chrome/90.0.4430.85 Safari/537.36"
193.36.225.60 - - [10/Jul/2026:23:04:00 -0700] "POST /wp-login.php HTTP/1.1" 200 6527 "https://vanessavaladezrealty.com/wp-admin/" "Mozilla/5.0 (Windows NT 10.0; Win64; x64) AppleWebKit/537.36 (KHTML, like Gecko) Chrome/90.0.4430.85 Safari/537.36"
193.36.225.56 - - [10/Jul/2026:23:04:17 -0700] "POST /admin HTTP/1.1" 302 4206 "https://vanessavaladezrealty.com/wp-admin/" "Mozilla/5.0 (Windows NT 10.0; Win64; x64) AppleWebKit/537.36 (KHTML, like Gecko) Chrome/90.0.4430.85 Safari/537.36"
193.36.225.56 - - [10/Jul/2026:23:04:18 -0700] "GET /wp-admin/ HTTP/1.1" 302 3784 "https://vanessavaladezrealty.com/wp-admin/" "Mozilla/5.0 (Windows NT 10.0; Win64; x64) AppleWebKit/537.36 (KHTML, like Gecko) Chrome/90.0.4430.85 Safari/537.36"
193.36.225.56 - - [10/Jul/2026:23:04:19 -0700] "GET /wp-login.php?redirect_to=https%3A%2F%2Fvanessavaladezrealty.com%2Fwp-admin%2F&reauth=1 HTTP/1.1" 200 8365 "https://vanessavaladezrealty.com/wp-admin/" "Mozilla/5.0 (Windows NT 10.0; Win64; x64) AppleWebKit/537.36 (KHTML, like Gecko) Chrome/90.0.4430.85 Safari/537.36"
193.36.225.70 - - [10/Jul/2026:23:04:28 -0700] "POST /wp-login.php HTTP/1.1" 200 6518 "https://vanessavaladezrealty.com/wp-admin/" "Mozilla/5.0 (Windows NT 10.0; Win64; x64) AppleWebKit/537.36 (KHTML, like Gecko) Chrome/90.0.4430.85 Safari/537.36"
193.36.225.70 - - [10/Jul/2026:23:04:29 -0700] "POST /admin HTTP/1.1" 302 4148 "https://vanessavaladezrealty.com/wp-admin/" "Mozilla/5.0 (Windows NT 10.0; Win64; x64) AppleWebKit/537.36 (KHTML, like Gecko) Chrome/90.0.4430.85 Safari/537.36"
193.36.225.70 - - [10/Jul/2026:23:04:31 -0700] "GET /wp-admin/ HTTP/1.1" 302 3784 "https://vanessavaladezrealty.com/wp-admin/" "Mozilla/5.0 (Windows NT 10.0; Win64; x64) AppleWebKit/537.36 (KHTML, like Gecko) Chrome/90.0.4430.85 Safari/537.36"
193.36.225.70 - - [10/Jul/2026:23:04:33 -0700] "GET /wp-login.php?redirect_to=https%3A%2F%2Fvanessavaladezrealty.com%2Fwp-admin%2F&reauth=1 HTTP/1.1" 200 8365 "https://vanessavaladezrealty.com/wp-admin/" "Mozilla/5.0 (Windows NT 10.0; Win64; x64) AppleWebKit/537.36 (KHTML, like Gecko) Chrome/90.0.4430.85 Safari/537.36"
193.36.225.57 - - [10/Jul/2026:23:04:39 -0700] "POST /wp-login.php HTTP/1.1" 200 6519 "https://vanessavaladezrealty.com/wp-admin/" "Mozilla/5.0 (Windows NT 10.0; Win64; x64) AppleWebKit/537.36 (KHTML, like Gecko) Chrome/90.0.4430.85 Safari/537.36"
193.36.225.57 - - [10/Jul/2026:23:04:41 -0700] "POST /admin HTTP/1.1" 302 4148 "https://vanessavaladezrealty.com/wp-admin/" "Mozilla/5.0 (Windows NT 10.0; Win64; x64) AppleWebKit/537.36 (KHTML, like Gecko) Chrome/90.0.4430.85 Safari/537.36"
193.36.225.57 - - [10/Jul/2026:23:04:42 -0700] "GET /wp-admin/ HTTP/1.1" 302 3784 "https://vanessavaladezrealty.com/wp-admin/" "Mozilla/5.0 (Windows NT 10.0; Win64; x64) AppleWebKit/537.36 (KHTML, like Gecko) Chrome/90.0.4430.85 Safari/537.36"
