181.47.232.129 - - [10/Jul/2026:14:20:59 -0700] "GET /properties/vanessavaladez/tel:7027760711/tel:7027760711/tel:7027760711/tel:7027760711/tel:7027760711/?wplpage=5 HTTP/1.1" 200 30442 "-" "Mozilla/5.0 (Windows NT 10.0; Win64; x64) AppleWebKit/537.36 (KHTML, like Gecko) Chrome/68.0.3440.84 Safari/537.36"
114.119.155.210 - - [10/Jul/2026:14:31:38 -0700] "GET /wp-content/uploads/WPL/150/Nx3.php HTTP/1.1" 200 4576 "https://vanessavaladezrealty.com/?page_id=16" "Mozilla/5.0 (Linux; Android 7.0;) AppleWebKit/537.36 (HTML, like Gecko) Mobile Safari/537.36 (compatible; PetalBot;+https://webmaster.petalsearch.com/site/petalbot)"
35.235.84.95 - - [10/Jul/2026:14:34:22 -0700] "POST /wp-cron.php?doing_wp_cron=1783719262.0101261138916015625000 HTTP/1.1" 200 3587 "-" "WordPress/7.0.1; https://vanessavaladezrealty.com"
148.66.159.112 - - [10/Jul/2026:14:34:20 -0700] "GET /wp-login.php HTTP/1.1" 200 6364 "-" "Mozilla/5.0 (Windows NT 10.0; Win64; x64) AppleWebKit/537.36 (KHTML, like Gecko) Chrome/133.0.0.0 Safari/537.36"
148.66.159.112 - - [10/Jul/2026:14:34:23 -0700] "POST /wp-login.php HTTP/1.1" 200 6443 "https://vanessavaladezrealty.com/wp-login.php" "Mozilla/5.0 (Windows NT 10.0; Win64; x64) AppleWebKit/537.36 (KHTML, like Gecko) Chrome/133.0.0.0 Safari/537.36"
148.66.159.112 - - [10/Jul/2026:14:34:39 -0700] "GET /wp-login.php HTTP/1.1" 200 6364 "-" "Mozilla/5.0 (Windows NT 10.0; Win64; x64) AppleWebKit/537.36 (KHTML, like Gecko) Chrome/133.0.0.0 Safari/537.36"
148.66.159.112 - - [10/Jul/2026:14:34:41 -0700] "POST /wp-login.php HTTP/1.1" 200 6446 "https://vanessavaladezrealty.com/wp-login.php" "Mozilla/5.0 (Windows NT 10.0; Win64; x64) AppleWebKit/537.36 (KHTML, like Gecko) Chrome/133.0.0.0 Safari/537.36"
35.235.84.95 - - [10/Jul/2026:14:39:25 -0700] "POST /wp-cron.php?doing_wp_cron=1783719565.2855091094970703125000 HTTP/1.1" 200 3587 "-" "WordPress/7.0.1; https://vanessavaladezrealty.com"
74.235.96.117 - - [10/Jul/2026:14:39:23 -0700] "GET /wp-login.php HTTP/1.1" 200 6364 "-" "Mozilla/5.0 (Windows NT 10.0; Win64; x64) AppleWebKit/537.36 (KHTML, like Gecko) Chrome/133.0.0.0 Safari/537.36"
176.101.175.156 - - [10/Jul/2026:14:39:25 -0700] "GET /wp-content/uploads/WPL/148/403.php HTTP/1.1" 200 5617 "-" "Mozilla/5.0 (compatible; crawler)"
74.235.96.117 - - [10/Jul/2026:14:39:25 -0700] "POST /wp-login.php HTTP/1.1" 200 6466 "https://vanessavaladezrealty.com/wp-login.php" "Mozilla/5.0 (Windows NT 10.0; Win64; x64) AppleWebKit/537.36 (KHTML, like Gecko) Chrome/133.0.0.0 Safari/537.36"
161.97.129.228 - - [10/Jul/2026:14:39:42 -0700] "GET /wp-login.php HTTP/1.1" 200 6364 "-" "Mozilla/5.0 (Windows NT 10.0; Win64; x64) AppleWebKit/537.36 (KHTML, like Gecko) Chrome/133.0.0.0 Safari/537.36"
161.97.129.228 - - [10/Jul/2026:14:39:43 -0700] "POST /wp-login.php HTTP/1.1" 200 6450 "https://vanessavaladezrealty.com/wp-login.php" "Mozilla/5.0 (Windows NT 10.0; Win64; x64) AppleWebKit/537.36 (KHTML, like Gecko) Chrome/133.0.0.0 Safari/537.36"
35.235.84.95 - - [10/Jul/2026:14:40:55 -0700] "POST /wp-cron.php?doing_wp_cron=1783719655.4394629001617431640625 HTTP/1.1" 200 3587 "-" "WordPress/7.0.1; https://vanessavaladezrealty.com"
81.196.27.31 - - [10/Jul/2026:14:40:53 -0700] "GET /properties/101-Residential-7224-Scenic-Desert-Court-7-Rooms-3-Bedrooms-3-Bathrooms-USD357-000/ HTTP/1.1" 200 35071 "-" "Mozilla/5.0 (Windows NT 10.0; Win64; x64) AppleWebKit/537.36 (KHTML, like Gecko) Chrome/106.0.0.0 Safari/537.36 Agency/97.8.8247.48"
35.235.84.95 - - [10/Jul/2026:14:46:00 -0700] "POST /wp-cron.php?doing_wp_cron=1783719960.5165169239044189453125 HTTP/1.1" 200 3587 "-" "WordPress/7.0.1; https://vanessavaladezrealty.com"
35.235.84.95 - - [10/Jul/2026:14:46:01 -0700] "POST /wp-cron.php?doing_wp_cron=1783719961.0369079113006591796875 HTTP/1.1" 200 3587 "-" "WordPress/7.0.1; https://vanessavaladezrealty.com"
187.190.185.20 - - [10/Jul/2026:14:45:59 -0700] "GET /properties/101-Residential-7224-Scenic-Desert-Court-7-Rooms-3-Bedrooms-3-Bathrooms-USD357-000/ HTTP/1.1" 200 35071 "-" "Mozilla/5.0 (Windows NT 6.1; Win64; x64) AppleWebKit/537.36 (KHTML, like Gecko) Chrome/79.0.3945.88 Safari/537.36"
35.235.84.95 - - [10/Jul/2026:14:47:18 -0700] "POST /wp-cron.php?doing_wp_cron=1783720038.5013639926910400390625 HTTP/1.1" 200 3587 "-" "WordPress/7.0.1; https://vanessavaladezrealty.com"
72.167.50.103 - - [10/Jul/2026:14:47:17 -0700] "GET /wp-login.php HTTP/1.1" 200 6364 "-" "Mozilla/5.0 (Windows NT 10.0; Win64; x64) AppleWebKit/537.36 (KHTML, like Gecko) Chrome/133.0.0.0 Safari/537.36"
72.167.50.103 - - [10/Jul/2026:14:47:18 -0700] "POST /wp-login.php HTTP/1.1" 200 6445 "https://vanessavaladezrealty.com/wp-login.php" "Mozilla/5.0 (Windows NT 10.0; Win64; x64) AppleWebKit/537.36 (KHTML, like Gecko) Chrome/133.0.0.0 Safari/537.36"
31.76.166.57 - - [10/Jul/2026:14:49:12 -0700] "GET /wp-content/uploads/WPL/147/hrx.php HTTP/1.1" 200 5689 "-" "Mozilla/5.0 (compatible; crawler)"
35.235.84.95 - - [10/Jul/2026:14:52:38 -0700] "POST /wp-cron.php?doing_wp_cron=1783720358.0455150604248046875000 HTTP/1.1" 200 3587 "-" "WordPress/7.0.1; https://vanessavaladezrealty.com"
160.179.188.237 - - [10/Jul/2026:14:52:36 -0700] "GET /properties/134-Residential-10229-Mayflower-Bay-Avenue-6-Rooms-3-Bedrooms-3-Bathrooms-USD365-000/tel:7027760711 HTTP/1.1" 301 4223 "-" "Mozilla/5.0 (Macintosh; Intel Mac OS X 10_12_6) AppleWebKit/537.36 (KHTML, like Gecko) Brave Chrome/80.0.3987.162 Safari/537.36"
160.179.188.237 - - [10/Jul/2026:14:52:38 -0700] "GET /properties/134-Residential-10229-Mayflower-Bay-Avenue-6-Rooms-3-Bedrooms-3-Bathrooms-USD365-000/tel:7027760711/ HTTP/1.1" 301 4372 "-" "Mozilla/5.0 (Macintosh; Intel Mac OS X 10_12_6) AppleWebKit/537.36 (KHTML, like Gecko) Brave Chrome/80.0.3987.162 Safari/537.36"
160.179.188.237 - - [10/Jul/2026:14:52:40 -0700] "GET /properties/134-Residential-10229-Mayflower-Bay-Avenue-6-Rooms-3-Bedrooms-3-Bathrooms-USD365-000 HTTP/1.1" 301 4150 "-" "Mozilla/5.0 (Macintosh; Intel Mac OS X 10_12_6) AppleWebKit/537.36 (KHTML, like Gecko) Brave Chrome/80.0.3987.162 Safari/537.36"
160.179.188.237 - - [10/Jul/2026:14:52:41 -0700] "GET /properties/134-Residential-10229-Mayflower-Bay-Avenue-6-Rooms-3-Bedrooms-3-Bathrooms-USD365-000/ HTTP/1.1" 200 36545 "-" "Mozilla/5.0 (Macintosh; Intel Mac OS X 10_12_6) AppleWebKit/537.36 (KHTML, like Gecko) Brave Chrome/80.0.3987.162 Safari/537.36"
35.235.84.95 - - [10/Jul/2026:14:58:00 -0700] "POST /wp-cron.php?doing_wp_cron=1783720680.7366690635681152343750 HTTP/1.1" 200 3587 "-" "WordPress/7.0.1; https://vanessavaladezrealty.com"
114.119.137.232 - - [10/Jul/2026:14:57:59 -0700] "GET /properties?wplview=property_show&pid=96 HTTP/1.1" 301 4152 "https://vanessavaladezrealty.com/home-previuos" "Mozilla/5.0 (Linux; Android 7.0;) AppleWebKit/537.36 (HTML, like Gecko) Mobile Safari/537.36 (compatible; PetalBot;+https://webmaster.petalsearch.com/site/petalbot)"
114.119.137.232 - - [10/Jul/2026:14:58:01 -0700] "GET /properties/?wplview=property_show&pid=96 HTTP/1.1" 200 32442 "https://vanessavaladezrealty.com/home-previuos" "Mozilla/5.0 (Linux; Android 7.0;) AppleWebKit/537.36 (HTML, like Gecko) Mobile Safari/537.36 (compatible; PetalBot;+https://webmaster.petalsearch.com/site/petalbot)"
35.235.84.95 - - [10/Jul/2026:14:59:24 -0700] "POST /wp-cron.php?doing_wp_cron=1783720764.5022029876708984375000 HTTP/1.1" 200 3587 "-" "WordPress/7.0.1; https://vanessavaladezrealty.com"
114.119.159.8 - - [10/Jul/2026:14:59:23 -0700] "GET /properties/121-Residential-3716-Blue-Dawn-Drive-7-Rooms-3-Bedrooms-2-Bathrooms-USD330-000/ HTTP/1.1" 200 31976 "https://vanessavaladezrealty.com/properties/vanessavaladez?wplpage=3" "Mozilla/5.0 (Linux; Android 7.0;) AppleWebKit/537.36 (HTML, like Gecko) Mobile Safari/537.36 (compatible; PetalBot;+https://webmaster.petalsearch.com/site/petalbot)"
35.235.84.95 - - [10/Jul/2026:15:00:36 -0700] "HEAD / HTTP/1.1" 200 4253 "-" "Mozilla/5.0 (Windows NT 10.0; Win64; x64) AppleWebKit/537.36 (KHTML, like Gecko) Chrome/117.0.0.0 Safari/537.36"
35.235.84.95 - - [10/Jul/2026:15:00:53 -0700] "POST /wp-cron.php?doing_wp_cron=1783720853.0213510990142822265625 HTTP/1.1" 200 3587 "-" "WordPress/7.0.1; https://vanessavaladezrealty.com"
40.77.167.203 - - [10/Jul/2026:15:00:51 -0700] "GET /robots.txt HTTP/1.1" 301 4122 "-" "Mozilla/5.0 AppleWebKit/537.36 (KHTML, like Gecko; compatible; bingbot/2.0; +http://www.bing.com/bingbot.htm) Chrome/116.0.1938.76 Safari/537.36"
40.77.167.203 - - [10/Jul/2026:15:00:53 -0700] "GET /robots.txt HTTP/1.1" 200 4273 "-" "Mozilla/5.0 AppleWebKit/537.36 (KHTML, like Gecko; compatible; bingbot/2.0; +http://www.bing.com/bingbot.htm) Chrome/116.0.1938.76 Safari/537.36"
40.77.167.59 - - [10/Jul/2026:15:01:00 -0700] "GET /sitemaps.xml HTTP/1.1" 301 4144 "-" "Mozilla/5.0 AppleWebKit/537.36 (KHTML, like Gecko; compatible; bingbot/2.0; +http://www.bing.com/bingbot.htm) Chrome/116.0.1938.76 Safari/537.36"
52.167.144.166 - - [10/Jul/2026:15:01:10 -0700] "GET /sitemaps.xml HTTP/1.1" 404 98763 "-" "Mozilla/5.0 AppleWebKit/537.36 (KHTML, like Gecko; compatible; bingbot/2.0; +http://www.bing.com/bingbot.htm) Chrome/116.0.1938.76 Safari/537.36"
35.235.84.95 - - [10/Jul/2026:15:02:09 -0700] "POST /wp-cron.php?doing_wp_cron=1783720929.5557370185852050781250 HTTP/1.1" 200 3587 "-" "WordPress/7.0.1; https://vanessavaladezrealty.com"
78.142.18.172 - - [10/Jul/2026:15:02:08 -0700] "GET /wp-login.php HTTP/1.1" 200 6364 "-" "Mozilla/5.0 (Windows NT 10.0; Win64; x64) AppleWebKit/537.36 (KHTML, like Gecko) Chrome/133.0.0.0 Safari/537.36"
78.142.18.172 - - [10/Jul/2026:15:02:09 -0700] "POST /wp-login.php HTTP/1.1" 200 6443 "https://vanessavaladezrealty.com/wp-login.php" "Mozilla/5.0 (Windows NT 10.0; Win64; x64) AppleWebKit/537.36 (KHTML, like Gecko) Chrome/133.0.0.0 Safari/537.36"
149.210.223.24 - - [10/Jul/2026:15:02:46 -0700] "GET /wp-login.php HTTP/1.1" 200 6364 "-" "Mozilla/5.0 (Windows NT 10.0; Win64; x64) AppleWebKit/537.36 (KHTML, like Gecko) Chrome/133.0.0.0 Safari/537.36"
149.210.223.24 - - [10/Jul/2026:15:02:51 -0700] "POST /wp-login.php HTTP/1.1" 200 6446 "https://vanessavaladezrealty.com/wp-login.php" "Mozilla/5.0 (Windows NT 10.0; Win64; x64) AppleWebKit/537.36 (KHTML, like Gecko) Chrome/133.0.0.0 Safari/537.36"
35.235.84.95 - - [10/Jul/2026:15:06:33 -0700] "POST /wp-cron.php?doing_wp_cron=1783721193.8148701190948486328125 HTTP/1.1" 200 3587 "-" "WordPress/7.0.1; https://vanessavaladezrealty.com"
187.136.4.185 - - [10/Jul/2026:15:06:32 -0700] "GET /properties/139-Residential-Lease-1900-North-Torrey-Pines-Drive-106-5-Rooms-2-Bedrooms-2-Bathrooms-USD1-350/ HTTP/1.1" 200 35829 "-" "Mozilla/5.0 (Windows NT 6.1; Win64; x64) AppleWebKit/537.36 (KHTML, like Gecko) Chrome/68.0.3440.75 Safari/537.36"
35.235.84.95 - - [10/Jul/2026:15:11:12 -0700] "POST /wp-cron.php?doing_wp_cron=1783721471.7442469596862792968750 HTTP/1.1" 200 3587 "-" "WordPress/7.0.1; https://vanessavaladezrealty.com"
173.239.224.166 - - [10/Jul/2026:15:10:46 -0700] "GET /wp-login.php HTTP/1.1" 200 6364 "-" "Mozilla/5.0 (Macintosh; Intel Mac OS X 10_15_7) AppleWebKit/605.1.15 Version/17.0 Safari/605.1.15"
35.235.84.95 - - [10/Jul/2026:15:12:20 -0700] "POST /wp-cron.php?doing_wp_cron=1783721540.4345870018005371093750 HTTP/1.1" 200 3587 "-" "WordPress/7.0.1; https://vanessavaladezrealty.com"
14.182.20.185 - - [10/Jul/2026:15:12:19 -0700] "GET /properties/123-Residential-3740-Thomas-Patrick-Avenue-3-Rooms-3-Bedrooms-3-Bathrooms-USD330-000/tel:7027760711 HTTP/1.1" 301 4223 "-" "Mozilla/5.0 (Macintosh; Intel Mac OS X 10_11_6) AppleWebKit/537.36 (KHTML, like Gecko) Brave Chrome/86.0.4240.198 Safari/537.36"
14.182.20.185 - - [10/Jul/2026:15:12:20 -0700] "GET /properties/123-Residential-3740-Thomas-Patrick-Avenue-3-Rooms-3-Bedrooms-3-Bathrooms-USD330-000/tel:7027760711/ HTTP/1.1" 301 4372 "-" "Mozilla/5.0 (Macintosh; Intel Mac OS X 10_11_6) AppleWebKit/537.36 (KHTML, like Gecko) Brave Chrome/86.0.4240.198 Safari/537.36"
14.182.20.185 - - [10/Jul/2026:15:12:22 -0700] "GET /properties/123-Residential-3740-Thomas-Patrick-Avenue-3-Rooms-3-Bedrooms-3-Bathrooms-USD330-000 HTTP/1.1" 301 4150 "-" "Mozilla/5.0 (Macintosh; Intel Mac OS X 10_11_6) AppleWebKit/537.36 (KHTML, like Gecko) Brave Chrome/86.0.4240.198 Safari/537.36"
14.182.20.185 - - [10/Jul/2026:15:12:23 -0700] "GET /properties/123-Residential-3740-Thomas-Patrick-Avenue-3-Rooms-3-Bedrooms-3-Bathrooms-USD330-000/ HTTP/1.1" 200 35523 "-" "Mozilla/5.0 (Macintosh; Intel Mac OS X 10_11_6) AppleWebKit/537.36 (KHTML, like Gecko) Brave Chrome/86.0.4240.198 Safari/537.36"
45.38.43.102 - - [10/Jul/2026:15:13:26 -0700] "GET /wp-content/uploads/WPL/149/Nx3.php HTTP/1.1" 200 4576 "-" "Mozilla/5.0 (compatible; crawler)"
43.132.214.228 - - [10/Jul/2026:15:18:22 -0700] "GET / HTTP/1.1" 200 38350 "http://vanessavaladezrealty.com" "Mozilla/5.0 (iPhone; CPU iPhone OS 13_2_3 like Mac OS X) AppleWebKit/605.1.15 (KHTML, like Gecko) Version/13.0.3 Mobile/15E148 Safari/604.1"
35.235.84.95 - - [10/Jul/2026:15:30:00 -0700] "POST /wp-cron.php?doing_wp_cron=1783722600.6526489257812500000000 HTTP/1.1" 200 3587 "-" "WordPress/7.0.1; https://vanessavaladezrealty.com"
15.235.167.25 - - [10/Jul/2026:15:29:59 -0700] "GET /wp-login.php HTTP/1.1" 200 6364 "-" "Mozilla/5.0 (Windows NT 10.0; Win64; x64) AppleWebKit/537.36 (KHTML, like Gecko) Chrome/133.0.0.0 Safari/537.36"
35.235.84.95 - - [10/Jul/2026:15:41:49 -0700] "POST /wp-cron.php?doing_wp_cron=1783723309.6431529521942138671875 HTTP/1.1" 200 3587 "-" "WordPress/7.0.1; https://vanessavaladezrealty.com"
72.167.132.114 - - [10/Jul/2026:15:41:48 -0700] "GET /wp-login.php HTTP/1.1" 200 6364 "-" "Mozilla/5.0 (Windows NT 10.0; Win64; x64) AppleWebKit/537.36 (KHTML, like Gecko) Chrome/133.0.0.0 Safari/537.36"
35.235.84.95 - - [10/Jul/2026:15:55:13 -0700] "POST /wp-cron.php?doing_wp_cron=1783724113.5038480758666992187500 HTTP/1.1" 200 3587 "-" "WordPress/7.0.1; https://vanessavaladezrealty.com"
35.235.84.95 - - [10/Jul/2026:15:55:13 -0700] "POST /wp-cron.php?doing_wp_cron=1783724113.5825829505920410156250 HTTP/1.1" 200 3587 "-" "WordPress/7.0.1; https://vanessavaladezrealty.com"
216.73.217.88 - - [10/Jul/2026:15:55:12 -0700] "GET /robots.txt HTTP/1.1" 200 4273 "-" "Mozilla/5.0 AppleWebKit/537.36 (KHTML, like Gecko; compatible; ClaudeBot/1.0; +claudebot@anthropic.com)"
216.73.217.88 - - [10/Jul/2026:15:55:13 -0700] "GET /wp-sitemap.xml HTTP/1.1" 200 4257 "-" "Mozilla/5.0 AppleWebKit/537.36 (KHTML, like Gecko; compatible; ClaudeBot/1.0; +claudebot@anthropic.com)"
14.244.157.63 - - [10/Jul/2026:15:55:53 -0700] "GET /properties/123-Residential-3740-Thomas-Patrick-Avenue-3-Rooms-3-Bedrooms-3-Bathrooms-USD330-000/ HTTP/1.1" 200 35581 "-" "Mozilla/5.0 (Macintosh; Intel Mac OS X 10_14_5) AppleWebKit/537.36 (KHTML, like Gecko) Brave Chrome/79.0.3945.88 Safari/537.36"
35.235.84.95 - - [10/Jul/2026:16:00:42 -0700] "HEAD / HTTP/1.1" 200 4253 "-" "Mozilla/5.0 (Windows NT 10.0; Win64; x64) AppleWebKit/537.36 (KHTML, like Gecko) Chrome/117.0.0.0 Safari/537.36"
97.74.93.24 - - [10/Jul/2026:16:01:10 -0700] "GET /wp-login.php HTTP/1.1" 200 6364 "-" "Mozilla/5.0 (Windows NT 10.0; Win64; x64) AppleWebKit/537.36 (KHTML, like Gecko) Chrome/133.0.0.0 Safari/537.36"
97.74.93.24 - - [10/Jul/2026:16:01:11 -0700] "POST /wp-login.php HTTP/1.1" 200 6446 "https://vanessavaladezrealty.com/wp-login.php" "Mozilla/5.0 (Windows NT 10.0; Win64; x64) AppleWebKit/537.36 (KHTML, like Gecko) Chrome/133.0.0.0 Safari/537.36"
72.167.50.103 - - [10/Jul/2026:16:01:48 -0700] "GET /wp-json/wp/v2/users/me HTTP/1.1" 403 4352 "-" "Mozilla/5.0 (Windows NT 10.0; Win64; x64) AppleWebKit/537.36 (KHTML, like Gecko) Chrome/133.0.0.0 Safari/537.36"
35.235.84.95 - - [10/Jul/2026:16:06:32 -0700] "POST /wp-cron.php?doing_wp_cron=1783724792.7012019157409667968750 HTTP/1.1" 200 3587 "-" "WordPress/7.0.1; https://vanessavaladezrealty.com"
148.66.159.112 - - [10/Jul/2026:16:06:31 -0700] "GET /wp-login.php HTTP/1.1" 200 6364 "-" "Mozilla/5.0 (Windows NT 10.0; Win64; x64) AppleWebKit/537.36 (KHTML, like Gecko) Chrome/133.0.0.0 Safari/537.36"
148.66.159.112 - - [10/Jul/2026:16:06:33 -0700] "POST /wp-login.php HTTP/1.1" 200 6466 "https://vanessavaladezrealty.com/wp-login.php" "Mozilla/5.0 (Windows NT 10.0; Win64; x64) AppleWebKit/537.36 (KHTML, like Gecko) Chrome/133.0.0.0 Safari/537.36"
35.235.84.95 - - [10/Jul/2026:16:10:02 -0700] "POST /wp-cron.php?doing_wp_cron=1783725002.5692930221557617187500 HTTP/1.1" 200 3587 "-" "WordPress/7.0.1; https://vanessavaladezrealty.com"
116.97.117.197 - - [10/Jul/2026:16:10:01 -0700] "GET /wp-login.php HTTP/1.1" 200 6364 "-" "Mozilla/5.0 (Windows NT 10.0; Win64; x64) AppleWebKit/537.36 (KHTML, like Gecko) Chrome/133.0.0.0 Safari/537.36"
116.97.117.197 - - [10/Jul/2026:16:10:03 -0700] "POST /wp-login.php HTTP/1.1" 200 6445 "https://vanessavaladezrealty.com/wp-login.php" "Mozilla/5.0 (Windows NT 10.0; Win64; x64) AppleWebKit/537.36 (KHTML, like Gecko) Chrome/133.0.0.0 Safari/537.36"
35.235.84.95 - - [10/Jul/2026:16:18:05 -0700] "POST /wp-cron.php?doing_wp_cron=1783725485.9116349220275878906250 HTTP/1.1" 200 3587 "-" "WordPress/7.0.1; https://vanessavaladezrealty.com"
173.252.70.58 - - [10/Jul/2026:16:18:04 -0700] "GET /robots.txt HTTP/1.1" 200 4272 "-" "facebookexternalhit/1.1 (+http://www.facebook.com/externalhit_uatext.php)"
35.235.84.95 - - [10/Jul/2026:16:25:46 -0700] "POST /wp-cron.php?doing_wp_cron=1783725945.9920499324798583984375 HTTP/1.1" 200 3587 "-" "WordPress/7.0.1; https://vanessavaladezrealty.com"
200.50.155.13 - - [10/Jul/2026:16:25:44 -0700] "GET /properties/99-Residential-3240-Little-Stream-Street-7-Rooms-3-Bedrooms-2-Bathrooms-USD378-900/tel:7027760711 HTTP/1.1" 301 4221 "-" "Mozilla/5.0 (Windows NT 6.4; WOW64) AppleWebKit/537.36 (KHTML, like Gecko) Chrome/41.0.2225.0 Safari/537.36"
200.50.155.13 - - [10/Jul/2026:16:25:46 -0700] "GET /properties/99-Residential-3240-Little-Stream-Street-7-Rooms-3-Bedrooms-2-Bathrooms-USD378-900/tel:7027760711/ HTTP/1.1" 301 4370 "-" "Mozilla/5.0 (Windows NT 6.4; WOW64) AppleWebKit/537.36 (KHTML, like Gecko) Chrome/41.0.2225.0 Safari/537.36"
200.50.155.13 - - [10/Jul/2026:16:25:48 -0700] "GET /properties/99-Residential-3240-Little-Stream-Street-7-Rooms-3-Bedrooms-2-Bathrooms-USD378-900 HTTP/1.1" 301 4148 "-" "Mozilla/5.0 (Windows NT 6.4; WOW64) AppleWebKit/537.36 (KHTML, like Gecko) Chrome/41.0.2225.0 Safari/537.36"
200.50.155.13 - - [10/Jul/2026:16:25:49 -0700] "GET /properties/99-Residential-3240-Little-Stream-Street-7-Rooms-3-Bedrooms-2-Bathrooms-USD378-900/ HTTP/1.1" 200 36908 "-" "Mozilla/5.0 (Windows NT 6.4; WOW64) AppleWebKit/537.36 (KHTML, like Gecko) Chrome/41.0.2225.0 Safari/537.36"
35.235.84.95 - - [10/Jul/2026:16:29:49 -0700] "POST /wp-cron.php?doing_wp_cron=1783726189.4227089881896972656250 HTTP/1.1" 200 3587 "-" "WordPress/7.0.1; https://vanessavaladezrealty.com"
5.175.147.232 - - [10/Jul/2026:16:29:47 -0700] "GET /properties/vanessavaladez/tel:7027760711/tel:7027760711/tel:7027760711/tel:7027760711/tel:7027760711/tel:7027760711/tel:7027760711/ HTTP/1.1" 200 32803 "-" "Mozilla/5.0 (Windows NT 6.2) AppleWebKit/537.36 (KHTML, like Gecko) Chrome/28.0.1467.0 Safari/537.36"
78.142.18.172 - - [10/Jul/2026:16:30:41 -0700] "GET /wp-login.php HTTP/1.1" 200 6364 "-" "Mozilla/5.0 (Windows NT 10.0; Win64; x64) AppleWebKit/537.36 (KHTML, like Gecko) Chrome/133.0.0.0 Safari/537.36"
78.142.18.172 - - [10/Jul/2026:16:30:42 -0700] "POST /wp-login.php HTTP/1.1" 200 6443 "https://vanessavaladezrealty.com/wp-login.php" "Mozilla/5.0 (Windows NT 10.0; Win64; x64) AppleWebKit/537.36 (KHTML, like Gecko) Chrome/133.0.0.0 Safari/537.36"
35.235.84.95 - - [10/Jul/2026:16:34:57 -0700] "POST /wp-cron.php?doing_wp_cron=1783726497.8858759403228759765625 HTTP/1.1" 200 3587 "-" "WordPress/7.0.1; https://vanessavaladezrealty.com"
199.189.225.167 - - [10/Jul/2026:16:34:56 -0700] "GET /wp-login.php HTTP/1.1" 200 6364 "-" "Mozilla/5.0 (Windows NT 10.0; Win64; x64) AppleWebKit/537.36 (KHTML, like Gecko) Chrome/133.0.0.0 Safari/537.36"
199.189.225.167 - - [10/Jul/2026:16:34:58 -0700] "POST /wp-login.php HTTP/1.1" 200 6466 "https://vanessavaladezrealty.com/wp-login.php" "Mozilla/5.0 (Windows NT 10.0; Win64; x64) AppleWebKit/537.36 (KHTML, like Gecko) Chrome/133.0.0.0 Safari/537.36"
168.90.171.245 - - [10/Jul/2026:16:35:17 -0700] "GET /properties/125-Residential-Lease-605-Sand-Sage-Avenue-6-Rooms-4-Bedrooms-3-Bathrooms-USD2-350/tel:7027760711 HTTP/1.1" 301 4221 "-" "Mozilla/5.0 (Macintosh; Intel Mac OS X 10_15_5) AppleWebKit/537.36 (KHTML, like Gecko) Chrome/84.0.4147.105 Safari/537.36"
168.90.171.245 - - [10/Jul/2026:16:35:18 -0700] "GET /properties/125-Residential-Lease-605-Sand-Sage-Avenue-6-Rooms-4-Bedrooms-3-Bathrooms-USD2-350/tel:7027760711/ HTTP/1.1" 301 4370 "-" "Mozilla/5.0 (Macintosh; Intel Mac OS X 10_15_5) AppleWebKit/537.36 (KHTML, like Gecko) Chrome/84.0.4147.105 Safari/537.36"
168.90.171.245 - - [10/Jul/2026:16:35:20 -0700] "GET /properties/125-Residential-Lease-605-Sand-Sage-Avenue-6-Rooms-4-Bedrooms-3-Bathrooms-USD2-350 HTTP/1.1" 301 4148 "-" "Mozilla/5.0 (Macintosh; Intel Mac OS X 10_15_5) AppleWebKit/537.36 (KHTML, like Gecko) Chrome/84.0.4147.105 Safari/537.36"
168.90.171.245 - - [10/Jul/2026:16:35:21 -0700] "GET /properties/125-Residential-Lease-605-Sand-Sage-Avenue-6-Rooms-4-Bedrooms-3-Bathrooms-USD2-350/ HTTP/1.1" 200 37311 "-" "Mozilla/5.0 (Macintosh; Intel Mac OS X 10_15_5) AppleWebKit/537.36 (KHTML, like Gecko) Chrome/84.0.4147.105 Safari/537.36"
35.235.84.95 - - [10/Jul/2026:16:48:50 -0700] "POST /wp-cron.php?doing_wp_cron=1783727330.5319869518280029296875 HTTP/1.1" 200 3587 "-" "WordPress/7.0.1; https://vanessavaladezrealty.com"
181.39.193.112 - - [10/Jul/2026:16:48:48 -0700] "GET /properties/?pid=112&wplview=property_show HTTP/1.1" 200 34265 "-" "Mozilla/5.0 (Windows NT 6.2) AppleWebKit/537.36 (KHTML, like Gecko) Chrome/28.0.1464.0 Safari/537.36"
35.235.84.95 - - [10/Jul/2026:16:49:55 -0700] "POST /wp-cron.php?doing_wp_cron=1783727395.3482990264892578125000 HTTP/1.1" 200 3587 "-" "WordPress/7.0.1; https://vanessavaladezrealty.com"
92.40.169.96 - - [10/Jul/2026:16:49:53 -0700] "GET /category/uncategorized/ HTTP/1.1" 200 21868 "-" "Mozilla/5.0 (Macintosh; Intel Mac OS X 12.3; rv:130.0) Gecko/20100101 Firefox/130.0"
176.101.175.255 - - [10/Jul/2026:16:51:40 -0700] "GET /wp-content/uploads/WPL/151/admim.php HTTP/1.1" 404 3959 "-" "Mozilla/5.0 (compatible; crawler)"
35.235.84.95 - - [10/Jul/2026:16:57:01 -0700] "POST /wp-cron.php?doing_wp_cron=1783727821.0103769302368164062500 HTTP/1.1" 200 3587 "-" "WordPress/7.0.1; https://vanessavaladezrealty.com"
114.198.138.124 - - [10/Jul/2026:16:56:59 -0700] "POST /xmlrpc.php HTTP/1.1" 200 4129 "-" "Jetpack by WordPress.com (Jetpack 12.0; WordPress 6.1)"
114.198.138.124 - - [10/Jul/2026:16:57:09 -0700] "POST /xmlrpc.php HTTP/1.1" 200 4129 "-" "Jetpack by WordPress.com"
35.235.84.95 - - [10/Jul/2026:16:57:13 -0700] "POST /wp-cron.php?doing_wp_cron=1783727833.8785300254821777343750 HTTP/1.1" 200 3587 "-" "WordPress/7.0.1; https://vanessavaladezrealty.com"
186.233.112.4 - - [10/Jul/2026:16:57:12 -0700] "GET /properties/vanessavaladez/tel:7027760711/tel:7027760711/tel:7027760711/tel:7027760711/tel:7027760711/tel:7027760711/tel:7027760711/tel:7027760711/tel:7027760711/?wplpage=5 HTTP/1.1" 200 30446 "-" "Mozilla/5.0 (Windows NT 6.1) AppleWebKit/537.36 (KHTML, like Gecko) Brave Chrome/78.0.3904.108 Safari/537.36"
114.198.138.124 - - [10/Jul/2026:16:57:20 -0700] "POST /xmlrpc.php HTTP/1.1" 200 4129 "-" "WordPress.com; https://wordpress.com"
114.198.138.124 - - [10/Jul/2026:16:57:31 -0700] "POST /xmlrpc.php HTTP/1.1" 200 4129 "-" "Jetpack by WordPress.com"
114.198.138.124 - - [10/Jul/2026:16:57:41 -0700] "POST /xmlrpc.php HTTP/1.1" 200 4129 "-" "Jetpack by WordPress.com (Jetpack 12.5; WordPress 6.3)"
114.198.138.124 - - [10/Jul/2026:16:57:52 -0700] "POST /xmlrpc.php HTTP/1.1" 200 4129 "-" "Jetpack by WordPress.com"
35.235.84.95 - - [10/Jul/2026:16:58:04 -0700] "POST /wp-cron.php?doing_wp_cron=1783727884.7611050605773925781250 HTTP/1.1" 200 3587 "-" "WordPress/7.0.1; https://vanessavaladezrealty.com"
114.198.138.124 - - [10/Jul/2026:16:58:13 -0700] "POST /xmlrpc.php HTTP/1.1" 200 4129 "-" "Jetpack by WordPress.com"
114.198.138.124 - - [10/Jul/2026:16:58:24 -0700] "POST /xmlrpc.php HTTP/1.1" 200 4129 "-" "Jetpack by WordPress.com"
114.198.138.124 - - [10/Jul/2026:16:58:03 -0700] "POST /xmlrpc.php HTTP/1.1" 200 4129 "-" "Jetpack/13.0; WordPress/6.4; http://site77089870.com"
114.198.138.124 - - [10/Jul/2026:16:58:35 -0700] "POST /xmlrpc.php HTTP/1.1" 200 4129 "-" "Jetpack by WordPress.com (Jetpack 13.0; WordPress 6.3)"
114.198.138.124 - - [10/Jul/2026:16:58:46 -0700] "POST /xmlrpc.php HTTP/1.1" 200 4129 "-" "Jetpack by WordPress.com (Jetpack 13.0; WordPress 6.4)"
35.235.84.95 - - [10/Jul/2026:16:58:53 -0700] "POST /wp-cron.php?doing_wp_cron=1783727933.7083849906921386718750 HTTP/1.1" 200 3587 "-" "WordPress/7.0.1; https://vanessavaladezrealty.com"
3.223.127.185 - - [10/Jul/2026:16:58:52 -0700] "GET /wp-login.php HTTP/1.1" 200 6364 "-" "Mozilla/5.0 (Windows NT 10.0; Win64; x64) AppleWebKit/537.36 (KHTML, like Gecko) Chrome/133.0.0.0 Safari/537.36"
3.223.127.185 - - [10/Jul/2026:16:58:54 -0700] "POST /wp-login.php HTTP/1.1" 200 6450 "https://vanessavaladezrealty.com/wp-login.php" "Mozilla/5.0 (Windows NT 10.0; Win64; x64) AppleWebKit/537.36 (KHTML, like Gecko) Chrome/133.0.0.0 Safari/537.36"
114.198.138.124 - - [10/Jul/2026:16:58:56 -0700] "POST /xmlrpc.php HTTP/1.1" 403 4352 "-" "Jetpack by WordPress.com"
114.198.138.124 - - [10/Jul/2026:16:59:07 -0700] "POST /xmlrpc.php HTTP/1.1" 200 4129 "-" "WordPress.com; https://wordpress.com"
114.198.138.124 - - [10/Jul/2026:16:59:18 -0700] "POST /xmlrpc.php HTTP/1.1" 200 4129 "-" "WordPress.com; https://wordpress.com"
114.198.138.124 - - [10/Jul/2026:16:59:28 -0700] "POST /xmlrpc.php HTTP/1.1" 200 4129 "-" "Jetpack/12.0; WordPress/6.4; http://site52810351.com"
114.198.138.124 - - [10/Jul/2026:16:59:39 -0700] "POST /xmlrpc.php HTTP/1.1" 200 4129 "-" "Jetpack by WordPress.com (Jetpack 12.1; WordPress 6.2)"
35.235.84.95 - - [10/Jul/2026:16:59:51 -0700] "POST /wp-cron.php?doing_wp_cron=1783727991.3216209411621093750000 HTTP/1.1" 200 3587 "-" "WordPress/7.0.1; https://vanessavaladezrealty.com"
114.198.138.124 - - [10/Jul/2026:16:59:50 -0700] "POST /xmlrpc.php HTTP/1.1" 200 4129 "-" "WordPress.com; https://wordpress.com"
114.198.138.124 - - [10/Jul/2026:17:00:00 -0700] "POST /xmlrpc.php HTTP/1.1" 200 4129 "-" "WordPress.com; https://wordpress.com"
114.198.138.124 - - [10/Jul/2026:17:00:11 -0700] "POST /xmlrpc.php HTTP/1.1" 200 4129 "-" "Jetpack by WordPress.com (Jetpack 13.0; WordPress 6.2)"
114.198.138.124 - - [10/Jul/2026:17:00:22 -0700] "POST /xmlrpc.php HTTP/1.1" 403 4352 "-" "WordPress.com; https://wordpress.com"
114.198.138.124 - - [10/Jul/2026:17:00:33 -0700] "POST /xmlrpc.php HTTP/1.1" 403 4352 "-" "Jetpack by WordPress.com"
35.235.84.95 - - [10/Jul/2026:17:00:41 -0700] "HEAD / HTTP/1.1" 200 4253 "-" "Mozilla/5.0 (Windows NT 10.0; Win64; x64) AppleWebKit/537.36 (KHTML, like Gecko) Chrome/117.0.0.0 Safari/537.36"
114.198.138.124 - - [10/Jul/2026:17:00:43 -0700] "POST /xmlrpc.php HTTP/1.1" 403 4352 "-" "WordPress.com; https://wordpress.com"
35.235.84.95 - - [10/Jul/2026:17:00:55 -0700] "POST /wp-cron.php?doing_wp_cron=1783728055.6822049617767333984375 HTTP/1.1" 200 3587 "-" "WordPress/7.0.1; https://vanessavaladezrealty.com"
114.198.138.124 - - [10/Jul/2026:17:00:54 -0700] "POST /xmlrpc.php HTTP/1.1" 200 4129 "-" "Jetpack/12.1; WordPress/6.3; http://site30751206.com"
114.198.138.124 - - [10/Jul/2026:17:01:05 -0700] "POST /xmlrpc.php HTTP/1.1" 403 4352 "-" "Jetpack by WordPress.com"
114.198.138.124 - - [10/Jul/2026:17:01:16 -0700] "POST /xmlrpc.php HTTP/1.1" 200 4129 "-" "Jetpack/12.5; WordPress/6.4; http://site27985738.com"
35.235.84.95 - - [10/Jul/2026:17:01:27 -0700] "POST /wp-cron.php?doing_wp_cron=1783728087.8352179527282714843750 HTTP/1.1" 200 3587 "-" "WordPress/7.0.1; https://vanessavaladezrealty.com"
114.198.138.124 - - [10/Jul/2026:17:01:26 -0700] "POST /xmlrpc.php HTTP/1.1" 200 4129 "-" "Jetpack by WordPress.com (Jetpack 13.0; WordPress 6.2)"
114.198.138.124 - - [10/Jul/2026:17:01:37 -0700] "POST /xmlrpc.php HTTP/1.1" 403 4352 "-" "Jetpack by WordPress.com"
72.167.132.114 - - [10/Jul/2026:17:01:42 -0700] "GET /wp-login.php HTTP/1.1" 200 6364 "-" "Mozilla/5.0 (Windows NT 10.0; Win64; x64) AppleWebKit/537.36 (KHTML, like Gecko) Chrome/133.0.0.0 Safari/537.36"
72.167.132.114 - - [10/Jul/2026:17:01:43 -0700] "POST /wp-login.php HTTP/1.1" 200 6444 "https://vanessavaladezrealty.com/wp-login.php" "Mozilla/5.0 (Windows NT 10.0; Win64; x64) AppleWebKit/537.36 (KHTML, like Gecko) Chrome/133.0.0.0 Safari/537.36"
114.198.138.124 - - [10/Jul/2026:17:01:48 -0700] "POST /xmlrpc.php HTTP/1.1" 403 4352 "-" "Jetpack by WordPress.com"
114.198.138.124 - - [10/Jul/2026:17:01:59 -0700] "POST /xmlrpc.php HTTP/1.1" 200 4129 "-" "Jetpack by WordPress.com (Jetpack 13.0; WordPress 6.2)"
114.198.138.124 - - [10/Jul/2026:17:02:09 -0700] "POST /xmlrpc.php HTTP/1.1" 200 4129 "-" "Jetpack/12.1; WordPress/6.4; http://site73185389.com"
114.198.138.124 - - [10/Jul/2026:17:02:20 -0700] "POST /xmlrpc.php HTTP/1.1" 200 4129 "-" "Jetpack by WordPress.com (Jetpack 12.5; WordPress 6.2)"
114.198.138.124 - - [10/Jul/2026:17:02:31 -0700] "POST /xmlrpc.php HTTP/1.1" 403 4352 "-" "Jetpack by WordPress.com"
114.198.138.124 - - [10/Jul/2026:17:02:41 -0700] "POST /xmlrpc.php HTTP/1.1" 403 4352 "-" "WordPress.com; https://wordpress.com"
35.235.84.95 - - [10/Jul/2026:17:02:53 -0700] "POST /wp-cron.php?doing_wp_cron=1783728173.8070969581604003906250 HTTP/1.1" 200 3587 "-" "WordPress/7.0.1; https://vanessavaladezrealty.com"
114.198.138.124 - - [10/Jul/2026:17:02:52 -0700] "POST /xmlrpc.php HTTP/1.1" 200 4129 "-" "Jetpack by WordPress.com (Jetpack 12.5; WordPress 6.3)"
114.198.138.124 - - [10/Jul/2026:17:03:03 -0700] "POST /xmlrpc.php HTTP/1.1" 403 4352 "-" "WordPress.com; https://wordpress.com"
114.198.138.124 - - [10/Jul/2026:17:03:14 -0700] "POST /xmlrpc.php HTTP/1.1" 200 4129 "-" "Jetpack/12.1; WordPress/6.2; http://site40998167.com"
114.198.138.124 - - [10/Jul/2026:17:03:25 -0700] "POST /xmlrpc.php HTTP/1.1" 200 4129 "-" "Jetpack/13.0; WordPress/6.2; http://site22759981.com"
114.198.138.124 - - [10/Jul/2026:17:03:36 -0700] "POST /xmlrpc.php HTTP/1.1" 200 4129 "-" "Jetpack by WordPress.com (Jetpack 12.0; WordPress 6.3)"
114.198.138.124 - - [10/Jul/2026:17:03:46 -0700] "POST /xmlrpc.php HTTP/1.1" 403 4352 "-" "Jetpack by WordPress.com"
35.235.84.95 - - [10/Jul/2026:17:03:58 -0700] "POST /wp-cron.php?doing_wp_cron=1783728238.6232759952545166015625 HTTP/1.1" 200 3587 "-" "WordPress/7.0.1; https://vanessavaladezrealty.com"
114.198.138.124 - - [10/Jul/2026:17:03:57 -0700] "POST /xmlrpc.php HTTP/1.1" 200 4129 "-" "Jetpack by WordPress.com (Jetpack 13.0; WordPress 6.2)"
114.198.138.124 - - [10/Jul/2026:17:04:08 -0700] "POST /xmlrpc.php HTTP/1.1" 200 4129 "-" "Jetpack by WordPress.com (Jetpack 12.5; WordPress 6.2)"
114.198.138.124 - - [10/Jul/2026:17:04:18 -0700] "POST /xmlrpc.php HTTP/1.1" 200 4129 "-" "Jetpack by WordPress.com (Jetpack 12.0; WordPress 6.3)"
114.198.138.124 - - [10/Jul/2026:17:04:29 -0700] "POST /xmlrpc.php HTTP/1.1" 200 4129 "-" "Jetpack/13.0; WordPress/6.2; http://site11869244.com"
114.198.138.124 - - [10/Jul/2026:17:04:40 -0700] "POST /xmlrpc.php HTTP/1.1" 200 4129 "-" "Jetpack/12.1; WordPress/6.4; http://site46360387.com"
114.198.138.124 - - [10/Jul/2026:17:04:51 -0700] "POST /xmlrpc.php HTTP/1.1" 403 4352 "-" "Jetpack by WordPress.com"
35.235.84.95 - - [10/Jul/2026:17:04:59 -0700] "POST /wp-cron.php?doing_wp_cron=1783728299.5926589965820312500000 HTTP/1.1" 200 3587 "-" "WordPress/7.0.1; https://vanessavaladezrealty.com"
159.198.42.25 - - [10/Jul/2026:17:04:58 -0700] "GET /wp-login.php HTTP/1.1" 200 6364 "-" "Mozilla/5.0 (Windows NT 10.0; Win64; x64) AppleWebKit/537.36 (KHTML, like Gecko) Chrome/133.0.0.0 Safari/537.36"
159.198.42.25 - - [10/Jul/2026:17:04:59 -0700] "POST /wp-login.php HTTP/1.1" 200 6466 "https://vanessavaladezrealty.com/wp-login.php" "Mozilla/5.0 (Windows NT 10.0; Win64; x64) AppleWebKit/537.36 (KHTML, like Gecko) Chrome/133.0.0.0 Safari/537.36"
114.198.138.124 - - [10/Jul/2026:17:05:01 -0700] "POST /xmlrpc.php HTTP/1.1" 403 4352 "-" "WordPress.com; https://wordpress.com"
114.198.138.124 - - [10/Jul/2026:17:05:12 -0700] "POST /xmlrpc.php HTTP/1.1" 200 4129 "-" "Jetpack by WordPress.com (Jetpack 12.1; WordPress 6.2)"
114.198.138.124 - - [10/Jul/2026:17:05:23 -0700] "POST /xmlrpc.php HTTP/1.1" 200 4129 "-" "Jetpack/12.5; WordPress/6.3; http://site74908477.com"
114.198.138.124 - - [10/Jul/2026:17:05:34 -0700] "POST /xmlrpc.php HTTP/1.1" 200 4129 "-" "Jetpack/12.0; WordPress/6.4; http://site15471057.com"
114.198.138.124 - - [10/Jul/2026:17:05:44 -0700] "POST /xmlrpc.php HTTP/1.1" 403 4352 "-" "Jetpack by WordPress.com"
35.235.84.95 - - [10/Jul/2026:17:05:57 -0700] "POST /wp-cron.php?doing_wp_cron=1783728356.9786539077758789062500 HTTP/1.1" 200 3587 "-" "WordPress/7.0.1; https://vanessavaladezrealty.com"
114.198.138.124 - - [10/Jul/2026:17:05:55 -0700] "POST /xmlrpc.php HTTP/1.1" 200 4129 "-" "Jetpack/12.5; WordPress/6.1; http://site27836259.com"
114.198.138.124 - - [10/Jul/2026:17:06:06 -0700] "POST /xmlrpc.php HTTP/1.1" 200 4129 "-" "Jetpack by WordPress.com (Jetpack 13.0; WordPress 6.4)"
114.198.138.124 - - [10/Jul/2026:17:06:17 -0700] "POST /xmlrpc.php HTTP/1.1" 200 4129 "-" "Jetpack/13.0; WordPress/6.3; http://site88499472.com"
35.235.84.95 - - [10/Jul/2026:17:06:28 -0700] "POST /wp-cron.php?doing_wp_cron=1783728388.9586560726165771484375 HTTP/1.1" 200 3587 "-" "WordPress/7.0.1; https://vanessavaladezrealty.com"
114.198.138.124 - - [10/Jul/2026:17:06:27 -0700] "POST /xmlrpc.php HTTP/1.1" 200 4129 "-" "Jetpack by WordPress.com (Jetpack 13.0; WordPress 6.1)"
114.198.138.124 - - [10/Jul/2026:17:06:38 -0700] "POST /xmlrpc.php HTTP/1.1" 200 4129 "-" "Jetpack/13.0; WordPress/6.3; http://site49906101.com"
187.111.156.2 - - [10/Jul/2026:17:06:44 -0700] "GET /properties/vanessavaladez/?wplpage=1 HTTP/1.1" 200 32779 "-" "Mozilla/5.0 (Macintosh; Intel Mac OS X 10_14_5) AppleWebKit/537.36 (KHTML, like Gecko) Brave Chrome/79.0.3945.88 Safari/537.36"
114.198.138.124 - - [10/Jul/2026:17:06:49 -0700] "POST /xmlrpc.php HTTP/1.1" 403 4352 "-" "Jetpack by WordPress.com"
114.198.138.124 - - [10/Jul/2026:17:07:00 -0700] "POST /xmlrpc.php HTTP/1.1" 403 4352 "-" "WordPress.com; https://wordpress.com"
114.198.138.124 - - [10/Jul/2026:17:07:10 -0700] "POST /xmlrpc.php HTTP/1.1" 403 4352 "-" "Jetpack by WordPress.com"
114.198.138.124 - - [10/Jul/2026:17:07:21 -0700] "POST /xmlrpc.php HTTP/1.1" 200 4129 "-" "Jetpack by WordPress.com (Jetpack 12.5; WordPress 6.4)"
114.198.138.124 - - [10/Jul/2026:17:07:32 -0700] "POST /xmlrpc.php HTTP/1.1" 403 4352 "-" "Jetpack by WordPress.com"
114.198.138.124 - - [10/Jul/2026:17:07:42 -0700] "POST /xmlrpc.php HTTP/1.1" 403 4352 "-" "WordPress.com; https://wordpress.com"
114.198.138.124 - - [10/Jul/2026:17:07:53 -0700] "POST /xmlrpc.php HTTP/1.1" 403 4352 "-" "WordPress.com; https://wordpress.com"
35.235.84.95 - - [10/Jul/2026:17:08:05 -0700] "POST /wp-cron.php?doing_wp_cron=1783728485.3827741146087646484375 HTTP/1.1" 200 3587 "-" "WordPress/7.0.1; https://vanessavaladezrealty.com"
114.198.138.124 - - [10/Jul/2026:17:08:04 -0700] "POST /xmlrpc.php HTTP/1.1" 200 4129 "-" "Jetpack by WordPress.com (Jetpack 12.5; WordPress 6.4)"
114.198.138.124 - - [10/Jul/2026:17:08:15 -0700] "POST /xmlrpc.php HTTP/1.1" 200 4129 "-" "Jetpack/12.5; WordPress/6.1; http://site59990325.com"
114.198.138.124 - - [10/Jul/2026:17:08:25 -0700] "POST /xmlrpc.php HTTP/1.1" 403 4352 "-" "Jetpack by WordPress.com"
114.198.138.124 - - [10/Jul/2026:17:08:36 -0700] "POST /xmlrpc.php HTTP/1.1" 403 4352 "-" "WordPress.com; https://wordpress.com"
114.198.138.124 - - [10/Jul/2026:17:08:46 -0700] "POST /xmlrpc.php HTTP/1.1" 403 4352 "-" "Jetpack by WordPress.com"
35.235.84.95 - - [10/Jul/2026:17:08:58 -0700] "POST /wp-cron.php?doing_wp_cron=1783728538.7750449180603027343750 HTTP/1.1" 200 3587 "-" "WordPress/7.0.1; https://vanessavaladezrealty.com"
114.198.138.124 - - [10/Jul/2026:17:08:57 -0700] "POST /xmlrpc.php HTTP/1.1" 200 4129 "-" "Jetpack by WordPress.com (Jetpack 12.1; WordPress 6.4)"
114.198.138.124 - - [10/Jul/2026:17:09:08 -0700] "POST /xmlrpc.php HTTP/1.1" 200 4129 "-" "Jetpack/12.1; WordPress/6.4; http://site37410690.com"
114.198.138.124 - - [10/Jul/2026:17:09:18 -0700] "POST /xmlrpc.php HTTP/1.1" 200 4129 "-" "Jetpack by WordPress.com (Jetpack 12.5; WordPress 6.2)"
114.198.138.124 - - [10/Jul/2026:17:09:29 -0700] "POST /xmlrpc.php HTTP/1.1" 200 4129 "-" "Jetpack by WordPress.com (Jetpack 12.1; WordPress 6.2)"
114.198.138.124 - - [10/Jul/2026:17:09:40 -0700] "POST /xmlrpc.php HTTP/1.1" 403 4352 "-" "Jetpack by WordPress.com"
114.198.138.124 - - [10/Jul/2026:17:09:50 -0700] "POST /xmlrpc.php HTTP/1.1" 403 4352 "-" "WordPress.com; https://wordpress.com"
114.198.138.124 - - [10/Jul/2026:17:10:01 -0700] "POST /xmlrpc.php HTTP/1.1" 403 4352 "-" "Jetpack by WordPress.com"
35.235.84.95 - - [10/Jul/2026:17:10:12 -0700] "POST /wp-cron.php?doing_wp_cron=1783728612.8695669174194335937500 HTTP/1.1" 200 3587 "-" "WordPress/7.0.1; https://vanessavaladezrealty.com"
114.198.138.124 - - [10/Jul/2026:17:10:11 -0700] "POST /xmlrpc.php HTTP/1.1" 200 4129 "-" "Jetpack by WordPress.com (Jetpack 12.5; WordPress 6.3)"
114.198.138.124 - - [10/Jul/2026:17:10:22 -0700] "POST /xmlrpc.php HTTP/1.1" 200 4129 "-" "Jetpack by WordPress.com (Jetpack 12.0; WordPress 6.4)"
114.198.138.124 - - [10/Jul/2026:17:10:33 -0700] "POST /xmlrpc.php HTTP/1.1" 403 4352 "-" "WordPress.com; https://wordpress.com"
47.230.110.129 - - [10/Jul/2026:17:10:35 -0700] "POST /xmlrpc.php HTTP/1.1" 200 4129 "-" "WordPress.com; https://wordpress.com"
114.198.138.124 - - [10/Jul/2026:17:10:43 -0700] "POST /xmlrpc.php HTTP/1.1" 200 4129 "-" "Jetpack by WordPress.com (Jetpack 12.5; WordPress 6.2)"
47.230.110.129 - - [10/Jul/2026:17:10:44 -0700] "POST /xmlrpc.php HTTP/1.1" 200 4129 "-" "WordPress.com; https://wordpress.com"
35.235.84.95 - - [10/Jul/2026:17:10:55 -0700] "POST /wp-cron.php?doing_wp_cron=1783728655.2341508865356445312500 HTTP/1.1" 200 3587 "-" "WordPress/7.0.1; https://vanessavaladezrealty.com"
114.198.138.124 - - [10/Jul/2026:17:10:54 -0700] "POST /xmlrpc.php HTTP/1.1" 200 4129 "-" "Jetpack by WordPress.com (Jetpack 12.5; WordPress 6.3)"
47.230.110.129 - - [10/Jul/2026:17:10:55 -0700] "POST /xmlrpc.php HTTP/1.1" 200 4129 "-" "Jetpack/13.0; WordPress/6.3; http://site37771224.com"
114.198.138.124 - - [10/Jul/2026:17:11:04 -0700] "POST /xmlrpc.php HTTP/1.1" 200 4129 "-" "Jetpack/12.5; WordPress/6.3; http://site84602219.com"
47.230.110.129 - - [10/Jul/2026:17:11:05 -0700] "POST /xmlrpc.php HTTP/1.1" 200 4129 "-" "Jetpack by WordPress.com (Jetpack 12.0; WordPress 6.1)"
114.198.138.124 - - [10/Jul/2026:17:11:15 -0700] "POST /xmlrpc.php HTTP/1.1" 403 4352 "-" "WordPress.com; https://wordpress.com"
47.230.110.129 - - [10/Jul/2026:17:11:16 -0700] "POST /xmlrpc.php HTTP/1.1" 200 4129 "-" "Jetpack by WordPress.com"
35.235.84.95 - - [10/Jul/2026:17:11:27 -0700] "POST /wp-cron.php?doing_wp_cron=1783728687.1088740825653076171875 HTTP/1.1" 200 3587 "-" "WordPress/7.0.1; https://vanessavaladezrealty.com"
114.198.138.124 - - [10/Jul/2026:17:11:26 -0700] "POST /xmlrpc.php HTTP/1.1" 200 4129 "-" "Jetpack by WordPress.com (Jetpack 13.0; WordPress 6.4)"
47.230.110.129 - - [10/Jul/2026:17:11:27 -0700] "POST /xmlrpc.php HTTP/1.1" 200 4129 "-" "WordPress.com; https://wordpress.com"
114.198.138.124 - - [10/Jul/2026:17:11:36 -0700] "POST /xmlrpc.php HTTP/1.1" 403 4352 "-" "Jetpack by WordPress.com"
47.230.110.129 - - [10/Jul/2026:17:11:37 -0700] "POST /xmlrpc.php HTTP/1.1" 200 4129 "-" "Jetpack by WordPress.com"
114.198.138.124 - - [10/Jul/2026:17:11:47 -0700] "POST /xmlrpc.php HTTP/1.1" 403 4352 "-" "WordPress.com; https://wordpress.com"
47.230.110.129 - - [10/Jul/2026:17:11:48 -0700] "POST /xmlrpc.php HTTP/1.1" 200 4129 "-" "Jetpack by WordPress.com"
114.198.138.124 - - [10/Jul/2026:17:11:58 -0700] "POST /xmlrpc.php HTTP/1.1" 403 4352 "-" "Jetpack by WordPress.com"
47.230.110.129 - - [10/Jul/2026:17:11:58 -0700] "POST /xmlrpc.php HTTP/1.1" 200 4129 "-" "Jetpack by WordPress.com"
114.198.138.124 - - [10/Jul/2026:17:12:08 -0700] "POST /xmlrpc.php HTTP/1.1" 403 4352 "-" "Jetpack by WordPress.com"
47.230.110.129 - - [10/Jul/2026:17:12:09 -0700] "POST /xmlrpc.php HTTP/1.1" 200 4129 "-" "Jetpack/12.0; WordPress/6.3; http://site60008975.com"
114.198.138.124 - - [10/Jul/2026:17:12:19 -0700] "POST /xmlrpc.php HTTP/1.1" 200 4129 "-" "Jetpack by WordPress.com (Jetpack 12.0; WordPress 6.2)"
47.230.110.129 - - [10/Jul/2026:17:12:19 -0700] "POST /xmlrpc.php HTTP/1.1" 200 4129 "-" "Jetpack by WordPress.com"
114.198.138.124 - - [10/Jul/2026:17:12:30 -0700] "POST /xmlrpc.php HTTP/1.1" 403 4352 "-" "WordPress.com; https://wordpress.com"
35.235.84.95 - - [10/Jul/2026:17:12:31 -0700] "POST /wp-cron.php?doing_wp_cron=1783728751.4693160057067871093750 HTTP/1.1" 200 3587 "-" "WordPress/7.0.1; https://vanessavaladezrealty.com"
47.230.110.129 - - [10/Jul/2026:17:12:30 -0700] "POST /xmlrpc.php HTTP/1.1" 200 4129 "-" "Jetpack/12.0; WordPress/6.2; http://site12598531.com"
35.235.84.95 - - [10/Jul/2026:17:12:52 -0700] "POST /wp-cron.php?doing_wp_cron=1783728772.5089509487152099609375 HTTP/1.1" 200 3587 "-" "WordPress/7.0.1; https://vanessavaladezrealty.com"
114.198.138.124 - - [10/Jul/2026:17:12:40 -0700] "POST /xmlrpc.php HTTP/1.1" 200 4129 "-" "Jetpack/12.1; WordPress/6.2; http://site32088914.com"
47.230.110.129 - - [10/Jul/2026:17:12:41 -0700] "POST /xmlrpc.php HTTP/1.1" 200 4129 "-" "Jetpack by WordPress.com (Jetpack 12.5; WordPress 6.1)"
114.198.138.124 - - [10/Jul/2026:17:13:02 -0700] "POST /xmlrpc.php HTTP/1.1" 403 4352 "-" "Jetpack by WordPress.com"
47.230.110.129 - - [10/Jul/2026:17:13:02 -0700] "POST /xmlrpc.php HTTP/1.1" 403 4352 "-" "Jetpack by WordPress.com"
47.230.110.129 - - [10/Jul/2026:17:12:51 -0700] "POST /xmlrpc.php HTTP/1.1" 403 4352 "-" "Jetpack by WordPress.com"
114.198.138.124 - - [10/Jul/2026:17:12:51 -0700] "POST /xmlrpc.php HTTP/1.1" 200 4129 "-" "Jetpack by WordPress.com (Jetpack 12.1; WordPress 6.2)"
114.198.138.124 - - [10/Jul/2026:17:13:12 -0700] "POST /xmlrpc.php HTTP/1.1" 403 4352 "-" "Jetpack by WordPress.com"
47.230.110.129 - - [10/Jul/2026:17:13:12 -0700] "POST /xmlrpc.php HTTP/1.1" 200 4129 "-" "Jetpack by WordPress.com (Jetpack 12.0; WordPress 6.3)"
114.198.138.124 - - [10/Jul/2026:17:13:23 -0700] "POST /xmlrpc.php HTTP/1.1" 403 4352 "-" "WordPress.com; https://wordpress.com"
47.230.110.129 - - [10/Jul/2026:17:13:23 -0700] "POST /xmlrpc.php HTTP/1.1" 200 4129 "-" "Jetpack by WordPress.com (Jetpack 13.0; WordPress 6.3)"
47.230.110.129 - - [10/Jul/2026:17:13:33 -0700] "POST /xmlrpc.php HTTP/1.1" 403 4352 "-" "Jetpack by WordPress.com"
114.198.138.124 - - [10/Jul/2026:17:13:34 -0700] "POST /xmlrpc.php HTTP/1.1" 200 4129 "-" "Jetpack/12.5; WordPress/6.2; http://site32696376.com"
114.198.138.124 - - [10/Jul/2026:17:13:44 -0700] "POST /xmlrpc.php HTTP/1.1" 403 4352 "-" "Jetpack by WordPress.com"
47.230.110.129 - - [10/Jul/2026:17:13:44 -0700] "POST /xmlrpc.php HTTP/1.1" 200 4129 "-" "Jetpack by WordPress.com (Jetpack 12.0; WordPress 6.4)"
35.235.84.95 - - [10/Jul/2026:17:13:56 -0700] "POST /wp-cron.php?doing_wp_cron=1783728836.4271368980407714843750 HTTP/1.1" 200 3587 "-" "WordPress/7.0.1; https://vanessavaladezrealty.com"
47.230.110.129 - - [10/Jul/2026:17:13:54 -0700] "POST /xmlrpc.php HTTP/1.1" 200 4129 "-" "Jetpack/12.5; WordPress/6.3; http://site48268856.com"
114.198.138.124 - - [10/Jul/2026:17:13:55 -0700] "POST /xmlrpc.php HTTP/1.1" 200 4129 "-" "Jetpack/12.1; WordPress/6.2; http://site30851467.com"
47.230.110.129 - - [10/Jul/2026:17:14:05 -0700] "POST /xmlrpc.php HTTP/1.1" 200 4129 "-" "Jetpack by WordPress.com (Jetpack 12.5; WordPress 6.4)"
114.198.138.124 - - [10/Jul/2026:17:14:06 -0700] "POST /xmlrpc.php HTTP/1.1" 200 4129 "-" "Jetpack/13.0; WordPress/6.2; http://site28012523.com"
114.198.138.124 - - [10/Jul/2026:17:14:16 -0700] "POST /xmlrpc.php HTTP/1.1" 403 4352 "-" "Jetpack by WordPress.com"
47.230.110.129 - - [10/Jul/2026:17:14:15 -0700] "POST /xmlrpc.php HTTP/1.1" 200 4129 "-" "Jetpack/12.5; WordPress/6.4; http://site75164550.com"
47.230.110.129 - - [10/Jul/2026:17:14:26 -0700] "POST /xmlrpc.php HTTP/1.1" 403 4352 "-" "Jetpack by WordPress.com"
114.198.138.124 - - [10/Jul/2026:17:14:27 -0700] "POST /xmlrpc.php HTTP/1.1" 403 4352 "-" "Jetpack by WordPress.com"
47.230.110.129 - - [10/Jul/2026:17:14:37 -0700] "POST /xmlrpc.php HTTP/1.1" 200 4129 "-" "Jetpack by WordPress.com (Jetpack 12.1; WordPress 6.3)"
114.198.138.124 - - [10/Jul/2026:17:14:37 -0700] "POST /xmlrpc.php HTTP/1.1" 403 4352 "-" "WordPress.com; https://wordpress.com"
114.198.138.124 - - [10/Jul/2026:17:14:48 -0700] "POST /xmlrpc.php HTTP/1.1" 403 4352 "-" "Jetpack by WordPress.com"
47.230.110.129 - - [10/Jul/2026:17:14:47 -0700] "POST /xmlrpc.php HTTP/1.1" 200 4129 "-" "Jetpack/12.5; WordPress/6.1; http://site30791114.com"
35.235.84.95 - - [10/Jul/2026:17:14:59 -0700] "POST /wp-cron.php?doing_wp_cron=1783728899.4128410816192626953125 HTTP/1.1" 200 3587 "-" "WordPress/7.0.1; https://vanessavaladezrealty.com"
114.198.138.124 - - [10/Jul/2026:17:14:59 -0700] "POST /xmlrpc.php HTTP/1.1" 200 4129 "-" "Jetpack/12.1; WordPress/6.4; http://site24182101.com"
47.230.110.129 - - [10/Jul/2026:17:14:58 -0700] "POST /xmlrpc.php HTTP/1.1" 200 4129 "-" "Jetpack/12.0; WordPress/6.4; http://site57368622.com"
47.230.110.129 - - [10/Jul/2026:17:15:08 -0700] "POST /xmlrpc.php HTTP/1.1" 200 4129 "-" "Jetpack/12.0; WordPress/6.1; http://site90368824.com"
47.230.110.129 - - [10/Jul/2026:17:15:19 -0700] "POST /xmlrpc.php HTTP/1.1" 200 4129 "-" "WordPress.com; https://wordpress.com"
114.198.138.124 - - [10/Jul/2026:17:15:09 -0700] "POST /xmlrpc.php HTTP/1.1" 200 4129 "-" "Jetpack/12.0; WordPress/6.4; http://site32378403.com"
114.198.138.124 - - [10/Jul/2026:17:15:20 -0700] "POST /xmlrpc.php HTTP/1.1" 403 4352 "-" "Jetpack by WordPress.com"
114.198.138.124 - - [10/Jul/2026:17:15:31 -0700] "POST /xmlrpc.php HTTP/1.1" 403 4352 "-" "WordPress.com; https://wordpress.com"
47.230.110.129 - - [10/Jul/2026:17:15:29 -0700] "POST /xmlrpc.php HTTP/1.1" 200 4129 "-" "WordPress.com; https://wordpress.com"
47.230.110.129 - - [10/Jul/2026:17:15:40 -0700] "POST /xmlrpc.php HTTP/1.1" 200 4129 "-" "Jetpack by WordPress.com (Jetpack 13.0; WordPress 6.2)"
114.198.138.124 - - [10/Jul/2026:17:15:41 -0700] "POST /xmlrpc.php HTTP/1.1" 403 4352 "-" "Jetpack by WordPress.com"
35.235.84.95 - - [10/Jul/2026:17:15:52 -0700] "POST /wp-cron.php?doing_wp_cron=1783728952.7374660968780517578125 HTTP/1.1" 200 3587 "-" "WordPress/7.0.1; https://vanessavaladezrealty.com"
47.230.110.129 - - [10/Jul/2026:17:15:51 -0700] "POST /xmlrpc.php HTTP/1.1" 200 4129 "-" "Jetpack by WordPress.com (Jetpack 12.1; WordPress 6.3)"
114.198.138.124 - - [10/Jul/2026:17:15:52 -0700] "POST /xmlrpc.php HTTP/1.1" 200 4129 "-" "Jetpack/12.1; WordPress/6.2; http://site88654067.com"
47.230.110.129 - - [10/Jul/2026:17:16:01 -0700] "POST /xmlrpc.php HTTP/1.1" 403 4352 "-" "WordPress.com; https://wordpress.com"
114.198.138.124 - - [10/Jul/2026:17:16:02 -0700] "POST /xmlrpc.php HTTP/1.1" 200 4129 "-" "Jetpack by WordPress.com (Jetpack 12.1; WordPress 6.3)"
114.198.138.124 - - [10/Jul/2026:17:16:13 -0700] "POST /xmlrpc.php HTTP/1.1" 403 4352 "-" "Jetpack by WordPress.com"
47.230.110.129 - - [10/Jul/2026:17:16:12 -0700] "POST /xmlrpc.php HTTP/1.1" 200 4129 "-" "Jetpack by WordPress.com (Jetpack 13.0; WordPress 6.1)"
35.235.84.95 - - [10/Jul/2026:17:16:26 -0700] "POST /wp-cron.php?doing_wp_cron=1783728986.0304839611053466796875 HTTP/1.1" 200 3587 "-" "WordPress/7.0.1; https://vanessavaladezrealty.com"
47.230.110.129 - - [10/Jul/2026:17:16:22 -0700] "POST /xmlrpc.php HTTP/1.1" 403 4352 "-" "WordPress.com; https://wordpress.com"
114.198.138.124 - - [10/Jul/2026:17:16:23 -0700] "POST /xmlrpc.php HTTP/1.1" 200 4129 "-" "Jetpack/13.0; WordPress/6.4; http://site75306896.com"
47.230.110.129 - - [10/Jul/2026:17:16:33 -0700] "POST /xmlrpc.php HTTP/1.1" 200 4129 "-" "Jetpack/12.1; WordPress/6.4; http://site65081903.com"
114.198.138.124 - - [10/Jul/2026:17:16:34 -0700] "POST /xmlrpc.php HTTP/1.1" 200 4129 "-" "Jetpack/12.0; WordPress/6.4; http://site71509946.com"
47.230.110.129 - - [10/Jul/2026:17:16:43 -0700] "POST /xmlrpc.php HTTP/1.1" 403 4352 "-" "WordPress.com; https://wordpress.com"
114.198.138.124 - - [10/Jul/2026:17:16:45 -0700] "POST /xmlrpc.php HTTP/1.1" 403 4352 "-" "WordPress.com; https://wordpress.com"
47.230.110.129 - - [10/Jul/2026:17:16:54 -0700] "POST /xmlrpc.php HTTP/1.1" 403 4352 "-" "WordPress.com; https://wordpress.com"
114.198.138.124 - - [10/Jul/2026:17:16:55 -0700] "POST /xmlrpc.php HTTP/1.1" 403 4352 "-" "Jetpack by WordPress.com"
47.230.110.129 - - [10/Jul/2026:17:17:05 -0700] "POST /xmlrpc.php HTTP/1.1" 200 4129 "-" "Jetpack by WordPress.com (Jetpack 12.1; WordPress 6.1)"
114.198.138.124 - - [10/Jul/2026:17:17:06 -0700] "POST /xmlrpc.php HTTP/1.1" 200 4129 "-" "Jetpack/13.0; WordPress/6.4; http://site33806900.com"
47.230.110.129 - - [10/Jul/2026:17:17:15 -0700] "POST /xmlrpc.php HTTP/1.1" 403 4352 "-" "Jetpack by WordPress.com"
114.198.138.124 - - [10/Jul/2026:17:17:17 -0700] "POST /xmlrpc.php HTTP/1.1" 403 4352 "-" "Jetpack by WordPress.com"
35.235.84.95 - - [10/Jul/2026:17:17:27 -0700] "POST /wp-cron.php?doing_wp_cron=1783729047.3730669021606445312500 HTTP/1.1" 200 3587 "-" "WordPress/7.0.1; https://vanessavaladezrealty.com"
47.230.110.129 - - [10/Jul/2026:17:17:26 -0700] "POST /xmlrpc.php HTTP/1.1" 200 4129 "-" "Jetpack/13.0; WordPress/6.1; http://site22388527.com"
114.198.138.124 - - [10/Jul/2026:17:17:27 -0700] "POST /xmlrpc.php HTTP/1.1" 200 4129 "-" "Jetpack by WordPress.com (Jetpack 12.1; WordPress 6.3)"
47.230.110.129 - - [10/Jul/2026:17:17:36 -0700] "POST /xmlrpc.php HTTP/1.1" 403 4352 "-" "WordPress.com; https://wordpress.com"
